78.137.37.171 - - [14/May/2012:10:29:01 +0200] "GET /logs/access_log HTTP/1.0" 200 1945211 "http://androidusplay.info/sitemap210.html" "Mozilla/4.0 (compatible; MSIE 6.0; Windows NT 5.1; SV1; .NET CLR 1.1.4322; .NET CLR 2.0.50727)"
78.137.37.171 - - [14/May/2012:10:29:01 +0200] "GET /logs/access_log HTTP/1.0" 200 1945443 "http://androidusplay.info/sitemap210.html" "Mozilla/4.0 (compatible; MSIE 6.0; MSIE 5.5; Windows NT 4.0) Opera 7.0 [en]"
67.228.195.2 - - [14/May/2012:10:30:43 +0200] "GET /stats//wp-content/themes/LondonLive/thumb.php?src=http://picasa.com.hidro-ronda.com/user.php HTTP/1.1" 404 327 "-" "Mozilla/5.0 (Windows; U; Windows NT 5.1; en-US; rv:1.9.2) Gecko/20100115 Firefox/3.6"
67.228.195.2 - - [14/May/2012:10:30:45 +0200] "GET /stats//wp-content/themes/LondonLive/thumb.php?src=http://picasa.com.hidro-ronda.com/both.php HTTP/1.1" 404 327 "-" "Mozilla/5.0 (Windows; U; Windows NT 5.1; en-US; rv:1.9.2) Gecko/20100115 Firefox/3.6"
67.228.195.2 - - [14/May/2012:10:30:47 +0200] "GET //wp-content/themes/LondonLive/thumb.php?src=http://picasa.com.hidro-ronda.com/user.php HTTP/1.1" 404 321 "-" "Mozilla/5.0 (Windows; U; Windows NT 5.1; en-US; rv:1.9.2) Gecko/20100115 Firefox/3.6"
67.228.195.2 - - [14/May/2012:10:30:49 +0200] "GET //wp-content/themes/LondonLive/thumb.php?src=http://picasa.com.hidro-ronda.com/both.php HTTP/1.1" 404 321 "-" "Mozilla/5.0 (Windows; U; Windows NT 5.1; en-US; rv:1.9.2) Gecko/20100115 Firefox/3.6"
72.32.198.216 - - [14/May/2012:10:31:07 +0200] "GET /stats/content/view.asp?id=1' HTTP/1.1" 404 304 "-" "Mozilla/5.0 (Windows; U; Windows NT 5.1; en-US; rv:1.9.2) Gecko/20100115 Firefox/3.6"
72.32.198.216 - - [14/May/2012:10:31:07 +0200] "GET /content/view.asp?id=1' HTTP/1.1" 404 298 "-" "Mozilla/5.0 (Windows; U; Windows NT 5.1; en-US; rv:1.9.2) Gecko/20100115 Firefox/3.6"
89.33.197.242 - - [14/May/2012:10:31:15 +0200] "GET /stats//wp-content/plugins/zingiri-web-shop/fws/addons/timthumb/timthumb.php?src= HTTP/1.1" 404 357 "-" "Mozilla/5.0 (Windows; U; Windows NT 5.1; en-US; rv:1.9.2) Gecko/20100115 Firefox/3.6"
89.33.197.242 - - [14/May/2012:10:31:15 +0200] "GET /stats//wp-content/plugins/zingiri-web-shop/fws/addons/timthumb/timthumb.php?src=http://blogger.com.pansoftds.com/sh.php HTTP/1.1" 404 357 "-" "Mozilla/5.0 (Windows; U; Windows NT 5.1; en-US; rv:1.9.2) Gecko/20100115 Firefox/3.6"
89.33.197.242 - - [14/May/2012:10:31:15 +0200] "GET /stats//wp-content/plugins/zingiri-web-shop/fws/addons/timthumb/timthumb.php?src=http://blogger.com.pansoftds.com/xx.php HTTP/1.1" 404 357 "-" "Mozilla/5.0 (Windows; U; Windows NT 5.1; en-US; rv:1.9.2) Gecko/20100115 Firefox/3.6"
89.33.197.242 - - [14/May/2012:10:31:16 +0200] "GET //wp-content/plugins/zingiri-web-shop/fws/addons/timthumb/timthumb.php?src= HTTP/1.1" 404 351 "-" "Mozilla/5.0 (Windows; U; Windows NT 5.1; en-US; rv:1.9.2) Gecko/20100115 Firefox/3.6"
89.33.197.242 - - [14/May/2012:10:31:16 +0200] "GET //wp-content/plugins/zingiri-web-shop/fws/addons/timthumb/timthumb.php?src=http://blogger.com.pansoftds.com/sh.php HTTP/1.1" 404 351 "-" "Mozilla/5.0 (Windows; U; Windows NT 5.1; en-US; rv:1.9.2) Gecko/20100115 Firefox/3.6"
89.33.197.242 - - [14/May/2012:10:31:16 +0200] "GET //wp-content/plugins/zingiri-web-shop/fws/addons/timthumb/timthumb.php?src=http://blogger.com.pansoftds.com/xx.php HTTP/1.1" 404 351 "-" "Mozilla/5.0 (Windows; U; Windows NT 5.1; en-US; rv:1.9.2) Gecko/20100115 Firefox/3.6"
174.142.90.84 - - [14/May/2012:10:31:26 +0200] "GET /stats//wp-content/themes/welcome_inn/thumb.php?src=http://blogger.com.johelmonte.pt/cgi/info.php HTTP/1.1" 404 328 "-" "Mozilla/5.0 (Windows; U; Windows NT 5.1; en-US; rv:1.9.2) Gecko/20100115 Firefox/3.6"
174.142.90.84 - - [14/May/2012:10:31:26 +0200] "GET //wp-content/themes/welcome_inn/thumb.php?src=http://blogger.com.johelmonte.pt/cgi/info.php HTTP/1.1" 404 322 "-" "Mozilla/5.0 (Windows; U; Windows NT 5.1; en-US; rv:1.9.2) Gecko/20100115 Firefox/3.6"
174.142.90.84 - - [14/May/2012:10:31:33 +0200] "GET /stats//wp-content/themes/welcome_inn/thumb.php?src=http://blogger.com.johelmonte.pt/cgi/info.php HTTP/1.1" 404 328 "-" "Mozilla/5.0 (Windows; U; Windows NT 5.1; en-US; rv:1.9.2) Gecko/20100115 Firefox/3.6"
174.142.90.84 - - [14/May/2012:10:31:33 +0200] "GET //wp-content/themes/welcome_inn/thumb.php?src=http://blogger.com.johelmonte.pt/cgi/info.php HTTP/1.1" 404 322 "-" "Mozilla/5.0 (Windows; U; Windows NT 5.1; en-US; rv:1.9.2) Gecko/20100115 Firefox/3.6"
174.142.90.84 - - [14/May/2012:10:31:40 +0200] "GET /stats/log.keys.html//wp-content/themes/welcome_inn/thumb.php?src=http://blogger.com.johelmonte.pt/cgi/info.php HTTP/1.1" 404 342 "-" "Mozilla/5.0 (Windows; U; Windows NT 5.1; en-US; rv:1.9.2) Gecko/20100115 Firefox/3.6"
64.9.215.134 - - [14/May/2012:10:31:41 +0200] "GET /stats/log.keys.html//wp-content/themes/u-design/scripts/timthumb.php?src=http://picasa.com.kereny.ro/x.php HTTP/1.1" 404 350 "-" "Mozilla/5.0 (Windows; U; Windows NT 6.0; en-US; rv:1.8.1.8pre) Gecko/20070928 Firefox/2.0.0.7 Navigator/9.0RC1"
64.9.215.134 - - [14/May/2012:10:31:44 +0200] "GET /stats/log.keys.html//wp-content/themes/u-design/scripts/timthumb.php?src=http://picasa.com.kereny.ro/go.php HTTP/1.1" 404 350 "-" "Mozilla/5.0 (Windows; U; Windows NT 6.0; en-US; rv:1.8.1.8pre) Gecko/20070928 Firefox/2.0.0.7 Navigator/9.0RC1"
64.9.215.134 - - [14/May/2012:10:31:48 +0200] "GET //wp-content/themes/u-design/scripts/timthumb.php?src=http://picasa.com.kereny.ro/x.php HTTP/1.1" 404 330 "-" "Mozilla/5.0 (Windows; U; Windows NT 6.0; en-US; rv:1.8.1.8pre) Gecko/20070928 Firefox/2.0.0.7 Navigator/9.0RC1"
64.9.215.134 - - [14/May/2012:10:31:51 +0200] "GET //wp-content/themes/u-design/scripts/timthumb.php?src=http://picasa.com.kereny.ro/go.php HTTP/1.1" 404 330 "-" "Mozilla/5.0 (Windows; U; Windows NT 6.0; en-US; rv:1.8.1.8pre) Gecko/20070928 Firefox/2.0.0.7 Navigator/9.0RC1"
64.9.215.134 - - [14/May/2012:10:31:54 +0200] "GET /stats//wp-content/themes/u-design/scripts/timthumb.php?src=http://picasa.com.kereny.ro/x.php HTTP/1.1" 404 336 "-" "Mozilla/5.0 (Windows; U; Windows NT 6.0; en-US; rv:1.8.1.8pre) Gecko/20070928 Firefox/2.0.0.7 Navigator/9.0RC1"
64.9.215.134 - - [14/May/2012:10:31:57 +0200] "GET /stats//wp-content/themes/u-design/scripts/timthumb.php?src=http://picasa.com.kereny.ro/go.php HTTP/1.1" 404 336 "-" "Mozilla/5.0 (Windows; U; Windows NT 6.0; en-US; rv:1.8.1.8pre) Gecko/20070928 Firefox/2.0.0.7 Navigator/9.0RC1"
50.47.58.114 - - [14/May/2012:10:33:39 +0200] "GET /wp-content/themes/wootube/scripts/timthumb.php?src=http://picasa.com.djnick-mcgiany.com/mct.php HTTP/1.1" 404 328 "-" "Mozilla/5.0 (X11; U; Linux i686; en-US; rv:1.7.8) Gecko/20050511"
50.47.58.114 - - [14/May/2012:10:33:40 +0200] "GET /wp-content/themes/wootube/scripts/timthumb.php?src=http://picasa.com.djnick-mcgiany.com/dm.php HTTP/1.1" 404 328 "-" "Mozilla/5.0 (X11; U; Linux i686; en-US; rv:1.7.8) Gecko/20050511"
50.47.58.114 - - [14/May/2012:10:33:54 +0200] "GET /wp-content/themes/wootube/scripts/timthumb.php?src=http://picasa.com.djnick-mcgiany.com/mct.php HTTP/1.1" 404 328 "-" "Mozilla/5.0 (X11; U; Linux i686; en-US; rv:1.7.8) Gecko/20050511"
78.137.37.171 - - [14/May/2012:10:33:53 +0200] "GET /logs/access_log HTTP/1.0" 200 1952101 "http://androidusplay.info/sitemap217.html" "Mozilla/4.0 (compatible; MSIE 6.0; Windows NT 5.1) Opera 7.54 [en]"
78.137.37.171 - - [14/May/2012:10:33:54 +0200] "GET /logs/access_log HTTP/1.0" 200 1952542 "http://androidusplay.info/sitemap217.html" "Mozilla/4.0 (compatible; MSIE 6.0; Windows NT 5.0; T312461)"
50.47.58.114 - - [14/May/2012:10:33:55 +0200] "GET /wp-content/themes/wootube/scripts/timthumb.php?src=http://picasa.com.djnick-mcgiany.com/dm.php HTTP/1.1" 404 328 "-" "Mozilla/5.0 (X11; U; Linux i686; en-US; rv:1.7.8) Gecko/20050511"
78.137.37.171 - - [14/May/2012:10:33:55 +0200] "GET /logs/access_log HTTP/1.0" 200 1952975 "http://androidusplay.info/sitemap217.html" "Mozilla/2.0 (compatible; MSIE 3.02; Windows CE; 240x320)"
78.137.37.171 - - [14/May/2012:10:33:55 +0200] "GET /logs/access_log HTTP/1.0" 200 1953169 "http://androidusplay.info/sitemap217.html" "Mozilla/4.0 (compatible; MSIE 6.0; Windows NT 5.1; .NET CLR 1.0.3705)"
78.137.37.171 - - [14/May/2012:10:33:56 +0200] "GET /logs/access_log HTTP/1.0" 200 1953376 "http://androidusplay.info/sitemap217.html" "Mozilla/4.0 (compatible; MSIE 6.0; Windows NT 5.1; SV1; InfoPath.1)"
95.132.213.162 - - [14/May/2012:10:34:11 +0200] "GET /logs/access_log HTTP/1.0" 200 1953581 "http://androidelsoft.info/sitemap42.html" "Mozilla/4.0 (compatible; MSIE 6.0; Windows NT 5.1; SV1; FunWebProducts; .NET CLR 1.1.4322; PeoplePal 6.2)"
95.132.213.162 - - [14/May/2012:10:34:14 +0200] "GET /logs/access_log HTTP/1.0" 200 1953824 "http://androidelsoft.info/sitemap42.html" "Mozilla/4.0 (compatible; MSIE 6.0; Windows NT 5.1; FREE; .NET CLR 1.1.4322)"
50.47.58.114 - - [14/May/2012:10:34:18 +0200] "GET /stats/wp-content/themes/wootube/scripts/timthumb.php?src=http://picasa.com.djnick-mcgiany.com/mct.php HTTP/1.1" 404 334 "-" "Infoseek SideWinder/2.0B (Linux 2.4 i686)"
95.132.213.162 - - [14/May/2012:10:34:20 +0200] "GET /logs/access_log HTTP/1.0" 200 1954257 "http://androidelsoft.info/sitemap42.html" "Opera/9.00 (Windows NT 4.0; U; en)"
50.47.58.114 - - [14/May/2012:10:34:23 +0200] "GET /wp-content/themes/wootube/scripts/timthumb.php?src=http://picasa.com.djnick-mcgiany.com/mct.php HTTP/1.1" 404 328 "-" "Infoseek SideWinder/2.0B (Linux 2.4 i686)"
95.132.213.162 - - [14/May/2012:10:34:24 +0200] "GET /logs/access_log HTTP/1.0" 200 1954643 "http://androidelsoft.info/sitemap42.html" "Opera/9.00 (Windows NT 5.1; U; en)"
95.132.213.162 - - [14/May/2012:10:34:26 +0200] "GET /logs/access_log HTTP/1.0" 200 1954815 "http://androidelsoft.info/sitemap42.html" "Mozilla/4.0 (compatible; MSIE 6.0; Windows NT 5.1; ru) Opera 8.50"
71.118.132.246 - - [14/May/2012:10:34:48 +0200] "GET /stats/ HTTP/1.1" 200 6337669 "http://www.grupposeit.it/stats/" "Mozilla/5.0 (Windows; U; Windows NT 6.0; id; rv:1.9.1.6) Gecko/20091201 Firefox/3.5.6 (.NET CLR 3.5.30729)"
50.47.58.114 - - [14/May/2012:10:35:11 +0200] "GET /stats/wp-content/themes/wootube/scripts/timthumb.php?src=http://picasa.com.djnick-mcgiany.com/mct.php HTTP/1.1" 404 334 "-" "Mozilla/5.0 (X11; U; Linux i686; en-US; rv:1.7.8) Gecko/20050511"
50.47.58.114 - - [14/May/2012:10:35:12 +0200] "GET /stats/wp-content/themes/wootube/scripts/timthumb.php?src=http://picasa.com.djnick-mcgiany.com/dm.php HTTP/1.1" 404 334 "-" "Mozilla/5.0 (X11; U; Linux i686; en-US; rv:1.7.8) Gecko/20050511"
50.47.58.114 - - [14/May/2012:10:35:13 +0200] "GET /wp-content/themes/wootube/scripts/timthumb.php?src=http://picasa.com.djnick-mcgiany.com/mct.php HTTP/1.1" 404 328 "-" "Mozilla/5.0 (X11; U; Linux i686; en-US; rv:1.7.8) Gecko/20050511"
50.47.58.114 - - [14/May/2012:10:35:14 +0200] "GET /wp-content/themes/wootube/scripts/timthumb.php?src=http://picasa.com.djnick-mcgiany.com/dm.php HTTP/1.1" 404 328 "-" "Mozilla/5.0 (X11; U; Linux i686; en-US; rv:1.7.8) Gecko/20050511"
50.47.58.114 - - [14/May/2012:10:35:53 +0200] "GET /stats/log.keys.html/wp-content/themes/wootube/scripts/timthumb.php?src=http://picasa.com.djnick-mcgiany.com/mct.php HTTP/1.1" 404 348 "-" "Infoseek SideWinder/2.0B (Linux 2.4 i686)"
50.47.58.114 - - [14/May/2012:10:35:54 +0200] "GET /wp-content/themes/wootube/scripts/timthumb.php?src=http://picasa.com.djnick-mcgiany.com/mct.php HTTP/1.1" 404 328 "-" "Infoseek SideWinder/2.0B (Linux 2.4 i686)"
50.47.58.114 - - [14/May/2012:10:35:55 +0200] "GET /stats/wp-content/themes/wootube/scripts/timthumb.php?src=http://picasa.com.djnick-mcgiany.com/mct.php HTTP/1.1" 404 334 "-" "Infoseek SideWinder/2.0B (Linux 2.4 i686)"
50.47.58.114 - - [14/May/2012:10:36:01 +0200] "GET /wp-content/themes/wootube/scripts/timthumb.php?src=http://picasa.com.djnick-mcgiany.com/mct.php HTTP/1.1" 404 328 "-" "Mozilla/5.0 (X11; U; Linux i686; en-US; rv:1.7.8) Gecko/20050511"
50.47.58.114 - - [14/May/2012:10:36:02 +0200] "GET /wp-content/themes/wootube/scripts/timthumb.php?src=http://picasa.com.djnick-mcgiany.com/dm.php HTTP/1.1" 404 328 "-" "Mozilla/5.0 (X11; U; Linux i686; en-US; rv:1.7.8) Gecko/20050511"
50.47.58.114 - - [14/May/2012:10:37:06 +0200] "GET /stats/wp-content/themes/wootube/scripts/timthumb.php?src=http://picasa.com.djnick-mcgiany.com/mct.php HTTP/1.1" 404 334 "-" "Infoseek SideWinder/2.0B (Linux 2.4 i686)"
50.47.58.114 - - [14/May/2012:10:37:07 +0200] "GET /wp-content/themes/wootube/scripts/timthumb.php?src=http://picasa.com.djnick-mcgiany.com/mct.php HTTP/1.1" 404 328 "-" "Infoseek SideWinder/2.0B (Linux 2.4 i686)"
78.137.37.171 - - [14/May/2012:10:38:17 +0200] "GET /logs/access_log HTTP/1.0" 200 1957777 "http://androidusplay.info/sitemap224.html" "Mozilla/4.0 (compatible; MSIE 6.0; Windows NT 5.1; .NET CLR 1.1.4322)"
78.137.37.171 - - [14/May/2012:10:38:18 +0200] "GET /logs/access_log HTTP/1.0" 200 1957984 "http://androidusplay.info/sitemap224.html" "Mozilla/4.7 (compatible; OffByOne; Windows 2000) Webster Pro V3.4"
78.137.37.171 - - [14/May/2012:10:38:18 +0200] "GET /logs/access_log HTTP/1.0" 200 1958187 "http://androidusplay.info/sitemap224.html" "Mozilla/4.0 (compatible; MSIE 6.0; Windows NT 5.1; SV1; .NET CLR 1.1.4322) Babya Discoverer 8.0:"
78.137.37.171 - - [14/May/2012:10:38:18 +0200] "GET /logs/access_log HTTP/1.0" 200 1958422 "http://androidusplay.info/sitemap224.html" "Mozilla/4.0 (compatible; MSIE 6.0; Windows 98; Win 9x 4.90; Creative)"
78.137.37.171 - - [14/May/2012:10:38:19 +0200] "GET /logs/access_log HTTP/1.0" 200 1958629 "http://androidusplay.info/sitemap224.html" "Opera/7.11 (Windows NT 5.1; U) [en]"
216.70.71.78 - - [14/May/2012:10:40:44 +0200] "GET /stats//wp-content/plugins/zingiri-web-shop/fws/addons/timthumb/timthumb.php?src= HTTP/1.1" 404 357 "-" "Mozilla/5.0 (Windows; U; Windows NT 5.1; en-US; rv:1.9.2) Gecko/20100115 Firefox/3.6"
216.70.71.78 - - [14/May/2012:10:40:44 +0200] "GET /stats//wp-content/plugins/zingiri-web-shop/fws/addons/timthumb/timthumb.php?src=http://blogger.com.tempoturismo.com.br/sh.php HTTP/1.1" 404 357 "-" "Mozilla/5.0 (Windows; U; Windows NT 5.1; en-US; rv:1.9.2) Gecko/20100115 Firefox/3.6"
216.70.71.78 - - [14/May/2012:10:40:44 +0200] "GET /stats//wp-content/plugins/zingiri-web-shop/fws/addons/timthumb/timthumb.php?src=http://blogger.com.tempoturismo.com.br/xx.php HTTP/1.1" 404 357 "-" "Mozilla/5.0 (Windows; U; Windows NT 5.1; en-US; rv:1.9.2) Gecko/20100115 Firefox/3.6"
216.70.71.78 - - [14/May/2012:10:40:44 +0200] "GET //wp-content/plugins/zingiri-web-shop/fws/addons/timthumb/timthumb.php?src= HTTP/1.1" 404 351 "-" "Mozilla/5.0 (Windows; U; Windows NT 5.1; en-US; rv:1.9.2) Gecko/20100115 Firefox/3.6"
216.70.71.78 - - [14/May/2012:10:40:44 +0200] "GET //wp-content/plugins/zingiri-web-shop/fws/addons/timthumb/timthumb.php?src=http://blogger.com.tempoturismo.com.br/sh.php HTTP/1.1" 404 351 "-" "Mozilla/5.0 (Windows; U; Windows NT 5.1; en-US; rv:1.9.2) Gecko/20100115 Firefox/3.6"
216.70.71.78 - - [14/May/2012:10:40:44 +0200] "GET //wp-content/plugins/zingiri-web-shop/fws/addons/timthumb/timthumb.php?src=http://blogger.com.tempoturismo.com.br/xx.php HTTP/1.1" 404 351 "-" "Mozilla/5.0 (Windows; U; Windows NT 5.1; en-US; rv:1.9.2) Gecko/20100115 Firefox/3.6"
95.141.35.196 - - [14/May/2012:10:40:54 +0200] "GET /stats/zboard.php?id=OrnamenCrew HTTP/1.1" 404 298 "-" "BlackBerry8310/4.5.0.55 Profile/MIDP-2.0 Configuration/CLDC-1.1 VendorID/212"
95.141.35.196 - - [14/May/2012:10:40:55 +0200] "GET /zboard.php?id=OrnamenCrew HTTP/1.1" 404 292 "-" "BlackBerry8310/4.5.0.55 Profile/MIDP-2.0 Configuration/CLDC-1.1 VendorID/212"
195.24.65.50 - - [14/May/2012:10:41:07 +0200] "GET /stats/log.keys.html/admin/file_manager.php/login.php HTTP/1.1" 404 334 "-" "Sogou web spider/4.0(+http://www.sogou.com/docs/help/webmasters.htm#07)"
195.24.65.50 - - [14/May/2012:10:41:07 +0200] "GET /stats/log.keys.html/admin/categories.php/login.php HTTP/1.1" 404 332 "-" "Sogou web spider/4.0(+http://www.sogou.com/docs/help/webmasters.htm#07)"
195.24.65.50 - - [14/May/2012:10:41:07 +0200] "GET /admin/categories.php/login.php HTTP/1.1" 404 312 "-" "Sogou web spider/4.0(+http://www.sogou.com/docs/help/webmasters.htm#07)"
195.24.65.50 - - [14/May/2012:10:41:07 +0200] "GET /admin/file_manager.php/login.php HTTP/1.1" 404 314 "-" "Sogou web spider/4.0(+http://www.sogou.com/docs/help/webmasters.htm#07)"
195.24.65.50 - - [14/May/2012:10:41:07 +0200] "GET /stats/admin/file_manager.php/login.php HTTP/1.1" 404 320 "-" "Sogou web spider/4.0(+http://www.sogou.com/docs/help/webmasters.htm#07)"
195.24.65.50 - - [14/May/2012:10:41:07 +0200] "GET /stats/admin/categories.php/login.php HTTP/1.1" 404 318 "-" "Sogou web spider/4.0(+http://www.sogou.com/docs/help/webmasters.htm#07)"
195.24.65.50 - - [14/May/2012:10:41:13 +0200] "GET /stats/log.keys.html/admin/banner_manager.php/login.php HTTP/1.1" 404 336 "-" "Sogou web spider/4.0(+http://www.sogou.com/docs/help/webmasters.htm#07)"
195.24.65.50 - - [14/May/2012:10:41:13 +0200] "GET /admin/banner_manager.php/login.php HTTP/1.1" 404 316 "-" "Sogou web spider/4.0(+http://www.sogou.com/docs/help/webmasters.htm#07)"
195.24.65.50 - - [14/May/2012:10:41:13 +0200] "GET /stats/admin/banner_manager.php/login.php HTTP/1.1" 404 322 "-" "Sogou web spider/4.0(+http://www.sogou.com/docs/help/webmasters.htm#07)"
184.170.147.12 - - [14/May/2012:10:41:22 +0200] "GET /wp-content/themes/mymag/scripts/timthumb.php?src=http://picasa.com.djnick-mcgiany.com/mct.php HTTP/1.1" 404 326 "-" "Mozilla/5.0 (X11; U; Linux i686; cs-CZ; rv:1.7.12) Gecko/20050929"
184.170.147.12 - - [14/May/2012:10:41:23 +0200] "GET /wp-content/themes/mymag/scripts/timthumb.php?src=http://picasa.com.djnick-mcgiany.com/dm.php HTTP/1.1" 404 326 "-" "Mozilla/5.0 (X11; U; Linux i686; cs-CZ; rv:1.7.12) Gecko/20050929"
216.70.71.78 - - [14/May/2012:10:41:23 +0200] "GET /stats//wp-content/plugins/zingiri-web-shop/fws/addons/timthumb/timthumb.php?src= HTTP/1.1" 404 357 "-" "Mozilla/5.0 (Windows; U; Windows NT 5.1; en-US; rv:1.9.2) Gecko/20100115 Firefox/3.6"
216.70.71.78 - - [14/May/2012:10:41:23 +0200] "GET /stats//wp-content/plugins/zingiri-web-shop/fws/addons/timthumb/timthumb.php?src=http://blogger.com.tempoturismo.com.br/sh.php HTTP/1.1" 404 357 "-" "Mozilla/5.0 (Windows; U; Windows NT 5.1; en-US; rv:1.9.2) Gecko/20100115 Firefox/3.6"
216.70.71.78 - - [14/May/2012:10:41:23 +0200] "GET /stats//wp-content/plugins/zingiri-web-shop/fws/addons/timthumb/timthumb.php?src=http://blogger.com.tempoturismo.com.br/xx.php HTTP/1.1" 404 357 "-" "Mozilla/5.0 (Windows; U; Windows NT 5.1; en-US; rv:1.9.2) Gecko/20100115 Firefox/3.6"
216.70.71.78 - - [14/May/2012:10:41:23 +0200] "GET //wp-content/plugins/zingiri-web-shop/fws/addons/timthumb/timthumb.php?src= HTTP/1.1" 404 351 "-" "Mozilla/5.0 (Windows; U; Windows NT 5.1; en-US; rv:1.9.2) Gecko/20100115 Firefox/3.6"
216.70.71.78 - - [14/May/2012:10:41:23 +0200] "GET //wp-content/plugins/zingiri-web-shop/fws/addons/timthumb/timthumb.php?src=http://blogger.com.tempoturismo.com.br/sh.php HTTP/1.1" 404 351 "-" "Mozilla/5.0 (Windows; U; Windows NT 5.1; en-US; rv:1.9.2) Gecko/20100115 Firefox/3.6"
216.70.71.78 - - [14/May/2012:10:41:23 +0200] "GET //wp-content/plugins/zingiri-web-shop/fws/addons/timthumb/timthumb.php?src=http://blogger.com.tempoturismo.com.br/xx.php HTTP/1.1" 404 351 "-" "Mozilla/5.0 (Windows; U; Windows NT 5.1; en-US; rv:1.9.2) Gecko/20100115 Firefox/3.6"
89.33.197.242 - - [14/May/2012:10:41:34 +0200] "GET /stats//wp-content/plugins/zingiri-web-shop/fws/addons/timthumb/timthumb.php?src= HTTP/1.1" 404 357 "-" "Mozilla/5.0 (Windows; U; Windows NT 5.1; en-US; rv:1.9.2) Gecko/20100115 Firefox/3.6"
89.33.197.242 - - [14/May/2012:10:41:34 +0200] "GET /stats//wp-content/plugins/zingiri-web-shop/fws/addons/timthumb/timthumb.php?src=http://blogger.com.pansoftds.com/sh.php HTTP/1.1" 404 357 "-" "Mozilla/5.0 (Windows; U; Windows NT 5.1; en-US; rv:1.9.2) Gecko/20100115 Firefox/3.6"
89.33.197.242 - - [14/May/2012:10:41:35 +0200] "GET /stats//wp-content/plugins/zingiri-web-shop/fws/addons/timthumb/timthumb.php?src=http://blogger.com.pansoftds.com/xx.php HTTP/1.1" 404 357 "-" "Mozilla/5.0 (Windows; U; Windows NT 5.1; en-US; rv:1.9.2) Gecko/20100115 Firefox/3.6"
89.33.197.242 - - [14/May/2012:10:41:35 +0200] "GET //wp-content/plugins/zingiri-web-shop/fws/addons/timthumb/timthumb.php?src= HTTP/1.1" 404 351 "-" "Mozilla/5.0 (Windows; U; Windows NT 5.1; en-US; rv:1.9.2) Gecko/20100115 Firefox/3.6"
89.33.197.242 - - [14/May/2012:10:41:35 +0200] "GET //wp-content/plugins/zingiri-web-shop/fws/addons/timthumb/timthumb.php?src=http://blogger.com.pansoftds.com/sh.php HTTP/1.1" 404 351 "-" "Mozilla/5.0 (Windows; U; Windows NT 5.1; en-US; rv:1.9.2) Gecko/20100115 Firefox/3.6"
89.33.197.242 - - [14/May/2012:10:41:35 +0200] "GET //wp-content/plugins/zingiri-web-shop/fws/addons/timthumb/timthumb.php?src=http://blogger.com.pansoftds.com/xx.php HTTP/1.1" 404 351 "-" "Mozilla/5.0 (Windows; U; Windows NT 5.1; en-US; rv:1.9.2) Gecko/20100115 Firefox/3.6"
50.47.58.114 - - [14/May/2012:10:42:05 +0200] "GET /stats/wp-content/themes/cinch/scripts/timthumb.php?src=http://picasa.com.djnick-mcgiany.com/mct.php HTTP/1.1" 404 332 "-" "Mozilla/5.0 (Windows; U; Windows NT 5.1;en-US;rv:1.9.2.12) Gecko/20101026 Firefox/3.6.12"
50.47.58.114 - - [14/May/2012:10:42:06 +0200] "GET /wp-content/themes/cinch/scripts/timthumb.php?src=http://picasa.com.djnick-mcgiany.com/mct.php HTTP/1.1" 404 326 "-" "Mozilla/5.0 (Windows; U; Windows NT 5.1;en-US;rv:1.9.2.12) Gecko/20101026 Firefox/3.6.12"
217.160.5.94 - - [14/May/2012:10:42:38 +0200] "GET /stats//wp-content/themes/thick/thumb.php?src=http://picasa.com.hidro-ronda.com/user.php HTTP/1.1" 404 322 "-" "Mozilla/5.0 (Windows; U; Windows NT 5.1; en-US; rv:1.9.2) Gecko/20100115 Firefox/3.6"
217.160.5.94 - - [14/May/2012:10:42:38 +0200] "GET /stats//wp-content/themes/thick/thumb.php?src=http://picasa.com.hidro-ronda.com/both.php HTTP/1.1" 404 322 "-" "Mozilla/5.0 (Windows; U; Windows NT 5.1; en-US; rv:1.9.2) Gecko/20100115 Firefox/3.6"
217.160.5.94 - - [14/May/2012:10:42:38 +0200] "GET //wp-content/themes/thick/thumb.php?src=http://picasa.com.hidro-ronda.com/user.php HTTP/1.1" 404 316 "-" "Mozilla/5.0 (Windows; U; Windows NT 5.1; en-US; rv:1.9.2) Gecko/20100115 Firefox/3.6"
217.160.5.94 - - [14/May/2012:10:42:38 +0200] "GET //wp-content/themes/thick/thumb.php?src=http://picasa.com.hidro-ronda.com/both.php HTTP/1.1" 404 316 "-" "Mozilla/5.0 (Windows; U; Windows NT 5.1; en-US; rv:1.9.2) Gecko/20100115 Firefox/3.6"
78.137.37.171 - - [14/May/2012:10:42:58 +0200] "GET /logs/access_log HTTP/1.0" 200 1967682 "http://androidusplay.info/sitemap231.html" "Mozilla/4.0 (compatible; MSIE 6.0; Windows NT 5.1)"
78.137.37.171 - - [14/May/2012:10:42:59 +0200] "GET /logs/access_log HTTP/1.0" 200 1967870 "http://androidusplay.info/sitemap231.html" "Mozilla/4.0 (compatible; MSIE 6.0; Windows NT 5.1; Maxthon; .NET CLR 1.1.4322)"
78.137.37.171 - - [14/May/2012:10:43:00 +0200] "GET /logs/access_log HTTP/1.0" 200 1968086 "http://androidusplay.info/sitemap231.html" "Mozilla/4.0 (compatible; MSIE 6.0; Windows NT 5.1; SV1; .NET CLR 1.1.4322) Babya Discoverer 8.0:"
78.137.37.171 - - [14/May/2012:10:43:00 +0200] "GET /logs/access_log HTTP/1.0" 200 1968321 "http://androidusplay.info/sitemap231.html" "Mozilla/4.0 (compatible; MSIE 6.0; Windows NT 5.1; SV1; .NET CLR 1.1.4322) NS8/0.9.6"
78.137.37.171 - - [14/May/2012:10:43:01 +0200] "GET /logs/access_log HTTP/1.0" 200 1968543 "http://androidusplay.info/sitemap231.html" "Mozilla/4.0 (compatible; MSIE 5.5; Windows 95)"
174.142.90.84 - - [14/May/2012:10:43:07 +0200] "GET /stats/log.keys.html//wp-content/themes/welcome_inn/thumb.php?src=http://blogger.com.johelmonte.pt/cgi/info.php HTTP/1.1" 404 342 "-" "Mozilla/5.0 (Windows; U; Windows NT 5.1; en-US; rv:1.9.2) Gecko/20100115 Firefox/3.6"
174.142.90.84 - - [14/May/2012:10:43:08 +0200] "GET //wp-content/themes/welcome_inn/thumb.php?src=http://blogger.com.johelmonte.pt/cgi/info.php HTTP/1.1" 404 322 "-" "Mozilla/5.0 (Windows; U; Windows NT 5.1; en-US; rv:1.9.2) Gecko/20100115 Firefox/3.6"
174.142.90.84 - - [14/May/2012:10:43:08 +0200] "GET /stats//wp-content/themes/welcome_inn/thumb.php?src=http://blogger.com.johelmonte.pt/cgi/info.php HTTP/1.1" 404 328 "-" "Mozilla/5.0 (Windows; U; Windows NT 5.1; en-US; rv:1.9.2) Gecko/20100115 Firefox/3.6"
50.47.58.114 - - [14/May/2012:10:43:57 +0200] "GET /stats/wp-content/themes/cinch/scripts/timthumb.php?src=http://picasa.com.djnick-mcgiany.com/mct.php HTTP/1.1" 404 332 "-" "Mozilla/5.0 (Windows; U; Windows NT 5.1;en-US;rv:1.9.2.12) Gecko/20101026 Firefox/3.6.12"
50.47.58.114 - - [14/May/2012:10:43:58 +0200] "GET /wp-content/themes/cinch/scripts/timthumb.php?src=http://picasa.com.djnick-mcgiany.com/mct.php HTTP/1.1" 404 326 "-" "Mozilla/5.0 (Windows; U; Windows NT 5.1;en-US;rv:1.9.2.12) Gecko/20101026 Firefox/3.6.12"
199.59.58.162 - - [14/May/2012:10:44:40 +0200] "GET /stats/wp-content/themes/cinch/scripts/timthumb.php?src=http://picasa.com.kiditect.com/pl.php HTTP/1.1" 404 332 "-" "Mozilla/5.0 (X11; U; FreeBSD i386; en-US; rv:1.7.8) Gecko/20050609 Firefox/1.0.4"
199.59.58.162 - - [14/May/2012:10:44:42 +0200] "GET /wp-content/themes/cinch/scripts/timthumb.php?src=http://picasa.com.kiditect.com/pl.php HTTP/1.1" 404 326 "-" "Mozilla/5.0 (X11; U; FreeBSD i386; en-US; rv:1.7.8) Gecko/20050609 Firefox/1.0.4"
93.95.221.73 - - [14/May/2012:10:45:00 +0200] "GET /stats/wp-content/themes/cinch/scripts/timthumb.php?src=http://blogger.com.comuricazione.it/pl.php HTTP/1.1" 404 332 "-" "Mozilla/4.0 (compatible; MSIE 6.0; Windows NT 5.1; SV1; .NET CLR 1.0.3705; .NET CLR 1.1.4322; Media Center PC 4.0; .NET CLR 2.0.50727)"
93.95.221.73 - - [14/May/2012:10:45:02 +0200] "GET /wp-content/themes/cinch/scripts/timthumb.php?src=http://blogger.com.comuricazione.it/pl.php HTTP/1.1" 404 326 "-" "Mozilla/4.0 (compatible; MSIE 6.0; Windows NT 5.1; SV1; .NET CLR 1.0.3705; .NET CLR 1.1.4322; Media Center PC 4.0; .NET CLR 2.0.50727)"
94.23.195.160 - - [14/May/2012:10:45:54 +0200] "GET /stats/wp-content/themes/cinch/scripts/timthumb.php?src=http://blogger.com.bookoftheweek.org/pl.php HTTP/1.1" 404 332 "-" "Mozilla/4.0 (compatible; MSIE 6.0; Windows NT 5.1; SV1; .NET CLR 1.0.3705; .NET CLR 1.1.4322; Media Center PC 4.0; .NET CLR 2.0.50727)"
94.23.195.160 - - [14/May/2012:10:45:55 +0200] "GET /wp-content/themes/cinch/scripts/timthumb.php?src=http://blogger.com.bookoftheweek.org/pl.php HTTP/1.1" 404 326 "-" "Mozilla/4.0 (compatible; MSIE 6.0; Windows NT 5.1; SV1; .NET CLR 1.0.3705; .NET CLR 1.1.4322; Media Center PC 4.0; .NET CLR 2.0.50727)"
208.115.111.71 - - [14/May/2012:10:46:06 +0200] "GET /?C=D;O=A HTTP/1.1" 200 945 "-" "Mozilla/5.0 (compatible; Ezooms/1.0; ezooms.bot@gmail.com)"
95.132.213.162 - - [14/May/2012:10:46:52 +0200] "GET /logs/access_log HTTP/1.0" 200 1971906 "http://androidelsoft.info/sitemap49.html" "Mozilla/4.79 [en] (Windows NT 5.0; U)"
95.132.213.162 - - [14/May/2012:10:46:58 +0200] "GET /logs/access_log HTTP/1.0" 200 1972081 "http://androidelsoft.info/sitemap49.html" "Mozilla/4.0 (compatible; MSIE 6.0; Windows NT 5.1; Q312461)"
95.132.213.162 - - [14/May/2012:10:47:02 +0200] "GET /logs/access_log HTTP/1.0" 200 1972278 "http://androidelsoft.info/sitemap49.html" "Mozilla/4.0 (compatible; MSIE 6.0; Windows NT 5.1; SV1; InfoPath.1"
95.132.213.162 - - [14/May/2012:10:47:07 +0200] "GET /logs/access_log HTTP/1.0" 200 1972482 "http://androidelsoft.info/sitemap49.html" "Mozilla/4.7 (compatible; OffByOne; Windows 2000) Webster Pro V3.4"
95.132.213.162 - - [14/May/2012:10:47:31 +0200] "GET /logs/access_log HTTP/1.0" 200 1972685 "http://androidelsoft.info/sitemap49.html" "Mozilla/4.0 (compatible; MSIE 6.0; Windows NT 5.0; T312461)"
50.22.152.66 - - [14/May/2012:10:47:37 +0200] "GET /stats/wp-content/themes/cinch/scripts/timthumb.php?src=http://picasa.com.kiditect.com/pl.php HTTP/1.1" 404 332 "-" "Mozilla/5.0 (X11; U; Linux i686; en-US; rv:1.7.9) Gecko/20050711 Firefox/1.0.5"
50.22.152.66 - - [14/May/2012:10:47:38 +0200] "GET /stats/wp-content/themes/cinch/scripts/timthumb.php?src=http://img.youtube.com.fdefausto.com/bot/xx.php HTTP/1.1" 404 332 "-" "Mozilla/5.0 (X11; U; Linux i686; en-US; rv:1.7.9) Gecko/20050711 Firefox/1.0.5"
50.22.152.66 - - [14/May/2012:10:47:39 +0200] "GET /wp-content/themes/cinch/scripts/timthumb.php?src=http://picasa.com.kiditect.com/pl.php HTTP/1.1" 404 326 "-" "Mozilla/5.0 (X11; U; Linux i686; en-US; rv:1.7.9) Gecko/20050711 Firefox/1.0.5"
50.22.152.66 - - [14/May/2012:10:47:40 +0200] "GET /wp-content/themes/cinch/scripts/timthumb.php?src=http://img.youtube.com.fdefausto.com/bot/xx.php HTTP/1.1" 404 326 "-" "Mozilla/5.0 (X11; U; Linux i686; en-US; rv:1.7.9) Gecko/20050711 Firefox/1.0.5"
64.69.33.150 - - [14/May/2012:10:48:01 +0200] "GET /stats/log.keys.html/admin/file_manager.php/login.php HTTP/1.1" 404 334 "-" "Mozilla/5.0 (X11;U;Linux i686 (x86_64);en-US;rv:1.9.0.16) Gecko/2009122206 Firefox/3.0.16 Flock/2.5.6"
64.69.33.150 - - [14/May/2012:10:48:01 +0200] "GET /admin/file_manager.php/login.php HTTP/1.1" 404 314 "-" "Mozilla/5.0 (X11;U;Linux i686 (x86_64);en-US;rv:1.9.0.16) Gecko/2009122206 Firefox/3.0.16 Flock/2.5.6"
64.69.33.150 - - [14/May/2012:10:48:01 +0200] "GET /stats/admin/file_manager.php/login.php HTTP/1.1" 404 320 "-" "Mozilla/5.0 (X11;U;Linux i686 (x86_64);en-US;rv:1.9.0.16) Gecko/2009122206 Firefox/3.0.16 Flock/2.5.6"
86.111.246.233 - - [14/May/2012:10:48:02 +0200] "GET /stats/log.keys.html/admin/banner_manager.php/login.php HTTP/1.1" 404 336 "-" "Infoseek SideWinder/2.0B (Linux 2.4 i686)"
86.111.246.233 - - [14/May/2012:10:48:02 +0200] "GET /stats/log.keys.html/admin/categories.php/login.php HTTP/1.1" 404 332 "-" "Infoseek SideWinder/2.0B (Linux 2.4 i686)"
86.111.246.233 - - [14/May/2012:10:48:02 +0200] "GET /admin/banner_manager.php/login.php HTTP/1.1" 404 316 "-" "Infoseek SideWinder/2.0B (Linux 2.4 i686)"
86.111.246.233 - - [14/May/2012:10:48:02 +0200] "GET /admin/categories.php/login.php HTTP/1.1" 404 312 "-" "Infoseek SideWinder/2.0B (Linux 2.4 i686)"
86.111.246.233 - - [14/May/2012:10:48:02 +0200] "GET /stats/admin/banner_manager.php/login.php HTTP/1.1" 404 322 "-" "Infoseek SideWinder/2.0B (Linux 2.4 i686)"
86.111.246.233 - - [14/May/2012:10:48:02 +0200] "GET /stats/admin/categories.php/login.php HTTP/1.1" 404 318 "-" "Infoseek SideWinder/2.0B (Linux 2.4 i686)"
86.111.246.233 - - [14/May/2012:10:48:03 +0200] "GET /stats/log.keys.html/admin/file_manager.php/login.php HTTP/1.1" 404 334 "-" "Infoseek SideWinder/2.0B (Linux 2.4 i686)"
64.69.33.150 - - [14/May/2012:10:48:03 +0200] "GET /stats/log.keys.html/admin/banner_manager.php/login.php HTTP/1.1" 404 336 "-" "Mozilla/5.0 (X11;U;Linux i686 (x86_64);en-US;rv:1.9.0.16) Gecko/2009122206 Firefox/3.0.16 Flock/2.5.6"
64.69.33.150 - - [14/May/2012:10:48:03 +0200] "GET /admin/banner_manager.php/login.php HTTP/1.1" 404 316 "-" "Mozilla/5.0 (X11;U;Linux i686 (x86_64);en-US;rv:1.9.0.16) Gecko/2009122206 Firefox/3.0.16 Flock/2.5.6"
86.111.246.233 - - [14/May/2012:10:48:03 +0200] "GET /admin/file_manager.php/login.php HTTP/1.1" 404 314 "-" "Infoseek SideWinder/2.0B (Linux 2.4 i686)"
64.69.33.150 - - [14/May/2012:10:48:03 +0200] "GET /stats/admin/banner_manager.php/login.php HTTP/1.1" 404 322 "-" "Mozilla/5.0 (X11;U;Linux i686 (x86_64);en-US;rv:1.9.0.16) Gecko/2009122206 Firefox/3.0.16 Flock/2.5.6"
86.111.246.233 - - [14/May/2012:10:48:04 +0200] "GET /stats/admin/file_manager.php/login.php HTTP/1.1" 404 320 "-" "Infoseek SideWinder/2.0B (Linux 2.4 i686)"
78.137.37.171 - - [14/May/2012:10:48:05 +0200] "GET /logs/access_log HTTP/1.0" 200 1976661 "http://androidusplay.info/sitemap238.html" "Mozilla/4.0 (compatible; MSIE 6.0; Windows NT 5.1; SV1; InfoPath.1"
78.137.37.171 - - [14/May/2012:10:48:07 +0200] "GET /logs/access_log HTTP/1.0" 200 1976865 "http://androidusplay.info/sitemap238.html" "Opera/9.00 (Windows NT 4.0; U; en)"
78.137.37.171 - - [14/May/2012:10:48:07 +0200] "GET /logs/access_log HTTP/1.0" 200 1977037 "http://androidusplay.info/sitemap238.html" "Mozilla/4.0 (compatible; MSIE 6.0; Windows NT 5.1; MRA 4.6 (build 01425))"
78.137.37.171 - - [14/May/2012:10:48:08 +0200] "GET /logs/access_log HTTP/1.0" 200 1977248 "http://androidusplay.info/sitemap238.html" "Opera/9.01 (Windows NT 5.1; U; en)"
78.137.37.171 - - [14/May/2012:10:48:08 +0200] "GET /logs/access_log HTTP/1.0" 200 1977420 "http://androidusplay.info/sitemap238.html" "Mozilla/4.0 (compatible; MSIE 5.0; Windows 3.1)"
64.69.33.150 - - [14/May/2012:10:48:11 +0200] "GET /stats/log.keys.html/admin/categories.php/login.php HTTP/1.1" 404 332 "-" "Mozilla/5.0 (X11;U;Linux i686 (x86_64);en-US;rv:1.9.0.16) Gecko/2009122206 Firefox/3.0.16 Flock/2.5.6"
64.69.33.150 - - [14/May/2012:10:48:11 +0200] "GET /admin/categories.php/login.php HTTP/1.1" 404 312 "-" "Mozilla/5.0 (X11;U;Linux i686 (x86_64);en-US;rv:1.9.0.16) Gecko/2009122206 Firefox/3.0.16 Flock/2.5.6"
64.69.33.150 - - [14/May/2012:10:48:11 +0200] "GET /stats/admin/categories.php/login.php HTTP/1.1" 404 318 "-" "Mozilla/5.0 (X11;U;Linux i686 (x86_64);en-US;rv:1.9.0.16) Gecko/2009122206 Firefox/3.0.16 Flock/2.5.6"
94.23.195.160 - - [14/May/2012:10:48:32 +0200] "GET /stats/wp-content/themes/cinch/scripts/timthumb.php?src=http://blogger.com.bookoftheweek.org/pl.php HTTP/1.1" 404 332 "-" "Mozilla/4.0 (compatible; MSIE 6.0; Windows NT 5.1; SV1; .NET CLR 1.0.3705; .NET CLR 1.1.4322; Media Center PC 4.0; .NET CLR 2.0.50727)"
94.23.195.160 - - [14/May/2012:10:48:33 +0200] "GET /wp-content/themes/cinch/scripts/timthumb.php?src=http://blogger.com.bookoftheweek.org/pl.php HTTP/1.1" 404 326 "-" "Mozilla/4.0 (compatible; MSIE 6.0; Windows NT 5.1; SV1; .NET CLR 1.0.3705; .NET CLR 1.1.4322; Media Center PC 4.0; .NET CLR 2.0.50727)"
86.111.246.233 - - [14/May/2012:10:49:20 +0200] "GET /stats/log.keys.html/admin/categories.php/login.php HTTP/1.1" 404 332 "-" "Infoseek SideWinder/2.0B (Linux 2.4 i686)"
86.111.246.233 - - [14/May/2012:10:49:20 +0200] "GET /stats/log.keys.html/admin/file_manager.php/login.php HTTP/1.1" 404 334 "-" "Infoseek SideWinder/2.0B (Linux 2.4 i686)"
86.111.246.233 - - [14/May/2012:10:49:20 +0200] "GET /admin/categories.php/login.php HTTP/1.1" 404 312 "-" "Infoseek SideWinder/2.0B (Linux 2.4 i686)"
86.111.246.233 - - [14/May/2012:10:49:20 +0200] "GET /admin/file_manager.php/login.php HTTP/1.1" 404 314 "-" "Infoseek SideWinder/2.0B (Linux 2.4 i686)"
86.111.246.233 - - [14/May/2012:10:49:20 +0200] "GET /stats/admin/categories.php/login.php HTTP/1.1" 404 318 "-" "Infoseek SideWinder/2.0B (Linux 2.4 i686)"
86.111.246.233 - - [14/May/2012:10:49:20 +0200] "GET /stats/admin/file_manager.php/login.php HTTP/1.1" 404 320 "-" "Infoseek SideWinder/2.0B (Linux 2.4 i686)"
93.95.221.73 - - [14/May/2012:10:49:22 +0200] "GET /stats/wp-content/themes/cinch/scripts/timthumb.php?src=http://blogger.com.comuricazione.it/pl.php HTTP/1.1" 404 332 "-" "Mozilla/4.0 (compatible; MSIE 6.0; Windows NT 5.1; SV1; .NET CLR 1.0.3705; .NET CLR 1.1.4322; Media Center PC 4.0; .NET CLR 2.0.50727)"
86.111.246.233 - - [14/May/2012:10:49:22 +0200] "GET /stats/log.keys.html/admin/banner_manager.php/login.php HTTP/1.1" 404 336 "-" "Infoseek SideWinder/2.0B (Linux 2.4 i686)"
86.111.246.233 - - [14/May/2012:10:49:22 +0200] "GET /admin/banner_manager.php/login.php HTTP/1.1" 404 316 "-" "Infoseek SideWinder/2.0B (Linux 2.4 i686)"
86.111.246.233 - - [14/May/2012:10:49:23 +0200] "GET /stats/admin/banner_manager.php/login.php HTTP/1.1" 404 322 "-" "Infoseek SideWinder/2.0B (Linux 2.4 i686)"
93.95.221.73 - - [14/May/2012:10:49:23 +0200] "GET /wp-content/themes/cinch/scripts/timthumb.php?src=http://blogger.com.comuricazione.it/pl.php HTTP/1.1" 404 326 "-" "Mozilla/4.0 (compatible; MSIE 6.0; Windows NT 5.1; SV1; .NET CLR 1.0.3705; .NET CLR 1.1.4322; Media Center PC 4.0; .NET CLR 2.0.50727)"
64.69.33.150 - - [14/May/2012:10:49:44 +0200] "GET /stats/admin/banner_manager.php/login.php HTTP/1.1" 404 322 "-" "Mozilla/5.0 (X11;U;Linux i686 (x86_64);en-US;rv:1.9.0.16) Gecko/2009122206 Firefox/3.0.16 Flock/2.5.6"
64.69.33.150 - - [14/May/2012:10:49:44 +0200] "GET /admin/banner_manager.php/login.php HTTP/1.1" 404 316 "-" "Mozilla/5.0 (X11;U;Linux i686 (x86_64);en-US;rv:1.9.0.16) Gecko/2009122206 Firefox/3.0.16 Flock/2.5.6"
64.69.33.150 - - [14/May/2012:10:49:44 +0200] "GET /stats/admin/file_manager.php/login.php HTTP/1.1" 404 320 "-" "Mozilla/5.0 (X11;U;Linux i686 (x86_64);en-US;rv:1.9.0.16) Gecko/2009122206 Firefox/3.0.16 Flock/2.5.6"
64.69.33.150 - - [14/May/2012:10:49:45 +0200] "GET /admin/file_manager.php/login.php HTTP/1.1" 404 314 "-" "Mozilla/5.0 (X11;U;Linux i686 (x86_64);en-US;rv:1.9.0.16) Gecko/2009122206 Firefox/3.0.16 Flock/2.5.6"
64.69.33.150 - - [14/May/2012:10:49:46 +0200] "GET /stats/admin/categories.php/login.php HTTP/1.1" 404 318 "-" "Mozilla/5.0 (X11;U;Linux i686 (x86_64);en-US;rv:1.9.0.16) Gecko/2009122206 Firefox/3.0.16 Flock/2.5.6"
64.69.33.150 - - [14/May/2012:10:49:46 +0200] "GET /admin/categories.php/login.php HTTP/1.1" 404 312 "-" "Mozilla/5.0 (X11;U;Linux i686 (x86_64);en-US;rv:1.9.0.16) Gecko/2009122206 Firefox/3.0.16 Flock/2.5.6"
216.70.71.78 - - [14/May/2012:10:49:53 +0200] "GET /stats//wp-content/plugins/wordpress-popular-posts/scripts/timthumb.php?src= HTTP/1.1" 404 352 "-" "Mozilla/5.0 (Windows; U; Windows NT 5.1; en-US; rv:1.9.2) Gecko/20100115 Firefox/3.6"
216.70.71.78 - - [14/May/2012:10:49:53 +0200] "GET /stats//wp-content/plugins/wordpress-popular-posts/scripts/timthumb.php?src=http://blogger.com.tempoturismo.com.br/sh.php HTTP/1.1" 404 352 "-" "Mozilla/5.0 (Windows; U; Windows NT 5.1; en-US; rv:1.9.2) Gecko/20100115 Firefox/3.6"
216.70.71.78 - - [14/May/2012:10:49:53 +0200] "GET /stats//wp-content/plugins/wordpress-popular-posts/scripts/timthumb.php?src=http://blogger.com.tempoturismo.com.br/xx.php HTTP/1.1" 404 352 "-" "Mozilla/5.0 (Windows; U; Windows NT 5.1; en-US; rv:1.9.2) Gecko/20100115 Firefox/3.6"
216.70.71.78 - - [14/May/2012:10:49:53 +0200] "GET //wp-content/plugins/wordpress-popular-posts/scripts/timthumb.php?src= HTTP/1.1" 404 346 "-" "Mozilla/5.0 (Windows; U; Windows NT 5.1; en-US; rv:1.9.2) Gecko/20100115 Firefox/3.6"
216.70.71.78 - - [14/May/2012:10:49:53 +0200] "GET //wp-content/plugins/wordpress-popular-posts/scripts/timthumb.php?src=http://blogger.com.tempoturismo.com.br/sh.php HTTP/1.1" 404 346 "-" "Mozilla/5.0 (Windows; U; Windows NT 5.1; en-US; rv:1.9.2) Gecko/20100115 Firefox/3.6"
216.70.71.78 - - [14/May/2012:10:49:53 +0200] "GET //wp-content/plugins/wordpress-popular-posts/scripts/timthumb.php?src=http://blogger.com.tempoturismo.com.br/xx.php HTTP/1.1" 404 346 "-" "Mozilla/5.0 (Windows; U; Windows NT 5.1; en-US; rv:1.9.2) Gecko/20100115 Firefox/3.6"
89.33.197.242 - - [14/May/2012:10:50:02 +0200] "GET /stats//wp-content/plugins/wordpress-popular-posts/scripts/timthumb.php?src= HTTP/1.1" 404 352 "-" "Mozilla/5.0 (Windows; U; Windows NT 5.1; en-US; rv:1.9.2) Gecko/20100115 Firefox/3.6"
89.33.197.242 - - [14/May/2012:10:50:02 +0200] "GET /stats//wp-content/plugins/wordpress-popular-posts/scripts/timthumb.php?src=http://blogger.com.pansoftds.com/sh.php HTTP/1.1" 404 352 "-" "Mozilla/5.0 (Windows; U; Windows NT 5.1; en-US; rv:1.9.2) Gecko/20100115 Firefox/3.6"
89.33.197.242 - - [14/May/2012:10:50:03 +0200] "GET /stats//wp-content/plugins/wordpress-popular-posts/scripts/timthumb.php?src=http://blogger.com.pansoftds.com/xx.php HTTP/1.1" 404 352 "-" "Mozilla/5.0 (Windows; U; Windows NT 5.1; en-US; rv:1.9.2) Gecko/20100115 Firefox/3.6"
89.33.197.242 - - [14/May/2012:10:50:03 +0200] "GET //wp-content/plugins/wordpress-popular-posts/scripts/timthumb.php?src= HTTP/1.1" 404 346 "-" "Mozilla/5.0 (Windows; U; Windows NT 5.1; en-US; rv:1.9.2) Gecko/20100115 Firefox/3.6"
64.69.33.150 - - [14/May/2012:10:50:03 +0200] "GET /stats/log.keys.html/admin/categories.php/login.php HTTP/1.1" 404 332 "-" "Mozilla/5.0 (X11;U;Linux i686 (x86_64);en-US;rv:1.9.0.16) Gecko/2009122206 Firefox/3.0.16 Flock/2.5.6"
89.33.197.242 - - [14/May/2012:10:50:03 +0200] "GET //wp-content/plugins/wordpress-popular-posts/scripts/timthumb.php?src=http://blogger.com.pansoftds.com/sh.php HTTP/1.1" 404 346 "-" "Mozilla/5.0 (Windows; U; Windows NT 5.1; en-US; rv:1.9.2) Gecko/20100115 Firefox/3.6"
64.69.33.150 - - [14/May/2012:10:50:03 +0200] "GET /stats/log.keys.html/admin/file_manager.php/login.php HTTP/1.1" 404 334 "-" "Mozilla/5.0 (X11;U;Linux i686 (x86_64);en-US;rv:1.9.0.16) Gecko/2009122206 Firefox/3.0.16 Flock/2.5.6"
64.69.33.150 - - [14/May/2012:10:50:03 +0200] "GET /admin/categories.php/login.php HTTP/1.1" 404 312 "-" "Mozilla/5.0 (X11;U;Linux i686 (x86_64);en-US;rv:1.9.0.16) Gecko/2009122206 Firefox/3.0.16 Flock/2.5.6"
64.69.33.150 - - [14/May/2012:10:50:03 +0200] "GET /stats/log.keys.html/admin/banner_manager.php/login.php HTTP/1.1" 404 336 "-" "Mozilla/5.0 (X11;U;Linux i686 (x86_64);en-US;rv:1.9.0.16) Gecko/2009122206 Firefox/3.0.16 Flock/2.5.6"
89.33.197.242 - - [14/May/2012:10:50:04 +0200] "GET //wp-content/plugins/wordpress-popular-posts/scripts/timthumb.php?src=http://blogger.com.pansoftds.com/xx.php HTTP/1.1" 404 346 "-" "Mozilla/5.0 (Windows; U; Windows NT 5.1; en-US; rv:1.9.2) Gecko/20100115 Firefox/3.6"
64.69.33.150 - - [14/May/2012:10:50:04 +0200] "GET /admin/banner_manager.php/login.php HTTP/1.1" 404 316 "-" "Mozilla/5.0 (X11;U;Linux i686 (x86_64);en-US;rv:1.9.0.16) Gecko/2009122206 Firefox/3.0.16 Flock/2.5.6"
64.69.33.150 - - [14/May/2012:10:50:04 +0200] "GET /stats/admin/categories.php/login.php HTTP/1.1" 404 318 "-" "Mozilla/5.0 (X11;U;Linux i686 (x86_64);en-US;rv:1.9.0.16) Gecko/2009122206 Firefox/3.0.16 Flock/2.5.6"
64.69.33.150 - - [14/May/2012:10:50:04 +0200] "GET /admin/file_manager.php/login.php HTTP/1.1" 404 314 "-" "Mozilla/5.0 (X11;U;Linux i686 (x86_64);en-US;rv:1.9.0.16) Gecko/2009122206 Firefox/3.0.16 Flock/2.5.6"
64.69.33.150 - - [14/May/2012:10:50:04 +0200] "GET /stats/admin/file_manager.php/login.php HTTP/1.1" 404 320 "-" "Mozilla/5.0 (X11;U;Linux i686 (x86_64);en-US;rv:1.9.0.16) Gecko/2009122206 Firefox/3.0.16 Flock/2.5.6"
64.69.33.150 - - [14/May/2012:10:50:04 +0200] "GET /stats/admin/banner_manager.php/login.php HTTP/1.1" 404 322 "-" "Mozilla/5.0 (X11;U;Linux i686 (x86_64);en-US;rv:1.9.0.16) Gecko/2009122206 Firefox/3.0.16 Flock/2.5.6"
95.141.35.196 - - [14/May/2012:10:51:15 +0200] "GET /stats/zboard.php?id=OrnamenCrew HTTP/1.1" 404 298 "-" "BlackBerry8310/4.5.0.55 Profile/MIDP-2.0 Configuration/CLDC-1.1 VendorID/212"
95.141.35.196 - - [14/May/2012:10:51:15 +0200] "GET /zboard.php?id=OrnamenCrew HTTP/1.1" 404 292 "-" "BlackBerry8310/4.5.0.55 Profile/MIDP-2.0 Configuration/CLDC-1.1 VendorID/212"
89.161.189.21 - - [14/May/2012:10:51:23 +0200] "GET /stats//wp-content/themes/u-design/scripts/timthumb.php?src=http://img.youtube.com.mumsandbabes.com.my/txt/upload.php HTTP/1.1" 404 336 "-" "Mozilla/5.0 (Windows; U; Windows NT 5.1; en-US; rv:1.9.2) Gecko/20100115 Firefox/3.6"
89.161.189.21 - - [14/May/2012:10:51:24 +0200] "GET //wp-content/themes/u-design/scripts/timthumb.php?src=http://img.youtube.com.mumsandbabes.com.my/txt/upload.php HTTP/1.1" 404 330 "-" "Mozilla/5.0 (Windows; U; Windows NT 5.1; en-US; rv:1.9.2) Gecko/20100115 Firefox/3.6"
50.22.152.66 - - [14/May/2012:10:51:35 +0200] "GET /stats/wp-content/themes/cinch/scripts/timthumb.php?src=http://picasa.com.kiditect.com/pl.php HTTP/1.1" 404 332 "-" "Mozilla/5.0 (X11; U; Linux i686; en-US; rv:1.7.9) Gecko/20050711 Firefox/1.0.5"
50.22.152.66 - - [14/May/2012:10:51:36 +0200] "GET /stats/wp-content/themes/cinch/scripts/timthumb.php?src=http://img.youtube.com.fdefausto.com/bot/xx.php HTTP/1.1" 404 332 "-" "Mozilla/5.0 (X11; U; Linux i686; en-US; rv:1.7.9) Gecko/20050711 Firefox/1.0.5"
50.22.152.66 - - [14/May/2012:10:51:37 +0200] "GET /wp-content/themes/cinch/scripts/timthumb.php?src=http://picasa.com.kiditect.com/pl.php HTTP/1.1" 404 326 "-" "Mozilla/5.0 (X11; U; Linux i686; en-US; rv:1.7.9) Gecko/20050711 Firefox/1.0.5"
50.22.152.66 - - [14/May/2012:10:51:38 +0200] "GET /wp-content/themes/cinch/scripts/timthumb.php?src=http://img.youtube.com.fdefausto.com/bot/xx.php HTTP/1.1" 404 326 "-" "Mozilla/5.0 (X11; U; Linux i686; en-US; rv:1.7.9) Gecko/20050711 Firefox/1.0.5"
109.99.143.95 - - [14/May/2012:10:52:23 +0200] "GET /stats/wp-content/themes/Green%20Blue/tools/timthumb.php?src=http://picasa.communication.ventasexclusivas.cl/2.php HTTP/1.1" 404 335 "-" "Mozilla/5.0 (Windows; U; Windows NT 5.1; en-US; rv:1.9.2) Gecko/20100115 Firefox/3.6"
109.99.143.95 - - [14/May/2012:10:52:23 +0200] "GET /wp-content/themes/Green%20Blue/tools/timthumb.php?src=http://picasa.communication.ventasexclusivas.cl/2.php HTTP/1.1" 404 329 "-" "Mozilla/5.0 (Windows; U; Windows NT 5.1; en-US; rv:1.9.2) Gecko/20100115 Firefox/3.6"
109.99.143.95 - - [14/May/2012:10:52:28 +0200] "GET /stats/wp-content/themes/Green%20Blue/tools/timthumb.php?src=http://picasa.communication.ventasexclusivas.cl/2.php HTTP/1.1" 404 335 "-" "Mozilla/5.0 (Windows; U; Windows NT 5.1; en-US; rv:1.9.2) Gecko/20100115 Firefox/3.6"
109.99.143.95 - - [14/May/2012:10:52:28 +0200] "GET /wp-content/themes/Green%20Blue/tools/timthumb.php?src=http://picasa.communication.ventasexclusivas.cl/2.php HTTP/1.1" 404 329 "-" "Mozilla/5.0 (Windows; U; Windows NT 5.1; en-US; rv:1.9.2) Gecko/20100115 Firefox/3.6"
90.198.87.118 - - [14/May/2012:10:52:29 +0200] "GET /stats//wp-content/themes/TheProfessional/timthumb.php?src=http://www.seoulaoi.com/bbs/icon/Home/load.php HTTP/1.1" 404 335 "-" "Mozilla/5.0 (Windows; U; Windows NT 6.0; en-US; rv:1.8.1.8pre) Gecko/20070928 Firefox/2.0.0.7 Navigator/9.0RC1"
90.198.87.118 - - [14/May/2012:10:52:30 +0200] "GET /stats//wp-content/themes/TheProfessional/timthumb.php?src=http%3A%2F%2Fflickr.com.bpmohio.com%2Fbad.php HTTP/1.1" 404 335 "-" "Mozilla/5.0 (Windows; U; Windows NT 6.0; en-US; rv:1.8.1.8pre) Gecko/20070928 Firefox/2.0.0.7 Navigator/9.0RC1"
90.198.87.118 - - [14/May/2012:10:52:31 +0200] "GET //wp-content/themes/TheProfessional/timthumb.php?src=http://www.seoulaoi.com/bbs/icon/Home/load.php HTTP/1.1" 404 329 "-" "Mozilla/5.0 (Windows; U; Windows NT 6.0; en-US; rv:1.8.1.8pre) Gecko/20070928 Firefox/2.0.0.7 Navigator/9.0RC1"
90.198.87.118 - - [14/May/2012:10:52:33 +0200] "GET //wp-content/themes/TheProfessional/timthumb.php?src=http%3A%2F%2Fflickr.com.bpmohio.com%2Fbad.php HTTP/1.1" 404 329 "-" "Mozilla/5.0 (Windows; U; Windows NT 6.0; en-US; rv:1.8.1.8pre) Gecko/20070928 Firefox/2.0.0.7 Navigator/9.0RC1"
78.137.37.171 - - [14/May/2012:10:52:55 +0200] "GET /logs/access_log HTTP/1.0" 200 1991520 "http://androidusplay.info/sitemap245.html" "Mozilla/4.0 (compatible; MSIE 5.5; Windows NT 4.0; .NET CLR 1.0.2914)"
78.137.37.171 - - [14/May/2012:10:52:56 +0200] "GET /logs/access_log HTTP/1.0" 200 1991727 "http://androidusplay.info/sitemap245.html" "Mozilla/4.0 (compatible; MSIE 6.0; Windows NT 5.1; SV1; FunWebProducts)"
78.137.37.171 - - [14/May/2012:10:52:58 +0200] "GET /logs/access_log HTTP/1.0" 200 1991936 "http://androidusplay.info/sitemap245.html" "Mozilla/4.0 (compatible; MSIE 6.0; Windows NT 5.1; TheFreeDictionary.com; .NET CLR 1.1.4322; .NET CLR 1.0.3705; .NET CLR 2.0.50727)"
78.137.37.171 - - [14/May/2012:10:52:59 +0200] "GET /logs/access_log HTTP/1.0" 200 1992205 "http://androidusplay.info/sitemap245.html" "Mozilla/4.0 (compatible; MSIE 6.0; Windows NT 5.1; en) Opera 9.0"
78.137.37.171 - - [14/May/2012:10:52:59 +0200] "GET /logs/access_log HTTP/1.0" 200 1992407 "http://androidusplay.info/sitemap245.html" "Mozilla/4.0 (compatible; MSIE 6.0; Windows NT 5.1; SV1; .NET CLR 1.1.4322; .NET CLR 2.0.50727)"
86.111.246.233 - - [14/May/2012:10:54:54 +0200] "GET /stats/log.keys.html/admin/categories.php/login.php HTTP/1.1" 404 332 "-" "Infoseek SideWinder/2.0B (Linux 2.4 i686)"
86.111.246.233 - - [14/May/2012:10:54:54 +0200] "GET /stats/log.keys.html/admin/file_manager.php/login.php HTTP/1.1" 404 334 "-" "Infoseek SideWinder/2.0B (Linux 2.4 i686)"
86.111.246.233 - - [14/May/2012:10:54:54 +0200] "GET /stats/log.keys.html/admin/banner_manager.php/login.php HTTP/1.1" 404 336 "-" "Infoseek SideWinder/2.0B (Linux 2.4 i686)"
86.111.246.233 - - [14/May/2012:10:54:54 +0200] "GET /admin/categories.php/login.php HTTP/1.1" 404 312 "-" "Infoseek SideWinder/2.0B (Linux 2.4 i686)"
86.111.246.233 - - [14/May/2012:10:54:54 +0200] "GET /admin/file_manager.php/login.php HTTP/1.1" 404 314 "-" "Infoseek SideWinder/2.0B (Linux 2.4 i686)"
86.111.246.233 - - [14/May/2012:10:54:54 +0200] "GET /admin/banner_manager.php/login.php HTTP/1.1" 404 316 "-" "Infoseek SideWinder/2.0B (Linux 2.4 i686)"
86.111.246.233 - - [14/May/2012:10:54:55 +0200] "GET /stats/admin/categories.php/login.php HTTP/1.1" 404 318 "-" "Infoseek SideWinder/2.0B (Linux 2.4 i686)"
86.111.246.233 - - [14/May/2012:10:54:55 +0200] "GET /stats/admin/file_manager.php/login.php HTTP/1.1" 404 320 "-" "Infoseek SideWinder/2.0B (Linux 2.4 i686)"
86.111.246.233 - - [14/May/2012:10:54:55 +0200] "GET /stats/admin/banner_manager.php/login.php HTTP/1.1" 404 322 "-" "Infoseek SideWinder/2.0B (Linux 2.4 i686)"
64.69.33.150 - - [14/May/2012:10:55:36 +0200] "GET /stats/admin/file_manager.php/login.php HTTP/1.1" 404 320 "-" "Mozilla/5.0 (X11;U;Linux i686 (x86_64);en-US;rv:1.9.0.16) Gecko/2009122206 Firefox/3.0.16 Flock/2.5.6"
64.69.33.150 - - [14/May/2012:10:55:37 +0200] "GET /admin/file_manager.php/login.php HTTP/1.1" 404 314 "-" "Mozilla/5.0 (X11;U;Linux i686 (x86_64);en-US;rv:1.9.0.16) Gecko/2009122206 Firefox/3.0.16 Flock/2.5.6"
64.69.33.150 - - [14/May/2012:10:55:37 +0200] "GET /stats/admin/categories.php/login.php HTTP/1.1" 404 318 "-" "Mozilla/5.0 (X11;U;Linux i686 (x86_64);en-US;rv:1.9.0.16) Gecko/2009122206 Firefox/3.0.16 Flock/2.5.6"
64.69.33.150 - - [14/May/2012:10:55:37 +0200] "GET /stats/admin/banner_manager.php/login.php HTTP/1.1" 404 322 "-" "Mozilla/5.0 (X11;U;Linux i686 (x86_64);en-US;rv:1.9.0.16) Gecko/2009122206 Firefox/3.0.16 Flock/2.5.6"
64.69.33.150 - - [14/May/2012:10:55:38 +0200] "GET /admin/categories.php/login.php HTTP/1.1" 404 312 "-" "Mozilla/5.0 (X11;U;Linux i686 (x86_64);en-US;rv:1.9.0.16) Gecko/2009122206 Firefox/3.0.16 Flock/2.5.6"
