94.228.180.218 - - [14/May/2012:01:38:37 +0200] "POST /contact.php HTTP/1.1" 404 293 "-" "Mozilla/4.0 (compatible; MSIE 5.17; Mac_PowerPC)"
94.228.180.218 - - [14/May/2012:01:38:45 +0200] "POST /stats/contact.php HTTP/1.1" 404 299 "-" "Mozilla/4.0 (compatible; MSIE 5.17; Mac_PowerPC)"
94.228.180.218 - - [14/May/2012:01:38:46 +0200] "POST /contact.php HTTP/1.1" 404 293 "-" "Mozilla/4.0 (compatible; MSIE 5.17; Mac_PowerPC)"
91.121.89.20 - - [14/May/2012:01:38:53 +0200] "GET /stats//index.php?option=com_juser&controller=../../../../../../../../../../../../../../../proc/self/environ%00 HTTP/1.1" 404 298 "-" "libwww-perl/5.803"
91.121.89.20 - - [14/May/2012:01:38:53 +0200] "GET //index.php?option=com_juser&controller=../../../../../../../../../../../../../../../proc/self/environ%00 HTTP/1.1" 404 292 "-" "libwww-perl/5.803"
94.228.180.218 - - [14/May/2012:01:39:00 +0200] "POST /stats/contact.php HTTP/1.1" 404 299 "-" "Mozilla/4.0 (compatible; MSIE 5.17; Mac_PowerPC)"
94.228.180.218 - - [14/May/2012:01:39:01 +0200] "POST /contact.php HTTP/1.1" 404 293 "-" "Mozilla/4.0 (compatible; MSIE 5.17; Mac_PowerPC)"
94.228.180.218 - - [14/May/2012:01:39:09 +0200] "POST /stats/log.keys.html/contact.php HTTP/1.1" 404 313 "-" "Mozilla/4.0 (compatible; MSIE 5.17; Mac_PowerPC)"
94.228.180.218 - - [14/May/2012:01:39:09 +0200] "POST /stats/contact.php HTTP/1.1" 404 299 "-" "Mozilla/4.0 (compatible; MSIE 5.17; Mac_PowerPC)"
94.228.180.218 - - [14/May/2012:01:39:09 +0200] "POST /contact.php HTTP/1.1" 404 293 "-" "Mozilla/4.0 (compatible; MSIE 5.17; Mac_PowerPC)"
94.228.180.218 - - [14/May/2012:01:39:09 +0200] "POST /contact.php HTTP/1.1" 404 293 "-" "Mozilla/4.0 (compatible; MSIE 5.17; Mac_PowerPC)"
94.228.180.218 - - [14/May/2012:01:39:09 +0200] "POST /stats/contact.php HTTP/1.1" 404 299 "-" "Mozilla/4.0 (compatible; MSIE 5.17; Mac_PowerPC)"
94.228.180.218 - - [14/May/2012:01:39:11 +0200] "POST /stats/log.keys.html/contact.php HTTP/1.1" 404 313 "-" "Mozilla/4.0 (compatible; MSIE 5.17; Mac_PowerPC)"
94.228.180.218 - - [14/May/2012:01:39:11 +0200] "POST /contact.php HTTP/1.1" 404 293 "-" "Mozilla/4.0 (compatible; MSIE 5.17; Mac_PowerPC)"
94.228.180.218 - - [14/May/2012:01:39:12 +0200] "POST /stats/contact.php HTTP/1.1" 404 299 "-" "Mozilla/4.0 (compatible; MSIE 5.17; Mac_PowerPC)"
94.228.180.218 - - [14/May/2012:01:39:12 +0200] "POST /stats/contact.php HTTP/1.1" 404 299 "-" "Mozilla/4.0 (compatible; MSIE 5.17; Mac_PowerPC)"
94.228.180.218 - - [14/May/2012:01:39:12 +0200] "POST /contact.php HTTP/1.1" 404 293 "-" "Mozilla/4.0 (compatible; MSIE 5.17; Mac_PowerPC)"
94.228.180.218 - - [14/May/2012:01:39:25 +0200] "POST /stats/contact.php HTTP/1.1" 404 299 "-" "Mozilla/4.0 (compatible; MSIE 5.17; Mac_PowerPC)"
94.228.180.218 - - [14/May/2012:01:39:25 +0200] "POST /contact.php HTTP/1.1" 404 293 "-" "Mozilla/4.0 (compatible; MSIE 5.17; Mac_PowerPC)"
78.137.37.171 - - [14/May/2012:01:39:36 +0200] "GET /logs/access_log HTTP/1.0" 200 102700 "http://playbandroid.info/sitemap35.html" "Mozilla/4.0 (compatible; MSIE 6.0; Windows NT 5.1; SV1)"
78.137.37.171 - - [14/May/2012:01:39:37 +0200] "GET /logs/access_log HTTP/1.0" 200 102890 "http://playbandroid.info/sitemap35.html" "Mozilla/4.0 (compatible; MSIE 6.0; Windows 98; Win 9x 4.90; Creative)"
78.137.37.171 - - [14/May/2012:01:39:38 +0200] "GET /logs/access_log HTTP/1.0" 200 103094 "http://playbandroid.info/sitemap35.html" "Mozilla/4.0 (compatible; MSIE 6.0; Windows NT) ::ELNSB50::000061100320025802a00111000000000507000900000000"
78.137.37.171 - - [14/May/2012:01:39:38 +0200] "GET /logs/access_log HTTP/1.0" 200 103335 "http://playbandroid.info/sitemap35.html" "Mozilla/4.0 (compatible; MSIE 5.0; Windows NT; DigExt)"
78.137.37.171 - - [14/May/2012:01:39:38 +0200] "GET /logs/access_log HTTP/1.0" 200 103524 "http://playbandroid.info/sitemap35.html" "Mozilla/4.0 (compatible; MSIE 6.0; Windows NT 5.1; SV1)"
94.228.180.218 - - [14/May/2012:01:39:46 +0200] "POST /stats/log.keys.html/contact.php HTTP/1.1" 404 313 "-" "Mozilla/4.0 (compatible; MSIE 5.17; Mac_PowerPC)"
94.228.180.218 - - [14/May/2012:01:39:46 +0200] "POST /contact.php HTTP/1.1" 404 293 "-" "Mozilla/4.0 (compatible; MSIE 5.17; Mac_PowerPC)"
94.228.180.218 - - [14/May/2012:01:39:47 +0200] "POST /stats/contact.php HTTP/1.1" 404 299 "-" "Mozilla/4.0 (compatible; MSIE 5.17; Mac_PowerPC)"
94.228.180.218 - - [14/May/2012:01:39:48 +0200] "POST /stats/log.keys.html/contact.php HTTP/1.1" 404 313 "-" "Mozilla/4.0 (compatible; MSIE 5.17; Mac_PowerPC)"
94.228.180.218 - - [14/May/2012:01:39:48 +0200] "POST /contact.php HTTP/1.1" 404 293 "-" "Mozilla/4.0 (compatible; MSIE 5.17; Mac_PowerPC)"
94.228.180.218 - - [14/May/2012:01:39:48 +0200] "POST /stats/contact.php HTTP/1.1" 404 299 "-" "Mozilla/4.0 (compatible; MSIE 5.17; Mac_PowerPC)"
90.198.87.118 - - [14/May/2012:01:39:50 +0200] "GET /stats//wp-content/themes/busybee/thumb.php?src=http://www.seoulaoi.com/bbs/icon/Home/load.php HTTP/1.1" 404 324 "-" "Mozilla/5.0 (Windows; U; Windows NT 6.0; en-US; rv:1.8.1.8pre) Gecko/20070928 Firefox/2.0.0.7 Navigator/9.0RC1"
90.198.87.118 - - [14/May/2012:01:39:51 +0200] "GET /stats//wp-content/themes/busybee/thumb.php?src=http%3A%2F%2Fflickr.com.bpmohio.com%2Fbad.php HTTP/1.1" 404 324 "-" "Mozilla/5.0 (Windows; U; Windows NT 6.0; en-US; rv:1.8.1.8pre) Gecko/20070928 Firefox/2.0.0.7 Navigator/9.0RC1"
90.198.87.118 - - [14/May/2012:01:39:52 +0200] "GET //wp-content/themes/busybee/thumb.php?src=http://www.seoulaoi.com/bbs/icon/Home/load.php HTTP/1.1" 404 318 "-" "Mozilla/5.0 (Windows; U; Windows NT 6.0; en-US; rv:1.8.1.8pre) Gecko/20070928 Firefox/2.0.0.7 Navigator/9.0RC1"
90.198.87.118 - - [14/May/2012:01:39:54 +0200] "GET //wp-content/themes/busybee/thumb.php?src=http%3A%2F%2Fflickr.com.bpmohio.com%2Fbad.php HTTP/1.1" 404 318 "-" "Mozilla/5.0 (Windows; U; Windows NT 6.0; en-US; rv:1.8.1.8pre) Gecko/20070928 Firefox/2.0.0.7 Navigator/9.0RC1"
94.228.180.218 - - [14/May/2012:01:39:57 +0200] "POST /stats/log.keys.html/contact.php HTTP/1.1" 404 313 "-" "Mozilla/4.0 (compatible; MSIE 5.17; Mac_PowerPC)"
94.228.180.218 - - [14/May/2012:01:39:58 +0200] "POST /contact.php HTTP/1.1" 404 293 "-" "Mozilla/4.0 (compatible; MSIE 5.17; Mac_PowerPC)"
94.228.180.218 - - [14/May/2012:01:39:58 +0200] "POST /stats/contact.php HTTP/1.1" 404 299 "-" "Mozilla/4.0 (compatible; MSIE 5.17; Mac_PowerPC)"
89.33.197.242 - - [14/May/2012:01:40:04 +0200] "GET /stats//wp-content/themes/TheStyle/tools/timthumb.php?src= HTTP/1.1" 404 334 "-" "Mozilla/5.0 (Windows; U; Windows NT 5.1; en-US; rv:1.9.2) Gecko/20100115 Firefox/3.6"
89.33.197.242 - - [14/May/2012:01:40:05 +0200] "GET /stats//wp-content/themes/TheStyle/tools/timthumb.php?src=http://blogger.com.pansoftds.com/sh.php HTTP/1.1" 404 334 "-" "Mozilla/5.0 (Windows; U; Windows NT 5.1; en-US; rv:1.9.2) Gecko/20100115 Firefox/3.6"
89.33.197.242 - - [14/May/2012:01:40:05 +0200] "GET /stats//wp-content/themes/TheStyle/tools/timthumb.php?src=http://blogger.com.pansoftds.com/xx.php HTTP/1.1" 404 334 "-" "Mozilla/5.0 (Windows; U; Windows NT 5.1; en-US; rv:1.9.2) Gecko/20100115 Firefox/3.6"
89.33.197.242 - - [14/May/2012:01:40:05 +0200] "GET //wp-content/themes/TheStyle/tools/timthumb.php?src= HTTP/1.1" 404 328 "-" "Mozilla/5.0 (Windows; U; Windows NT 5.1; en-US; rv:1.9.2) Gecko/20100115 Firefox/3.6"
89.33.197.242 - - [14/May/2012:01:40:06 +0200] "GET //wp-content/themes/TheStyle/tools/timthumb.php?src=http://blogger.com.pansoftds.com/sh.php HTTP/1.1" 404 328 "-" "Mozilla/5.0 (Windows; U; Windows NT 5.1; en-US; rv:1.9.2) Gecko/20100115 Firefox/3.6"
89.33.197.242 - - [14/May/2012:01:40:06 +0200] "GET //wp-content/themes/TheStyle/tools/timthumb.php?src=http://blogger.com.pansoftds.com/xx.php HTTP/1.1" 404 328 "-" "Mozilla/5.0 (Windows; U; Windows NT 5.1; en-US; rv:1.9.2) Gecko/20100115 Firefox/3.6"
94.228.180.218 - - [14/May/2012:01:40:08 +0200] "POST /stats/log.keys.html/contact.php HTTP/1.1" 404 313 "-" "Mozilla/4.0 (compatible; MSIE 5.17; Mac_PowerPC)"
94.228.180.218 - - [14/May/2012:01:40:08 +0200] "POST /contact.php HTTP/1.1" 404 293 "-" "Mozilla/4.0 (compatible; MSIE 5.17; Mac_PowerPC)"
94.228.180.218 - - [14/May/2012:01:40:08 +0200] "POST /stats/contact.php HTTP/1.1" 404 299 "-" "Mozilla/4.0 (compatible; MSIE 5.17; Mac_PowerPC)"
94.228.180.218 - - [14/May/2012:01:40:53 +0200] "POST /stats/log.keys.html/contact.php HTTP/1.1" 404 313 "-" "Mozilla/4.0 (compatible; MSIE 5.17; Mac_PowerPC)"
94.228.180.218 - - [14/May/2012:01:40:53 +0200] "POST /contact.php HTTP/1.1" 404 293 "-" "Mozilla/4.0 (compatible; MSIE 5.17; Mac_PowerPC)"
94.228.180.218 - - [14/May/2012:01:40:54 +0200] "POST /stats/contact.php HTTP/1.1" 404 299 "-" "Mozilla/4.0 (compatible; MSIE 5.17; Mac_PowerPC)"
90.198.87.118 - - [14/May/2012:01:41:09 +0200] "GET /stats//wp-content/themes/bueno/thumb.php?src=http://www.seoulaoi.com/bbs/icon/Home/load.php HTTP/1.1" 404 322 "-" "Mozilla/5.0 (X11; U; Linux i686 (x86_64); en-US; rv:1.9.0.16) Gecko/2009122206 Firefox/3.0.16 Flock/2.5.6"
90.198.87.118 - - [14/May/2012:01:41:11 +0200] "GET /stats//wp-content/themes/bueno/thumb.php?src=http%3A%2F%2Fflickr.com.bpmohio.com%2Fbad.php HTTP/1.1" 404 322 "-" "Mozilla/5.0 (X11; U; Linux i686 (x86_64); en-US; rv:1.9.0.16) Gecko/2009122206 Firefox/3.0.16 Flock/2.5.6"
90.198.87.118 - - [14/May/2012:01:41:12 +0200] "GET //wp-content/themes/bueno/thumb.php?src=http://www.seoulaoi.com/bbs/icon/Home/load.php HTTP/1.1" 404 316 "-" "Mozilla/5.0 (X11; U; Linux i686 (x86_64); en-US; rv:1.9.0.16) Gecko/2009122206 Firefox/3.0.16 Flock/2.5.6"
90.198.87.118 - - [14/May/2012:01:41:14 +0200] "GET //wp-content/themes/bueno/thumb.php?src=http%3A%2F%2Fflickr.com.bpmohio.com%2Fbad.php HTTP/1.1" 404 316 "-" "Mozilla/5.0 (X11; U; Linux i686 (x86_64); en-US; rv:1.9.0.16) Gecko/2009122206 Firefox/3.0.16 Flock/2.5.6"
184.173.6.208 - - [14/May/2012:01:42:50 +0200] "GET /stats///wp-content/themes/snapshot/timthumb.php?src=http://flickr.com.musicui.com/bot.php HTTP/1.1" 404 329 "-" "Mozilla/5.0 (Windows; U; Windows NT 5.1; en-US; rv:1.9.2) Gecko/20100115 Firefox/3.6"
184.173.6.208 - - [14/May/2012:01:42:50 +0200] "GET /stats///wp-content/themes/snapshot/timthumb.php?src=http://flickr.com.musicui.com/sh.php HTTP/1.1" 404 329 "-" "Mozilla/5.0 (Windows; U; Windows NT 5.1; en-US; rv:1.9.2) Gecko/20100115 Firefox/3.6"
184.173.6.208 - - [14/May/2012:01:42:50 +0200] "GET /stats///wp-content/themes/snapshot/timthumb.php?src=http://flickr.com.musicui.com/xx.php HTTP/1.1" 404 329 "-" "Mozilla/5.0 (Windows; U; Windows NT 5.1; en-US; rv:1.9.2) Gecko/20100115 Firefox/3.6"
184.173.6.208 - - [14/May/2012:01:42:50 +0200] "GET ///wp-content/themes/snapshot/timthumb.php?src=http://flickr.com.musicui.com/bot.php HTTP/1.1" 404 323 "-" "Mozilla/5.0 (Windows; U; Windows NT 5.1; en-US; rv:1.9.2) Gecko/20100115 Firefox/3.6"
184.173.6.208 - - [14/May/2012:01:42:51 +0200] "GET ///wp-content/themes/snapshot/timthumb.php?src=http://flickr.com.musicui.com/sh.php HTTP/1.1" 404 323 "-" "Mozilla/5.0 (Windows; U; Windows NT 5.1; en-US; rv:1.9.2) Gecko/20100115 Firefox/3.6"
184.173.6.208 - - [14/May/2012:01:42:51 +0200] "GET ///wp-content/themes/snapshot/timthumb.php?src=http://flickr.com.musicui.com/xx.php HTTP/1.1" 404 323 "-" "Mozilla/5.0 (Windows; U; Windows NT 5.1; en-US; rv:1.9.2) Gecko/20100115 Firefox/3.6"
188.165.212.198 - - [14/May/2012:01:43:05 +0200] "GET /stats/wp-content/themes/shopperpress/thumbs/_tbs.php?src=http://picasa.com.kereny.ro/go.php HTTP/1.1" 404 334 "-" "Mozilla/5.0 (X11; U; Linux i686 (x86_64); en-US; rv:1.9.0.16) Gecko/2009122206 Firefox/3.0.16 Flock/2.5.6"
188.165.212.198 - - [14/May/2012:01:43:06 +0200] "GET /wp-content/themes/shopperpress/thumbs/_tbs.php?src=http://picasa.com.kereny.ro/go.php HTTP/1.1" 404 328 "-" "Mozilla/5.0 (X11; U; Linux i686 (x86_64); en-US; rv:1.9.0.16) Gecko/2009122206 Firefox/3.0.16 Flock/2.5.6"
31.7.34.14 - - [14/May/2012:01:43:12 +0200] "GET /stats//wp-content/themes/conceditor-wp-strict/scripts/timthumb.php?src=http://blogger.com.avisameinmobiliarias.es/jb.php HTTP/1.1" 404 348 "-" "Mozilla/5.0 (Windows; U; Windows NT 5.1; en-US; rv:1.9.2) Gecko/20100115 Firefox/3.6"
31.7.34.14 - - [14/May/2012:01:43:12 +0200] "GET /stats//wp-content/themes/conceditor-wp-strict/scripts/timthumb.php?src=http://blogger.com.avisameinmobiliarias.es/sh.php HTTP/1.1" 404 348 "-" "Mozilla/5.0 (Windows; U; Windows NT 5.1; en-US; rv:1.9.2) Gecko/20100115 Firefox/3.6"
31.7.34.14 - - [14/May/2012:01:43:13 +0200] "GET /stats//wp-content/themes/conceditor-wp-strict/scripts/timthumb.php?src=http://blogger.com.avisameinmobiliarias.es/xx.php HTTP/1.1" 404 348 "-" "Mozilla/5.0 (Windows; U; Windows NT 5.1; en-US; rv:1.9.2) Gecko/20100115 Firefox/3.6"
31.7.34.14 - - [14/May/2012:01:43:13 +0200] "GET //wp-content/themes/conceditor-wp-strict/scripts/timthumb.php?src=http://blogger.com.avisameinmobiliarias.es/jb.php HTTP/1.1" 404 342 "-" "Mozilla/5.0 (Windows; U; Windows NT 5.1; en-US; rv:1.9.2) Gecko/20100115 Firefox/3.6"
31.7.34.14 - - [14/May/2012:01:43:13 +0200] "GET //wp-content/themes/conceditor-wp-strict/scripts/timthumb.php?src=http://blogger.com.avisameinmobiliarias.es/sh.php HTTP/1.1" 404 342 "-" "Mozilla/5.0 (Windows; U; Windows NT 5.1; en-US; rv:1.9.2) Gecko/20100115 Firefox/3.6"
31.7.34.14 - - [14/May/2012:01:43:14 +0200] "GET //wp-content/themes/conceditor-wp-strict/scripts/timthumb.php?src=http://blogger.com.avisameinmobiliarias.es/xx.php HTTP/1.1" 404 342 "-" "Mozilla/5.0 (Windows; U; Windows NT 5.1; en-US; rv:1.9.2) Gecko/20100115 Firefox/3.6"
78.137.37.171 - - [14/May/2012:01:43:14 +0200] "GET /logs/access_log HTTP/1.0" 200 113302 "http://playbandroid.info/sitemap42.html" "Opera/7.54 (Windows NT 5.1; U) [pl]"
78.137.37.171 - - [14/May/2012:01:43:15 +0200] "GET /logs/access_log HTTP/1.0" 200 113473 "http://playbandroid.info/sitemap42.html" "Mozilla/4.0 (compatible; MSIE 6.0; Windows NT 5.1; SV1; MRA 4.6 (build 01425); MRSPUTNIK 1, 5, 0, 19 SW)"
78.137.37.171 - - [14/May/2012:01:43:15 +0200] "GET /logs/access_log HTTP/1.0" 200 113712 "http://playbandroid.info/sitemap42.html" "Mozilla/4.0 (compatible; MSIE 6.0; Windows NT 5.1; TheFreeDictionary.com; .NET CLR 1.1.4322; .NET CLR 1.0.3705; .NET CLR 2.0.50727)"
78.137.37.171 - - [14/May/2012:01:43:16 +0200] "GET /logs/access_log HTTP/1.0" 200 113978 "http://playbandroid.info/sitemap42.html" "Mozilla/4.0 (compatible; MSIE 7.0b; Windows NT 6.0 ; .NET CLR 2.0.50215; SL Commerce Client v1.0; Tablet PC 2.0"
78.137.37.171 - - [14/May/2012:01:43:16 +0200] "GET /logs/access_log HTTP/1.0" 200 114224 "http://playbandroid.info/sitemap42.html" "Mozilla/4.0 (compatible; MSIE 6.0; Windows NT 5.2; Win64; x64; SV1; .NET CLR 2.0.50727)"
89.33.197.242 - - [14/May/2012:01:43:29 +0200] "GET /stats//wp-content/themes/TheStyle/tools/timthumb.php?src= HTTP/1.1" 404 334 "-" "Mozilla/5.0 (Windows; U; Windows NT 5.1; en-US; rv:1.9.2) Gecko/20100115 Firefox/3.6"
89.33.197.242 - - [14/May/2012:01:43:29 +0200] "GET /stats//wp-content/themes/TheStyle/tools/timthumb.php?src=http://blogger.com.pansoftds.com/sh.php HTTP/1.1" 404 334 "-" "Mozilla/5.0 (Windows; U; Windows NT 5.1; en-US; rv:1.9.2) Gecko/20100115 Firefox/3.6"
89.33.197.242 - - [14/May/2012:01:43:30 +0200] "GET /stats//wp-content/themes/TheStyle/tools/timthumb.php?src=http://blogger.com.pansoftds.com/xx.php HTTP/1.1" 404 334 "-" "Mozilla/5.0 (Windows; U; Windows NT 5.1; en-US; rv:1.9.2) Gecko/20100115 Firefox/3.6"
89.33.197.242 - - [14/May/2012:01:43:30 +0200] "GET //wp-content/themes/TheStyle/tools/timthumb.php?src= HTTP/1.1" 404 328 "-" "Mozilla/5.0 (Windows; U; Windows NT 5.1; en-US; rv:1.9.2) Gecko/20100115 Firefox/3.6"
89.33.197.242 - - [14/May/2012:01:43:30 +0200] "GET //wp-content/themes/TheStyle/tools/timthumb.php?src=http://blogger.com.pansoftds.com/sh.php HTTP/1.1" 404 328 "-" "Mozilla/5.0 (Windows; U; Windows NT 5.1; en-US; rv:1.9.2) Gecko/20100115 Firefox/3.6"
89.33.197.242 - - [14/May/2012:01:43:31 +0200] "GET //wp-content/themes/TheStyle/tools/timthumb.php?src=http://blogger.com.pansoftds.com/xx.php HTTP/1.1" 404 328 "-" "Mozilla/5.0 (Windows; U; Windows NT 5.1; en-US; rv:1.9.2) Gecko/20100115 Firefox/3.6"
46.45.138.202 - - [14/May/2012:01:44:41 +0200] "GET /stats//wp-content/themes/constructor/layouts/thumb.php?src=http://flickr.com.bpmohio.com/bad.php HTTP/1.1" 404 336 "-" "Mozilla/5.0 (Windows; U; Windows NT 5.1; en-US; rv:1.9.2) Gecko/20100115 Firefox/3.6"
46.45.138.202 - - [14/May/2012:01:44:42 +0200] "GET //wp-content/themes/constructor/layouts/thumb.php?src=http://flickr.com.bpmohio.com/bad.php HTTP/1.1" 404 330 "-" "Mozilla/5.0 (Windows; U; Windows NT 5.1; en-US; rv:1.9.2) Gecko/20100115 Firefox/3.6"
90.198.87.118 - - [14/May/2012:01:45:11 +0200] "GET /stats//wp-content/themes/arras/library/timthumb.php?src=http://www.seoulaoi.com/bbs/icon/Home/load.php HTTP/1.1" 404 333 "-" "Mozilla/5.0 (X11; U; Linux i686 (x86_64); en-US; rv:1.9.0.16) Gecko/2009122206 Firefox/3.0.16 Flock/2.5.6"
90.198.87.118 - - [14/May/2012:01:45:12 +0200] "GET /stats//wp-content/themes/arras/library/timthumb.php?src=http%3A%2F%2Fflickr.com.bpmohio.com%2Fbad.php HTTP/1.1" 404 333 "-" "Mozilla/5.0 (X11; U; Linux i686 (x86_64); en-US; rv:1.9.0.16) Gecko/2009122206 Firefox/3.0.16 Flock/2.5.6"
90.198.87.118 - - [14/May/2012:01:45:14 +0200] "GET //wp-content/themes/arras/library/timthumb.php?src=http://www.seoulaoi.com/bbs/icon/Home/load.php HTTP/1.1" 404 327 "-" "Mozilla/5.0 (X11; U; Linux i686 (x86_64); en-US; rv:1.9.0.16) Gecko/2009122206 Firefox/3.0.16 Flock/2.5.6"
90.198.87.118 - - [14/May/2012:01:45:15 +0200] "GET //wp-content/themes/arras/library/timthumb.php?src=http%3A%2F%2Fflickr.com.bpmohio.com%2Fbad.php HTTP/1.1" 404 327 "-" "Mozilla/5.0 (X11; U; Linux i686 (x86_64); en-US; rv:1.9.0.16) Gecko/2009122206 Firefox/3.0.16 Flock/2.5.6"
46.45.138.202 - - [14/May/2012:01:46:07 +0200] "GET /stats//wp-content/themes/constructor/layouts/thumb.php?src=http://flickr.com.bpmohio.com/bad.php HTTP/1.1" 404 336 "-" "Mozilla/5.0 (Windows; U; Windows NT 5.1; en-US; rv:1.9.2) Gecko/20100115 Firefox/3.6"
31.7.34.14 - - [14/May/2012:01:46:08 +0200] "GET /stats//wp-content/themes/constructor/layouts/thumb.php?src=http://blogger.com.avisameinmobiliarias.es/jb.php HTTP/1.1" 404 336 "-" "Mozilla/5.0 (Windows; U; Windows NT 5.1; en-US; rv:1.9.2) Gecko/20100115 Firefox/3.6"
31.7.34.14 - - [14/May/2012:01:46:08 +0200] "GET /stats//wp-content/themes/constructor/layouts/thumb.php?src=http://blogger.com.avisameinmobiliarias.es/sh.php HTTP/1.1" 404 336 "-" "Mozilla/5.0 (Windows; U; Windows NT 5.1; en-US; rv:1.9.2) Gecko/20100115 Firefox/3.6"
46.45.138.202 - - [14/May/2012:01:46:08 +0200] "GET //wp-content/themes/constructor/layouts/thumb.php?src=http://flickr.com.bpmohio.com/bad.php HTTP/1.1" 404 330 "-" "Mozilla/5.0 (Windows; U; Windows NT 5.1; en-US; rv:1.9.2) Gecko/20100115 Firefox/3.6"
31.7.34.14 - - [14/May/2012:01:46:09 +0200] "GET /stats//wp-content/themes/constructor/layouts/thumb.php?src=http://blogger.com.avisameinmobiliarias.es/xx.php HTTP/1.1" 404 336 "-" "Mozilla/5.0 (Windows; U; Windows NT 5.1; en-US; rv:1.9.2) Gecko/20100115 Firefox/3.6"
31.7.34.14 - - [14/May/2012:01:46:09 +0200] "GET //wp-content/themes/constructor/layouts/thumb.php?src=http://blogger.com.avisameinmobiliarias.es/jb.php HTTP/1.1" 404 330 "-" "Mozilla/5.0 (Windows; U; Windows NT 5.1; en-US; rv:1.9.2) Gecko/20100115 Firefox/3.6"
31.7.34.14 - - [14/May/2012:01:46:09 +0200] "GET //wp-content/themes/constructor/layouts/thumb.php?src=http://blogger.com.avisameinmobiliarias.es/sh.php HTTP/1.1" 404 330 "-" "Mozilla/5.0 (Windows; U; Windows NT 5.1; en-US; rv:1.9.2) Gecko/20100115 Firefox/3.6"
31.7.34.14 - - [14/May/2012:01:46:10 +0200] "GET //wp-content/themes/constructor/layouts/thumb.php?src=http://blogger.com.avisameinmobiliarias.es/xx.php HTTP/1.1" 404 330 "-" "Mozilla/5.0 (Windows; U; Windows NT 5.1; en-US; rv:1.9.2) Gecko/20100115 Firefox/3.6"
78.137.37.171 - - [14/May/2012:01:46:55 +0200] "GET /logs/access_log HTTP/1.0" 200 119648 "http://playbandroid.info/sitemap49.html" "Mozilla/4.0 (compatible; MSIE 6.0; Windows NT 5.1; en) Opera 9.0"
78.137.37.171 - - [14/May/2012:01:46:56 +0200] "GET /logs/access_log HTTP/1.0" 200 119847 "http://playbandroid.info/sitemap49.html" "Mozilla/4.0 (compatible; MSIE 6.0; Windows ME) Opera 7.11 [en]"
78.137.37.171 - - [14/May/2012:01:46:57 +0200] "GET /logs/access_log HTTP/1.0" 200 120045 "http://playbandroid.info/sitemap49.html" "Mozilla/4.0 (compatible; MSIE 6.0; Windows NT 5.1; SV1; YPC 3.0.2; .NET CLR 1.1.4322; yplus 4.4.02b)"
78.137.37.171 - - [14/May/2012:01:46:57 +0200] "GET /logs/access_log HTTP/1.0" 200 120280 "http://playbandroid.info/sitemap49.html" "Mozilla/4.0 (compatible; MSIE 6.0; Windows NT 5.1; SV1)"
78.137.37.171 - - [14/May/2012:01:46:57 +0200] "GET /logs/access_log HTTP/1.0" 200 120470 "http://playbandroid.info/sitemap49.html" "Mozilla/4.0 (compatible; MSIE 6.0; Windows NT 5.1) Netscape/8.0.4"
90.198.87.118 - - [14/May/2012:01:47:14 +0200] "GET /stats/log.keys.html//wp-content/themes/arras/library/timthumb.php?src=http://www.seoulaoi.com/bbs/icon/Home/load.php HTTP/1.1" 404 347 "-" "Mozilla/5.0 (X11; U; Linux i686 (x86_64); en-US; rv:1.9.0.16) Gecko/2009122206 Firefox/3.0.16 Flock/2.5.6"
90.198.87.118 - - [14/May/2012:01:47:15 +0200] "GET /stats/log.keys.html//wp-content/themes/arras/library/timthumb.php?src=http%3A%2F%2Fflickr.com.bpmohio.com%2Fbad.php HTTP/1.1" 404 347 "-" "Mozilla/5.0 (X11; U; Linux i686 (x86_64); en-US; rv:1.9.0.16) Gecko/2009122206 Firefox/3.0.16 Flock/2.5.6"
90.198.87.118 - - [14/May/2012:01:47:17 +0200] "GET //wp-content/themes/arras/library/timthumb.php?src=http://www.seoulaoi.com/bbs/icon/Home/load.php HTTP/1.1" 404 327 "-" "Mozilla/5.0 (X11; U; Linux i686 (x86_64); en-US; rv:1.9.0.16) Gecko/2009122206 Firefox/3.0.16 Flock/2.5.6"
90.198.87.118 - - [14/May/2012:01:47:18 +0200] "GET //wp-content/themes/arras/library/timthumb.php?src=http%3A%2F%2Fflickr.com.bpmohio.com%2Fbad.php HTTP/1.1" 404 327 "-" "Mozilla/5.0 (X11; U; Linux i686 (x86_64); en-US; rv:1.9.0.16) Gecko/2009122206 Firefox/3.0.16 Flock/2.5.6"
90.198.87.118 - - [14/May/2012:01:47:20 +0200] "GET /stats//wp-content/themes/arras/library/timthumb.php?src=http://www.seoulaoi.com/bbs/icon/Home/load.php HTTP/1.1" 404 333 "-" "Mozilla/5.0 (X11; U; Linux i686 (x86_64); en-US; rv:1.9.0.16) Gecko/2009122206 Firefox/3.0.16 Flock/2.5.6"
90.198.87.118 - - [14/May/2012:01:47:21 +0200] "GET /stats//wp-content/themes/arras/library/timthumb.php?src=http%3A%2F%2Fflickr.com.bpmohio.com%2Fbad.php HTTP/1.1" 404 333 "-" "Mozilla/5.0 (X11; U; Linux i686 (x86_64); en-US; rv:1.9.0.16) Gecko/2009122206 Firefox/3.0.16 Flock/2.5.6"
173.208.176.30 - - [14/May/2012:01:48:10 +0200] "GET /stats/log.keys.html HTTP/1.1" 200 20219 "http://www.grupposeit.it/" "Mozilla/5.0 (Windows NT 6.1; rv:2.0b7pre) Gecko/20100921 Firefox/4.0b7pre"
173.0.57.162 - - [14/May/2012:01:48:23 +0200] "GET /stats//wp-content/themes/Linepress/timthumb.php?src=http://flickr.com.bpmohio.com/bad.php HTTP/1.1" 404 329 "-" "MOT-MPx220/1.400 Mozilla/4.0 (compatible; MSIE 4.01; Windows CE; Smartphone;"
69.73.132.154 - - [14/May/2012:01:48:23 +0200] "GET /stats//wp-content/themes/Linepress/timthumb.php?src=http://picasa.com.eleganzza.de/tes.php HTTP/1.1" 404 329 "-" "Mozilla/5.0 (Macintosh; U; PPC Mac OS X Mach-O; en-US; rv:1.7.12) Gecko/20050915 Firefox/1.0.7"
69.73.132.154 - - [14/May/2012:01:48:24 +0200] "GET //wp-content/themes/Linepress/timthumb.php?src=http://picasa.com.eleganzza.de/tes.php HTTP/1.1" 404 323 "-" "Mozilla/5.0 (Macintosh; U; PPC Mac OS X Mach-O; en-US; rv:1.7.12) Gecko/20050915 Firefox/1.0.7"
173.0.57.162 - - [14/May/2012:01:48:24 +0200] "GET //wp-content/themes/Linepress/timthumb.php?src=http://flickr.com.bpmohio.com/bad.php HTTP/1.1" 404 323 "-" "MOT-MPx220/1.400 Mozilla/4.0 (compatible; MSIE 4.01; Windows CE; Smartphone;"
69.73.132.154 - - [14/May/2012:01:48:33 +0200] "GET /stats//wp-content/themes/Linepress/timthumb.php?src=http://picasa.com.eleganzza.de/tes.php HTTP/1.1" 404 329 "-" "Mozilla/5.0 (Macintosh; U; PPC Mac OS X Mach-O; en-US; rv:1.7.12) Gecko/20050915 Firefox/1.0.7"
69.73.132.154 - - [14/May/2012:01:48:34 +0200] "GET //wp-content/themes/Linepress/timthumb.php?src=http://picasa.com.eleganzza.de/tes.php HTTP/1.1" 404 323 "-" "Mozilla/5.0 (Macintosh; U; PPC Mac OS X Mach-O; en-US; rv:1.7.12) Gecko/20050915 Firefox/1.0.7"
202.167.218.201 - - [14/May/2012:01:48:34 +0200] "GET /admin/file_manager.php/login.php HTTP/1.1" 404 314 "-" "Mozilla/5.0 (Windows; U; Windows NT 5.1; en-US; rv:1.9.2) Gecko/20100115 Firefox/3.6"
202.167.218.201 - - [14/May/2012:01:48:35 +0200] "GET /admin/banner_manager.php/login.php HTTP/1.1" 404 316 "-" "Mozilla/5.0 (Windows; U; Windows NT 5.1; en-US; rv:1.9.2) Gecko/20100115 Firefox/3.6"
202.167.218.201 - - [14/May/2012:01:48:35 +0200] "GET /admin/categories.php/login.php HTTP/1.1" 404 312 "-" "Mozilla/5.0 (Windows; U; Windows NT 5.1; en-US; rv:1.9.2) Gecko/20100115 Firefox/3.6"
173.0.57.162 - - [14/May/2012:01:48:38 +0200] "GET /stats//wp-content/themes/Linepress/timthumb.php?src=http://flickr.com.bpmohio.com/bad.php HTTP/1.1" 404 329 "-" "MOT-MPx220/1.400 Mozilla/4.0 (compatible; MSIE 4.01; Windows CE; Smartphone;"
173.0.57.162 - - [14/May/2012:01:48:39 +0200] "GET //wp-content/themes/Linepress/timthumb.php?src=http://flickr.com.bpmohio.com/bad.php HTTP/1.1" 404 323 "-" "MOT-MPx220/1.400 Mozilla/4.0 (compatible; MSIE 4.01; Windows CE; Smartphone;"
95.132.213.162 - - [14/May/2012:01:48:42 +0200] "GET /logs/access_log HTTP/1.0" 200 125188 "http://androideosoft.info/sitemap273.html" "Mozilla/4.0 (compatible; MSIE 6.0; Windows NT 5.1; SV1; .NET CLR 1.1.4322; .NET CLR 2.0.50727)"
121.78.246.32 - - [14/May/2012:01:48:48 +0200] "GET /stats//wp-content/themes/Linepress/timthumb.php?src=http://picasa.com.eleganzza.de/tes.php HTTP/1.1" 404 329 "-" "Mozilla/5.0 (Windows; U; Windows NT 5.1; it; rv:1.8.1b1) Gecko/20060710 Firefox/2.0b1"
95.132.213.162 - - [14/May/2012:01:48:48 +0200] "GET /logs/access_log HTTP/1.0" 200 125420 "http://androideosoft.info/sitemap273.html" "Mozilla/4.0 (compatible; MSIE 6.0; Update a; AOL 6.0; Windows 98)"
121.78.246.32 - - [14/May/2012:01:48:49 +0200] "GET //wp-content/themes/Linepress/timthumb.php?src=http://picasa.com.eleganzza.de/tes.php HTTP/1.1" 404 323 "-" "Mozilla/5.0 (Windows; U; Windows NT 5.1; it; rv:1.8.1b1) Gecko/20060710 Firefox/2.0b1"
95.132.213.162 - - [14/May/2012:01:48:56 +0200] "GET /logs/access_log HTTP/1.0" 200 126125 "http://androideosoft.info/sitemap273.html" "Mozilla/4.0 (compatible; MSIE 6.0; Windows NT 5.1; .NET CLR 1.1.4322)"
95.132.213.162 - - [14/May/2012:01:48:57 +0200] "GET /logs/access_log HTTP/1.0" 200 126332 "http://androideosoft.info/sitemap273.html" "Mozilla/4.0 (compatible; MSIE 6.0; Windows NT 5.0; T312461)"
95.132.213.162 - - [14/May/2012:01:48:55 +0200] "GET /logs/access_log HTTP/1.0" 200 126125 "http://androideosoft.info/sitemap273.html" "Mozilla/4.0 (compatible; MSIE 6.0; Windows NT 5.0; T312461)"
178.236.154.100 - - [14/May/2012:01:49:03 +0200] "GET /stats//wp-content/themes/Linepress/timthumb.php?src= HTTP/1.1" 404 329 "-" "Mozilla/5.0 (Windows; U; Windows NT 6.0; en-US; rv:1.8.1.8pre) Gecko/20070928 Firefox/2.0.0.7 Navigator/9.0RC1"
178.236.154.100 - - [14/May/2012:01:49:05 +0200] "GET /stats//wp-content/themes/Linepress/timthumb.php?src=http://picasa.com.sigeart.com/wp-content/images/soul.php HTTP/1.1" 404 329 "-" "Mozilla/5.0 (Windows; U; Windows NT 6.0; en-US; rv:1.8.1.8pre) Gecko/20070928 Firefox/2.0.0.7 Navigator/9.0RC1"
178.236.154.100 - - [14/May/2012:01:49:06 +0200] "GET //wp-content/themes/Linepress/timthumb.php?src= HTTP/1.1" 404 323 "-" "Mozilla/5.0 (Windows; U; Windows NT 6.0; en-US; rv:1.8.1.8pre) Gecko/20070928 Firefox/2.0.0.7 Navigator/9.0RC1"
178.236.154.100 - - [14/May/2012:01:49:07 +0200] "GET //wp-content/themes/Linepress/timthumb.php?src=http://picasa.com.sigeart.com/wp-content/images/soul.php HTTP/1.1" 404 323 "-" "Mozilla/5.0 (Windows; U; Windows NT 6.0; en-US; rv:1.8.1.8pre) Gecko/20070928 Firefox/2.0.0.7 Navigator/9.0RC1"
90.198.87.118 - - [14/May/2012:01:49:08 +0200] "GET /stats//wp-content/themes/arras/library/timthumb.php?src=http://www.seoulaoi.com/bbs/icon/Home/load.php HTTP/1.1" 404 333 "-" "Mozilla/5.0 (X11; U; Linux i686 (x86_64); en-US; rv:1.9.0.16) Gecko/2009122206 Firefox/3.0.16 Flock/2.5.6"
90.198.87.118 - - [14/May/2012:01:49:10 +0200] "GET /stats//wp-content/themes/arras/library/timthumb.php?src=http%3A%2F%2Fflickr.com.bpmohio.com%2Fbad.php HTTP/1.1" 404 333 "-" "Mozilla/5.0 (X11; U; Linux i686 (x86_64); en-US; rv:1.9.0.16) Gecko/2009122206 Firefox/3.0.16 Flock/2.5.6"
90.198.87.118 - - [14/May/2012:01:49:11 +0200] "GET //wp-content/themes/arras/library/timthumb.php?src=http://www.seoulaoi.com/bbs/icon/Home/load.php HTTP/1.1" 404 327 "-" "Mozilla/5.0 (X11; U; Linux i686 (x86_64); en-US; rv:1.9.0.16) Gecko/2009122206 Firefox/3.0.16 Flock/2.5.6"
90.198.87.118 - - [14/May/2012:01:49:13 +0200] "GET //wp-content/themes/arras/library/timthumb.php?src=http%3A%2F%2Fflickr.com.bpmohio.com%2Fbad.php HTTP/1.1" 404 327 "-" "Mozilla/5.0 (X11; U; Linux i686 (x86_64); en-US; rv:1.9.0.16) Gecko/2009122206 Firefox/3.0.16 Flock/2.5.6"
122.201.82.218 - - [14/May/2012:01:49:26 +0200] "GET /stats//wp-content/themes/Linepress/timthumb.php?src=http://flickr.com.bpmohio.com/bad.php HTTP/1.1" 404 329 "-" "Mozilla/5.0 (Windows; U; Windows NT 5.1; en-US; rv:1.9.2.12) Gecko/20101026 Firefox/3.6.12"
122.201.82.218 - - [14/May/2012:01:49:28 +0200] "GET //wp-content/themes/Linepress/timthumb.php?src=http://flickr.com.bpmohio.com/bad.php HTTP/1.1" 404 323 "-" "Mozilla/5.0 (Windows; U; Windows NT 5.1; en-US; rv:1.9.2.12) Gecko/20101026 Firefox/3.6.12"
123.194.208.79 - - [14/May/2012:01:50:06 +0200] "GET /admin/categories.php/login.php HTTP/1.1" 404 312 "-" "Mozilla/5.0 (Windows; U; Windows NT 5.1; en-US; rv:1.9.2) Gecko/20100115 Firefox/3.6"
123.194.208.79 - - [14/May/2012:01:50:09 +0200] "GET /admin/file_manager.php/login.php HTTP/1.1" 404 314 "-" "Mozilla/5.0 (Windows; U; Windows NT 5.1; en-US; rv:1.9.2) Gecko/20100115 Firefox/3.6"
68.202.186.121 - - [14/May/2012:01:50:16 +0200] "GET / HTTP/1.1" 200 941 "-" "Mozilla/5.0 (Windows; U; Windows NT 5.1; en-US; rv:1.9.1.3) Gecko/20090824 Firefox/3.5.3 (.NET CLR 3.5.30729)"
68.202.186.121 - - [14/May/2012:01:50:16 +0200] "GET / HTTP/1.1" 200 941 "-" "Mozilla/5.0 (Windows; U; Windows NT 5.1; en-US; rv:1.9.1.3) Gecko/20090824 Firefox/3.5.3 (.NET CLR 3.5.30729)"
68.202.186.121 - - [14/May/2012:01:50:17 +0200] "GET /register/ HTTP/1.1" 404 291 "-" "Mozilla/5.0 (Windows; U; Windows NT 5.1; en-US; rv:1.9.1.3) Gecko/20090824 Firefox/3.5.3 (.NET CLR 3.5.30729)"
68.202.186.121 - - [14/May/2012:01:50:17 +0200] "GET /register/ HTTP/1.1" 404 291 "-" "Mozilla/5.0 (Windows; U; Windows NT 5.1; en-US; rv:1.9.1.3) Gecko/20090824 Firefox/3.5.3 (.NET CLR 3.5.30729)"
122.201.82.218 - - [14/May/2012:01:50:17 +0200] "GET /stats//wp-content/themes/Linepress/timthumb.php?src=http://flickr.com.bpmohio.com/bad.php HTTP/1.1" 404 329 "-" "Mozilla/5.0 (Windows; U; Windows NT 5.1; en-US; rv:1.9.2.12) Gecko/20101026 Firefox/3.6.12"
68.202.186.121 - - [14/May/2012:01:50:17 +0200] "GET /login.php HTTP/1.1" 404 291 "-" "Mozilla/5.0 (Windows; U; Windows NT 5.1; en-US; rv:1.9.1.3) Gecko/20090824 Firefox/3.5.3 (.NET CLR 3.5.30729)"
68.202.186.121 - - [14/May/2012:01:50:17 +0200] "GET /login.php HTTP/1.1" 404 291 "-" "Mozilla/5.0 (Windows; U; Windows NT 5.1; en-US; rv:1.9.1.3) Gecko/20090824 Firefox/3.5.3 (.NET CLR 3.5.30729)"
68.202.186.121 - - [14/May/2012:01:50:17 +0200] "GET /signup.php HTTP/1.1" 404 292 "-" "Mozilla/5.0 (Windows; U; Windows NT 5.1; en-US; rv:1.9.1.3) Gecko/20090824 Firefox/3.5.3 (.NET CLR 3.5.30729)"
68.202.186.121 - - [14/May/2012:01:50:17 +0200] "GET /signup.php HTTP/1.1" 404 292 "-" "Mozilla/5.0 (Windows; U; Windows NT 5.1; en-US; rv:1.9.1.3) Gecko/20090824 Firefox/3.5.3 (.NET CLR 3.5.30729)"
122.201.82.218 - - [14/May/2012:01:50:17 +0200] "GET /stats//wp-content/themes/Linepress/timthumb.php?src=http://flickr.com.bpmohio.com/bad.php HTTP/1.1" 404 329 "-" "Mozilla/5.0 (Windows; U; Windows NT 5.1; en-US; rv:1.9.2.12) Gecko/20101026 Firefox/3.6.12"
122.201.82.218 - - [14/May/2012:01:50:18 +0200] "GET //wp-content/themes/Linepress/timthumb.php?src=http://flickr.com.bpmohio.com/bad.php HTTP/1.1" 404 323 "-" "Mozilla/5.0 (Windows; U; Windows NT 5.1; en-US; rv:1.9.2.12) Gecko/20101026 Firefox/3.6.12"
122.201.82.218 - - [14/May/2012:01:50:19 +0200] "GET //wp-content/themes/Linepress/timthumb.php?src=http://flickr.com.bpmohio.com/bad.php HTTP/1.1" 404 323 "-" "Mozilla/5.0 (Windows; U; Windows NT 5.1; en-US; rv:1.9.2.12) Gecko/20101026 Firefox/3.6.12"
41.158.128.190 - - [14/May/2012:01:50:16 +0200] "GET /stats/index.html HTTP/1.1" 200 6313543 "http://www.grupposeit.it/stats/index.html" "Mozilla/4.0 (compatible; MSIE 6.0; Windows NT 5.0; APC; .NET CLR 1.0.3705; .NET CLR 1.1.4322; .NET CLR 2.0.50215; InfoPath.1)"
123.194.208.79 - - [14/May/2012:01:50:28 +0200] "GET /admin/banner_manager.php/login.php HTTP/1.1" 404 316 "-" "Mozilla/5.0 (Windows; U; Windows NT 5.1; en-US; rv:1.9.2) Gecko/20100115 Firefox/3.6"
78.137.37.171 - - [14/May/2012:01:50:36 +0200] "GET /logs/access_log HTTP/1.0" 200 132885 "http://playbandroid.info/sitemap56.html" "Mozilla/4.0 (compatible; MSIE 6.0; Windows NT 5.1; .NET CLR 1.1.4322; Alexa Toolbar; (R1 1.5))"
78.137.37.171 - - [14/May/2012:01:50:37 +0200] "GET /logs/access_log HTTP/1.0" 200 133114 "http://playbandroid.info/sitemap56.html" "Mozilla/4.0 (compatible; MSIE 6.0; Windows NT 5.1) Netscape/8.0.4"
78.137.37.171 - - [14/May/2012:01:50:37 +0200] "GET /logs/access_log HTTP/1.0" 200 133314 "http://playbandroid.info/sitemap56.html" "Mozilla/4.0 (compatible; MSIE 5.0; Windows NT; DigExt)"
78.137.37.171 - - [14/May/2012:01:50:37 +0200] "GET /logs/access_log HTTP/1.0" 200 133503 "http://playbandroid.info/sitemap56.html" "Mozilla/4.0 (compatible; MSIE 6.0; Windows NT 5.1; SV1; FunWebProducts; MRA 4.6 (build 01425); .NET CLR 1.1.4322; .NET CLR 2.0.50727)"
78.137.37.171 - - [14/May/2012:01:50:38 +0200] "GET /logs/access_log HTTP/1.0" 200 133771 "http://playbandroid.info/sitemap56.html" "Opera/8.00 (Windows NT 5.1; U; en)"
58.213.19.142 - - [14/May/2012:01:50:38 +0200] "GET /stats/index.html HTTP/1.1" 200 6313543 "http://www.grupposeit.it/stats/index.html" "Mozilla/4.0 (compatible; MSIE 6.0; Windows NT 5.0; APC; .NET CLR 1.0.3705; .NET CLR 1.1.4322; .NET CLR 2.0.50215; InfoPath.1)"
122.201.82.218 - - [14/May/2012:01:50:44 +0200] "GET /stats//wp-content/themes/Linepress/timthumb.php?src=http://flickr.com.bpmohio.com/bad.php HTTP/1.1" 404 329 "-" "Mozilla/5.0 (Windows; U; Windows NT 5.1; en-US; rv:1.9.2.12) Gecko/20101026 Firefox/3.6.12"
122.201.82.218 - - [14/May/2012:01:50:45 +0200] "GET //wp-content/themes/Linepress/timthumb.php?src=http://flickr.com.bpmohio.com/bad.php HTTP/1.1" 404 323 "-" "Mozilla/5.0 (Windows; U; Windows NT 5.1; en-US; rv:1.9.2.12) Gecko/20101026 Firefox/3.6.12"
178.236.154.100 - - [14/May/2012:01:50:50 +0200] "GET /stats/index.html//wp-content/themes/Linepress/timthumb.php?src= HTTP/1.1" 404 340 "-" "Mozilla/5.0 (Windows; U; Windows NT 6.0; en-US; rv:1.8.1.8pre) Gecko/20070928 Firefox/2.0.0.7 Navigator/9.0RC1"
178.236.154.100 - - [14/May/2012:01:50:51 +0200] "GET /stats/index.html//wp-content/themes/Linepress/timthumb.php?src=http://picasa.com.sigeart.com/wp-content/images/soul.php HTTP/1.1" 404 340 "-" "Mozilla/5.0 (Windows; U; Windows NT 6.0; en-US; rv:1.8.1.8pre) Gecko/20070928 Firefox/2.0.0.7 Navigator/9.0RC1"
178.236.154.100 - - [14/May/2012:01:50:53 +0200] "GET //wp-content/themes/Linepress/timthumb.php?src= HTTP/1.1" 404 323 "-" "Mozilla/5.0 (Windows; U; Windows NT 6.0; en-US; rv:1.8.1.8pre) Gecko/20070928 Firefox/2.0.0.7 Navigator/9.0RC1"
178.236.154.100 - - [14/May/2012:01:50:54 +0200] "GET //wp-content/themes/Linepress/timthumb.php?src=http://picasa.com.sigeart.com/wp-content/images/soul.php HTTP/1.1" 404 323 "-" "Mozilla/5.0 (Windows; U; Windows NT 6.0; en-US; rv:1.8.1.8pre) Gecko/20070928 Firefox/2.0.0.7 Navigator/9.0RC1"
178.236.154.100 - - [14/May/2012:01:50:55 +0200] "GET /stats//wp-content/themes/Linepress/timthumb.php?src= HTTP/1.1" 404 329 "-" "Mozilla/5.0 (Windows; U; Windows NT 6.0; en-US; rv:1.8.1.8pre) Gecko/20070928 Firefox/2.0.0.7 Navigator/9.0RC1"
178.236.154.100 - - [14/May/2012:01:50:56 +0200] "GET /stats//wp-content/themes/Linepress/timthumb.php?src=http://picasa.com.sigeart.com/wp-content/images/soul.php HTTP/1.1" 404 329 "-" "Mozilla/5.0 (Windows; U; Windows NT 6.0; en-US; rv:1.8.1.8pre) Gecko/20070928 Firefox/2.0.0.7 Navigator/9.0RC1"
192.162.102.215 - - [14/May/2012:01:50:40 +0200] "POST /stats/log.keys.html/admin/categories.php/login.php?cPath=&action=new_product_preview HTTP/1.1" 404 332 "-" "Mozila/4.0 (compatible; MSIE 6.0; Windows NT 5.1;)"
31.7.34.14 - - [14/May/2012:01:52:00 +0200] "GET /stats//wp-content/themes/conceditor-wp-strict/scripts/timthumb.php?src=http://blogger.com.avisameinmobiliarias.es/jb.php HTTP/1.1" 404 348 "-" "Mozilla/5.0 (Windows; U; Windows NT 5.1; en-US; rv:1.9.2) Gecko/20100115 Firefox/3.6"
31.7.34.14 - - [14/May/2012:01:52:01 +0200] "GET /stats//wp-content/themes/conceditor-wp-strict/scripts/timthumb.php?src=http://blogger.com.avisameinmobiliarias.es/sh.php HTTP/1.1" 404 348 "-" "Mozilla/5.0 (Windows; U; Windows NT 5.1; en-US; rv:1.9.2) Gecko/20100115 Firefox/3.6"
31.7.34.14 - - [14/May/2012:01:52:01 +0200] "GET /stats//wp-content/themes/conceditor-wp-strict/scripts/timthumb.php?src=http://blogger.com.avisameinmobiliarias.es/xx.php HTTP/1.1" 404 348 "-" "Mozilla/5.0 (Windows; U; Windows NT 5.1; en-US; rv:1.9.2) Gecko/20100115 Firefox/3.6"
31.7.34.14 - - [14/May/2012:01:52:02 +0200] "GET //wp-content/themes/conceditor-wp-strict/scripts/timthumb.php?src=http://blogger.com.avisameinmobiliarias.es/jb.php HTTP/1.1" 404 342 "-" "Mozilla/5.0 (Windows; U; Windows NT 5.1; en-US; rv:1.9.2) Gecko/20100115 Firefox/3.6"
31.7.34.14 - - [14/May/2012:01:52:02 +0200] "GET //wp-content/themes/conceditor-wp-strict/scripts/timthumb.php?src=http://blogger.com.avisameinmobiliarias.es/sh.php HTTP/1.1" 404 342 "-" "Mozilla/5.0 (Windows; U; Windows NT 5.1; en-US; rv:1.9.2) Gecko/20100115 Firefox/3.6"
31.7.34.14 - - [14/May/2012:01:52:02 +0200] "GET //wp-content/themes/conceditor-wp-strict/scripts/timthumb.php?src=http://blogger.com.avisameinmobiliarias.es/xx.php HTTP/1.1" 404 342 "-" "Mozilla/5.0 (Windows; U; Windows NT 5.1; en-US; rv:1.9.2) Gecko/20100115 Firefox/3.6"
178.236.154.100 - - [14/May/2012:01:52:04 +0200] "GET /stats//wp-content/themes/Linepress/timthumb.php?src= HTTP/1.1" 404 329 "-" "Mozilla/5.0 (Windows; U; Windows NT 6.0; en-US; rv:1.8.1.8pre) Gecko/20070928 Firefox/2.0.0.7 Navigator/9.0RC1"
178.236.154.100 - - [14/May/2012:01:52:05 +0200] "GET /stats//wp-content/themes/Linepress/timthumb.php?src=http://picasa.com.sigeart.com/wp-content/images/soul.php HTTP/1.1" 404 329 "-" "Mozilla/5.0 (Windows; U; Windows NT 6.0; en-US; rv:1.8.1.8pre) Gecko/20070928 Firefox/2.0.0.7 Navigator/9.0RC1"
178.236.154.100 - - [14/May/2012:01:52:06 +0200] "GET //wp-content/themes/Linepress/timthumb.php?src= HTTP/1.1" 404 323 "-" "Mozilla/5.0 (Windows; U; Windows NT 6.0; en-US; rv:1.8.1.8pre) Gecko/20070928 Firefox/2.0.0.7 Navigator/9.0RC1"
178.236.154.100 - - [14/May/2012:01:52:07 +0200] "GET //wp-content/themes/Linepress/timthumb.php?src=http://picasa.com.sigeart.com/wp-content/images/soul.php HTTP/1.1" 404 323 "-" "Mozilla/5.0 (Windows; U; Windows NT 6.0; en-US; rv:1.8.1.8pre) Gecko/20070928 Firefox/2.0.0.7 Navigator/9.0RC1"
178.236.154.100 - - [14/May/2012:01:52:14 +0200] "GET /stats/index.html//wp-content/themes/Linepress/timthumb.php?src= HTTP/1.1" 404 340 "-" "Mozilla/5.0 (Windows; U; Windows NT 6.0; en-US; rv:1.8.1.8pre) Gecko/20070928 Firefox/2.0.0.7 Navigator/9.0RC1"
178.236.154.100 - - [14/May/2012:01:52:15 +0200] "GET /stats/index.html//wp-content/themes/Linepress/timthumb.php?src=http://picasa.com.sigeart.com/wp-content/images/soul.php HTTP/1.1" 404 340 "-" "Mozilla/5.0 (Windows; U; Windows NT 6.0; en-US; rv:1.8.1.8pre) Gecko/20070928 Firefox/2.0.0.7 Navigator/9.0RC1"
192.162.102.215 - - [14/May/2012:01:52:15 +0200] "GET /stats/log.keys.html/images/id_71237.php HTTP/1.1" 404 321 "-" "Mozila/4.0 (compatible; MSIE 6.0; Windows NT 5.1;)"
192.162.102.215 - - [14/May/2012:01:51:21 +0200] "POST /stats/log.keys.html/admin/banner_manager.php/login.php?action=insert HTTP/1.1" 404 336 "-" "Mozila/4.0 (compatible; MSIE 6.0; Windows NT 5.1;)"
46.45.138.202 - - [14/May/2012:01:53:08 +0200] "GET /stats//wp-content/themes/constructor/libs/timthumb.php?src=http://flickr.com.bpmohio.com/bad.php HTTP/1.1" 404 336 "-" "Mozilla/5.0 (Windows; U; Windows NT 5.1; en-US; rv:1.9.2) Gecko/20100115 Firefox/3.6"
46.45.138.202 - - [14/May/2012:01:53:10 +0200] "GET //wp-content/themes/constructor/libs/timthumb.php?src=http://flickr.com.bpmohio.com/bad.php HTTP/1.1" 404 330 "-" "Mozilla/5.0 (Windows; U; Windows NT 5.1; en-US; rv:1.9.2) Gecko/20100115 Firefox/3.6"
173.0.57.162 - - [14/May/2012:01:53:29 +0200] "GET /stats//wp-content/themes/Linepress/timthumb.php?src=http://flickr.com.bpmohio.com/bad.php HTTP/1.1" 404 329 "-" "MOT-MPx220/1.400 Mozilla/4.0 (compatible; MSIE 4.01; Windows CE; Smartphone;"
173.0.57.162 - - [14/May/2012:01:53:30 +0200] "GET //wp-content/themes/Linepress/timthumb.php?src=http://flickr.com.bpmohio.com/bad.php HTTP/1.1" 404 323 "-" "MOT-MPx220/1.400 Mozilla/4.0 (compatible; MSIE 4.01; Windows CE; Smartphone;"
69.73.132.154 - - [14/May/2012:01:54:10 +0200] "GET /stats//wp-content/themes/Linepress/timthumb.php?src=http://picasa.com.eleganzza.de/tes.php HTTP/1.1" 404 329 "-" "Mozilla/5.0 (Macintosh; U; PPC Mac OS X Mach-O; en-US; rv:1.7.12) Gecko/20050915 Firefox/1.0.7"
69.73.132.154 - - [14/May/2012:01:54:11 +0200] "GET //wp-content/themes/Linepress/timthumb.php?src=http://picasa.com.eleganzza.de/tes.php HTTP/1.1" 404 323 "-" "Mozilla/5.0 (Macintosh; U; PPC Mac OS X Mach-O; en-US; rv:1.7.12) Gecko/20050915 Firefox/1.0.7"
69.73.132.154 - - [14/May/2012:01:54:29 +0200] "GET /stats//wp-content/themes/Linepress/timthumb.php?src=http://picasa.com.eleganzza.de/tes.php HTTP/1.1" 404 329 "-" "Mozilla/5.0 (Macintosh; U; PPC Mac OS X Mach-O; en-US; rv:1.7.12) Gecko/20050915 Firefox/1.0.7"
78.137.37.171 - - [14/May/2012:01:54:29 +0200] "GET /logs/access_log HTTP/1.0" 200 141748 "http://playbandroid.info/sitemap63.html" "Mozilla/4.0 (compatible; MSIE 6.0; Windows NT 5.1; FREE; .NET CLR 1.1.4322)"
69.73.132.154 - - [14/May/2012:01:54:30 +0200] "GET //wp-content/themes/Linepress/timthumb.php?src=http://picasa.com.eleganzza.de/tes.php HTTP/1.1" 404 323 "-" "Mozilla/5.0 (Macintosh; U; PPC Mac OS X Mach-O; en-US; rv:1.7.12) Gecko/20050915 Firefox/1.0.7"
78.137.37.171 - - [14/May/2012:01:54:30 +0200] "GET /logs/access_log HTTP/1.0" 200 142221 "http://playbandroid.info/sitemap63.html" "Mozilla/4.0 (compatible; MSIE 6.0; Windows XP)"
78.137.37.171 - - [14/May/2012:01:54:30 +0200] "GET /logs/access_log HTTP/1.0" 200 142659 "http://playbandroid.info/sitemap63.html" "Mozilla/4.0 (compatible; MSIE 6.0; Windows 98; Win 9x 4.90; Creative)"
78.137.37.171 - - [14/May/2012:01:54:31 +0200] "GET /logs/access_log HTTP/1.0" 200 142863 "http://playbandroid.info/sitemap63.html" "Mozilla/4.0 (compatible; MSIE 6.0; Windows NT 5.1; .NET CLR 1.1.4322; Alexa Toolbar; (R1 1.5))"
78.137.37.171 - - [14/May/2012:01:54:31 +0200] "GET /logs/access_log HTTP/1.0" 200 143092 "http://playbandroid.info/sitemap63.html" "Mozilla/4.0 (compatible; MSIE 6.0; Windows NT 5.1; SV1; YPC 3.0.2; .NET CLR 1.1.4322; yplus 4.4.02b)"
46.45.138.202 - - [14/May/2012:01:54:32 +0200] "GET /stats//wp-content/themes/constructor/libs/timthumb.php?src=http://flickr.com.bpmohio.com/bad.php HTTP/1.1" 404 336 "-" "Mozilla/5.0 (Windows; U; Windows NT 5.1; en-US; rv:1.9.2) Gecko/20100115 Firefox/3.6"
31.7.34.14 - - [14/May/2012:01:54:32 +0200] "GET /stats//wp-content/themes/constructor/libs/timthumb.php?src=http://blogger.com.avisameinmobiliarias.es/jb.php HTTP/1.1" 404 336 "-" "Mozilla/5.0 (Windows; U; Windows NT 5.1; en-US; rv:1.9.2) Gecko/20100115 Firefox/3.6"
31.7.34.14 - - [14/May/2012:01:54:32 +0200] "GET /stats//wp-content/themes/constructor/libs/timthumb.php?src=http://blogger.com.avisameinmobiliarias.es/sh.php HTTP/1.1" 404 336 "-" "Mozilla/5.0 (Windows; U; Windows NT 5.1; en-US; rv:1.9.2) Gecko/20100115 Firefox/3.6"
31.7.34.14 - - [14/May/2012:01:54:33 +0200] "GET /stats//wp-content/themes/constructor/libs/timthumb.php?src=http://blogger.com.avisameinmobiliarias.es/xx.php HTTP/1.1" 404 336 "-" "Mozilla/5.0 (Windows; U; Windows NT 5.1; en-US; rv:1.9.2) Gecko/20100115 Firefox/3.6"
46.45.138.202 - - [14/May/2012:01:54:33 +0200] "GET //wp-content/themes/constructor/libs/timthumb.php?src=http://flickr.com.bpmohio.com/bad.php HTTP/1.1" 404 330 "-" "Mozilla/5.0 (Windows; U; Windows NT 5.1; en-US; rv:1.9.2) Gecko/20100115 Firefox/3.6"
31.7.34.14 - - [14/May/2012:01:54:33 +0200] "GET //wp-content/themes/constructor/libs/timthumb.php?src=http://blogger.com.avisameinmobiliarias.es/jb.php HTTP/1.1" 404 330 "-" "Mozilla/5.0 (Windows; U; Windows NT 5.1; en-US; rv:1.9.2) Gecko/20100115 Firefox/3.6"
31.7.34.14 - - [14/May/2012:01:54:33 +0200] "GET //wp-content/themes/constructor/libs/timthumb.php?src=http://blogger.com.avisameinmobiliarias.es/sh.php HTTP/1.1" 404 330 "-" "Mozilla/5.0 (Windows; U; Windows NT 5.1; en-US; rv:1.9.2) Gecko/20100115 Firefox/3.6"
31.7.34.14 - - [14/May/2012:01:54:34 +0200] "GET //wp-content/themes/constructor/libs/timthumb.php?src=http://blogger.com.avisameinmobiliarias.es/xx.php HTTP/1.1" 404 330 "-" "Mozilla/5.0 (Windows; U; Windows NT 5.1; en-US; rv:1.9.2) Gecko/20100115 Firefox/3.6"
121.78.246.32 - - [14/May/2012:01:56:30 +0200] "GET /stats//wp-content/themes/Linepress/timthumb.php?src=http://picasa.com.eleganzza.de/tes.php HTTP/1.1" 404 329 "-" "Mozilla/5.0 (Windows; U; Windows NT 5.1; it; rv:1.8.1b1) Gecko/20060710 Firefox/2.0b1"
121.78.246.32 - - [14/May/2012:01:56:31 +0200] "GET //wp-content/themes/Linepress/timthumb.php?src=http://picasa.com.eleganzza.de/tes.php HTTP/1.1" 404 323 "-" "Mozilla/5.0 (Windows; U; Windows NT 5.1; it; rv:1.8.1b1) Gecko/20060710 Firefox/2.0b1"
217.174.253.215 - - [14/May/2012:01:56:35 +0200] "HEAD /stats/log.keys.html HTTP/1.0" 200 - "-" "Mozilla/4.0 (compatible; ICS)"
192.162.102.215 - - [14/May/2012:01:56:19 +0200] "POST /stats/log.keys.html/admin/file_manager.php/login.php?action=processuploads HTTP/1.1" 404 334 "-" "Mozila/4.0 (compatible; MSIE 6.0; Windows NT 5.1;)"
89.33.197.242 - - [14/May/2012:01:56:56 +0200] "GET /stats//wp-content/themes/Nova/tools/timthumb.php?src= HTTP/1.1" 404 330 "-" "Mozilla/5.0 (Windows; U; Windows NT 5.1; en-US; rv:1.9.2) Gecko/20100115 Firefox/3.6"
69.73.132.154 - - [14/May/2012:01:56:56 +0200] "GET /stats/log.keys.html//wp-content/themes/ElegantEstate/timthumb.php?src=http://picasa.com.eleganzza.de/tes.php HTTP/1.1" 404 347 "-" "Mozilla/5.0 (Macintosh; U; PPC Mac OS X Mach-O; en-US; rv:1.7.12) Gecko/20050915 Firefox/1.0.7"
173.0.57.162 - - [14/May/2012:01:56:56 +0200] "GET /stats/log.keys.html//wp-content/themes/ElegantEstate/timthumb.php?src=http://flickr.com.bpmohio.com/bad.php HTTP/1.1" 404 347 "-" "MOT-MPx220/1.400 Mozilla/4.0 (compatible; MSIE 4.01; Windows CE; Smartphone;"
89.33.197.242 - - [14/May/2012:01:56:56 +0200] "GET /stats//wp-content/themes/Nova/tools/timthumb.php?src=http://blogger.com.pansoftds.com/sh.php HTTP/1.1" 404 330 "-" "Mozilla/5.0 (Windows; U; Windows NT 5.1; en-US; rv:1.9.2) Gecko/20100115 Firefox/3.6"
89.33.197.242 - - [14/May/2012:01:56:57 +0200] "GET /stats//wp-content/themes/Nova/tools/timthumb.php?src=http://blogger.com.pansoftds.com/xx.php HTTP/1.1" 404 330 "-" "Mozilla/5.0 (Windows; U; Windows NT 5.1; en-US; rv:1.9.2) Gecko/20100115 Firefox/3.6"
89.33.197.242 - - [14/May/2012:01:56:57 +0200] "GET //wp-content/themes/Nova/tools/timthumb.php?src= HTTP/1.1" 404 324 "-" "Mozilla/5.0 (Windows; U; Windows NT 5.1; en-US; rv:1.9.2) Gecko/20100115 Firefox/3.6"
89.33.197.242 - - [14/May/2012:01:56:57 +0200] "GET //wp-content/themes/Nova/tools/timthumb.php?src=http://blogger.com.pansoftds.com/sh.php HTTP/1.1" 404 324 "-" "Mozilla/5.0 (Windows; U; Windows NT 5.1; en-US; rv:1.9.2) Gecko/20100115 Firefox/3.6"
69.73.132.154 - - [14/May/2012:01:56:57 +0200] "GET //wp-content/themes/ElegantEstate/timthumb.php?src=http://picasa.com.eleganzza.de/tes.php HTTP/1.1" 404 327 "-" "Mozilla/5.0 (Macintosh; U; PPC Mac OS X Mach-O; en-US; rv:1.7.12) Gecko/20050915 Firefox/1.0.7"
173.0.57.162 - - [14/May/2012:01:56:57 +0200] "GET //wp-content/themes/ElegantEstate/timthumb.php?src=http://flickr.com.bpmohio.com/bad.php HTTP/1.1" 404 327 "-" "MOT-MPx220/1.400 Mozilla/4.0 (compatible; MSIE 4.01; Windows CE; Smartphone;"
89.33.197.242 - - [14/May/2012:01:56:57 +0200] "GET //wp-content/themes/Nova/tools/timthumb.php?src=http://blogger.com.pansoftds.com/xx.php HTTP/1.1" 404 324 "-" "Mozilla/5.0 (Windows; U; Windows NT 5.1; en-US; rv:1.9.2) Gecko/20100115 Firefox/3.6"
69.73.132.154 - - [14/May/2012:01:56:58 +0200] "GET /stats//wp-content/themes/ElegantEstate/timthumb.php?src=http://picasa.com.eleganzza.de/tes.php HTTP/1.1" 404 333 "-" "Mozilla/5.0 (Macintosh; U; PPC Mac OS X Mach-O; en-US; rv:1.7.12) Gecko/20050915 Firefox/1.0.7"
173.0.57.162 - - [14/May/2012:01:56:58 +0200] "GET /stats//wp-content/themes/ElegantEstate/timthumb.php?src=http://flickr.com.bpmohio.com/bad.php HTTP/1.1" 404 333 "-" "MOT-MPx220/1.400 Mozilla/4.0 (compatible; MSIE 4.01; Windows CE; Smartphone;"
121.78.246.32 - - [14/May/2012:01:56:59 +0200] "GET /stats/log.keys.html//wp-content/themes/ElegantEstate/timthumb.php?src=http://picasa.com.eleganzza.de/tes.php HTTP/1.1" 404 347 "-" "Mozilla/5.0 (Windows; U; Windows NT 5.1; it; rv:1.8.1b1) Gecko/20060710 Firefox/2.0b1"
121.78.246.32 - - [14/May/2012:01:57:00 +0200] "GET //wp-content/themes/ElegantEstate/timthumb.php?src=http://picasa.com.eleganzza.de/tes.php HTTP/1.1" 404 327 "-" "Mozilla/5.0 (Windows; U; Windows NT 5.1; it; rv:1.8.1b1) Gecko/20060710 Firefox/2.0b1"
