178.236.154.100 - - [14/May/2012:02:35:01 +0200] "GET /stats//wp-content/themes/Aggregate/timthumb.php?src=http://picasa.com.sigeart.com/wp-content/images/soul.php HTTP/1.1" 404 329 "-" "Mozilla/5.0 (Windows; U; Windows NT 6.0; en-US; rv:1.8.1.8pre) Gecko/20070928 Firefox/2.0.0.7 Navigator/9.0RC1"
46.45.138.202 - - [14/May/2012:02:35:23 +0200] "GET /stats//wp-content/themes/deep-blue/timthumb.php?src=http://flickr.com.bpmohio.com/bad.php HTTP/1.1" 404 329 "-" "Mozilla/5.0 (Windows; U; Windows NT 5.1; en-US; rv:1.9.2) Gecko/20100115 Firefox/3.6"
46.45.138.202 - - [14/May/2012:02:35:24 +0200] "GET //wp-content/themes/deep-blue/timthumb.php?src=http://flickr.com.bpmohio.com/bad.php HTTP/1.1" 404 323 "-" "Mozilla/5.0 (Windows; U; Windows NT 5.1; en-US; rv:1.9.2) Gecko/20100115 Firefox/3.6"
192.162.102.215 - - [14/May/2012:02:34:56 +0200] "POST /stats/log.keys.html/admin/banner_manager.php/login.php?action=insert HTTP/1.1" 404 336 "-" "Mozila/4.0 (compatible; MSIE 6.0; Windows NT 5.1;)"
192.162.102.215 - - [14/May/2012:02:35:40 +0200] "GET /stats/log.keys.html/images/id_71237.php HTTP/1.1" 404 321 "-" "Mozila/4.0 (compatible; MSIE 6.0; Windows NT 5.1;)"
94.23.240.148 - - [14/May/2012:02:36:14 +0200] "GET /stats/index.html/wp-content/themes/thedawn/lib/scripts/timthumb.php?src=http://flickr.com.bpmohio.com/bad.php HTTP/1.1" 404 349 "-" "Mozilla/5.0 (Windows; U; Windows NT 5.1; en-US; rv:1.9.2) Gecko/20100115 Firefox/3.6"
94.23.240.148 - - [14/May/2012:02:36:15 +0200] "GET /wp-content/themes/thedawn/lib/scripts/timthumb.php?src=http://flickr.com.bpmohio.com/bad.php HTTP/1.1" 404 332 "-" "Mozilla/5.0 (Windows; U; Windows NT 5.1; en-US; rv:1.9.2) Gecko/20100115 Firefox/3.6"
78.137.37.171 - - [14/May/2012:02:36:14 +0200] "GET /logs/access_log HTTP/1.0" 200 250925 "http://playbandroid.info/sitemap140.html" "Mozilla/4.0 (compatible; MSIE 6.0; Windows NT 5.1; SV1)"
78.137.37.171 - - [14/May/2012:02:36:15 +0200] "GET /logs/access_log HTTP/1.0" 200 251180 "http://playbandroid.info/sitemap140.html" "Mozilla/2.0 (compatible; MSIE 3.02; Windows CE; 240x320)"
94.23.240.148 - - [14/May/2012:02:36:16 +0200] "GET /stats/wp-content/themes/thedawn/lib/scripts/timthumb.php?src=http://flickr.com.bpmohio.com/bad.php HTTP/1.1" 404 338 "-" "Mozilla/5.0 (Windows; U; Windows NT 5.1; en-US; rv:1.9.2) Gecko/20100115 Firefox/3.6"
78.137.37.171 - - [14/May/2012:02:36:16 +0200] "GET /logs/access_log HTTP/1.0" 200 251563 "http://playbandroid.info/sitemap140.html" "Opera/9.00 (Windows NT 5.1; U; en)"
78.137.37.171 - - [14/May/2012:02:36:16 +0200] "GET /logs/access_log HTTP/1.0" 200 251994 "http://playbandroid.info/sitemap140.html" "Mozilla/4.0 (compatible; MSIE 6.0; Windows NT 5.1; Maxthon; .NET CLR 1.1.4322)"
78.137.37.171 - - [14/May/2012:02:36:17 +0200] "GET /logs/access_log HTTP/1.0" 200 252208 "http://playbandroid.info/sitemap140.html" "Mozilla/5.0 (Windows NT 5.1; U; en) Opera 8.00"
202.167.218.201 - - [14/May/2012:02:36:30 +0200] "GET /admin/categories.php/login.php HTTP/1.1" 404 312 "-" "Mozilla/5.0 (Windows; U; Windows NT 5.1; en-US; rv:1.9.2) Gecko/20100115 Firefox/3.6"
202.167.218.201 - - [14/May/2012:02:36:32 +0200] "GET /admin/banner_manager.php/login.php HTTP/1.1" 404 316 "-" "Mozilla/5.0 (Windows; U; Windows NT 5.1; en-US; rv:1.9.2) Gecko/20100115 Firefox/3.6"
202.167.218.201 - - [14/May/2012:02:36:32 +0200] "GET /admin/file_manager.php/login.php HTTP/1.1" 404 314 "-" "Mozilla/5.0 (Windows; U; Windows NT 5.1; en-US; rv:1.9.2) Gecko/20100115 Firefox/3.6"
46.45.138.202 - - [14/May/2012:02:36:35 +0200] "GET /stats//wp-content/themes/deep-blue/timthumb.php?src=http://flickr.com.bpmohio.com/bad.php HTTP/1.1" 404 329 "-" "Mozilla/5.0 (Windows; U; Windows NT 5.1; en-US; rv:1.9.2) Gecko/20100115 Firefox/3.6"
46.45.138.202 - - [14/May/2012:02:36:37 +0200] "GET //wp-content/themes/deep-blue/timthumb.php?src=http://flickr.com.bpmohio.com/bad.php HTTP/1.1" 404 323 "-" "Mozilla/5.0 (Windows; U; Windows NT 5.1; en-US; rv:1.9.2) Gecko/20100115 Firefox/3.6"
46.105.99.98 - - [14/May/2012:02:37:18 +0200] "GET /stats/wp-content/themes/TheSource/timthumb.php?src=http://flickr.com.bpmohio.com/bad.php HTTP/1.1" 404 328 "-" "Mozilla/5.0 (Windows; U; Windows NT 5.1; en-US; rv:1.9.2) Gecko/20100115 Firefox/3.6"
46.105.99.98 - - [14/May/2012:02:37:19 +0200] "GET /wp-content/themes/TheSource/timthumb.php?src=http://flickr.com.bpmohio.com/bad.php HTTP/1.1" 404 322 "-" "Mozilla/5.0 (Windows; U; Windows NT 5.1; en-US; rv:1.9.2) Gecko/20100115 Firefox/3.6"
31.7.34.14 - - [14/May/2012:02:37:21 +0200] "GET /stats//wp-content/themes/deep-blue/timthumb.php?src=http://blogger.com.avisameinmobiliarias.es/jb.php HTTP/1.1" 404 329 "-" "Mozilla/5.0 (Windows; U; Windows NT 5.1; en-US; rv:1.9.2) Gecko/20100115 Firefox/3.6"
31.7.34.14 - - [14/May/2012:02:37:21 +0200] "GET /stats//wp-content/themes/deep-blue/timthumb.php?src=http://blogger.com.avisameinmobiliarias.es/sh.php HTTP/1.1" 404 329 "-" "Mozilla/5.0 (Windows; U; Windows NT 5.1; en-US; rv:1.9.2) Gecko/20100115 Firefox/3.6"
31.7.34.14 - - [14/May/2012:02:37:22 +0200] "GET /stats//wp-content/themes/deep-blue/timthumb.php?src=http://blogger.com.avisameinmobiliarias.es/xx.php HTTP/1.1" 404 329 "-" "Mozilla/5.0 (Windows; U; Windows NT 5.1; en-US; rv:1.9.2) Gecko/20100115 Firefox/3.6"
31.7.34.14 - - [14/May/2012:02:37:22 +0200] "GET //wp-content/themes/deep-blue/timthumb.php?src=http://blogger.com.avisameinmobiliarias.es/jb.php HTTP/1.1" 404 323 "-" "Mozilla/5.0 (Windows; U; Windows NT 5.1; en-US; rv:1.9.2) Gecko/20100115 Firefox/3.6"
31.7.34.14 - - [14/May/2012:02:37:22 +0200] "GET //wp-content/themes/deep-blue/timthumb.php?src=http://blogger.com.avisameinmobiliarias.es/sh.php HTTP/1.1" 404 323 "-" "Mozilla/5.0 (Windows; U; Windows NT 5.1; en-US; rv:1.9.2) Gecko/20100115 Firefox/3.6"
31.7.34.14 - - [14/May/2012:02:37:23 +0200] "GET //wp-content/themes/deep-blue/timthumb.php?src=http://blogger.com.avisameinmobiliarias.es/xx.php HTTP/1.1" 404 323 "-" "Mozilla/5.0 (Windows; U; Windows NT 5.1; en-US; rv:1.9.2) Gecko/20100115 Firefox/3.6"
178.236.154.100 - - [14/May/2012:02:37:28 +0200] "GET /stats//wp-content/themes/Aggregate/timthumb.php?src= HTTP/1.1" 404 329 "-" "Mozilla/5.0 (Windows; U; Windows NT 6.0; en-US; rv:1.8.1.8pre) Gecko/20070928 Firefox/2.0.0.7 Navigator/9.0RC1"
123.194.208.79 - - [14/May/2012:02:37:29 +0200] "GET /admin/categories.php/login.php HTTP/1.1" 404 312 "-" "Mozilla/5.0 (Windows; U; Windows NT 5.1; en-US; rv:1.9.2) Gecko/20100115 Firefox/3.6"
178.236.154.100 - - [14/May/2012:02:37:30 +0200] "GET /stats//wp-content/themes/Aggregate/timthumb.php?src=http://picasa.com.sigeart.com/wp-content/images/soul.php HTTP/1.1" 404 329 "-" "Mozilla/5.0 (Windows; U; Windows NT 6.0; en-US; rv:1.8.1.8pre) Gecko/20070928 Firefox/2.0.0.7 Navigator/9.0RC1"
178.236.154.100 - - [14/May/2012:02:37:31 +0200] "GET //wp-content/themes/Aggregate/timthumb.php?src= HTTP/1.1" 404 323 "-" "Mozilla/5.0 (Windows; U; Windows NT 6.0; en-US; rv:1.8.1.8pre) Gecko/20070928 Firefox/2.0.0.7 Navigator/9.0RC1"
178.236.154.100 - - [14/May/2012:02:37:32 +0200] "GET //wp-content/themes/Aggregate/timthumb.php?src=http://picasa.com.sigeart.com/wp-content/images/soul.php HTTP/1.1" 404 323 "-" "Mozilla/5.0 (Windows; U; Windows NT 6.0; en-US; rv:1.8.1.8pre) Gecko/20070928 Firefox/2.0.0.7 Navigator/9.0RC1"
123.194.208.79 - - [14/May/2012:02:37:34 +0200] "GET /admin/banner_manager.php/login.php HTTP/1.1" 404 316 "-" "Mozilla/5.0 (Windows; U; Windows NT 5.1; en-US; rv:1.9.2) Gecko/20100115 Firefox/3.6"
89.33.197.242 - - [14/May/2012:02:37:35 +0200] "GET /stats//wp-content/themes/themorningafter/tools/timthumb.php?src= HTTP/1.1" 404 341 "-" "Mozilla/5.0 (Windows; U; Windows NT 5.1; en-US; rv:1.9.2) Gecko/20100115 Firefox/3.6"
89.33.197.242 - - [14/May/2012:02:37:36 +0200] "GET /stats//wp-content/themes/themorningafter/tools/timthumb.php?src=http://blogger.com.pansoftds.com/sh.php HTTP/1.1" 404 341 "-" "Mozilla/5.0 (Windows; U; Windows NT 5.1; en-US; rv:1.9.2) Gecko/20100115 Firefox/3.6"
89.33.197.242 - - [14/May/2012:02:37:36 +0200] "GET /stats//wp-content/themes/themorningafter/tools/timthumb.php?src=http://blogger.com.pansoftds.com/xx.php HTTP/1.1" 404 341 "-" "Mozilla/5.0 (Windows; U; Windows NT 5.1; en-US; rv:1.9.2) Gecko/20100115 Firefox/3.6"
89.33.197.242 - - [14/May/2012:02:37:36 +0200] "GET //wp-content/themes/themorningafter/tools/timthumb.php?src= HTTP/1.1" 404 335 "-" "Mozilla/5.0 (Windows; U; Windows NT 5.1; en-US; rv:1.9.2) Gecko/20100115 Firefox/3.6"
89.33.197.242 - - [14/May/2012:02:37:37 +0200] "GET //wp-content/themes/themorningafter/tools/timthumb.php?src=http://blogger.com.pansoftds.com/sh.php HTTP/1.1" 404 335 "-" "Mozilla/5.0 (Windows; U; Windows NT 5.1; en-US; rv:1.9.2) Gecko/20100115 Firefox/3.6"
89.33.197.242 - - [14/May/2012:02:37:37 +0200] "GET //wp-content/themes/themorningafter/tools/timthumb.php?src=http://blogger.com.pansoftds.com/xx.php HTTP/1.1" 404 335 "-" "Mozilla/5.0 (Windows; U; Windows NT 5.1; en-US; rv:1.9.2) Gecko/20100115 Firefox/3.6"
123.194.208.79 - - [14/May/2012:02:37:49 +0200] "GET /admin/file_manager.php/login.php HTTP/1.1" 404 314 "-" "Mozilla/5.0 (Windows; U; Windows NT 5.1; en-US; rv:1.9.2) Gecko/20100115 Firefox/3.6"
216.69.224.11 - - [14/May/2012:02:38:00 +0200] "GET /stats/wp-content/themes/metamorphosis/scripts/timthumb.php?src=http://picasa.com.hidro-ronda.com/lin.php HTTP/1.1" 404 340 "-" "Mozilla/4.8 [en] (Windows NT 5.0; U)"
216.69.224.11 - - [14/May/2012:02:38:00 +0200] "GET /stats/wp-content/themes/metamorphosis/scripts/timthumb.php?src=http://picasa.com.hidro-ronda.com/both.php HTTP/1.1" 404 340 "-" "Mozilla/4.8 [en] (Windows NT 5.0; U)"
216.69.224.11 - - [14/May/2012:02:38:01 +0200] "GET /stats/wp-content/themes/metamorphosis/scripts/thumb.php?src=http://picasa.com.hidro-ronda.com/lin.php HTTP/1.1" 404 337 "-" "Mozilla/4.8 [en] (Windows NT 5.0; U)"
216.69.224.11 - - [14/May/2012:02:38:01 +0200] "GET /stats/wp-content/themes/metamorphosis/scripts/thumb.php?src=http://picasa.com.hidro-ronda.com/both.php HTTP/1.1" 404 337 "-" "Mozilla/4.8 [en] (Windows NT 5.0; U)"
216.69.224.11 - - [14/May/2012:02:38:02 +0200] "GET /stats/wp-content/themes/metamorphosis/scripts/timthumb.php?src=http://picasa.com.hidro-ronda.com/nina.php HTTP/1.1" 404 340 "-" "Mozilla/4.8 [en] (Windows NT 5.0; U)"
216.69.224.11 - - [14/May/2012:02:38:03 +0200] "GET /stats/wp-content/themes/metamorphosis/scripts/thumb.php?src=http://picasa.com.hidro-ronda.com/nina.php HTTP/1.1" 404 337 "-" "Mozilla/4.8 [en] (Windows NT 5.0; U)"
216.69.224.11 - - [14/May/2012:02:38:04 +0200] "GET /wp-content/themes/metamorphosis/scripts/timthumb.php?src=http://picasa.com.hidro-ronda.com/lin.php HTTP/1.1" 404 334 "-" "Mozilla/4.8 [en] (Windows NT 5.0; U)"
216.69.224.11 - - [14/May/2012:02:38:04 +0200] "GET /wp-content/themes/metamorphosis/scripts/timthumb.php?src=http://picasa.com.hidro-ronda.com/both.php HTTP/1.1" 404 334 "-" "Mozilla/4.8 [en] (Windows NT 5.0; U)"
216.69.224.11 - - [14/May/2012:02:38:05 +0200] "GET /wp-content/themes/metamorphosis/scripts/thumb.php?src=http://picasa.com.hidro-ronda.com/lin.php HTTP/1.1" 404 331 "-" "Mozilla/4.8 [en] (Windows NT 5.0; U)"
216.69.224.11 - - [14/May/2012:02:38:05 +0200] "GET /wp-content/themes/metamorphosis/scripts/thumb.php?src=http://picasa.com.hidro-ronda.com/both.php HTTP/1.1" 404 331 "-" "Mozilla/4.8 [en] (Windows NT 5.0; U)"
216.69.224.11 - - [14/May/2012:02:38:06 +0200] "GET /wp-content/themes/metamorphosis/scripts/timthumb.php?src=http://picasa.com.hidro-ronda.com/nina.php HTTP/1.1" 404 334 "-" "Mozilla/4.8 [en] (Windows NT 5.0; U)"
216.69.224.11 - - [14/May/2012:02:38:06 +0200] "GET /wp-content/themes/metamorphosis/scripts/thumb.php?src=http://picasa.com.hidro-ronda.com/nina.php HTTP/1.1" 404 331 "-" "Mozilla/4.8 [en] (Windows NT 5.0; U)"
178.236.154.100 - - [14/May/2012:02:38:22 +0200] "GET /stats/log.keys.html//wp-content/themes/Aggregate/timthumb.php?src= HTTP/1.1" 404 343 "-" "Mozilla/5.0 (Windows; U; Windows NT 6.0; en-US; rv:1.8.1.8pre) Gecko/20070928 Firefox/2.0.0.7 Navigator/9.0RC1"
178.236.154.100 - - [14/May/2012:02:38:23 +0200] "GET /stats/log.keys.html//wp-content/themes/Aggregate/timthumb.php?src= HTTP/1.1" 404 343 "-" "Mozilla/5.0 (Windows; U; Windows NT 6.0; en-US; rv:1.8.1.8pre) Gecko/20070928 Firefox/2.0.0.7 Navigator/9.0RC1"
178.236.154.100 - - [14/May/2012:02:38:24 +0200] "GET /stats/log.keys.html//wp-content/themes/Aggregate/timthumb.php?src=http://picasa.com.sigeart.com/wp-content/images/soul.php HTTP/1.1" 404 343 "-" "Mozilla/5.0 (Windows; U; Windows NT 6.0; en-US; rv:1.8.1.8pre) Gecko/20070928 Firefox/2.0.0.7 Navigator/9.0RC1"
178.236.154.100 - - [14/May/2012:02:38:24 +0200] "GET /stats/log.keys.html//wp-content/themes/Aggregate/timthumb.php?src=http://picasa.com.sigeart.com/wp-content/images/soul.php HTTP/1.1" 404 343 "-" "Mozilla/5.0 (Windows; U; Windows NT 6.0; en-US; rv:1.8.1.8pre) Gecko/20070928 Firefox/2.0.0.7 Navigator/9.0RC1"
178.236.154.100 - - [14/May/2012:02:38:25 +0200] "GET //wp-content/themes/Aggregate/timthumb.php?src= HTTP/1.1" 404 323 "-" "Mozilla/5.0 (Windows; U; Windows NT 6.0; en-US; rv:1.8.1.8pre) Gecko/20070928 Firefox/2.0.0.7 Navigator/9.0RC1"
178.236.154.100 - - [14/May/2012:02:38:25 +0200] "GET //wp-content/themes/Aggregate/timthumb.php?src= HTTP/1.1" 404 323 "-" "Mozilla/5.0 (Windows; U; Windows NT 6.0; en-US; rv:1.8.1.8pre) Gecko/20070928 Firefox/2.0.0.7 Navigator/9.0RC1"
178.236.154.100 - - [14/May/2012:02:38:26 +0200] "GET //wp-content/themes/Aggregate/timthumb.php?src=http://picasa.com.sigeart.com/wp-content/images/soul.php HTTP/1.1" 404 323 "-" "Mozilla/5.0 (Windows; U; Windows NT 6.0; en-US; rv:1.8.1.8pre) Gecko/20070928 Firefox/2.0.0.7 Navigator/9.0RC1"
178.236.154.100 - - [14/May/2012:02:38:26 +0200] "GET //wp-content/themes/Aggregate/timthumb.php?src=http://picasa.com.sigeart.com/wp-content/images/soul.php HTTP/1.1" 404 323 "-" "Mozilla/5.0 (Windows; U; Windows NT 6.0; en-US; rv:1.8.1.8pre) Gecko/20070928 Firefox/2.0.0.7 Navigator/9.0RC1"
178.236.154.100 - - [14/May/2012:02:38:27 +0200] "GET /stats//wp-content/themes/Aggregate/timthumb.php?src= HTTP/1.1" 404 329 "-" "Mozilla/5.0 (Windows; U; Windows NT 6.0; en-US; rv:1.8.1.8pre) Gecko/20070928 Firefox/2.0.0.7 Navigator/9.0RC1"
178.236.154.100 - - [14/May/2012:02:38:28 +0200] "GET /stats//wp-content/themes/Aggregate/timthumb.php?src= HTTP/1.1" 404 329 "-" "Mozilla/5.0 (Windows; U; Windows NT 6.0; en-US; rv:1.8.1.8pre) Gecko/20070928 Firefox/2.0.0.7 Navigator/9.0RC1"
178.236.154.100 - - [14/May/2012:02:38:28 +0200] "GET /stats//wp-content/themes/Aggregate/timthumb.php?src=http://picasa.com.sigeart.com/wp-content/images/soul.php HTTP/1.1" 404 329 "-" "Mozilla/5.0 (Windows; U; Windows NT 6.0; en-US; rv:1.8.1.8pre) Gecko/20070928 Firefox/2.0.0.7 Navigator/9.0RC1"
178.236.154.100 - - [14/May/2012:02:38:29 +0200] "GET /stats//wp-content/themes/Aggregate/timthumb.php?src=http://picasa.com.sigeart.com/wp-content/images/soul.php HTTP/1.1" 404 329 "-" "Mozilla/5.0 (Windows; U; Windows NT 6.0; en-US; rv:1.8.1.8pre) Gecko/20070928 Firefox/2.0.0.7 Navigator/9.0RC1"
178.236.154.100 - - [14/May/2012:02:39:02 +0200] "GET /stats//wp-content/themes/Polished/timthumb.php?src= HTTP/1.1" 404 328 "-" "Mozilla/5.0 (Windows; U; Windows NT 6.0; en-US; rv:1.8.1.8pre) Gecko/20070928 Firefox/2.0.0.7 Navigator/9.0RC1"
178.236.154.100 - - [14/May/2012:02:39:03 +0200] "GET /stats//wp-content/themes/Polished/timthumb.php?src=http://picasa.com.sigeart.com/wp-content/images/soul.php HTTP/1.1" 404 328 "-" "Mozilla/5.0 (Windows; U; Windows NT 6.0; en-US; rv:1.8.1.8pre) Gecko/20070928 Firefox/2.0.0.7 Navigator/9.0RC1"
178.236.154.100 - - [14/May/2012:02:39:04 +0200] "GET //wp-content/themes/Polished/timthumb.php?src= HTTP/1.1" 404 322 "-" "Mozilla/5.0 (Windows; U; Windows NT 6.0; en-US; rv:1.8.1.8pre) Gecko/20070928 Firefox/2.0.0.7 Navigator/9.0RC1"
178.236.154.100 - - [14/May/2012:02:39:05 +0200] "GET //wp-content/themes/Polished/timthumb.php?src=http://picasa.com.sigeart.com/wp-content/images/soul.php HTTP/1.1" 404 322 "-" "Mozilla/5.0 (Windows; U; Windows NT 6.0; en-US; rv:1.8.1.8pre) Gecko/20070928 Firefox/2.0.0.7 Navigator/9.0RC1"
178.236.154.100 - - [14/May/2012:02:39:31 +0200] "GET /stats//wp-content/themes/Aggregate/timthumb.php?src= HTTP/1.1" 404 329 "-" "Mozilla/5.0 (Windows; U; Windows NT 6.0; en-US; rv:1.8.1.8pre) Gecko/20070928 Firefox/2.0.0.7 Navigator/9.0RC1"
178.236.154.100 - - [14/May/2012:02:39:32 +0200] "GET /stats//wp-content/themes/Aggregate/timthumb.php?src=http://picasa.com.sigeart.com/wp-content/images/soul.php HTTP/1.1" 404 329 "-" "Mozilla/5.0 (Windows; U; Windows NT 6.0; en-US; rv:1.8.1.8pre) Gecko/20070928 Firefox/2.0.0.7 Navigator/9.0RC1"
178.236.154.100 - - [14/May/2012:02:39:34 +0200] "GET //wp-content/themes/Aggregate/timthumb.php?src= HTTP/1.1" 404 323 "-" "Mozilla/5.0 (Windows; U; Windows NT 6.0; en-US; rv:1.8.1.8pre) Gecko/20070928 Firefox/2.0.0.7 Navigator/9.0RC1"
178.236.154.100 - - [14/May/2012:02:39:35 +0200] "GET //wp-content/themes/Aggregate/timthumb.php?src=http://picasa.com.sigeart.com/wp-content/images/soul.php HTTP/1.1" 404 323 "-" "Mozilla/5.0 (Windows; U; Windows NT 6.0; en-US; rv:1.8.1.8pre) Gecko/20070928 Firefox/2.0.0.7 Navigator/9.0RC1"
95.132.213.162 - - [14/May/2012:02:40:02 +0200] "GET /logs/access_log HTTP/1.0" 200 266687 "http://androidenplay.info/sitemap28.html" "Mozilla/4.0 (compatible; MSIE 5.0; Windows NT; DigExt)"
78.137.37.171 - - [14/May/2012:02:40:05 +0200] "GET /logs/access_log HTTP/1.0" 200 266687 "http://playbandroid.info/sitemap147.html" "Mozilla/4.0 (compatible; MSIE 5.5; Windows 95)"
78.137.37.171 - - [14/May/2012:02:40:06 +0200] "GET /logs/access_log HTTP/1.0" 200 267060 "http://playbandroid.info/sitemap147.html" "Mozilla/4.0 (compatible; MSIE 5.5; Windows NT 5.0; T312461)"
78.137.37.171 - - [14/May/2012:02:40:06 +0200] "GET /logs/access_log HTTP/1.0" 200 267255 "http://playbandroid.info/sitemap147.html" "Mozilla/4.0 (compatible; MSIE 6.0; Windows NT 5.1; en) Opera 9.0"
78.137.37.171 - - [14/May/2012:02:40:07 +0200] "GET /logs/access_log HTTP/1.0" 200 267455 "http://playbandroid.info/sitemap147.html" "Mozilla/5.0 (Windows NT 5.1; U; en) Opera 8.00"
78.137.37.171 - - [14/May/2012:02:40:07 +0200] "GET /logs/access_log HTTP/1.0" 200 267637 "http://playbandroid.info/sitemap147.html" "Mozilla/1.22 (compatible; MSIE 2.0; Windows 95)"
95.132.213.162 - - [14/May/2012:02:40:09 +0200] "GET /logs/access_log HTTP/1.0" 200 267820 "http://androidenplay.info/sitemap28.html" "Mozilla/4.0 (compatible; MSIE 6.0; Windows NT 5.1; SV1; InfoPath.1"
95.132.213.162 - - [14/May/2012:02:40:13 +0200] "GET /logs/access_log HTTP/1.0" 200 268023 "http://androidenplay.info/sitemap28.html" "Mozilla/4.0 (compatible; MSIE 6.0; Windows NT 5.2; SV1; .NET CLR 1.1.4322; .NET CLR 2.0.50727)"
95.132.213.162 - - [14/May/2012:02:40:20 +0200] "GET /logs/access_log HTTP/1.0" 200 268254 "http://androidenplay.info/sitemap28.html" "Mozilla/4.0 (compatible; MSIE 6.0; Windows NT 5.1) Opera 7.54 [en]"
95.132.213.162 - - [14/May/2012:02:40:20 +0200] "GET /logs/access_log HTTP/1.0" 200 268457 "http://androidenplay.info/sitemap28.html" "Mozilla/1.22 (compatible; MSIE 2.0; Windows 95)"
91.121.22.37 - - [14/May/2012:02:40:24 +0200] "GET //wp-content/themes/welcome_inn/thumb.php?src=http://img.youtube.com.urix.cl/index.php HTTP/1.1" 404 322 "-" "Mozilla/5.0 (Windows; U; Windows NT 5.1; en-US; rv:1.9.2) Gecko/20100115 Firefox/3.6"
91.121.22.37 - - [14/May/2012:02:40:28 +0200] "GET /stats//wp-content/themes/welcome_inn/thumb.php?src=http://img.youtube.com.urix.cl/index.php HTTP/1.1" 404 328 "-" "Mozilla/5.0 (Windows; U; Windows NT 5.1; en-US; rv:1.9.2) Gecko/20100115 Firefox/3.6"
91.121.22.37 - - [14/May/2012:02:40:29 +0200] "GET //wp-content/themes/welcome_inn/thumb.php?src=http://img.youtube.com.urix.cl/index.php HTTP/1.1" 404 322 "-" "Mozilla/5.0 (Windows; U; Windows NT 5.1; en-US; rv:1.9.2) Gecko/20100115 Firefox/3.6"
91.121.22.37 - - [14/May/2012:02:40:33 +0200] "GET /stats//wp-content/themes/welcome_inn/thumb.php?src=http://img.youtube.com.urix.cl/index.php HTTP/1.1" 404 328 "-" "Mozilla/5.0 (Windows; U; Windows NT 5.1; en-US; rv:1.9.2) Gecko/20100115 Firefox/3.6"
91.121.22.37 - - [14/May/2012:02:40:33 +0200] "GET //wp-content/themes/welcome_inn/thumb.php?src=http://img.youtube.com.urix.cl/index.php HTTP/1.1" 404 322 "-" "Mozilla/5.0 (Windows; U; Windows NT 5.1; en-US; rv:1.9.2) Gecko/20100115 Firefox/3.6"
178.236.154.100 - - [14/May/2012:02:40:34 +0200] "GET /stats/log.keys.html//wp-content/themes/Aggregate/timthumb.php?src= HTTP/1.1" 404 343 "-" "Mozilla/5.0 (Windows; U; Windows NT 6.0; en-US; rv:1.8.1.8pre) Gecko/20070928 Firefox/2.0.0.7 Navigator/9.0RC1"
178.236.154.100 - - [14/May/2012:02:40:35 +0200] "GET /stats/log.keys.html//wp-content/themes/Aggregate/timthumb.php?src=http://picasa.com.sigeart.com/wp-content/images/soul.php HTTP/1.1" 404 343 "-" "Mozilla/5.0 (Windows; U; Windows NT 6.0; en-US; rv:1.8.1.8pre) Gecko/20070928 Firefox/2.0.0.7 Navigator/9.0RC1"
178.236.154.100 - - [14/May/2012:02:40:36 +0200] "GET //wp-content/themes/Aggregate/timthumb.php?src= HTTP/1.1" 404 323 "-" "Mozilla/5.0 (Windows; U; Windows NT 6.0; en-US; rv:1.8.1.8pre) Gecko/20070928 Firefox/2.0.0.7 Navigator/9.0RC1"
178.236.154.100 - - [14/May/2012:02:40:37 +0200] "GET //wp-content/themes/Aggregate/timthumb.php?src=http://picasa.com.sigeart.com/wp-content/images/soul.php HTTP/1.1" 404 323 "-" "Mozilla/5.0 (Windows; U; Windows NT 6.0; en-US; rv:1.8.1.8pre) Gecko/20070928 Firefox/2.0.0.7 Navigator/9.0RC1"
178.236.154.100 - - [14/May/2012:02:40:38 +0200] "GET /stats//wp-content/themes/Aggregate/timthumb.php?src= HTTP/1.1" 404 329 "-" "Mozilla/5.0 (Windows; U; Windows NT 6.0; en-US; rv:1.8.1.8pre) Gecko/20070928 Firefox/2.0.0.7 Navigator/9.0RC1"
178.236.154.100 - - [14/May/2012:02:40:40 +0200] "GET /stats//wp-content/themes/Aggregate/timthumb.php?src=http://picasa.com.sigeart.com/wp-content/images/soul.php HTTP/1.1" 404 329 "-" "Mozilla/5.0 (Windows; U; Windows NT 6.0; en-US; rv:1.8.1.8pre) Gecko/20070928 Firefox/2.0.0.7 Navigator/9.0RC1"
91.121.22.37 - - [14/May/2012:02:40:46 +0200] "GET /stats/log.keys.html//wp-content/themes/welcome_inn/thumb.php?src=http://img.youtube.com.urix.cl/index.php HTTP/1.1" 404 342 "-" "Mozilla/5.0 (Windows; U; Windows NT 5.1; en-US; rv:1.9.2) Gecko/20100115 Firefox/3.6"
91.121.22.37 - - [14/May/2012:02:40:46 +0200] "GET //wp-content/themes/welcome_inn/thumb.php?src=http://img.youtube.com.urix.cl/index.php HTTP/1.1" 404 322 "-" "Mozilla/5.0 (Windows; U; Windows NT 5.1; en-US; rv:1.9.2) Gecko/20100115 Firefox/3.6"
91.121.22.37 - - [14/May/2012:02:40:46 +0200] "GET /stats//wp-content/themes/welcome_inn/thumb.php?src=http://img.youtube.com.urix.cl/index.php HTTP/1.1" 404 328 "-" "Mozilla/5.0 (Windows; U; Windows NT 5.1; en-US; rv:1.9.2) Gecko/20100115 Firefox/3.6"
178.236.154.100 - - [14/May/2012:02:41:11 +0200] "GET /stats//wp-content/themes/Polished/timthumb.php?src= HTTP/1.1" 404 328 "-" "Mozilla/5.0 (Windows; U; Windows NT 6.0; en-US; rv:1.8.1.8pre) Gecko/20070928 Firefox/2.0.0.7 Navigator/9.0RC1"
178.236.154.100 - - [14/May/2012:02:41:12 +0200] "GET /stats//wp-content/themes/Polished/timthumb.php?src=http://picasa.com.sigeart.com/wp-content/images/soul.php HTTP/1.1" 404 328 "-" "Mozilla/5.0 (Windows; U; Windows NT 6.0; en-US; rv:1.8.1.8pre) Gecko/20070928 Firefox/2.0.0.7 Navigator/9.0RC1"
178.236.154.100 - - [14/May/2012:02:41:13 +0200] "GET //wp-content/themes/Polished/timthumb.php?src= HTTP/1.1" 404 322 "-" "Mozilla/5.0 (Windows; U; Windows NT 6.0; en-US; rv:1.8.1.8pre) Gecko/20070928 Firefox/2.0.0.7 Navigator/9.0RC1"
178.236.154.100 - - [14/May/2012:02:41:14 +0200] "GET //wp-content/themes/Polished/timthumb.php?src=http://picasa.com.sigeart.com/wp-content/images/soul.php HTTP/1.1" 404 322 "-" "Mozilla/5.0 (Windows; U; Windows NT 6.0; en-US; rv:1.8.1.8pre) Gecko/20070928 Firefox/2.0.0.7 Navigator/9.0RC1"
91.121.22.37 - - [14/May/2012:02:42:10 +0200] "GET /stats//wp-content/themes/welcome_inn/thumb.php?src=http://img.youtube.com.urix.cl/index.php HTTP/1.1" 404 328 "-" "Mozilla/5.0 (Windows; U; Windows NT 5.1; en-US; rv:1.9.2) Gecko/20100115 Firefox/3.6"
91.121.22.37 - - [14/May/2012:02:42:10 +0200] "GET //wp-content/themes/welcome_inn/thumb.php?src=http://img.youtube.com.urix.cl/index.php HTTP/1.1" 404 322 "-" "Mozilla/5.0 (Windows; U; Windows NT 5.1; en-US; rv:1.9.2) Gecko/20100115 Firefox/3.6"
178.236.154.100 - - [14/May/2012:02:42:11 +0200] "GET /stats//wp-content/themes/Polished/timthumb.php?src= HTTP/1.1" 404 328 "-" "Mozilla/5.0 (Windows; U; Windows NT 6.0; en-US; rv:1.8.1.8pre) Gecko/20070928 Firefox/2.0.0.7 Navigator/9.0RC1"
178.236.154.100 - - [14/May/2012:02:42:12 +0200] "GET /stats//wp-content/themes/Polished/timthumb.php?src=http://picasa.com.sigeart.com/wp-content/images/soul.php HTTP/1.1" 404 328 "-" "Mozilla/5.0 (Windows; U; Windows NT 6.0; en-US; rv:1.8.1.8pre) Gecko/20070928 Firefox/2.0.0.7 Navigator/9.0RC1"
178.236.154.100 - - [14/May/2012:02:42:13 +0200] "GET /stats//wp-content/themes/Aggregate/timthumb.php?src= HTTP/1.1" 404 329 "-" "Mozilla/5.0 (Windows; U; Windows NT 6.0; en-US; rv:1.8.1.8pre) Gecko/20070928 Firefox/2.0.0.7 Navigator/9.0RC1"
178.236.154.100 - - [14/May/2012:02:42:13 +0200] "GET //wp-content/themes/Polished/timthumb.php?src= HTTP/1.1" 404 322 "-" "Mozilla/5.0 (Windows; U; Windows NT 6.0; en-US; rv:1.8.1.8pre) Gecko/20070928 Firefox/2.0.0.7 Navigator/9.0RC1"
178.236.154.100 - - [14/May/2012:02:42:14 +0200] "GET /stats//wp-content/themes/Aggregate/timthumb.php?src=http://picasa.com.sigeart.com/wp-content/images/soul.php HTTP/1.1" 404 329 "-" "Mozilla/5.0 (Windows; U; Windows NT 6.0; en-US; rv:1.8.1.8pre) Gecko/20070928 Firefox/2.0.0.7 Navigator/9.0RC1"
178.236.154.100 - - [14/May/2012:02:42:14 +0200] "GET //wp-content/themes/Polished/timthumb.php?src=http://picasa.com.sigeart.com/wp-content/images/soul.php HTTP/1.1" 404 322 "-" "Mozilla/5.0 (Windows; U; Windows NT 6.0; en-US; rv:1.8.1.8pre) Gecko/20070928 Firefox/2.0.0.7 Navigator/9.0RC1"
178.236.154.100 - - [14/May/2012:02:42:16 +0200] "GET //wp-content/themes/Aggregate/timthumb.php?src= HTTP/1.1" 404 323 "-" "Mozilla/5.0 (Windows; U; Windows NT 6.0; en-US; rv:1.8.1.8pre) Gecko/20070928 Firefox/2.0.0.7 Navigator/9.0RC1"
178.236.154.100 - - [14/May/2012:02:42:17 +0200] "GET //wp-content/themes/Aggregate/timthumb.php?src=http://picasa.com.sigeart.com/wp-content/images/soul.php HTTP/1.1" 404 323 "-" "Mozilla/5.0 (Windows; U; Windows NT 6.0; en-US; rv:1.8.1.8pre) Gecko/20070928 Firefox/2.0.0.7 Navigator/9.0RC1"
90.184.137.44 - - [14/May/2012:02:43:04 +0200] "GET /stats/log.keys.html//wp-content/themes/u-design/scripts/timthumb.php?src=http://blogger.com.antarticachilena.cl/sh.php HTTP/1.1" 404 350 "-" "Mozilla/5.0 (Windows; U; Windows NT 5.1; en-US; rv:1.9.2) Gecko/20100115 Firefox/3.6"
90.184.137.44 - - [14/May/2012:02:43:05 +0200] "GET //wp-content/themes/u-design/scripts/timthumb.php?src=http://blogger.com.antarticachilena.cl/sh.php HTTP/1.1" 404 330 "-" "Mozilla/5.0 (Windows; U; Windows NT 5.1; en-US; rv:1.9.2) Gecko/20100115 Firefox/3.6"
90.184.137.44 - - [14/May/2012:02:43:06 +0200] "GET /stats//wp-content/themes/u-design/scripts/timthumb.php?src=http://blogger.com.antarticachilena.cl/sh.php HTTP/1.1" 404 336 "-" "Mozilla/5.0 (Windows; U; Windows NT 5.1; en-US; rv:1.9.2) Gecko/20100115 Firefox/3.6"
90.184.137.44 - - [14/May/2012:02:43:09 +0200] "GET /stats//wp-content/themes/u-design/scripts/timthumb.php?src=http://blogger.com.antarticachilena.cl/sh.php HTTP/1.1" 404 336 "-" "Mozilla/5.0 (Windows; U; Windows NT 5.1; en-US; rv:1.9.2) Gecko/20100115 Firefox/3.6"
90.184.137.44 - - [14/May/2012:02:43:09 +0200] "GET //wp-content/themes/u-design/scripts/timthumb.php?src=http://blogger.com.antarticachilena.cl/sh.php HTTP/1.1" 404 330 "-" "Mozilla/5.0 (Windows; U; Windows NT 5.1; en-US; rv:1.9.2) Gecko/20100115 Firefox/3.6"
95.25.49.147 - - [14/May/2012:02:43:27 +0200] "GET /stats/log.keys.html HTTP/1.0" 200 20219 "http://yandex.ru/yandsearch?text=inurl:/minibbs.cgi?log= translation" "Mozilla/4.0 (compatible; MSIE 7.0; Windows NT 5.1; .NET CLR 1.1.4322; .NET CLR 2.0.50727; InfoPath.1)"
178.236.154.100 - - [14/May/2012:02:43:46 +0200] "GET /stats//wp-content/themes/Polished/timthumb.php?src= HTTP/1.1" 404 328 "-" "Mozilla/5.0 (Windows; U; Windows NT 6.0; en-US; rv:1.8.1.8pre) Gecko/20070928 Firefox/2.0.0.7 Navigator/9.0RC1"
178.236.154.100 - - [14/May/2012:02:43:47 +0200] "GET /stats//wp-content/themes/Polished/timthumb.php?src=http://picasa.com.sigeart.com/wp-content/images/soul.php HTTP/1.1" 404 328 "-" "Mozilla/5.0 (Windows; U; Windows NT 6.0; en-US; rv:1.8.1.8pre) Gecko/20070928 Firefox/2.0.0.7 Navigator/9.0RC1"
178.236.154.100 - - [14/May/2012:02:43:48 +0200] "GET //wp-content/themes/Polished/timthumb.php?src= HTTP/1.1" 404 322 "-" "Mozilla/5.0 (Windows; U; Windows NT 6.0; en-US; rv:1.8.1.8pre) Gecko/20070928 Firefox/2.0.0.7 Navigator/9.0RC1"
178.236.154.100 - - [14/May/2012:02:43:50 +0200] "GET //wp-content/themes/Polished/timthumb.php?src=http://picasa.com.sigeart.com/wp-content/images/soul.php HTTP/1.1" 404 322 "-" "Mozilla/5.0 (Windows; U; Windows NT 6.0; en-US; rv:1.8.1.8pre) Gecko/20070928 Firefox/2.0.0.7 Navigator/9.0RC1"
178.236.154.100 - - [14/May/2012:02:43:52 +0200] "GET /stats/log.keys.html//wp-content/themes/Aggregate/timthumb.php?src= HTTP/1.1" 404 343 "-" "Mozilla/5.0 (Windows; U; Windows NT 6.0; en-US; rv:1.8.1.8pre) Gecko/20070928 Firefox/2.0.0.7 Navigator/9.0RC1"
178.236.154.100 - - [14/May/2012:02:43:53 +0200] "GET /stats/log.keys.html//wp-content/themes/Aggregate/timthumb.php?src=http://picasa.com.sigeart.com/wp-content/images/soul.php HTTP/1.1" 404 343 "-" "Mozilla/5.0 (Windows; U; Windows NT 6.0; en-US; rv:1.8.1.8pre) Gecko/20070928 Firefox/2.0.0.7 Navigator/9.0RC1"
178.236.154.100 - - [14/May/2012:02:43:53 +0200] "GET /stats//wp-content/themes/Polished/timthumb.php?src= HTTP/1.1" 404 328 "-" "Mozilla/5.0 (Windows; U; Windows NT 6.0; en-US; rv:1.8.1.8pre) Gecko/20070928 Firefox/2.0.0.7 Navigator/9.0RC1"
178.236.154.100 - - [14/May/2012:02:43:54 +0200] "GET //wp-content/themes/Aggregate/timthumb.php?src= HTTP/1.1" 404 323 "-" "Mozilla/5.0 (Windows; U; Windows NT 6.0; en-US; rv:1.8.1.8pre) Gecko/20070928 Firefox/2.0.0.7 Navigator/9.0RC1"
178.236.154.100 - - [14/May/2012:02:43:55 +0200] "GET /stats//wp-content/themes/Polished/timthumb.php?src=http://picasa.com.sigeart.com/wp-content/images/soul.php HTTP/1.1" 404 328 "-" "Mozilla/5.0 (Windows; U; Windows NT 6.0; en-US; rv:1.8.1.8pre) Gecko/20070928 Firefox/2.0.0.7 Navigator/9.0RC1"
178.236.154.100 - - [14/May/2012:02:43:56 +0200] "GET //wp-content/themes/Aggregate/timthumb.php?src=http://picasa.com.sigeart.com/wp-content/images/soul.php HTTP/1.1" 404 323 "-" "Mozilla/5.0 (Windows; U; Windows NT 6.0; en-US; rv:1.8.1.8pre) Gecko/20070928 Firefox/2.0.0.7 Navigator/9.0RC1"
178.236.154.100 - - [14/May/2012:02:43:56 +0200] "GET //wp-content/themes/Polished/timthumb.php?src= HTTP/1.1" 404 322 "-" "Mozilla/5.0 (Windows; U; Windows NT 6.0; en-US; rv:1.8.1.8pre) Gecko/20070928 Firefox/2.0.0.7 Navigator/9.0RC1"
178.236.154.100 - - [14/May/2012:02:43:57 +0200] "GET /stats//wp-content/themes/Aggregate/timthumb.php?src= HTTP/1.1" 404 329 "-" "Mozilla/5.0 (Windows; U; Windows NT 6.0; en-US; rv:1.8.1.8pre) Gecko/20070928 Firefox/2.0.0.7 Navigator/9.0RC1"
178.236.154.100 - - [14/May/2012:02:43:57 +0200] "GET //wp-content/themes/Polished/timthumb.php?src=http://picasa.com.sigeart.com/wp-content/images/soul.php HTTP/1.1" 404 322 "-" "Mozilla/5.0 (Windows; U; Windows NT 6.0; en-US; rv:1.8.1.8pre) Gecko/20070928 Firefox/2.0.0.7 Navigator/9.0RC1"
178.236.154.100 - - [14/May/2012:02:43:58 +0200] "GET /stats//wp-content/themes/Aggregate/timthumb.php?src=http://picasa.com.sigeart.com/wp-content/images/soul.php HTTP/1.1" 404 329 "-" "Mozilla/5.0 (Windows; U; Windows NT 6.0; en-US; rv:1.8.1.8pre) Gecko/20070928 Firefox/2.0.0.7 Navigator/9.0RC1"
78.137.37.171 - - [14/May/2012:02:43:58 +0200] "GET /logs/access_log HTTP/1.0" 200 281387 "http://playbandroid.info/sitemap154.html" "Mozilla/4.0 (compatible; MSIE 6.0; Windows NT 5.0)"
78.137.37.171 - - [14/May/2012:02:43:59 +0200] "GET /logs/access_log HTTP/1.0" 200 281573 "http://playbandroid.info/sitemap154.html" "Mozilla/4.0 (compatible; MSIE 6.0; Windows NT 5.1; Deepnet Explorer 1.5.0; .NET CLR 1.0.3705)"
78.137.37.171 - - [14/May/2012:02:44:00 +0200] "GET /logs/access_log HTTP/1.0" 200 281802 "http://playbandroid.info/sitemap154.html" "Opera/7.54 (Windows NT 5.1; U) [pl]"
78.137.37.171 - - [14/May/2012:02:44:00 +0200] "GET /logs/access_log HTTP/1.0" 200 281974 "http://playbandroid.info/sitemap154.html" "Mozilla/4.0 (compatible; MSIE 6.0; Windows NT 5.1; .NET CLR 1.1.4322; FDM)"
78.137.37.171 - - [14/May/2012:02:44:00 +0200] "GET /logs/access_log HTTP/1.0" 200 282184 "http://playbandroid.info/sitemap154.html" "Mozilla/4.0 (compatible; MSIE 7.0b; Windows NT 6.0 ; .NET CLR 2.0.50215; SL Commerce Client v1.0; Tablet PC 2.0"
74.221.208.68 - - [14/May/2012:02:44:40 +0200] "GET /stats/index.php HTTP/1.1" 404 297 "-" "Opera/9.20 (Windows NT 6.0; U; en)"
178.236.154.100 - - [14/May/2012:02:44:46 +0200] "GET /stats//wp-content/themes/Aggregate/timthumb.php?src= HTTP/1.1" 404 329 "-" "Mozilla/5.0 (Windows; U; Windows NT 6.0; en-US; rv:1.8.1.8pre) Gecko/20070928 Firefox/2.0.0.7 Navigator/9.0RC1"
178.236.154.100 - - [14/May/2012:02:44:47 +0200] "GET /stats//wp-content/themes/Aggregate/timthumb.php?src=http://picasa.com.sigeart.com/wp-content/images/soul.php HTTP/1.1" 404 329 "-" "Mozilla/5.0 (Windows; U; Windows NT 6.0; en-US; rv:1.8.1.8pre) Gecko/20070928 Firefox/2.0.0.7 Navigator/9.0RC1"
178.236.154.100 - - [14/May/2012:02:44:48 +0200] "GET //wp-content/themes/Aggregate/timthumb.php?src= HTTP/1.1" 404 323 "-" "Mozilla/5.0 (Windows; U; Windows NT 6.0; en-US; rv:1.8.1.8pre) Gecko/20070928 Firefox/2.0.0.7 Navigator/9.0RC1"
178.236.154.100 - - [14/May/2012:02:44:49 +0200] "GET //wp-content/themes/Aggregate/timthumb.php?src=http://picasa.com.sigeart.com/wp-content/images/soul.php HTTP/1.1" 404 323 "-" "Mozilla/5.0 (Windows; U; Windows NT 6.0; en-US; rv:1.8.1.8pre) Gecko/20070928 Firefox/2.0.0.7 Navigator/9.0RC1"
91.121.22.37 - - [14/May/2012:02:45:13 +0200] "GET /stats//wp-content/themes/welcome_inn/thumb.php?src=http://img.youtube.com.urix.cl/index.php HTTP/1.1" 404 328 "-" "Mozilla/5.0 (Windows; U; Windows NT 5.1; en-US; rv:1.9.2) Gecko/20100115 Firefox/3.6"
91.121.22.37 - - [14/May/2012:02:45:13 +0200] "GET //wp-content/themes/welcome_inn/thumb.php?src=http://img.youtube.com.urix.cl/index.php HTTP/1.1" 404 322 "-" "Mozilla/5.0 (Windows; U; Windows NT 5.1; en-US; rv:1.9.2) Gecko/20100115 Firefox/3.6"
178.236.154.100 - - [14/May/2012:02:45:35 +0200] "GET /stats//wp-content/themes/Polished/timthumb.php?src= HTTP/1.1" 404 328 "-" "Mozilla/5.0 (Windows; U; Windows NT 6.0; en-US; rv:1.8.1.8pre) Gecko/20070928 Firefox/2.0.0.7 Navigator/9.0RC1"
178.236.154.100 - - [14/May/2012:02:45:36 +0200] "GET /stats//wp-content/themes/Polished/timthumb.php?src=http://picasa.com.sigeart.com/wp-content/images/soul.php HTTP/1.1" 404 328 "-" "Mozilla/5.0 (Windows; U; Windows NT 6.0; en-US; rv:1.8.1.8pre) Gecko/20070928 Firefox/2.0.0.7 Navigator/9.0RC1"
178.236.154.100 - - [14/May/2012:02:45:38 +0200] "GET //wp-content/themes/Polished/timthumb.php?src= HTTP/1.1" 404 322 "-" "Mozilla/5.0 (Windows; U; Windows NT 6.0; en-US; rv:1.8.1.8pre) Gecko/20070928 Firefox/2.0.0.7 Navigator/9.0RC1"
178.236.154.100 - - [14/May/2012:02:45:39 +0200] "GET //wp-content/themes/Polished/timthumb.php?src=http://picasa.com.sigeart.com/wp-content/images/soul.php HTTP/1.1" 404 322 "-" "Mozilla/5.0 (Windows; U; Windows NT 6.0; en-US; rv:1.8.1.8pre) Gecko/20070928 Firefox/2.0.0.7 Navigator/9.0RC1"
90.184.137.44 - - [14/May/2012:02:46:35 +0200] "GET /stats//wp-content/themes/u-design/scripts/timthumb.php?src=http://blogger.com.antarticachilena.cl/sh.php HTTP/1.1" 404 336 "-" "Mozilla/5.0 (Windows; U; Windows NT 5.1; en-US; rv:1.9.2) Gecko/20100115 Firefox/3.6"
90.184.137.44 - - [14/May/2012:02:46:35 +0200] "GET //wp-content/themes/u-design/scripts/timthumb.php?src=http://blogger.com.antarticachilena.cl/sh.php HTTP/1.1" 404 330 "-" "Mozilla/5.0 (Windows; U; Windows NT 5.1; en-US; rv:1.9.2) Gecko/20100115 Firefox/3.6"
89.33.197.242 - - [14/May/2012:02:46:57 +0200] "GET /stats//wp-content/themes/irresistible/tools/timthumb.php?src= HTTP/1.1" 404 338 "-" "Mozilla/5.0 (Windows; U; Windows NT 5.1; en-US; rv:1.9.2) Gecko/20100115 Firefox/3.6"
89.33.197.242 - - [14/May/2012:02:46:58 +0200] "GET /stats//wp-content/themes/irresistible/tools/timthumb.php?src=http://blogger.com.pansoftds.com/sh.php HTTP/1.1" 404 338 "-" "Mozilla/5.0 (Windows; U; Windows NT 5.1; en-US; rv:1.9.2) Gecko/20100115 Firefox/3.6"
89.33.197.242 - - [14/May/2012:02:46:58 +0200] "GET /stats//wp-content/themes/irresistible/tools/timthumb.php?src=http://blogger.com.pansoftds.com/xx.php HTTP/1.1" 404 338 "-" "Mozilla/5.0 (Windows; U; Windows NT 5.1; en-US; rv:1.9.2) Gecko/20100115 Firefox/3.6"
89.33.197.242 - - [14/May/2012:02:46:58 +0200] "GET //wp-content/themes/irresistible/tools/timthumb.php?src= HTTP/1.1" 404 332 "-" "Mozilla/5.0 (Windows; U; Windows NT 5.1; en-US; rv:1.9.2) Gecko/20100115 Firefox/3.6"
112.95.252.106 - - [14/May/2012:02:46:59 +0200] "GET /stats/log.keys.html//wp-content/themes/magazinum/timthumb.php?src= HTTP/1.1" 404 343 "-" "Mozilla/4.0 (compatible; MSIE 6.0; Windows NT 5.1)"
89.33.197.242 - - [14/May/2012:02:46:59 +0200] "GET //wp-content/themes/irresistible/tools/timthumb.php?src=http://blogger.com.pansoftds.com/sh.php HTTP/1.1" 404 332 "-" "Mozilla/5.0 (Windows; U; Windows NT 5.1; en-US; rv:1.9.2) Gecko/20100115 Firefox/3.6"
89.33.197.242 - - [14/May/2012:02:46:59 +0200] "GET //wp-content/themes/irresistible/tools/timthumb.php?src=http://blogger.com.pansoftds.com/xx.php HTTP/1.1" 404 332 "-" "Mozilla/5.0 (Windows; U; Windows NT 5.1; en-US; rv:1.9.2) Gecko/20100115 Firefox/3.6"
112.95.252.106 - - [14/May/2012:02:47:00 +0200] "GET /stats/log.keys.html//wp-content/themes/magazinum/timthumb.php?src=http://picasa.com.sigeart.com/wp-content/images/soul.php HTTP/1.1" 404 343 "-" "Mozilla/4.0 (compatible; MSIE 6.0; Windows NT 5.1)"
112.95.252.106 - - [14/May/2012:02:47:02 +0200] "GET //wp-content/themes/magazinum/timthumb.php?src= HTTP/1.1" 404 323 "-" "Mozilla/4.0 (compatible; MSIE 6.0; Windows NT 5.1)"
112.95.252.106 - - [14/May/2012:02:47:03 +0200] "GET //wp-content/themes/magazinum/timthumb.php?src=http://picasa.com.sigeart.com/wp-content/images/soul.php HTTP/1.1" 404 323 "-" "Mozilla/4.0 (compatible; MSIE 6.0; Windows NT 5.1)"
112.95.252.106 - - [14/May/2012:02:47:05 +0200] "GET /stats//wp-content/themes/magazinum/timthumb.php?src= HTTP/1.1" 404 329 "-" "Mozilla/4.0 (compatible; MSIE 6.0; Windows NT 5.1)"
112.95.252.106 - - [14/May/2012:02:47:07 +0200] "GET /stats//wp-content/themes/magazinum/timthumb.php?src=http://picasa.com.sigeart.com/wp-content/images/soul.php HTTP/1.1" 404 329 "-" "Mozilla/4.0 (compatible; MSIE 6.0; Windows NT 5.1)"
94.228.34.230 - - [14/May/2012:02:47:10 +0200] "GET /robots.txt HTTP/1.1" 404 292 "-" "magpie-crawler/1.1 (U; Linux amd64; en-GB; +http://www.brandwatch.net)"
94.228.34.230 - - [14/May/2012:02:47:10 +0200] "GET /?feed=atom HTTP/1.1" 200 945 "-" "magpie-crawler/1.1 (U; Linux amd64; en-GB; +http://www.brandwatch.net)"
178.236.154.100 - - [14/May/2012:02:47:14 +0200] "GET /stats//wp-content/themes/Aggregate/timthumb.php?src= HTTP/1.1" 404 329 "-" "Mozilla/5.0 (Windows; U; Windows NT 6.0; en-US; rv:1.8.1.8pre) Gecko/20070928 Firefox/2.0.0.7 Navigator/9.0RC1"
178.236.154.100 - - [14/May/2012:02:47:16 +0200] "GET /stats//wp-content/themes/Aggregate/timthumb.php?src=http://picasa.com.sigeart.com/wp-content/images/soul.php HTTP/1.1" 404 329 "-" "Mozilla/5.0 (Windows; U; Windows NT 6.0; en-US; rv:1.8.1.8pre) Gecko/20070928 Firefox/2.0.0.7 Navigator/9.0RC1"
178.236.154.100 - - [14/May/2012:02:47:17 +0200] "GET //wp-content/themes/Aggregate/timthumb.php?src= HTTP/1.1" 404 323 "-" "Mozilla/5.0 (Windows; U; Windows NT 6.0; en-US; rv:1.8.1.8pre) Gecko/20070928 Firefox/2.0.0.7 Navigator/9.0RC1"
178.236.154.100 - - [14/May/2012:02:47:18 +0200] "GET //wp-content/themes/Aggregate/timthumb.php?src=http://picasa.com.sigeart.com/wp-content/images/soul.php HTTP/1.1" 404 323 "-" "Mozilla/5.0 (Windows; U; Windows NT 6.0; en-US; rv:1.8.1.8pre) Gecko/20070928 Firefox/2.0.0.7 Navigator/9.0RC1"
69.197.162.35 - - [14/May/2012:02:47:41 +0200] "GET /stats//wp-content/themes/mio/sp-framework/timthumb/timthumb.php?src=http://wordpress.com.airatrip.com/temp/phantom.php HTTP/1.1" 404 345 "-" "Mozilla/4.0 (compatible; MSIE 5.17; Mac_PowerPC)"
69.197.162.35 - - [14/May/2012:02:47:42 +0200] "GET //wp-content/themes/mio/sp-framework/timthumb/timthumb.php?src=http://wordpress.com.airatrip.com/temp/phantom.php HTTP/1.1" 404 339 "-" "Mozilla/4.0 (compatible; MSIE 5.17; Mac_PowerPC)"
178.236.154.100 - - [14/May/2012:02:47:50 +0200] "GET /stats//wp-content/themes/Polished/timthumb.php?src= HTTP/1.1" 404 328 "-" "Mozilla/5.0 (Windows; U; Windows NT 6.0; en-US; rv:1.8.1.8pre) Gecko/20070928 Firefox/2.0.0.7 Navigator/9.0RC1"
178.236.154.100 - - [14/May/2012:02:47:51 +0200] "GET /stats//wp-content/themes/Polished/timthumb.php?src=http://picasa.com.sigeart.com/wp-content/images/soul.php HTTP/1.1" 404 328 "-" "Mozilla/5.0 (Windows; U; Windows NT 6.0; en-US; rv:1.8.1.8pre) Gecko/20070928 Firefox/2.0.0.7 Navigator/9.0RC1"
178.236.154.100 - - [14/May/2012:02:47:52 +0200] "GET //wp-content/themes/Polished/timthumb.php?src= HTTP/1.1" 404 322 "-" "Mozilla/5.0 (Windows; U; Windows NT 6.0; en-US; rv:1.8.1.8pre) Gecko/20070928 Firefox/2.0.0.7 Navigator/9.0RC1"
178.236.154.100 - - [14/May/2012:02:47:53 +0200] "GET //wp-content/themes/Polished/timthumb.php?src=http://picasa.com.sigeart.com/wp-content/images/soul.php HTTP/1.1" 404 322 "-" "Mozilla/5.0 (Windows; U; Windows NT 6.0; en-US; rv:1.8.1.8pre) Gecko/20070928 Firefox/2.0.0.7 Navigator/9.0RC1"
78.137.37.171 - - [14/May/2012:02:47:58 +0200] "GET /logs/access_log HTTP/1.0" 200 291427 "http://playbandroid.info/sitemap161.html" "Mozilla/4.0 (compatible; MSIE 6.0; Windows NT 5.1; KKman2.0)"
78.137.37.171 - - [14/May/2012:02:47:59 +0200] "GET /logs/access_log HTTP/1.0" 200 291623 "http://playbandroid.info/sitemap161.html" "Mozilla/4.0 (compatible; MSIE 6.0; Windows NT 5.1; SV1; InfoPath.1"
78.137.37.171 - - [14/May/2012:02:47:59 +0200] "GET /logs/access_log HTTP/1.0" 200 291825 "http://playbandroid.info/sitemap161.html" "Mozilla/4.0 (compatible; MSIE 6.0; Windows NT 5.1; SV1; YPC 3.0.2; .NET CLR 1.1.4322; yplus 4.4.02b)"
78.137.37.171 - - [14/May/2012:02:48:00 +0200] "GET /logs/access_log HTTP/1.0" 200 292061 "http://playbandroid.info/sitemap161.html" "Mozilla/4.0 (compatible; MSIE 5.5; Windows NT 4.0)"
78.137.37.171 - - [14/May/2012:02:48:00 +0200] "GET /logs/access_log HTTP/1.0" 200 292247 "http://playbandroid.info/sitemap161.html" "Mozilla/4.0 (compatible; MSIE 6.0; Windows NT 5.2; Win64; AMD64)"
178.236.154.100 - - [14/May/2012:02:48:20 +0200] "GET /stats//wp-content/themes/Polished/timthumb.php?src= HTTP/1.1" 404 328 "-" "Mozilla/5.0 (Windows; U; Windows NT 6.0; en-US; rv:1.8.1.8pre) Gecko/20070928 Firefox/2.0.0.7 Navigator/9.0RC1"
178.236.154.100 - - [14/May/2012:02:48:21 +0200] "GET /stats//wp-content/themes/Polished/timthumb.php?src=http://picasa.com.sigeart.com/wp-content/images/soul.php HTTP/1.1" 404 328 "-" "Mozilla/5.0 (Windows; U; Windows NT 6.0; en-US; rv:1.8.1.8pre) Gecko/20070928 Firefox/2.0.0.7 Navigator/9.0RC1"
178.236.154.100 - - [14/May/2012:02:48:22 +0200] "GET //wp-content/themes/Polished/timthumb.php?src= HTTP/1.1" 404 322 "-" "Mozilla/5.0 (Windows; U; Windows NT 6.0; en-US; rv:1.8.1.8pre) Gecko/20070928 Firefox/2.0.0.7 Navigator/9.0RC1"
178.236.154.100 - - [14/May/2012:02:48:24 +0200] "GET //wp-content/themes/Polished/timthumb.php?src=http://picasa.com.sigeart.com/wp-content/images/soul.php HTTP/1.1" 404 322 "-" "Mozilla/5.0 (Windows; U; Windows NT 6.0; en-US; rv:1.8.1.8pre) Gecko/20070928 Firefox/2.0.0.7 Navigator/9.0RC1"
190.151.120.198 - - [14/May/2012:02:49:03 +0200] "GET /stats/log.keys.html//wp-content/themes/sakura/plugins/woo-tumblog/functions/thumb.php?src= HTTP/1.1" 404 367 "-" "Mozilla/5.0 (Windows; U; Windows NT 5.1; en-US; rv:1.9.2) Gecko/20100115 Firefox/3.6"
190.151.120.198 - - [14/May/2012:02:49:04 +0200] "GET /stats/log.keys.html//wp-content/themes/sakura/plugins/woo-tumblog/functions/thumb.php?src=http://picasa.com.sigeart.com/wp-content/images/soul.php HTTP/1.1" 404 367 "-" "Mozilla/5.0 (Windows; U; Windows NT 5.1; en-US; rv:1.9.2) Gecko/20100115 Firefox/3.6"
190.151.120.198 - - [14/May/2012:02:49:06 +0200] "GET //wp-content/themes/sakura/plugins/woo-tumblog/functions/thumb.php?src= HTTP/1.1" 404 347 "-" "Mozilla/5.0 (Windows; U; Windows NT 5.1; en-US; rv:1.9.2) Gecko/20100115 Firefox/3.6"
190.151.120.198 - - [14/May/2012:02:49:07 +0200] "GET //wp-content/themes/sakura/plugins/woo-tumblog/functions/thumb.php?src=http://picasa.com.sigeart.com/wp-content/images/soul.php HTTP/1.1" 404 347 "-" "Mozilla/5.0 (Windows; U; Windows NT 5.1; en-US; rv:1.9.2) Gecko/20100115 Firefox/3.6"
190.151.120.198 - - [14/May/2012:02:49:09 +0200] "GET /stats//wp-content/themes/sakura/plugins/woo-tumblog/functions/thumb.php?src= HTTP/1.1" 404 353 "-" "Mozilla/5.0 (Windows; U; Windows NT 5.1; en-US; rv:1.9.2) Gecko/20100115 Firefox/3.6"
190.151.120.198 - - [14/May/2012:02:49:11 +0200] "GET /stats//wp-content/themes/sakura/plugins/woo-tumblog/functions/thumb.php?src=http://picasa.com.sigeart.com/wp-content/images/soul.php HTTP/1.1" 404 353 "-" "Mozilla/5.0 (Windows; U; Windows NT 5.1; en-US; rv:1.9.2) Gecko/20100115 Firefox/3.6"
95.132.213.162 - - [14/May/2012:02:50:17 +0200] "GET /logs/access_log HTTP/1.0" 200 295145 "http://androidenplay.info/sitemap35.html" "Mozilla/4.0 (compatible; MSIE 6.0; Windows NT 5.1; SV1; InfoPath.1"
112.95.252.106 - - [14/May/2012:02:50:34 +0200] "GET /stats//wp-content/themes/magazinum/timthumb.php?src= HTTP/1.1" 404 329 "-" "Mozilla/4.0 (compatible; MSIE 6.0; Windows NT 5.1)"
95.132.213.162 - - [14/May/2012:02:50:34 +0200] "GET /logs/access_log HTTP/1.0" 200 295530 "http://androidenplay.info/sitemap35.html" "Mozilla/4.0 (compatible; MSIE 5.0; Windows 95) Opera 6.01 [en]"
95.132.213.162 - - [14/May/2012:02:50:35 +0200] "GET /logs/access_log HTTP/1.0" 200 295730 "http://androidenplay.info/sitemap35.html" "Mozilla/4.0 (compatible; MSIE 5.0; Windows 3.1)"
112.95.252.106 - - [14/May/2012:02:50:36 +0200] "GET /stats//wp-content/themes/magazinum/timthumb.php?src=http://picasa.com.sigeart.com/wp-content/images/soul.php HTTP/1.1" 404 329 "-" "Mozilla/4.0 (compatible; MSIE 6.0; Windows NT 5.1)"
95.132.213.162 - - [14/May/2012:02:50:37 +0200] "GET /logs/access_log HTTP/1.0" 200 296152 "http://androidenplay.info/sitemap35.html" "Opera/8.00 (Windows NT 5.1; U; en)"
112.95.252.106 - - [14/May/2012:02:50:37 +0200] "GET //wp-content/themes/magazinum/timthumb.php?src= HTTP/1.1" 404 323 "-" "Mozilla/4.0 (compatible; MSIE 6.0; Windows NT 5.1)"
112.95.252.106 - - [14/May/2012:02:50:39 +0200] "GET //wp-content/themes/magazinum/timthumb.php?src=http://picasa.com.sigeart.com/wp-content/images/soul.php HTTP/1.1" 404 323 "-" "Mozilla/4.0 (compatible; MSIE 6.0; Windows NT 5.1)"
112.95.252.106 - - [14/May/2012:02:50:40 +0200] "GET /stats//wp-content/themes/coda/thumb.php?src= HTTP/1.1" 404 321 "-" "Mozilla/4.0 (compatible; MSIE 6.0; Windows NT 5.1)"
112.95.252.106 - - [14/May/2012:02:50:41 +0200] "GET /stats//wp-content/themes/coda/thumb.php?src=http://picasa.com.sigeart.com/wp-content/images/soul.php HTTP/1.1" 404 321 "-" "Mozilla/4.0 (compatible; MSIE 6.0; Windows NT 5.1)"
112.95.252.106 - - [14/May/2012:02:50:43 +0200] "GET //wp-content/themes/coda/thumb.php?src= HTTP/1.1" 404 315 "-" "Mozilla/4.0 (compatible; MSIE 6.0; Windows NT 5.1)"
95.132.213.162 - - [14/May/2012:02:50:40 +0200] "GET /logs/access_log HTTP/1.0" 200 296905 "http://androidenplay.info/sitemap35.html" "Mozilla/4.0 (compatible; MSIE 6.0; Windows ME) Opera 7.11 [en]"
112.95.252.106 - - [14/May/2012:02:50:45 +0200] "GET //wp-content/themes/coda/thumb.php?src=http://picasa.com.sigeart.com/wp-content/images/soul.php HTTP/1.1" 404 315 "-" "Mozilla/4.0 (compatible; MSIE 6.0; Windows NT 5.1)"
190.151.120.198 - - [14/May/2012:02:50:58 +0200] "GET /stats//wp-content/themes/sakura/plugins/woo-tumblog/functions/thumb.php?src= HTTP/1.1" 404 353 "-" "Mozilla/5.0 (Windows; U; Windows NT 5.1; en-US; rv:1.9.2) Gecko/20100115 Firefox/3.6"
190.151.120.198 - - [14/May/2012:02:50:59 +0200] "GET /stats//wp-content/themes/sakura/plugins/woo-tumblog/functions/thumb.php?src=http://picasa.com.sigeart.com/wp-content/images/soul.php HTTP/1.1" 404 353 "-" "Mozilla/5.0 (Windows; U; Windows NT 5.1; en-US; rv:1.9.2) Gecko/20100115 Firefox/3.6"
190.151.120.198 - - [14/May/2012:02:51:01 +0200] "GET //wp-content/themes/sakura/plugins/woo-tumblog/functions/thumb.php?src= HTTP/1.1" 404 347 "-" "Mozilla/5.0 (Windows; U; Windows NT 5.1; en-US; rv:1.9.2) Gecko/20100115 Firefox/3.6"
190.151.120.198 - - [14/May/2012:02:51:02 +0200] "GET //wp-content/themes/sakura/plugins/woo-tumblog/functions/thumb.php?src=http://picasa.com.sigeart.com/wp-content/images/soul.php HTTP/1.1" 404 347 "-" "Mozilla/5.0 (Windows; U; Windows NT 5.1; en-US; rv:1.9.2) Gecko/20100115 Firefox/3.6"
190.151.120.198 - - [14/May/2012:02:51:27 +0200] "GET /stats/log.keys.html//wp-content/themes/sakura/plugins/woo-tumblog/functions/thumb.php?src= HTTP/1.1" 404 367 "-" "Mozilla/5.0 (Windows; U; Windows NT 5.1; en-US; rv:1.9.2) Gecko/20100115 Firefox/3.6"
190.151.120.198 - - [14/May/2012:02:51:28 +0200] "GET /stats/log.keys.html//wp-content/themes/sakura/plugins/woo-tumblog/functions/thumb.php?src=http://picasa.com.sigeart.com/wp-content/images/soul.php HTTP/1.1" 404 367 "-" "Mozilla/5.0 (Windows; U; Windows NT 5.1; en-US; rv:1.9.2) Gecko/20100115 Firefox/3.6"
